197.157.165.125 - - [04/Nov/2025:17:23:21 +0100] "GET /wp-content/uploads/2022/10/20.jpg HTTP/1.1" 200 294148 "https://umurunganews.info/" "Mozilla/5.0 (Linux; Android 10; K) AppleWebKit/537.36 (KHTML, like Gecko) Chrome/141.0.0.0 Mobile Safari/537.36"
197.157.165.125 - - [04/Nov/2025:17:23:21 +0100] "GET /wp-content/uploads/2022/10/7.jpg HTTP/1.1" 200 172363 "https://umurunganews.info/" "Mozilla/5.0 (Linux; Android 10; K) AppleWebKit/537.36 (KHTML, like Gecko) Chrome/141.0.0.0 Mobile Safari/537.36"
197.157.165.125 - - [04/Nov/2025:17:23:26 +0100] "GET /wp-content/uploads/2021/01/2-2.jpg HTTP/1.1" 200 225416 "https://umurunganews.info/" "Mozilla/5.0 (Linux; Android 10; K) AppleWebKit/537.36 (KHTML, like Gecko) Chrome/141.0.0.0 Mobile Safari/537.36"
197.157.165.125 - - [04/Nov/2025:17:23:26 +0100] "GET /wp-content/plugins/elementor/assets/js/section-frontend-handlers.d85ab872da118940910d.bundle.min.js HTTP/1.1" 200 489 "https://umurunganews.info/" "Mozilla/5.0 (Linux; Android 10; K) AppleWebKit/537.36 (KHTML, like Gecko) Chrome/141.0.0.0 Mobile Safari/537.36"
197.157.165.125 - - [04/Nov/2025:17:23:26 +0100] "GET /wp-content/plugins/elementor/assets/js/shared-frontend-handlers.4c8abccc3e268b0767b2.bundle.min.js HTTP/1.1" 200 8525 "https://umurunganews.info/" "Mozilla/5.0 (Linux; Android 10; K) AppleWebKit/537.36 (KHTML, like Gecko) Chrome/141.0.0.0 Mobile Safari/537.36"
197.157.165.125 - - [04/Nov/2025:17:23:27 +0100] "GET /wp-content/uploads/2021/01/29-1.jpg HTTP/1.1" 200 232563 "https://umurunganews.info/" "Mozilla/5.0 (Linux; Android 10; K) AppleWebKit/537.36 (KHTML, like Gecko) Chrome/141.0.0.0 Mobile Safari/537.36"
197.157.165.125 - - [04/Nov/2025:17:23:23 +0100] "GET /wp-content/uploads/2022/10/24-1.jpg HTTP/1.1" 200 256461 "https://umurunganews.info/" "Mozilla/5.0 (Linux; Android 10; K) AppleWebKit/537.36 (KHTML, like Gecko) Chrome/141.0.0.0 Mobile Safari/537.36"
197.157.165.125 - - [04/Nov/2025:17:23:23 +0100] "GET /wp-content/uploads/2021/01/1-1.jpg HTTP/1.1" 200 282234 "https://umurunganews.info/" "Mozilla/5.0 (Linux; Android 10; K) AppleWebKit/537.36 (KHTML, like Gecko) Chrome/141.0.0.0 Mobile Safari/537.36"
197.157.165.125 - - [04/Nov/2025:17:23:29 +0100] "GET /wp-content/uploads/2022/10/28.jpg HTTP/1.1" 200 115048 "https://umurunganews.info/" "Mozilla/5.0 (Linux; Android 10; K) AppleWebKit/537.36 (KHTML, like Gecko) Chrome/141.0.0.0 Mobile Safari/537.36"
197.157.165.125 - - [04/Nov/2025:17:23:29 +0100] "GET /wp-content/uploads/2022/10/28-1.jpg HTTP/1.1" 200 115048 "https://umurunganews.info/" "Mozilla/5.0 (Linux; Android 10; K) AppleWebKit/537.36 (KHTML, like Gecko) Chrome/141.0.0.0 Mobile Safari/537.36"
197.157.165.125 - - [04/Nov/2025:17:23:22 +0100] "GET /wp-content/uploads/2022/10/4-1.jpg HTTP/1.1" 200 395260 "https://umurunganews.info/" "Mozilla/5.0 (Linux; Android 10; K) AppleWebKit/537.36 (KHTML, like Gecko) Chrome/141.0.0.0 Mobile Safari/537.36"
197.157.165.125 - - [04/Nov/2025:17:23:29 +0100] "GET /wp-content/uploads/2022/10/21-1.jpg HTTP/1.1" 200 360184 "https://umurunganews.info/" "Mozilla/5.0 (Linux; Android 10; K) AppleWebKit/537.36 (KHTML, like Gecko) Chrome/141.0.0.0 Mobile Safari/537.36"
197.157.165.125 - - [04/Nov/2025:17:23:31 +0100] "GET /wp-content/uploads/2022/10/21.jpg HTTP/1.1" 200 360184 "https://umurunganews.info/" "Mozilla/5.0 (Linux; Android 10; K) AppleWebKit/537.36 (KHTML, like Gecko) Chrome/141.0.0.0 Mobile Safari/537.36"
197.157.165.125 - - [04/Nov/2025:17:23:29 +0100] "GET /wp-content/uploads/2022/10/13-1.jpg HTTP/1.1" 200 395614 "https://umurunganews.info/" "Mozilla/5.0 (Linux; Android 10; K) AppleWebKit/537.36 (KHTML, like Gecko) Chrome/141.0.0.0 Mobile Safari/537.36"
197.157.165.125 - - [04/Nov/2025:17:23:32 +0100] "GET /wp-content/uploads/2022/10/18.jpg HTTP/1.1" 200 145553 "https://umurunganews.info/" "Mozilla/5.0 (Linux; Android 10; K) AppleWebKit/537.36 (KHTML, like Gecko) Chrome/141.0.0.0 Mobile Safari/537.36"
197.157.165.125 - - [04/Nov/2025:17:23:33 +0100] "GET /wp-content/uploads/2022/10/10-1.jpg HTTP/1.1" 200 114500 "https://umurunganews.info/" "Mozilla/5.0 (Linux; Android 10; K) AppleWebKit/537.36 (KHTML, like Gecko) Chrome/141.0.0.0 Mobile Safari/537.36"
197.157.165.125 - - [04/Nov/2025:17:23:33 +0100] "GET /wp-content/uploads/2021/01/8.jpg HTTP/1.1" 200 367564 "https://umurunganews.info/" "Mozilla/5.0 (Linux; Android 10; K) AppleWebKit/537.36 (KHTML, like Gecko) Chrome/141.0.0.0 Mobile Safari/537.36"
197.157.165.125 - - [04/Nov/2025:17:23:33 +0100] "GET /wp-content/uploads/2021/01/19.jpg HTTP/1.1" 200 408204 "https://umurunganews.info/" "Mozilla/5.0 (Linux; Android 10; K) AppleWebKit/537.36 (KHTML, like Gecko) Chrome/141.0.0.0 Mobile Safari/537.36"
197.157.165.125 - - [04/Nov/2025:17:23:40 +0100] "GET /wp-content/uploads/2022/10/22-1.jpg HTTP/1.1" 200 286281 "https://umurunganews.info/" "Mozilla/5.0 (Linux; Android 10; K) AppleWebKit/537.36 (KHTML, like Gecko) Chrome/141.0.0.0 Mobile Safari/537.36"
197.157.165.125 - - [04/Nov/2025:17:23:40 +0100] "GET /wp-content/uploads/2022/10/11-1.jpg HTTP/1.1" 200 285749 "https://umurunganews.info/" "Mozilla/5.0 (Linux; Android 10; K) AppleWebKit/537.36 (KHTML, like Gecko) Chrome/141.0.0.0 Mobile Safari/537.36"
197.157.165.125 - - [04/Nov/2025:17:23:41 +0100] "GET /wp-content/uploads/2022/10/25.jpg HTTP/1.1" 200 189203 "https://umurunganews.info/" "Mozilla/5.0 (Linux; Android 10; K) AppleWebKit/537.36 (KHTML, like Gecko) Chrome/141.0.0.0 Mobile Safari/537.36"
197.157.165.125 - - [04/Nov/2025:17:23:43 +0100] "GET /wp-content/uploads/2022/10/27-1.jpg HTTP/1.1" 200 117308 "https://umurunganews.info/" "Mozilla/5.0 (Linux; Android 10; K) AppleWebKit/537.36 (KHTML, like Gecko) Chrome/141.0.0.0 Mobile Safari/537.36"
197.157.165.125 - - [04/Nov/2025:17:23:41 +0100] "GET /wp-content/uploads/2022/10/3-2-1.jpg HTTP/1.1" 200 257787 "https://umurunganews.info/" "Mozilla/5.0 (Linux; Android 10; K) AppleWebKit/537.36 (KHTML, like Gecko) Chrome/141.0.0.0 Mobile Safari/537.36"
197.157.165.125 - - [04/Nov/2025:17:23:41 +0100] "GET /wp-content/uploads/2022/10/13.jpg HTTP/1.1" 200 395614 "https://umurunganews.info/" "Mozilla/5.0 (Linux; Android 10; K) AppleWebKit/537.36 (KHTML, like Gecko) Chrome/141.0.0.0 Mobile Safari/537.36"
197.157.165.125 - - [04/Nov/2025:17:23:41 +0100] "GET /wp-content/uploads/2022/10/4-2.jpg HTTP/1.1" 200 395260 "https://umurunganews.info/" "Mozilla/5.0 (Linux; Android 10; K) AppleWebKit/537.36 (KHTML, like Gecko) Chrome/141.0.0.0 Mobile Safari/537.36"
197.157.165.125 - - [04/Nov/2025:17:24:02 +0100] "GET /2022/10/22/novel-solar-energy-harvesting-system-breaks-efficiency-record/ HTTP/1.1" 200 143562 "https://umurunganews.info/" "Mozilla/5.0 (Linux; Android 10; K) AppleWebKit/537.36 (KHTML, like Gecko) Chrome/141.0.0.0 Mobile Safari/537.36"
197.157.165.125 - - [04/Nov/2025:17:24:04 +0100] "GET /wp-includes/css/dist/block-library/style.min.css?ver=6.8.3 HTTP/1.1" 200 116345 "https://umurunganews.info/2022/10/22/novel-solar-energy-harvesting-system-breaks-efficiency-record/" "Mozilla/5.0 (Linux; Android 10; K) AppleWebKit/537.36 (KHTML, like Gecko) Chrome/141.0.0.0 Mobile Safari/537.36"
197.157.165.125 - - [04/Nov/2025:17:24:08 +0100] "GET /wp-content/themes/smart-mag/js/float-share.js?ver=10.3.2 HTTP/1.1" 200 2313 "https://umurunganews.info/2022/10/22/novel-solar-energy-harvesting-system-breaks-efficiency-record/" "Mozilla/5.0 (Linux; Android 10; K) AppleWebKit/537.36 (KHTML, like Gecko) Chrome/141.0.0.0 Mobile Safari/537.36"
197.157.165.125 - - [04/Nov/2025:17:24:08 +0100] "GET /wp-includes/js/comment-reply.min.js?ver=6.8.3 HTTP/1.1" 200 3026 "https://umurunganews.info/2022/10/22/novel-solar-energy-harvesting-system-breaks-efficiency-record/" "Mozilla/5.0 (Linux; Android 10; K) AppleWebKit/537.36 (KHTML, like Gecko) Chrome/141.0.0.0 Mobile Safari/537.36"
197.157.165.125 - - [04/Nov/2025:17:24:04 +0100] "GET /wp-content/uploads/2022/10/19-1.jpg HTTP/1.1" 200 408204 "https://umurunganews.info/2022/10/22/novel-solar-energy-harvesting-system-breaks-efficiency-record/" "Mozilla/5.0 (Linux; Android 10; K) AppleWebKit/537.36 (KHTML, like Gecko) Chrome/141.0.0.0 Mobile Safari/537.36"
197.157.165.125 - - [04/Nov/2025:17:24:16 +0100] "GET /wp-admin/post.php?post=2510&action=edit HTTP/1.1" 200 286365 "https://umurunganews.info/2022/10/22/novel-solar-energy-harvesting-system-breaks-efficiency-record/" "Mozilla/5.0 (Linux; Android 10; K) AppleWebKit/537.36 (KHTML, like Gecko) Chrome/141.0.0.0 Mobile Safari/537.36"
142.250.32.8 - - [04/Nov/2025:17:24:22 +0100] "GET /wp-admin/post.php?post=2510&action=edit HTTP/1.1" 302 - "-" "Mozilla/5.0 (Linux; Android 10; K) AppleWebKit/537.36 (KHTML, like Gecko) Chrome/138.0.0.0 Mobile Safari/537.36 (compatible; Google-Read-Aloud; +https://support.google.com/webmasters/answer/1061943)"
142.250.32.9 - - [04/Nov/2025:17:24:23 +0100] "GET /wp-login.php?redirect_to=https%3A%2F%2Fumurunganews.info%2Fwp-admin%2Fpost.php%3Fpost%3D2510%26action%3Dedit&reauth=1 HTTP/1.1" 200 5581 "-" "Mozilla/5.0 (Linux; Android 10; K) AppleWebKit/537.36 (KHTML, like Gecko) Chrome/138.0.0.0 Mobile Safari/537.36 (compatible; Google-Read-Aloud; +https://support.google.com/webmasters/answer/1061943)"
197.157.165.125 - - [04/Nov/2025:17:24:23 +0100] "GET /wp-admin/admin-ajax.php?action=bunyad_editor_plugin&wp-mce-49110-20250317 HTTP/1.1" 200 1434 "https://umurunganews.info/wp-admin/post.php?post=2510&action=edit" "Mozilla/5.0 (Linux; Android 10; K) AppleWebKit/537.36 (KHTML, like Gecko) Chrome/141.0.0.0 Mobile Safari/537.36"
197.157.165.125 - - [04/Nov/2025:17:24:25 +0100] "GET /wp-content/themes/smart-mag/css/.css?wp-mce-49110-20250317 HTTP/1.1" 404 81277 "https://umurunganews.info/wp-admin/post.php?post=2510&action=edit" "Mozilla/5.0 (Linux; Android 10; K) AppleWebKit/537.36 (KHTML, like Gecko) Chrome/141.0.0.0 Mobile Safari/537.36"
2a06:98c0:3600::103 - - [04/Nov/2025:17:34:55 +0100] "GET /wp-admin/setup-config.php HTTP/1.1" 404 48842 "-" "Mozilla/5.0 (Windows NT 10.0; Win64; x64) AppleWebKit/537.36 (KHTML, like Gecko) Chrome/140.0.0.0 Safari/537.36"
178.16.54.100 - - [04/Nov/2025:17:35:02 +0100] "GET /wp-login.php HTTP/1.1" 200 5547 "-" "Mozilla/5.0 (Windows NT 10.0; WOW64) AppleWebKit/537.36 (KHTML, like Gecko) Chrome/75.0.3770.100 Safari/537.36"
178.16.54.100 - - [04/Nov/2025:17:35:02 +0100] "GET /wp-login.php HTTP/1.1" 200 5547 "-" "Mozilla/5.0 (Windows NT 10.0; WOW64) AppleWebKit/537.36 (KHTML, like Gecko) Chrome/75.0.3770.100 Safari/537.36"
178.16.54.100 - - [04/Nov/2025:17:35:02 +0100] "GET /wp-login.php HTTP/1.1" 200 5547 "-" "Mozilla/5.0 (Windows NT 10.0; WOW64) AppleWebKit/537.36 (KHTML, like Gecko) Chrome/75.0.3770.100 Safari/537.36"
178.16.54.100 - - [04/Nov/2025:17:35:10 +0100] "POST /wp-login.php HTTP/1.1" 200 6032 "-" "Mozilla/5.0 (Windows NT 10.0; WOW64) AppleWebKit/537.36 (KHTML, like Gecko) Chrome/75.0.3770.100 Safari/537.36"
178.16.54.100 - - [04/Nov/2025:17:35:11 +0100] "POST /wp-login.php HTTP/1.1" 200 6032 "-" "Mozilla/5.0 (Windows NT 10.0; WOW64) AppleWebKit/537.36 (KHTML, like Gecko) Chrome/75.0.3770.100 Safari/537.36"
178.16.54.100 - - [04/Nov/2025:17:35:11 +0100] "POST /wp-login.php HTTP/1.1" 200 6032 "-" "Mozilla/5.0 (Windows NT 10.0; WOW64) AppleWebKit/537.36 (KHTML, like Gecko) Chrome/75.0.3770.100 Safari/537.36"
2a06:98c0:3600::103 - - [04/Nov/2025:17:36:51 +0100] "GET /wordpress/wp-admin/setup-config.php HTTP/1.1" 404 48802 "-" "Mozilla/5.0 (Windows NT 10.0; Win64; x64) AppleWebKit/537.36 (KHTML, like Gecko) Chrome/140.0.0.0 Safari/537.36"
207.180.227.180 - - [04/Nov/2025:17:42:58 +0100] "POST /wp-cron.php?doing_wp_cron=1762274577.9072439670562744140625 HTTP/1.1" 200 - "-" "WordPress/6.8.3; https://umurunganews.info"
178.16.54.100 - - [04/Nov/2025:17:42:38 +0100] "GET /wp-login.php HTTP/1.1" 200 5547 "-" "Mozilla/5.0 (Windows NT 10.0; WOW64) AppleWebKit/537.36 (KHTML, like Gecko) Chrome/75.0.3770.100 Safari/537.36"
178.16.54.100 - - [04/Nov/2025:17:43:03 +0100] "POST /wp-login.php HTTP/1.1" 200 6032 "-" "Mozilla/5.0 (Windows NT 10.0; WOW64) AppleWebKit/537.36 (KHTML, like Gecko) Chrome/75.0.3770.100 Safari/537.36"
197.157.165.125 - - [04/Nov/2025:17:47:30 +0100] "GET /wp-admin/post.php?post=2510&action=edit HTTP/1.1" 200 286365 "https://umurunganews.info/2022/10/22/novel-solar-energy-harvesting-system-breaks-efficiency-record/" "Mozilla/5.0 (Linux; Android 10; K) AppleWebKit/537.36 (KHTML, like Gecko) Chrome/141.0.0.0 Mobile Safari/537.36"
197.157.165.125 - - [04/Nov/2025:17:47:45 +0100] "GET /wp-content/plugins/wordpress-seo/js/dist/analysis-worker.js?ver=aa04978fbd423b404462 HTTP/1.1" 304 - "https://umurunganews.info/wp-admin/post.php?post=2510&action=edit" "Mozilla/5.0 (Linux; Android 10; K) AppleWebKit/537.36 (KHTML, like Gecko) Chrome/141.0.0.0 Mobile Safari/537.36"
197.157.165.125 - - [04/Nov/2025:17:47:46 +0100] "GET /wp-content/plugins/wordpress-seo/js/dist/externals/featureFlag.js?ver=91e54e3dd01f59a724ae HTTP/1.1" 304 - "https://umurunganews.info/wp-content/plugins/wordpress-seo/js/dist/analysis-worker.js?ver=aa04978fbd423b404462" "Mozilla/5.0 (Linux; Android 10; K) AppleWebKit/537.36 (KHTML, like Gecko) Chrome/141.0.0.0 Mobile Safari/537.36"
197.157.165.125 - - [04/Nov/2025:17:47:46 +0100] "GET /wp-content/plugins/wordpress-seo/js/dist/externals/analysis.js?ver=e5da92bc003d99707821 HTTP/1.1" 304 - "https://umurunganews.info/wp-content/plugins/wordpress-seo/js/dist/analysis-worker.js?ver=aa04978fbd423b404462" "Mozilla/5.0 (Linux; Android 10; K) AppleWebKit/537.36 (KHTML, like Gecko) Chrome/141.0.0.0 Mobile Safari/537.36"
197.157.165.125 - - [04/Nov/2025:17:47:46 +0100] "GET /wp-content/plugins/wordpress-seo/js/dist/languages/en.js?ver=53ed833111ad00b16c23 HTTP/1.1" 304 - "https://umurunganews.info/wp-content/plugins/wordpress-seo/js/dist/analysis-worker.js?ver=aa04978fbd423b404462" "Mozilla/5.0 (Linux; Android 10; K) AppleWebKit/537.36 (KHTML, like Gecko) Chrome/141.0.0.0 Mobile Safari/537.36"
197.157.165.125 - - [04/Nov/2025:17:47:47 +0100] "GET /wp-content/plugins/wordpress-seo/js/dist/used-keywords-assessment.js?ver=f2d934f4e70fdace40fc HTTP/1.1" 304 - "https://umurunganews.info/wp-content/plugins/wordpress-seo/js/dist/analysis-worker.js?ver=aa04978fbd423b404462" "Mozilla/5.0 (Linux; Android 10; K) AppleWebKit/537.36 (KHTML, like Gecko) Chrome/141.0.0.0 Mobile Safari/537.36"
197.157.165.125 - - [04/Nov/2025:17:47:45 +0100] "GET /wp-admin/admin-ajax.php?action=bunyad_editor_plugin&wp-mce-49110-20250317 HTTP/1.1" 200 1434 "https://umurunganews.info/wp-admin/post.php?post=2510&action=edit" "Mozilla/5.0 (Linux; Android 10; K) AppleWebKit/537.36 (KHTML, like Gecko) Chrome/141.0.0.0 Mobile Safari/537.36"
197.157.165.125 - - [04/Nov/2025:17:47:49 +0100] "GET /wp-content/themes/smart-mag/style.css?wp-mce-49110-20250317 HTTP/1.1" 304 - "https://umurunganews.info/wp-admin/post.php?post=2510&action=edit" "Mozilla/5.0 (Linux; Android 10; K) AppleWebKit/537.36 (KHTML, like Gecko) Chrome/141.0.0.0 Mobile Safari/537.36"
197.157.165.125 - - [04/Nov/2025:17:47:49 +0100] "GET /wp-content/themes/smart-mag/css/admin/editor-style.css?wp-mce-49110-20250317 HTTP/1.1" 304 - "https://umurunganews.info/wp-admin/post.php?post=2510&action=edit" "Mozilla/5.0 (Linux; Android 10; K) AppleWebKit/537.36 (KHTML, like Gecko) Chrome/141.0.0.0 Mobile Safari/537.36"
197.157.165.125 - - [04/Nov/2025:17:47:49 +0100] "GET /wp-content/plugins/wordpress-seo/css/dist/inside-editor-2630.css?wp-mce-49110-20250317 HTTP/1.1" 304 - "https://umurunganews.info/wp-admin/post.php?post=2510&action=edit" "Mozilla/5.0 (Linux; Android 10; K) AppleWebKit/537.36 (KHTML, like Gecko) Chrome/141.0.0.0 Mobile Safari/537.36"
197.157.165.125 - - [04/Nov/2025:17:47:49 +0100] "GET /wp-content/uploads/2022/10/19-1.jpg HTTP/1.1" 304 - "https://umurunganews.info/wp-admin/post.php?post=2510&action=edit" "Mozilla/5.0 (Linux; Android 10; K) AppleWebKit/537.36 (KHTML, like Gecko) Chrome/141.0.0.0 Mobile Safari/537.36"
197.157.165.125 - - [04/Nov/2025:17:47:50 +0100] "GET /wp-content/uploads/2022/10/27-1.jpg HTTP/1.1" 304 - "https://umurunganews.info/wp-admin/post.php?post=2510&action=edit" "Mozilla/5.0 (Linux; Android 10; K) AppleWebKit/537.36 (KHTML, like Gecko) Chrome/141.0.0.0 Mobile Safari/537.36"
197.157.165.125 - - [04/Nov/2025:17:47:50 +0100] "GET /wp-content/uploads/2021/01/29-1.jpg HTTP/1.1" 304 - "https://umurunganews.info/wp-admin/post.php?post=2510&action=edit" "Mozilla/5.0 (Linux; Android 10; K) AppleWebKit/537.36 (KHTML, like Gecko) Chrome/141.0.0.0 Mobile Safari/537.36"
197.157.165.125 - - [04/Nov/2025:17:47:49 +0100] "GET /wp-content/themes/smart-mag/css/.css?wp-mce-49110-20250317 HTTP/1.1" 404 81237 "https://umurunganews.info/wp-admin/post.php?post=2510&action=edit" "Mozilla/5.0 (Linux; Android 10; K) AppleWebKit/537.36 (KHTML, like Gecko) Chrome/141.0.0.0 Mobile Safari/537.36"
178.16.54.100 - - [04/Nov/2025:17:49:33 +0100] "GET /wp-login.php HTTP/1.1" 200 5547 "-" "Mozilla/5.0 (Windows NT 10.0; WOW64) AppleWebKit/537.36 (KHTML, like Gecko) Chrome/75.0.3770.100 Safari/537.36"
178.16.54.100 - - [04/Nov/2025:17:49:40 +0100] "POST /wp-login.php HTTP/1.1" 200 6032 "-" "Mozilla/5.0 (Windows NT 10.0; WOW64) AppleWebKit/537.36 (KHTML, like Gecko) Chrome/75.0.3770.100 Safari/537.36"
192.104.34.34 - - [04/Nov/2025:17:55:06 +0100] "GET / HTTP/1.1" 200 129529 "-" "Mozilla/5.0 (Windows NT 10.0; Win64; x64) AppleWebKit/537.36 (KHTML, like Gecko) Chrome/134.0.0.0 Safari/537.36"
192.104.34.34 - - [04/Nov/2025:17:55:17 +0100] "GET / HTTP/1.1" 200 129529 "-" "Mozilla/5.0 (Windows NT 10.0; Win64; x64) AppleWebKit/537.36 (KHTML, like Gecko) Chrome/134.0.0.0 Safari/537.36"
207.180.227.180 - - [04/Nov/2025:17:55:41 +0100] "POST /wp-cron.php?doing_wp_cron=1762275341.5120511054992675781250 HTTP/1.1" 200 - "-" "WordPress/6.8.3; https://umurunganews.info"
2a06:98c0:3600::103 - - [04/Nov/2025:17:55:38 +0100] "GET /wp-admin/setup-config.php HTTP/1.1" 404 48802 "-" "Mozilla/5.0 (Windows NT 10.0; Win64; x64) AppleWebKit/537.36 (KHTML, like Gecko) Chrome/140.0.0.0 Safari/537.36"
178.16.54.100 - - [04/Nov/2025:17:56:32 +0100] "GET /wp-login.php HTTP/1.1" 200 5547 "-" "Mozilla/5.0 (Windows NT 10.0; WOW64) AppleWebKit/537.36 (KHTML, like Gecko) Chrome/75.0.3770.100 Safari/537.36"
178.16.54.100 - - [04/Nov/2025:17:56:44 +0100] "POST /wp-login.php HTTP/1.1" 200 6032 "-" "Mozilla/5.0 (Windows NT 10.0; WOW64) AppleWebKit/537.36 (KHTML, like Gecko) Chrome/75.0.3770.100 Safari/537.36"
178.16.54.100 - - [04/Nov/2025:18:03:34 +0100] "GET /wp-login.php HTTP/1.1" 200 5547 "-" "Mozilla/5.0 (Windows NT 10.0; WOW64) AppleWebKit/537.36 (KHTML, like Gecko) Chrome/75.0.3770.100 Safari/537.36"
178.16.54.100 - - [04/Nov/2025:18:03:41 +0100] "POST /wp-login.php HTTP/1.1" 200 6032 "-" "Mozilla/5.0 (Windows NT 10.0; WOW64) AppleWebKit/537.36 (KHTML, like Gecko) Chrome/75.0.3770.100 Safari/537.36"
207.180.227.180 - - [04/Nov/2025:18:10:13 +0100] "POST /wp-cron.php?doing_wp_cron=1762276213.3291609287261962890625 HTTP/1.1" 200 - "-" "WordPress/6.8.3; https://umurunganews.info"
178.16.54.100 - - [04/Nov/2025:18:10:07 +0100] "GET /wp-login.php HTTP/1.1" 200 5547 "-" "Mozilla/5.0 (Windows NT 10.0; WOW64) AppleWebKit/537.36 (KHTML, like Gecko) Chrome/75.0.3770.100 Safari/537.36"
178.16.54.100 - - [04/Nov/2025:18:10:19 +0100] "POST /wp-login.php HTTP/1.1" 200 6032 "-" "Mozilla/5.0 (Windows NT 10.0; WOW64) AppleWebKit/537.36 (KHTML, like Gecko) Chrome/75.0.3770.100 Safari/537.36"
216.73.216.46 - - [04/Nov/2025:18:14:42 +0100] "GET /robots.txt HTTP/1.1" 200 69 "-" "Mozilla/5.0 AppleWebKit/537.36 (KHTML, like Gecko; compatible; ClaudeBot/1.0; +claudebot@anthropic.com)"
207.180.227.180 - - [04/Nov/2025:18:14:49 +0100] "POST /wp-cron.php?doing_wp_cron=1762276488.9208869934082031250000 HTTP/1.1" 200 - "-" "WordPress/6.8.3; https://umurunganews.info"
216.73.216.46 - - [04/Nov/2025:18:14:43 +0100] "GET /sitemap.xml HTTP/1.1" 301 - "-" "Mozilla/5.0 AppleWebKit/537.36 (KHTML, like Gecko; compatible; ClaudeBot/1.0; +claudebot@anthropic.com)"
216.73.216.46 - - [04/Nov/2025:18:14:49 +0100] "GET /sitemap_index.xml HTTP/1.1" 200 920 "https://umurunganews.info/sitemap.xml" "Mozilla/5.0 AppleWebKit/537.36 (KHTML, like Gecko; compatible; ClaudeBot/1.0; +claudebot@anthropic.com)"
178.16.54.100 - - [04/Nov/2025:18:16:17 +0100] "GET /wp-login.php HTTP/1.1" 200 5547 "-" "Mozilla/5.0 (Windows NT 10.0; WOW64) AppleWebKit/537.36 (KHTML, like Gecko) Chrome/75.0.3770.100 Safari/537.36"
178.16.54.100 - - [04/Nov/2025:18:16:28 +0100] "POST /wp-login.php HTTP/1.1" 200 6032 "-" "Mozilla/5.0 (Windows NT 10.0; WOW64) AppleWebKit/537.36 (KHTML, like Gecko) Chrome/75.0.3770.100 Safari/537.36"
2a06:98c0:3600::103 - - [04/Nov/2025:18:17:11 +0100] "GET /wp-admin/setup-config.php HTTP/1.1" 404 48815 "-" "Mozilla/5.0 (Windows NT 10.0; Win64; x64) AppleWebKit/537.36 (KHTML, like Gecko) Chrome/140.0.0.0 Safari/537.36"
178.16.54.100 - - [04/Nov/2025:18:22:59 +0100] "GET /wp-login.php HTTP/1.1" 200 5547 "-" "Mozilla/5.0 (Windows NT 10.0; WOW64) AppleWebKit/537.36 (KHTML, like Gecko) Chrome/75.0.3770.100 Safari/537.36"
178.16.54.100 - - [04/Nov/2025:18:23:06 +0100] "POST /wp-login.php HTTP/1.1" 200 6032 "-" "Mozilla/5.0 (Windows NT 10.0; WOW64) AppleWebKit/537.36 (KHTML, like Gecko) Chrome/75.0.3770.100 Safari/537.36"
207.180.227.180 - - [04/Nov/2025:18:29:03 +0100] "POST /wp-cron.php?doing_wp_cron=1762277343.1533350944519042968750 HTTP/1.1" 200 - "-" "WordPress/6.8.3; https://umurunganews.info"
178.16.54.100 - - [04/Nov/2025:18:28:57 +0100] "GET /wp-login.php HTTP/1.1" 200 5547 "-" "Mozilla/5.0 (Windows NT 10.0; WOW64) AppleWebKit/537.36 (KHTML, like Gecko) Chrome/75.0.3770.100 Safari/537.36"
178.16.54.100 - - [04/Nov/2025:18:29:09 +0100] "POST /wp-login.php HTTP/1.1" 200 6032 "-" "Mozilla/5.0 (Windows NT 10.0; WOW64) AppleWebKit/537.36 (KHTML, like Gecko) Chrome/75.0.3770.100 Safari/537.36"
178.16.54.100 - - [04/Nov/2025:18:34:53 +0100] "GET /wp-login.php HTTP/1.1" 200 5547 "-" "Mozilla/5.0 (Windows NT 10.0; WOW64) AppleWebKit/537.36 (KHTML, like Gecko) Chrome/75.0.3770.100 Safari/537.36"
178.16.54.100 - - [04/Nov/2025:18:34:59 +0100] "POST /wp-login.php HTTP/1.1" 200 6032 "-" "Mozilla/5.0 (Windows NT 10.0; WOW64) AppleWebKit/537.36 (KHTML, like Gecko) Chrome/75.0.3770.100 Safari/537.36"
2a06:98c0:3600::103 - - [04/Nov/2025:18:36:54 +0100] "GET /wp-admin/setup-config.php HTTP/1.1" 404 48815 "-" "Mozilla/5.0 (Windows NT 10.0; Win64; x64) AppleWebKit/537.36 (KHTML, like Gecko) Chrome/140.0.0.0 Safari/537.36"
2a06:98c0:3600::103 - - [04/Nov/2025:18:38:27 +0100] "GET /wordpress/wp-admin/setup-config.php HTTP/1.1" 404 48842 "-" "Mozilla/5.0 (Windows NT 10.0; Win64; x64) AppleWebKit/537.36 (KHTML, like Gecko) Chrome/140.0.0.0 Safari/537.36"
207.180.227.180 - - [04/Nov/2025:18:40:53 +0100] "POST /wp-cron.php?doing_wp_cron=1762278053.2237169742584228515625 HTTP/1.1" 200 - "-" "WordPress/6.8.3; https://umurunganews.info"
178.16.54.100 - - [04/Nov/2025:18:40:52 +0100] "GET /wp-login.php HTTP/1.1" 200 5547 "-" "Mozilla/5.0 (Windows NT 10.0; WOW64) AppleWebKit/537.36 (KHTML, like Gecko) Chrome/75.0.3770.100 Safari/537.36"
178.16.54.100 - - [04/Nov/2025:18:46:45 +0100] "GET /wp-login.php HTTP/1.1" 200 5547 "-" "Mozilla/5.0 (Windows NT 10.0; WOW64) AppleWebKit/537.36 (KHTML, like Gecko) Chrome/75.0.3770.100 Safari/537.36"
178.16.54.100 - - [04/Nov/2025:18:46:51 +0100] "POST /wp-login.php HTTP/1.1" 200 6032 "-" "Mozilla/5.0 (Windows NT 10.0; WOW64) AppleWebKit/537.36 (KHTML, like Gecko) Chrome/75.0.3770.100 Safari/537.36"
178.16.54.100 - - [04/Nov/2025:18:53:05 +0100] "GET /wp-login.php HTTP/1.1" 200 5547 "-" "Mozilla/5.0 (Windows NT 10.0; WOW64) AppleWebKit/537.36 (KHTML, like Gecko) Chrome/75.0.3770.100 Safari/537.36"
178.16.54.100 - - [04/Nov/2025:18:53:16 +0100] "POST /wp-login.php HTTP/1.1" 200 6032 "-" "Mozilla/5.0 (Windows NT 10.0; WOW64) AppleWebKit/537.36 (KHTML, like Gecko) Chrome/75.0.3770.100 Safari/537.36"
207.180.227.180 - - [04/Nov/2025:18:57:13 +0100] "POST /wp-cron.php?doing_wp_cron=1762279033.1174709796905517578125 HTTP/1.1" 200 - "-" "WordPress/6.8.3; https://umurunganews.info"
2a06:98c0:3600::103 - - [04/Nov/2025:18:57:07 +0100] "GET /wp-admin/setup-config.php HTTP/1.1" 404 48842 "-" "Mozilla/5.0 (Windows NT 10.0; Win64; x64) AppleWebKit/537.36 (KHTML, like Gecko) Chrome/140.0.0.0 Safari/537.36"
178.16.54.100 - - [04/Nov/2025:18:58:15 +0100] "GET /wp-login.php HTTP/1.1" 200 5547 "-" "Mozilla/5.0 (Windows NT 10.0; WOW64) AppleWebKit/537.36 (KHTML, like Gecko) Chrome/75.0.3770.100 Safari/537.36"
178.16.54.100 - - [04/Nov/2025:18:58:22 +0100] "POST /wp-login.php HTTP/1.1" 200 5985 "-" "Mozilla/5.0 (Windows NT 10.0; WOW64) AppleWebKit/537.36 (KHTML, like Gecko) Chrome/75.0.3770.100 Safari/537.36"
43.130.116.87 - - [04/Nov/2025:19:06:25 +0100] "GET / HTTP/1.1" 200 129569 "http://umurunganews.info" "Mozilla/5.0 (iPhone; CPU iPhone OS 13_2_3 like Mac OS X) AppleWebKit/605.1.15 (KHTML, like Gecko) Version/13.0.3 Mobile/15E148 Safari/604.1"
178.16.54.100 - - [04/Nov/2025:19:07:30 +0100] "GET /wp-login.php HTTP/1.1" 200 5547 "-" "Mozilla/5.0 (Windows NT 10.0; WOW64) AppleWebKit/537.36 (KHTML, like Gecko) Chrome/75.0.3770.100 Safari/537.36"
178.16.54.100 - - [04/Nov/2025:19:07:36 +0100] "POST /wp-login.php HTTP/1.1" 200 5985 "-" "Mozilla/5.0 (Windows NT 10.0; WOW64) AppleWebKit/537.36 (KHTML, like Gecko) Chrome/75.0.3770.100 Safari/537.36"
2a06:98c0:3600::103 - - [04/Nov/2025:19:14:05 +0100] "GET /wordpress/wp-admin/setup-config.php HTTP/1.1" 404 48807 "-" "Mozilla/5.0 (Windows NT 10.0; Win64; x64) AppleWebKit/537.36 (KHTML, like Gecko) Chrome/140.0.0.0 Safari/537.36"
2a06:98c0:3600::103 - - [04/Nov/2025:19:14:05 +0100] "GET /wp-admin/setup-config.php HTTP/1.1" 404 48802 "-" "Mozilla/5.0 (Windows NT 10.0; Win64; x64) AppleWebKit/537.36 (KHTML, like Gecko) Chrome/140.0.0.0 Safari/537.36"
178.16.54.100 - - [04/Nov/2025:19:15:25 +0100] "GET /wp-login.php HTTP/1.1" 200 5547 "-" "Mozilla/5.0 (Windows NT 10.0; WOW64) AppleWebKit/537.36 (KHTML, like Gecko) Chrome/75.0.3770.100 Safari/537.36"
197.157.187.89 - - [04/Nov/2025:19:16:45 +0100] "GET / HTTP/1.1" 200 129585 "android-app://com.google.android.googlequicksearchbox/" "Mozilla/5.0 (Linux; Android 10; K) AppleWebKit/537.36 (KHTML, like Gecko) Chrome/141.0.0.0 Mobile Safari/537.36"
197.157.187.89 - - [04/Nov/2025:19:16:50 +0100] "GET /wp-content/plugins/elementor/assets/css/frontend.min.css?ver=3.32.5 HTTP/1.1" 200 53614 "https://umurunganews.info/" "Mozilla/5.0 (Linux; Android 10; K) AppleWebKit/537.36 (KHTML, like Gecko) Chrome/141.0.0.0 Mobile Safari/537.36"
197.157.187.89 - - [04/Nov/2025:19:16:50 +0100] "GET /wp-content/uploads/elementor/css/post-2437.css?ver=1762264637 HTTP/1.1" 200 1002 "https://umurunganews.info/" "Mozilla/5.0 (Linux; Android 10; K) AppleWebKit/537.36 (KHTML, like Gecko) Chrome/141.0.0.0 Mobile Safari/537.36"
197.157.187.89 - - [04/Nov/2025:19:16:51 +0100] "GET /wp-content/uploads/elementor/css/post-7126.css?ver=1762264639 HTTP/1.1" 200 6164 "https://umurunganews.info/" "Mozilla/5.0 (Linux; Android 10; K) AppleWebKit/537.36 (KHTML, like Gecko) Chrome/141.0.0.0 Mobile Safari/537.36"
197.157.187.89 - - [04/Nov/2025:19:16:51 +0100] "GET /wp-content/themes/smart-mag/style.css?ver=10.3.2 HTTP/1.1" 200 205853 "https://umurunganews.info/" "Mozilla/5.0 (Linux; Android 10; K) AppleWebKit/537.36 (KHTML, like Gecko) Chrome/141.0.0.0 Mobile Safari/537.36"
197.157.187.89 - - [04/Nov/2025:19:16:54 +0100] "GET /wp-content/themes/smart-mag/css/lightbox.css?ver=10.3.2 HTTP/1.1" 200 7630 "https://umurunganews.info/" "Mozilla/5.0 (Linux; Android 10; K) AppleWebKit/537.36 (KHTML, like Gecko) Chrome/141.0.0.0 Mobile Safari/537.36"
197.157.187.89 - - [04/Nov/2025:19:16:54 +0100] "GET /wp-content/themes/smart-mag/css/icons/icons.css?ver=10.3.2 HTTP/1.1" 200 4727 "https://umurunganews.info/" "Mozilla/5.0 (Linux; Android 10; K) AppleWebKit/537.36 (KHTML, like Gecko) Chrome/141.0.0.0 Mobile Safari/537.36"
197.157.187.89 - - [04/Nov/2025:19:16:55 +0100] "GET /wp-content/themes/smart-mag/css/icons/fonts/ts-icons.woff2?v3.2 HTTP/1.1" 200 12136 "https://umurunganews.info/" "Mozilla/5.0 (Linux; Android 10; K) AppleWebKit/537.36 (KHTML, like Gecko) Chrome/141.0.0.0 Mobile Safari/537.36"
197.157.187.89 - - [04/Nov/2025:19:16:55 +0100] "GET /wp-includes/js/jquery/jquery.min.js?ver=3.7.1 HTTP/1.1" 200 87553 "https://umurunganews.info/" "Mozilla/5.0 (Linux; Android 10; K) AppleWebKit/537.36 (KHTML, like Gecko) Chrome/141.0.0.0 Mobile Safari/537.36"
197.157.187.89 - - [04/Nov/2025:19:16:55 +0100] "GET /wp-includes/js/jquery/jquery-migrate.min.js?ver=3.4.1 HTTP/1.1" 200 13577 "https://umurunganews.info/" "Mozilla/5.0 (Linux; Android 10; K) AppleWebKit/537.36 (KHTML, like Gecko) Chrome/141.0.0.0 Mobile Safari/537.36"
197.157.187.89 - - [04/Nov/2025:19:16:55 +0100] "GET /wp-content/themes/smart-mag/js/lazyload.js?ver=10.3.2 HTTP/1.1" 200 8268 "https://umurunganews.info/" "Mozilla/5.0 (Linux; Android 10; K) AppleWebKit/537.36 (KHTML, like Gecko) Chrome/141.0.0.0 Mobile Safari/537.36"
197.157.187.89 - - [04/Nov/2025:19:16:55 +0100] "GET /wp-content/plugins/elementor/assets/js/webpack.runtime.min.js?ver=3.32.5 HTTP/1.1" 200 5707 "https://umurunganews.info/" "Mozilla/5.0 (Linux; Android 10; K) AppleWebKit/537.36 (KHTML, like Gecko) Chrome/141.0.0.0 Mobile Safari/537.36"
197.157.187.89 - - [04/Nov/2025:19:16:56 +0100] "GET /wp-includes/js/jquery/ui/core.min.js?ver=1.13.3 HTTP/1.1" 200 21464 "https://umurunganews.info/" "Mozilla/5.0 (Linux; Android 10; K) AppleWebKit/537.36 (KHTML, like Gecko) Chrome/141.0.0.0 Mobile Safari/537.36"
197.157.187.89 - - [04/Nov/2025:19:16:56 +0100] "GET /wp-content/plugins/elementor/assets/js/frontend.min.js?ver=3.32.5 HTTP/1.1" 200 32362 "https://umurunganews.info/" "Mozilla/5.0 (Linux; Android 10; K) AppleWebKit/537.36 (KHTML, like Gecko) Chrome/141.0.0.0 Mobile Safari/537.36"
197.157.187.89 - - [04/Nov/2025:19:16:56 +0100] "GET /wp-content/plugins/elementor/assets/js/frontend-modules.min.js?ver=3.32.5 HTTP/1.1" 200 59579 "https://umurunganews.info/" "Mozilla/5.0 (Linux; Android 10; K) AppleWebKit/537.36 (KHTML, like Gecko) Chrome/141.0.0.0 Mobile Safari/537.36"
197.157.187.89 - - [04/Nov/2025:19:16:58 +0100] "GET /wp-content/themes/smart-mag/js/jquery.mfp-lightbox.js?ver=10.3.2 HTTP/1.1" 200 20216 "https://umurunganews.info/" "Mozilla/5.0 (Linux; Android 10; K) AppleWebKit/537.36 (KHTML, like Gecko) Chrome/141.0.0.0 Mobile Safari/537.36"
197.157.187.89 - - [04/Nov/2025:19:17:00 +0100] "GET /wp-content/themes/smart-mag/js/jquery.sticky-sidebar.js?ver=10.3.2 HTTP/1.1" 200 12409 "https://umurunganews.info/" "Mozilla/5.0 (Linux; Android 10; K) AppleWebKit/537.36 (KHTML, like Gecko) Chrome/141.0.0.0 Mobile Safari/537.36"
197.157.187.89 - - [04/Nov/2025:19:16:57 +0100] "GET /2022/10/22/black-holes-cant-trash-info-about-what-they-swallow-and-thats-a-problem/ HTTP/1.1" 200 109133 "https://umurunganews.info/" "Mozilla/5.0 (Linux; Android 10; K) AppleWebKit/537.36 (KHTML, like Gecko) Chrome/141.0.0.0 Mobile Safari/537.36"
197.157.187.89 - - [04/Nov/2025:19:17:01 +0100] "GET /wp-content/themes/smart-mag/js/theme.js?ver=10.3.2 HTTP/1.1" 200 53973 "https://umurunganews.info/" "Mozilla/5.0 (Linux; Android 10; K) AppleWebKit/537.36 (KHTML, like Gecko) Chrome/141.0.0.0 Mobile Safari/537.36"
197.157.187.89 - - [04/Nov/2025:19:17:03 +0100] "GET /wp-content/themes/smart-mag/js/jquery.slick.js?ver=10.3.2 HTTP/1.1" 200 53396 "https://umurunganews.info/" "Mozilla/5.0 (Linux; Android 10; K) AppleWebKit/537.36 (KHTML, like Gecko) Chrome/141.0.0.0 Mobile Safari/537.36"
197.157.187.89 - - [04/Nov/2025:19:17:03 +0100] "GET /wp-content/uploads/2022/10/10.jpg HTTP/1.1" 200 114500 "https://umurunganews.info/" "Mozilla/5.0 (Linux; Android 10; K) AppleWebKit/537.36 (KHTML, like Gecko) Chrome/141.0.0.0 Mobile Safari/537.36"
197.157.187.89 - - [04/Nov/2025:19:17:05 +0100] "GET /wp-content/uploads/2022/10/7.jpg HTTP/1.1" 200 172363 "https://umurunganews.info/" "Mozilla/5.0 (Linux; Android 10; K) AppleWebKit/537.36 (KHTML, like Gecko) Chrome/141.0.0.0 Mobile Safari/537.36"
197.157.187.89 - - [04/Nov/2025:19:17:03 +0100] "GET /2021/01/04/5-things-the-canon-eos-r1-needs-to-compete-with-the-sony-a1/ HTTP/1.1" 200 108228 "https://umurunganews.info/" "Mozilla/5.0 (Linux; Android 10; K) AppleWebKit/537.36 (KHTML, like Gecko) Chrome/141.0.0.0 Mobile Safari/537.36"
197.157.187.89 - - [04/Nov/2025:19:17:15 +0100] "GET /wp-content/uploads/2022/10/24-1.jpg HTTP/1.1" 200 256461 "https://umurunganews.info/" "Mozilla/5.0 (Linux; Android 10; K) AppleWebKit/537.36 (KHTML, like Gecko) Chrome/141.0.0.0 Mobile Safari/537.36"
197.157.187.89 - - [04/Nov/2025:19:17:14 +0100] "GET /2021/01/04/hyundais-value-surges-amid-reports-of-apple-electric-car-deal/ HTTP/1.1" 200 108378 "https://umurunganews.info/" "Mozilla/5.0 (Linux; Android 10; K) AppleWebKit/537.36 (KHTML, like Gecko) Chrome/141.0.0.0 Mobile Safari/537.36"
197.157.187.89 - - [04/Nov/2025:19:17:21 +0100] "GET /wp-content/uploads/2021/01/2-2.jpg HTTP/1.1" 200 225416 "https://umurunganews.info/" "Mozilla/5.0 (Linux; Android 10; K) AppleWebKit/537.36 (KHTML, like Gecko) Chrome/141.0.0.0 Mobile Safari/537.36"
197.157.187.89 - - [04/Nov/2025:19:17:21 +0100] "GET /wp-content/uploads/2021/01/29-1.jpg HTTP/1.1" 200 232563 "https://umurunganews.info/" "Mozilla/5.0 (Linux; Android 10; K) AppleWebKit/537.36 (KHTML, like Gecko) Chrome/141.0.0.0 Mobile Safari/537.36"
197.157.187.89 - - [04/Nov/2025:19:17:19 +0100] "GET /wp-content/uploads/2022/10/4-1.jpg HTTP/1.1" 200 395260 "https://umurunganews.info/" "Mozilla/5.0 (Linux; Android 10; K) AppleWebKit/537.36 (KHTML, like Gecko) Chrome/141.0.0.0 Mobile Safari/537.36"
197.157.187.89 - - [04/Nov/2025:19:17:32 +0100] "GET /2022/10/22/3d-printing-plant-cells-shows-promise-for-studying-cell-function/ HTTP/1.1" 200 108232 "https://umurunganews.info/" "Mozilla/5.0 (Linux; Android 10; K) AppleWebKit/537.36 (KHTML, like Gecko) Chrome/141.0.0.0 Mobile Safari/537.36"
197.157.187.89 - - [04/Nov/2025:19:17:35 +0100] "GET /wp-content/uploads/2021/01/1-1.jpg HTTP/1.1" 200 282234 "https://umurunganews.info/" "Mozilla/5.0 (Linux; Android 10; K) AppleWebKit/537.36 (KHTML, like Gecko) Chrome/141.0.0.0 Mobile Safari/537.36"
197.157.187.89 - - [04/Nov/2025:19:17:38 +0100] "GET /category/news/ HTTP/1.1" 200 83820 "https://umurunganews.info/" "Mozilla/5.0 (Linux; Android 10; K) AppleWebKit/537.36 (KHTML, like Gecko) Chrome/141.0.0.0 Mobile Safari/537.36"
197.157.187.89 - - [04/Nov/2025:19:17:44 +0100] "GET /2022/10/22/call-of-duty-modern-warfare-2-pc-performance-analysis/ HTTP/1.1" 200 107474 "https://umurunganews.info/" "Mozilla/5.0 (Linux; Android 10; K) AppleWebKit/537.36 (KHTML, like Gecko) Chrome/141.0.0.0 Mobile Safari/537.36"
197.157.187.89 - - [04/Nov/2025:19:17:49 +0100] "GET /wp-includes/css/dist/block-library/style.min.css?ver=6.8.3 HTTP/1.1" 200 116345 "https://umurunganews.info/category/news/" "Mozilla/5.0 (Linux; Android 10; K) AppleWebKit/537.36 (KHTML, like Gecko) Chrome/141.0.0.0 Mobile Safari/537.36"
197.157.187.89 - - [04/Nov/2025:19:17:52 +0100] "GET /wp-content/uploads/2022/10/6-1.jpg HTTP/1.1" 200 289292 "https://umurunganews.info/" "Mozilla/5.0 (Linux; Android 10; K) AppleWebKit/537.36 (KHTML, like Gecko) Chrome/141.0.0.0 Mobile Safari/537.36"
197.157.187.89 - - [04/Nov/2025:19:17:55 +0100] "GET /wp-includes/js/wp-emoji-release.min.js?ver=6.8.3 HTTP/1.1" 200 19251 "https://umurunganews.info/" "Mozilla/5.0 (Linux; Android 10; K) AppleWebKit/537.36 (KHTML, like Gecko) Chrome/141.0.0.0 Mobile Safari/537.36"
197.157.187.89 - - [04/Nov/2025:19:17:56 +0100] "GET /wp-content/plugins/elementor/assets/js/section-frontend-handlers.d85ab872da118940910d.bundle.min.js HTTP/1.1" 200 489 "https://umurunganews.info/" "Mozilla/5.0 (Linux; Android 10; K) AppleWebKit/537.36 (KHTML, like Gecko) Chrome/141.0.0.0 Mobile Safari/537.36"
197.157.187.89 - - [04/Nov/2025:19:17:57 +0100] "GET /wp-content/plugins/elementor/assets/js/shared-frontend-handlers.4c8abccc3e268b0767b2.bundle.min.js HTTP/1.1" 200 8525 "https://umurunganews.info/" "Mozilla/5.0 (Linux; Android 10; K) AppleWebKit/537.36 (KHTML, like Gecko) Chrome/141.0.0.0 Mobile Safari/537.36"
197.157.187.89 - - [04/Nov/2025:19:17:57 +0100] "GET /wp-content/uploads/2022/10/10-1.jpg HTTP/1.1" 200 114500 "https://umurunganews.info/category/news/" "Mozilla/5.0 (Linux; Android 10; K) AppleWebKit/537.36 (KHTML, like Gecko) Chrome/141.0.0.0 Mobile Safari/537.36"
197.157.187.89 - - [04/Nov/2025:19:17:54 +0100] "GET /wp-content/uploads/2022/10/21-1.jpg HTTP/1.1" 200 360184 "https://umurunganews.info/" "Mozilla/5.0 (Linux; Android 10; K) AppleWebKit/537.36 (KHTML, like Gecko) Chrome/141.0.0.0 Mobile Safari/537.36"
142.250.32.9 - - [04/Nov/2025:19:17:56 +0100] "GET /category/news/ HTTP/1.1" 200 83436 "-" "Mozilla/5.0 (Linux; Android 10; K) AppleWebKit/537.36 (KHTML, like Gecko) Chrome/138.0.0.0 Mobile Safari/537.36 (compatible; Google-Read-Aloud; +https://support.google.com/webmasters/answer/1061943)"
197.157.187.89 - - [04/Nov/2025:19:18:00 +0100] "GET /wp-content/uploads/2022/10/14-1.jpg HTTP/1.1" 200 166533 "https://umurunganews.info/category/news/" "Mozilla/5.0 (Linux; Android 10; K) AppleWebKit/537.36 (KHTML, like Gecko) Chrome/141.0.0.0 Mobile Safari/537.36"
66.249.88.99 - - [04/Nov/2025:19:18:00 +0100] "GET /category/news/ HTTP/1.1" 200 83436 "-" "Mozilla/5.0 (Linux; Android 10; K) AppleWebKit/537.36 (KHTML, like Gecko) Chrome/138.0.0.0 Mobile Safari/537.36 (compatible; Google-Read-Aloud; +https://support.google.com/webmasters/answer/1061943)"
66.249.88.99 - - [04/Nov/2025:19:18:04 +0100] "GET /wp-content/themes/smart-mag/css/lightbox.css?ver=10.3.2 HTTP/1.1" 200 7630 "https://umurunganews.info/category/news/" "Mozilla/5.0 (Linux; Android 10; K) AppleWebKit/537.36 (KHTML, like Gecko) Chrome/138.0.0.0 Mobile Safari/537.36 (compatible; Google-Read-Aloud; +https://support.google.com/webmasters/answer/1061943)"
66.249.88.98 - - [04/Nov/2025:19:18:01 +0100] "GET /category/news/ HTTP/1.1" 200 83436 "-" "Mozilla/5.0 (Linux; Android 10; K) AppleWebKit/537.36 (KHTML, like Gecko) Chrome/138.0.0.0 Mobile Safari/537.36 (compatible; Google-Read-Aloud; +https://support.google.com/webmasters/answer/1061943)"
66.249.88.100 - - [04/Nov/2025:19:18:04 +0100] "GET /wp-content/themes/smart-mag/css/icons/fonts/ts-icons.woff2?v3.2 HTTP/1.1" 200 12136 "https://umurunganews.info/category/news/" "Mozilla/5.0 (Linux; Android 10; K) AppleWebKit/537.36 (KHTML, like Gecko) Chrome/138.0.0.0 Mobile Safari/537.36 (compatible; Google-Read-Aloud; +https://support.google.com/webmasters/answer/1061943)"
66.249.88.100 - - [04/Nov/2025:19:18:04 +0100] "GET /wp-includes/css/dist/block-library/style.min.css?ver=6.8.3 HTTP/1.1" 200 116345 "https://umurunganews.info/category/news/" "Mozilla/5.0 (Linux; Android 10; K) AppleWebKit/537.36 (KHTML, like Gecko) Chrome/138.0.0.0 Mobile Safari/537.36 (compatible; Google-Read-Aloud; +https://support.google.com/webmasters/answer/1061943)"
66.249.88.100 - - [04/Nov/2025:19:18:04 +0100] "GET /wp-content/themes/smart-mag/css/icons/icons.css?ver=10.3.2 HTTP/1.1" 200 4727 "https://umurunganews.info/category/news/" "Mozilla/5.0 (Linux; Android 10; K) AppleWebKit/537.36 (KHTML, like Gecko) Chrome/138.0.0.0 Mobile Safari/537.36 (compatible; Google-Read-Aloud; +https://support.google.com/webmasters/answer/1061943)"
66.249.88.100 - - [04/Nov/2025:19:18:04 +0100] "GET /wp-content/themes/smart-mag/style.css?ver=10.3.2 HTTP/1.1" 200 205853 "https://umurunganews.info/category/news/" "Mozilla/5.0 (Linux; Android 10; K) AppleWebKit/537.36 (KHTML, like Gecko) Chrome/138.0.0.0 Mobile Safari/537.36 (compatible; Google-Read-Aloud; +https://support.google.com/webmasters/answer/1061943)"
66.249.88.98 - - [04/Nov/2025:19:18:05 +0100] "GET /wp-content/themes/smart-mag/css/icons/fonts/ts-icons.woff2?v3.2 HTTP/1.1" 200 12136 "https://umurunganews.info/category/news/" "Mozilla/5.0 (Linux; Android 10; K) AppleWebKit/537.36 (KHTML, like Gecko) Chrome/138.0.0.0 Mobile Safari/537.36 (compatible; Google-Read-Aloud; +https://support.google.com/webmasters/answer/1061943)"
66.249.88.99 - - [04/Nov/2025:19:18:05 +0100] "GET /wp-includes/css/dist/block-library/style.min.css?ver=6.8.3 HTTP/1.1" 200 116345 "https://umurunganews.info/category/news/" "Mozilla/5.0 (Linux; Android 10; K) AppleWebKit/537.36 (KHTML, like Gecko) Chrome/138.0.0.0 Mobile Safari/537.36 (compatible; Google-Read-Aloud; +https://support.google.com/webmasters/answer/1061943)"
66.249.88.100 - - [04/Nov/2025:19:18:05 +0100] "GET /wp-content/themes/smart-mag/js/theme.js?ver=10.3.2 HTTP/1.1" 200 53973 "https://umurunganews.info/category/news/" "Mozilla/5.0 (Linux; Android 10; K) AppleWebKit/537.36 (KHTML, like Gecko) Chrome/138.0.0.0 Mobile Safari/537.36 (compatible; Google-Read-Aloud; +https://support.google.com/webmasters/answer/1061943)"
66.249.88.98 - - [04/Nov/2025:19:18:05 +0100] "GET /wp-content/themes/smart-mag/js/jquery.mfp-lightbox.js?ver=10.3.2 HTTP/1.1" 200 20216 "https://umurunganews.info/category/news/" "Mozilla/5.0 (Linux; Android 10; K) AppleWebKit/537.36 (KHTML, like Gecko) Chrome/138.0.0.0 Mobile Safari/537.36 (compatible; Google-Read-Aloud; +https://support.google.com/webmasters/answer/1061943)"
66.249.88.98 - - [04/Nov/2025:19:18:05 +0100] "GET /wp-includes/js/jquery/jquery-migrate.min.js?ver=3.4.1 HTTP/1.1" 200 13577 "https://umurunganews.info/category/news/" "Mozilla/5.0 (Linux; Android 10; K) AppleWebKit/537.36 (KHTML, like Gecko) Chrome/138.0.0.0 Mobile Safari/537.36 (compatible; Google-Read-Aloud; +https://support.google.com/webmasters/answer/1061943)"
66.249.88.99 - - [04/Nov/2025:19:18:05 +0100] "GET /wp-includes/js/jquery/jquery.min.js?ver=3.7.1 HTTP/1.1" 200 87553 "https://umurunganews.info/category/news/" "Mozilla/5.0 (Linux; Android 10; K) AppleWebKit/537.36 (KHTML, like Gecko) Chrome/138.0.0.0 Mobile Safari/537.36 (compatible; Google-Read-Aloud; +https://support.google.com/webmasters/answer/1061943)"
66.249.88.99 - - [04/Nov/2025:19:18:05 +0100] "GET /wp-content/themes/smart-mag/js/jquery.sticky-sidebar.js?ver=10.3.2 HTTP/1.1" 200 12409 "https://umurunganews.info/category/news/" "Mozilla/5.0 (Linux; Android 10; K) AppleWebKit/537.36 (KHTML, like Gecko) Chrome/138.0.0.0 Mobile Safari/537.36 (compatible; Google-Read-Aloud; +https://support.google.com/webmasters/answer/1061943)"
66.249.88.99 - - [04/Nov/2025:19:18:05 +0100] "GET /wp-content/themes/smart-mag/js/lazyload.js?ver=10.3.2 HTTP/1.1" 200 8268 "https://umurunganews.info/category/news/" "Mozilla/5.0 (Linux; Android 10; K) AppleWebKit/537.36 (KHTML, like Gecko) Chrome/138.0.0.0 Mobile Safari/537.36 (compatible; Google-Read-Aloud; +https://support.google.com/webmasters/answer/1061943)"
66.249.88.98 - - [04/Nov/2025:19:18:05 +0100] "GET /wp-content/themes/smart-mag/style.css?ver=10.3.2 HTTP/1.1" 200 205853 "https://umurunganews.info/category/news/" "Mozilla/5.0 (Linux; Android 10; K) AppleWebKit/537.36 (KHTML, like Gecko) Chrome/138.0.0.0 Mobile Safari/537.36 (compatible; Google-Read-Aloud; +https://support.google.com/webmasters/answer/1061943)"
66.249.88.99 - - [04/Nov/2025:19:18:05 +0100] "GET /wp-includes/js/wp-emoji-release.min.js?ver=6.8.3 HTTP/1.1" 200 19251 "https://umurunganews.info/category/news/" "Mozilla/5.0 (Linux; Android 10; K) AppleWebKit/537.36 (KHTML, like Gecko) Chrome/138.0.0.0 Mobile Safari/537.36 (compatible; Google-Read-Aloud; +https://support.google.com/webmasters/answer/1061943)"
197.157.187.89 - - [04/Nov/2025:19:17:03 +0100] "GET /wp-content/uploads/2022/10/20.jpg HTTP/1.1" 200 294148 "https://umurunganews.info/" "Mozilla/5.0 (Linux; Android 10; K) AppleWebKit/537.36 (KHTML, like Gecko) Chrome/141.0.0.0 Mobile Safari/537.36"
178.16.54.100 - - [04/Nov/2025:19:23:22 +0100] "GET /wp-login.php HTTP/1.1" 200 5547 "-" "Mozilla/5.0 (Windows NT 10.0; WOW64) AppleWebKit/537.36 (KHTML, like Gecko) Chrome/75.0.3770.100 Safari/537.36"
178.16.54.100 - - [04/Nov/2025:19:23:30 +0100] "POST /wp-login.php HTTP/1.1" 200 5985 "-" "Mozilla/5.0 (Windows NT 10.0; WOW64) AppleWebKit/537.36 (KHTML, like Gecko) Chrome/75.0.3770.100 Safari/537.36"
44.193.254.10 - - [04/Nov/2025:19:25:07 +0100] "GET / HTTP/1.1" 200 129529 "-" "Mozilla/5.0 (Macintosh; Intel Mac OS X 10_15_7) AppleWebKit/537.36 (KHTML, like Gecko) Chrome/137.0.0.0 Safari/537.36"
207.180.227.180 - - [04/Nov/2025:19:26:48 +0100] "POST /wp-cron.php?doing_wp_cron=1762280808.0246589183807373046875 HTTP/1.1" 200 - "-" "WordPress/6.8.3; https://umurunganews.info"
167.71.160.23 - - [04/Nov/2025:19:26:45 +0100] "GET / HTTP/1.1" 200 129529 "-" "Mozilla/5.0 (Windows NT 10.0; Win64; x64) AppleWebKit/537.36 (KHTML, like Gecko) Chrome/101.0.4951.64 Safari/537.36 Edg/101.0.1210.47"
2a06:98c0:3600::103 - - [04/Nov/2025:19:31:09 +0100] "GET /wordpress/wp-admin/setup-config.php HTTP/1.1" 404 48802 "-" "Mozilla/5.0 (Windows NT 10.0; Win64; x64) AppleWebKit/537.36 (KHTML, like Gecko) Chrome/140.0.0.0 Safari/537.36"
178.16.54.100 - - [04/Nov/2025:19:31:10 +0100] "GET /wp-login.php HTTP/1.1" 200 5547 "-" "Mozilla/5.0 (Windows NT 10.0; WOW64) AppleWebKit/537.36 (KHTML, like Gecko) Chrome/75.0.3770.100 Safari/537.36"
114.79.3.65 - - [04/Nov/2025:19:33:01 +0100] "GET //wp-login.php HTTP/1.1" 200 5547 "-" "Mozilla/5.0 (Windows NT 10.0; Win64; x64) AppleWebKit/537.36 (KHTML, like Gecko) Chrome/116.0.0.0 Safari/537.36 Edg/116.0.1938.81"
114.79.3.65 - - [04/Nov/2025:19:33:05 +0100] "GET /wp-includes/js/dist/i18n.min.js?ver=5e580eb46a90c2b997e6 HTTP/1.1" 200 9141 "https://umurunganews.info//wp-login.php" "Mozilla/5.0 (Windows NT 10.0; Win64; x64) AppleWebKit/537.36 (KHTML, like Gecko) Chrome/116.0.0.0 Safari/537.36 Edg/116.0.1938.81"
114.79.3.65 - - [04/Nov/2025:19:33:05 +0100] "GET /wp-admin/js/password-strength-meter.min.js?ver=6.8.3 HTTP/1.1" 200 1123 "https://umurunganews.info//wp-login.php" "Mozilla/5.0 (Windows NT 10.0; Win64; x64) AppleWebKit/537.36 (KHTML, like Gecko) Chrome/116.0.0.0 Safari/537.36 Edg/116.0.1938.81"
114.79.3.65 - - [04/Nov/2025:19:33:05 +0100] "GET /wp-includes/js/underscore.min.js?ver=1.13.7 HTTP/1.1" 200 18905 "https://umurunganews.info//wp-login.php" "Mozilla/5.0 (Windows NT 10.0; Win64; x64) AppleWebKit/537.36 (KHTML, like Gecko) Chrome/116.0.0.0 Safari/537.36 Edg/116.0.1938.81"
114.79.3.65 - - [04/Nov/2025:19:33:05 +0100] "GET /wp-includes/js/wp-util.min.js?ver=6.8.3 HTTP/1.1" 200 1426 "https://umurunganews.info//wp-login.php" "Mozilla/5.0 (Windows NT 10.0; Win64; x64) AppleWebKit/537.36 (KHTML, like Gecko) Chrome/116.0.0.0 Safari/537.36 Edg/116.0.1938.81"
114.79.3.65 - - [04/Nov/2025:19:33:05 +0100] "GET /wp-admin/load-scripts.php?c=1&load%5Bchunk_0%5D=clipboard,jquery-core,jquery-migrate,zxcvbn-async,wp-hooks&ver=6.8.3 HTTP/1.1" 200 115271 "https://umurunganews.info//wp-login.php" "Mozilla/5.0 (Windows NT 10.0; Win64; x64) AppleWebKit/537.36 (KHTML, like Gecko) Chrome/116.0.0.0 Safari/537.36 Edg/116.0.1938.81"
114.79.3.65 - - [04/Nov/2025:19:33:05 +0100] "GET /wp-admin/load-styles.php?c=1&dir=ltr&load%5Bchunk_0%5D=dashicons,buttons,forms,l10n,login&ver=6.8.3 HTTP/1.1" 200 103138 "https://umurunganews.info//wp-login.php" "Mozilla/5.0 (Windows NT 10.0; Win64; x64) AppleWebKit/537.36 (KHTML, like Gecko) Chrome/116.0.0.0 Safari/537.36 Edg/116.0.1938.81"
114.79.3.65 - - [04/Nov/2025:19:33:05 +0100] "GET /wp-includes/js/dist/a11y.min.js?ver=3156534cc54473497e14 HTTP/1.1" 200 2358 "https://umurunganews.info//wp-login.php" "Mozilla/5.0 (Windows NT 10.0; Win64; x64) AppleWebKit/537.36 (KHTML, like Gecko) Chrome/116.0.0.0 Safari/537.36 Edg/116.0.1938.81"
114.79.3.65 - - [04/Nov/2025:19:33:05 +0100] "GET /wp-includes/js/dist/dom-ready.min.js?ver=f77871ff7694fffea381 HTTP/1.1" 200 457 "https://umurunganews.info//wp-login.php" "Mozilla/5.0 (Windows NT 10.0; Win64; x64) AppleWebKit/537.36 (KHTML, like Gecko) Chrome/116.0.0.0 Safari/537.36 Edg/116.0.1938.81"
114.79.3.65 - - [04/Nov/2025:19:33:05 +0100] "GET /wp-admin/js/user-profile.min.js?ver=6.8.3 HTTP/1.1" 200 6862 "https://umurunganews.info//wp-login.php" "Mozilla/5.0 (Windows NT 10.0; Win64; x64) AppleWebKit/537.36 (KHTML, like Gecko) Chrome/116.0.0.0 Safari/537.36 Edg/116.0.1938.81"
114.79.3.65 - - [04/Nov/2025:19:33:06 +0100] "GET /wp-admin/images/wordpress-logo.svg?ver=20131107 HTTP/1.1" 200 1521 "https://umurunganews.info/wp-admin/load-styles.php?c=1&dir=ltr&load%5Bchunk_0%5D=dashicons,buttons,forms,l10n,login&ver=6.8.3" "Mozilla/5.0 (Windows NT 10.0; Win64; x64) AppleWebKit/537.36 (KHTML, like Gecko) Chrome/116.0.0.0 Safari/537.36 Edg/116.0.1938.81"
114.79.3.65 - - [04/Nov/2025:19:33:06 +0100] "GET /wp-content/uploads/2025/11/cropped-Untitled_21-removebg-preview1-32x32.png HTTP/1.1" 200 2058 "https://umurunganews.info//wp-login.php" "Mozilla/5.0 (Windows NT 10.0; Win64; x64) AppleWebKit/537.36 (KHTML, like Gecko) Chrome/116.0.0.0 Safari/537.36 Edg/116.0.1938.81"
114.79.3.65 - - [04/Nov/2025:19:33:06 +0100] "GET /wp-includes/js/zxcvbn.min.js HTTP/1.1" 200 822237 "https://umurunganews.info//wp-login.php" "Mozilla/5.0 (Windows NT 10.0; Win64; x64) AppleWebKit/537.36 (KHTML, like Gecko) Chrome/116.0.0.0 Safari/537.36 Edg/116.0.1938.81"
114.79.3.65 - - [04/Nov/2025:19:33:14 +0100] "POST /wp-login.php HTTP/1.1" 200 5970 "https://umurunganews.info//wp-login.php" "Mozilla/5.0 (Windows NT 10.0; Win64; x64) AppleWebKit/537.36 (KHTML, like Gecko) Chrome/116.0.0.0 Safari/537.36 Edg/116.0.1938.81"
178.16.54.100 - - [04/Nov/2025:19:38:56 +0100] "GET /wp-login.php HTTP/1.1" 200 5547 "-" "Mozilla/5.0 (Windows NT 10.0; WOW64) AppleWebKit/537.36 (KHTML, like Gecko) Chrome/75.0.3770.100 Safari/537.36"
178.16.54.100 - - [04/Nov/2025:19:39:28 +0100] "POST /wp-login.php HTTP/1.1" 200 5985 "-" "Mozilla/5.0 (Windows NT 10.0; WOW64) AppleWebKit/537.36 (KHTML, like Gecko) Chrome/75.0.3770.100 Safari/537.36"
207.180.227.180 - - [04/Nov/2025:19:44:30 +0100] "POST /wp-cron.php?doing_wp_cron=1762281870.3094239234924316406250 HTTP/1.1" 200 - "-" "WordPress/6.8.3; https://umurunganews.info"
