197.157.165.125 - - [04/Nov/2025:17:15:34 +0100] "GET /wp-admin/js/editor.min.js?ver=6.8.3 HTTP/1.1" 200 13066 "https://umurunganews.info/wp-admin/post-new.php" "Mozilla/5.0 (Linux; Android 10; K) AppleWebKit/537.36 (KHTML, like Gecko) Chrome/141.0.0.0 Mobile Safari/537.36"
197.157.165.125 - - [04/Nov/2025:17:15:34 +0100] "GET /wp-includes/js/wplink.min.js?ver=6.8.3 HTTP/1.1" 200 11317 "https://umurunganews.info/wp-admin/post-new.php" "Mozilla/5.0 (Linux; Android 10; K) AppleWebKit/537.36 (KHTML, like Gecko) Chrome/141.0.0.0 Mobile Safari/537.36"
197.157.165.125 - - [04/Nov/2025:17:15:36 +0100] "GET /wp-includes/js/wp-embed.min.js?ver=6.8.3 HTTP/1.1" 200 1251 "https://umurunganews.info/wp-admin/post-new.php" "Mozilla/5.0 (Linux; Android 10; K) AppleWebKit/537.36 (KHTML, like Gecko) Chrome/141.0.0.0 Mobile Safari/537.36"
197.157.165.125 - - [04/Nov/2025:17:15:38 +0100] "GET /wp-admin/images/resize-2x.gif HTTP/1.1" 200 151 "https://umurunganews.info/wp-admin/load-styles.php?c=1&dir=ltr&load%5Bchunk_0%5D=dashicons,admin-bar,buttons,media-views,common,forms,admin-menu,dashboard,list-tables,edit,revisions,media,themes,about,nav-menu&load%5Bchunk_1%5D=s,wp-pointer,widgets,site-icon,l10n,wp-auth-check,wp-components&ver=6.8.3" "Mozilla/5.0 (Linux; Android 10; K) AppleWebKit/537.36 (KHTML, like Gecko) Chrome/141.0.0.0 Mobile Safari/537.36"
197.157.165.125 - - [04/Nov/2025:17:15:38 +0100] "GET /wp-admin/images/spinner-2x.gif HTTP/1.1" 200 7536 "https://umurunganews.info/wp-admin/load-styles.php?c=1&dir=ltr&load%5Bchunk_0%5D=dashicons,admin-bar,buttons,media-views,common,forms,admin-menu,dashboard,list-tables,edit,revisions,media,themes,about,nav-menu&load%5Bchunk_1%5D=s,wp-pointer,widgets,site-icon,l10n,wp-auth-check,wp-components&ver=6.8.3" "Mozilla/5.0 (Linux; Android 10; K) AppleWebKit/537.36 (KHTML, like Gecko) Chrome/141.0.0.0 Mobile Safari/537.36"
197.157.165.125 - - [04/Nov/2025:17:15:16 +0100] "GET /wp-content/plugins/elementor/assets/js/common.min.js?ver=3.32.5 HTTP/1.1" 206 359660 "https://umurunganews.info/wp-admin/post-new.php" "Mozilla/5.0 (Linux; Android 10; K) AppleWebKit/537.36 (KHTML, like Gecko) Chrome/141.0.0.0 Mobile Safari/537.36"
197.157.165.125 - - [04/Nov/2025:17:15:39 +0100] "GET /wp-content/plugins/elementor/assets/lib/eicons/fonts/eicons.woff2?5.44.0 HTTP/1.1" 200 103532 "https://umurunganews.info/wp-content/plugins/elementor/assets/lib/eicons/css/elementor-icons.min.css?ver=5.44.0" "Mozilla/5.0 (Linux; Android 10; K) AppleWebKit/537.36 (KHTML, like Gecko) Chrome/141.0.0.0 Mobile Safari/537.36"
34.90.130.141 - - [04/Nov/2025:17:15:32 +0100] "POST //xmlrpc.php HTTP/1.1" 200 401 "-" "Mozilla/5.0 (Windows NT 10.0; Win64; x64) AppleWebKit/537.36 (KHTML, like Gecko) Chrome/78.0.3904.108 Safari/537.36"
197.157.165.125 - - [04/Nov/2025:17:15:34 +0100] "GET /wp-includes/js/tinymce/wp-tinymce.js?ver=49110-20250317 HTTP/1.1" 200 671433 "https://umurunganews.info/wp-admin/post-new.php" "Mozilla/5.0 (Linux; Android 10; K) AppleWebKit/537.36 (KHTML, like Gecko) Chrome/141.0.0.0 Mobile Safari/537.36"
142.250.32.8 - - [04/Nov/2025:17:15:38 +0100] "GET /wp-admin/post-new.php HTTP/1.1" 302 - "-" "Mozilla/5.0 (Linux; Android 10; K) AppleWebKit/537.36 (KHTML, like Gecko) Chrome/138.0.0.0 Mobile Safari/537.36 (compatible; Google-Read-Aloud; +https://support.google.com/webmasters/answer/1061943)"
34.90.130.141 - - [04/Nov/2025:17:15:43 +0100] "POST //xmlrpc.php HTTP/1.1" 200 401 "-" "Mozilla/5.0 (Windows NT 10.0; Win64; x64) AppleWebKit/537.36 (KHTML, like Gecko) Chrome/78.0.3904.108 Safari/537.36"
197.157.165.125 - - [04/Nov/2025:17:15:44 +0100] "GET /wp-json/wp/v2/ HTTP/1.1" 200 8192 "https://umurunganews.info/wp-admin/post-new.php" "Mozilla/5.0 (Linux; Android 10; K) AppleWebKit/537.36 (KHTML, like Gecko) Chrome/141.0.0.0 Mobile Safari/537.36"
142.250.32.9 - - [04/Nov/2025:17:15:48 +0100] "GET /wp-login.php?redirect_to=https%3A%2F%2Fumurunganews.info%2Fwp-admin%2Fpost-new.php&reauth=1 HTTP/1.1" 200 5559 "-" "Mozilla/5.0 (Linux; Android 10; K) AppleWebKit/537.36 (KHTML, like Gecko) Chrome/138.0.0.0 Mobile Safari/537.36 (compatible; Google-Read-Aloud; +https://support.google.com/webmasters/answer/1061943)"
34.90.130.141 - - [04/Nov/2025:17:15:52 +0100] "POST //xmlrpc.php HTTP/1.1" 200 401 "-" "Mozilla/5.0 (Windows NT 10.0; Win64; x64) AppleWebKit/537.36 (KHTML, like Gecko) Chrome/78.0.3904.108 Safari/537.36"
74.125.210.163 - - [04/Nov/2025:17:15:53 +0100] "GET /wp-admin/post-new.php HTTP/1.1" 302 - "-" "Mozilla/5.0 (Linux; Android 10; K) AppleWebKit/537.36 (KHTML, like Gecko) Chrome/138.0.0.0 Mobile Safari/537.36 (compatible; Google-Read-Aloud; +https://support.google.com/webmasters/answer/1061943)"
74.125.210.161 - - [04/Nov/2025:17:15:53 +0100] "GET /wp-admin/post-new.php HTTP/1.1" 302 - "-" "Mozilla/5.0 (Linux; Android 10; K) AppleWebKit/537.36 (KHTML, like Gecko) Chrome/138.0.0.0 Mobile Safari/537.36 (compatible; Google-Read-Aloud; +https://support.google.com/webmasters/answer/1061943)"
197.157.165.125 - - [04/Nov/2025:17:16:04 +0100] "GET /wp-includes/js/thickbox/loadingAnimation.gif HTTP/1.1" 200 15238 "https://umurunganews.info/wp-admin/post-new.php" "Mozilla/5.0 (Linux; Android 10; K) AppleWebKit/537.36 (KHTML, like Gecko) Chrome/141.0.0.0 Mobile Safari/537.36"
197.157.165.125 - - [04/Nov/2025:17:16:05 +0100] "GET /wp-content/plugins/wordpress-seo/js/dist/analysis-worker.js?ver=aa04978fbd423b404462 HTTP/1.1" 200 617 "https://umurunganews.info/wp-admin/post-new.php" "Mozilla/5.0 (Linux; Android 10; K) AppleWebKit/537.36 (KHTML, like Gecko) Chrome/141.0.0.0 Mobile Safari/537.36"
197.157.165.125 - - [04/Nov/2025:17:16:05 +0100] "GET /wp-includes/js/dist/hooks.min.js?ver=4d63a3d491d11ffd8ac6 HTTP/1.1" 200 4776 "https://umurunganews.info/wp-content/plugins/wordpress-seo/js/dist/analysis-worker.js?ver=aa04978fbd423b404462" "Mozilla/5.0 (Linux; Android 10; K) AppleWebKit/537.36 (KHTML, like Gecko) Chrome/141.0.0.0 Mobile Safari/537.36"
34.90.130.141 - - [04/Nov/2025:17:15:58 +0100] "POST //xmlrpc.php HTTP/1.1" 200 401 "-" "Mozilla/5.0 (Windows NT 10.0; Win64; x64) AppleWebKit/537.36 (KHTML, like Gecko) Chrome/78.0.3904.108 Safari/537.36"
197.157.165.125 - - [04/Nov/2025:17:16:06 +0100] "GET /wp-content/plugins/wordpress-seo/js/dist/used-keywords-assessment.js?ver=f2d934f4e70fdace40fc HTTP/1.1" 200 782 "https://umurunganews.info/wp-content/plugins/wordpress-seo/js/dist/analysis-worker.js?ver=aa04978fbd423b404462" "Mozilla/5.0 (Linux; Android 10; K) AppleWebKit/537.36 (KHTML, like Gecko) Chrome/141.0.0.0 Mobile Safari/537.36"
197.157.165.125 - - [04/Nov/2025:17:16:04 +0100] "GET /wp-content/uploads/2025/11/cropped-Untitled_21-removebg-preview1.png HTTP/1.1" 200 124477 "https://umurunganews.info/wp-admin/post-new.php" "Mozilla/5.0 (Linux; Android 10; K) AppleWebKit/537.36 (KHTML, like Gecko) Chrome/141.0.0.0 Mobile Safari/537.36"
74.125.210.162 - - [04/Nov/2025:17:16:03 +0100] "GET /wp-login.php?redirect_to=https%3A%2F%2Fumurunganews.info%2Fwp-admin%2Fpost-new.php&reauth=1 HTTP/1.1" 200 5559 "-" "Mozilla/5.0 (Linux; Android 10; K) AppleWebKit/537.36 (KHTML, like Gecko) Chrome/138.0.0.0 Mobile Safari/537.36 (compatible; Google-Read-Aloud; +https://support.google.com/webmasters/answer/1061943)"
74.125.210.161 - - [04/Nov/2025:17:16:02 +0100] "GET /wp-login.php?redirect_to=https%3A%2F%2Fumurunganews.info%2Fwp-admin%2Fpost-new.php&reauth=1 HTTP/1.1" 200 5559 "-" "Mozilla/5.0 (Linux; Android 10; K) AppleWebKit/537.36 (KHTML, like Gecko) Chrome/138.0.0.0 Mobile Safari/537.36 (compatible; Google-Read-Aloud; +https://support.google.com/webmasters/answer/1061943)"
197.157.165.125 - - [04/Nov/2025:17:16:04 +0100] "GET /wp-json/wp/v2/ HTTP/1.1" 200 196665 "https://umurunganews.info/wp-admin/post-new.php" "Mozilla/5.0 (Linux; Android 10; K) AppleWebKit/537.36 (KHTML, like Gecko) Chrome/141.0.0.0 Mobile Safari/537.36"
34.90.130.141 - - [04/Nov/2025:17:16:06 +0100] "POST //xmlrpc.php HTTP/1.1" 200 401 "-" "Mozilla/5.0 (Windows NT 10.0; Win64; x64) AppleWebKit/537.36 (KHTML, like Gecko) Chrome/78.0.3904.108 Safari/537.36"
197.157.165.125 - - [04/Nov/2025:17:16:09 +0100] "POST /wp-admin/admin-ajax.php HTTP/1.1" 200 117 "https://umurunganews.info/wp-admin/post-new.php" "Mozilla/5.0 (Linux; Android 10; K) AppleWebKit/537.36 (KHTML, like Gecko) Chrome/141.0.0.0 Mobile Safari/537.36"
34.90.130.141 - - [04/Nov/2025:17:16:15 +0100] "POST //xmlrpc.php HTTP/1.1" 200 401 "-" "Mozilla/5.0 (Windows NT 10.0; Win64; x64) AppleWebKit/537.36 (KHTML, like Gecko) Chrome/78.0.3904.108 Safari/537.36"
197.157.165.125 - - [04/Nov/2025:17:16:18 +0100] "POST /wp-admin/admin-ajax.php HTTP/1.1" 200 594 "https://umurunganews.info/wp-admin/post-new.php" "Mozilla/5.0 (Linux; Android 10; K) AppleWebKit/537.36 (KHTML, like Gecko) Chrome/141.0.0.0 Mobile Safari/537.36"
34.90.130.141 - - [04/Nov/2025:17:16:20 +0100] "POST //xmlrpc.php HTTP/1.1" 200 401 "-" "Mozilla/5.0 (Windows NT 10.0; Win64; x64) AppleWebKit/537.36 (KHTML, like Gecko) Chrome/78.0.3904.108 Safari/537.36"
34.90.130.141 - - [04/Nov/2025:17:16:25 +0100] "POST //xmlrpc.php HTTP/1.1" 200 401 "-" "Mozilla/5.0 (Windows NT 10.0; Win64; x64) AppleWebKit/537.36 (KHTML, like Gecko) Chrome/78.0.3904.108 Safari/537.36"
34.90.130.141 - - [04/Nov/2025:17:16:28 +0100] "POST //xmlrpc.php HTTP/1.1" 200 401 "-" "Mozilla/5.0 (Windows NT 10.0; Win64; x64) AppleWebKit/537.36 (KHTML, like Gecko) Chrome/78.0.3904.108 Safari/537.36"
34.90.130.141 - - [04/Nov/2025:17:16:29 +0100] "POST //xmlrpc.php HTTP/1.1" 200 401 "-" "Mozilla/5.0 (Windows NT 10.0; Win64; x64) AppleWebKit/537.36 (KHTML, like Gecko) Chrome/78.0.3904.108 Safari/537.36"
34.90.130.141 - - [04/Nov/2025:17:16:29 +0100] "POST //xmlrpc.php HTTP/1.1" 200 401 "-" "Mozilla/5.0 (Windows NT 10.0; Win64; x64) AppleWebKit/537.36 (KHTML, like Gecko) Chrome/78.0.3904.108 Safari/537.36"
34.90.130.141 - - [04/Nov/2025:17:16:31 +0100] "POST //xmlrpc.php HTTP/1.1" 200 401 "-" "Mozilla/5.0 (Windows NT 10.0; Win64; x64) AppleWebKit/537.36 (KHTML, like Gecko) Chrome/78.0.3904.108 Safari/537.36"
34.90.130.141 - - [04/Nov/2025:17:16:33 +0100] "POST //xmlrpc.php HTTP/1.1" 200 401 "-" "Mozilla/5.0 (Windows NT 10.0; Win64; x64) AppleWebKit/537.36 (KHTML, like Gecko) Chrome/78.0.3904.108 Safari/537.36"
34.90.130.141 - - [04/Nov/2025:17:16:35 +0100] "POST //xmlrpc.php HTTP/1.1" 200 401 "-" "Mozilla/5.0 (Windows NT 10.0; Win64; x64) AppleWebKit/537.36 (KHTML, like Gecko) Chrome/78.0.3904.108 Safari/537.36"
34.90.130.141 - - [04/Nov/2025:17:16:37 +0100] "POST //xmlrpc.php HTTP/1.1" 200 401 "-" "Mozilla/5.0 (Windows NT 10.0; Win64; x64) AppleWebKit/537.36 (KHTML, like Gecko) Chrome/78.0.3904.108 Safari/537.36"
34.90.130.141 - - [04/Nov/2025:17:16:38 +0100] "POST //xmlrpc.php HTTP/1.1" 200 401 "-" "Mozilla/5.0 (Windows NT 10.0; Win64; x64) AppleWebKit/537.36 (KHTML, like Gecko) Chrome/78.0.3904.108 Safari/537.36"
34.90.130.141 - - [04/Nov/2025:17:16:39 +0100] "POST //xmlrpc.php HTTP/1.1" 200 401 "-" "Mozilla/5.0 (Windows NT 10.0; Win64; x64) AppleWebKit/537.36 (KHTML, like Gecko) Chrome/78.0.3904.108 Safari/537.36"
34.90.130.141 - - [04/Nov/2025:17:16:40 +0100] "POST //xmlrpc.php HTTP/1.1" 200 401 "-" "Mozilla/5.0 (Windows NT 10.0; Win64; x64) AppleWebKit/537.36 (KHTML, like Gecko) Chrome/78.0.3904.108 Safari/537.36"
34.90.130.141 - - [04/Nov/2025:17:16:42 +0100] "POST //xmlrpc.php HTTP/1.1" 200 401 "-" "Mozilla/5.0 (Windows NT 10.0; Win64; x64) AppleWebKit/537.36 (KHTML, like Gecko) Chrome/78.0.3904.108 Safari/537.36"
34.90.130.141 - - [04/Nov/2025:17:16:44 +0100] "POST //xmlrpc.php HTTP/1.1" 200 401 "-" "Mozilla/5.0 (Windows NT 10.0; Win64; x64) AppleWebKit/537.36 (KHTML, like Gecko) Chrome/78.0.3904.108 Safari/537.36"
34.90.130.141 - - [04/Nov/2025:17:16:46 +0100] "POST //xmlrpc.php HTTP/1.1" 200 401 "-" "Mozilla/5.0 (Windows NT 10.0; Win64; x64) AppleWebKit/537.36 (KHTML, like Gecko) Chrome/78.0.3904.108 Safari/537.36"
34.90.130.141 - - [04/Nov/2025:17:16:47 +0100] "POST //xmlrpc.php HTTP/1.1" 200 401 "-" "Mozilla/5.0 (Windows NT 10.0; Win64; x64) AppleWebKit/537.36 (KHTML, like Gecko) Chrome/78.0.3904.108 Safari/537.36"
34.90.130.141 - - [04/Nov/2025:17:16:49 +0100] "POST //xmlrpc.php HTTP/1.1" 200 401 "-" "Mozilla/5.0 (Windows NT 10.0; Win64; x64) AppleWebKit/537.36 (KHTML, like Gecko) Chrome/78.0.3904.108 Safari/537.36"
34.90.130.141 - - [04/Nov/2025:17:16:50 +0100] "POST //xmlrpc.php HTTP/1.1" 200 401 "-" "Mozilla/5.0 (Windows NT 10.0; Win64; x64) AppleWebKit/537.36 (KHTML, like Gecko) Chrome/78.0.3904.108 Safari/537.36"
34.90.130.141 - - [04/Nov/2025:17:16:53 +0100] "POST //xmlrpc.php HTTP/1.1" 200 401 "-" "Mozilla/5.0 (Windows NT 10.0; Win64; x64) AppleWebKit/537.36 (KHTML, like Gecko) Chrome/78.0.3904.108 Safari/537.36"
34.90.130.141 - - [04/Nov/2025:17:16:55 +0100] "POST //xmlrpc.php HTTP/1.1" 200 401 "-" "Mozilla/5.0 (Windows NT 10.0; Win64; x64) AppleWebKit/537.36 (KHTML, like Gecko) Chrome/78.0.3904.108 Safari/537.36"
34.90.130.141 - - [04/Nov/2025:17:16:57 +0100] "POST //xmlrpc.php HTTP/1.1" 200 401 "-" "Mozilla/5.0 (Windows NT 10.0; Win64; x64) AppleWebKit/537.36 (KHTML, like Gecko) Chrome/78.0.3904.108 Safari/537.36"
34.90.130.141 - - [04/Nov/2025:17:17:01 +0100] "POST //xmlrpc.php HTTP/1.1" 200 401 "-" "Mozilla/5.0 (Windows NT 10.0; Win64; x64) AppleWebKit/537.36 (KHTML, like Gecko) Chrome/78.0.3904.108 Safari/537.36"
34.90.130.141 - - [04/Nov/2025:17:17:04 +0100] "POST //xmlrpc.php HTTP/1.1" 200 401 "-" "Mozilla/5.0 (Windows NT 10.0; Win64; x64) AppleWebKit/537.36 (KHTML, like Gecko) Chrome/78.0.3904.108 Safari/537.36"
34.90.130.141 - - [04/Nov/2025:17:17:06 +0100] "POST //xmlrpc.php HTTP/1.1" 200 401 "-" "Mozilla/5.0 (Windows NT 10.0; Win64; x64) AppleWebKit/537.36 (KHTML, like Gecko) Chrome/78.0.3904.108 Safari/537.36"
34.90.130.141 - - [04/Nov/2025:17:17:07 +0100] "POST //xmlrpc.php HTTP/1.1" 200 401 "-" "Mozilla/5.0 (Windows NT 10.0; Win64; x64) AppleWebKit/537.36 (KHTML, like Gecko) Chrome/78.0.3904.108 Safari/537.36"
34.90.130.141 - - [04/Nov/2025:17:17:09 +0100] "POST //xmlrpc.php HTTP/1.1" 200 401 "-" "Mozilla/5.0 (Windows NT 10.0; Win64; x64) AppleWebKit/537.36 (KHTML, like Gecko) Chrome/78.0.3904.108 Safari/537.36"
197.157.165.125 - - [04/Nov/2025:17:17:09 +0100] "POST /wp-admin/admin-ajax.php HTTP/1.1" 200 47 "https://umurunganews.info/wp-admin/post-new.php" "Mozilla/5.0 (Linux; Android 10; K) AppleWebKit/537.36 (KHTML, like Gecko) Chrome/141.0.0.0 Mobile Safari/537.36"
34.90.130.141 - - [04/Nov/2025:17:17:12 +0100] "POST //xmlrpc.php HTTP/1.1" 200 401 "-" "Mozilla/5.0 (Windows NT 10.0; Win64; x64) AppleWebKit/537.36 (KHTML, like Gecko) Chrome/78.0.3904.108 Safari/537.36"
34.90.130.141 - - [04/Nov/2025:17:17:13 +0100] "POST //xmlrpc.php HTTP/1.1" 200 401 "-" "Mozilla/5.0 (Windows NT 10.0; Win64; x64) AppleWebKit/537.36 (KHTML, like Gecko) Chrome/78.0.3904.108 Safari/537.36"
34.90.130.141 - - [04/Nov/2025:17:17:14 +0100] "POST //xmlrpc.php HTTP/1.1" 200 401 "-" "Mozilla/5.0 (Windows NT 10.0; Win64; x64) AppleWebKit/537.36 (KHTML, like Gecko) Chrome/78.0.3904.108 Safari/537.36"
34.90.130.141 - - [04/Nov/2025:17:17:15 +0100] "POST //xmlrpc.php HTTP/1.1" 200 401 "-" "Mozilla/5.0 (Windows NT 10.0; Win64; x64) AppleWebKit/537.36 (KHTML, like Gecko) Chrome/78.0.3904.108 Safari/537.36"
34.90.130.141 - - [04/Nov/2025:17:17:16 +0100] "POST //xmlrpc.php HTTP/1.1" 200 401 "-" "Mozilla/5.0 (Windows NT 10.0; Win64; x64) AppleWebKit/537.36 (KHTML, like Gecko) Chrome/78.0.3904.108 Safari/537.36"
34.90.130.141 - - [04/Nov/2025:17:17:17 +0100] "POST //xmlrpc.php HTTP/1.1" 200 401 "-" "Mozilla/5.0 (Windows NT 10.0; Win64; x64) AppleWebKit/537.36 (KHTML, like Gecko) Chrome/78.0.3904.108 Safari/537.36"
34.90.130.141 - - [04/Nov/2025:17:17:18 +0100] "POST //xmlrpc.php HTTP/1.1" 200 401 "-" "Mozilla/5.0 (Windows NT 10.0; Win64; x64) AppleWebKit/537.36 (KHTML, like Gecko) Chrome/78.0.3904.108 Safari/537.36"
34.90.130.141 - - [04/Nov/2025:17:17:22 +0100] "POST //xmlrpc.php HTTP/1.1" 200 401 "-" "Mozilla/5.0 (Windows NT 10.0; Win64; x64) AppleWebKit/537.36 (KHTML, like Gecko) Chrome/78.0.3904.108 Safari/537.36"
34.90.130.141 - - [04/Nov/2025:17:17:24 +0100] "POST //xmlrpc.php HTTP/1.1" 200 401 "-" "Mozilla/5.0 (Windows NT 10.0; Win64; x64) AppleWebKit/537.36 (KHTML, like Gecko) Chrome/78.0.3904.108 Safari/537.36"
34.90.130.141 - - [04/Nov/2025:17:17:25 +0100] "POST //xmlrpc.php HTTP/1.1" 200 401 "-" "Mozilla/5.0 (Windows NT 10.0; Win64; x64) AppleWebKit/537.36 (KHTML, like Gecko) Chrome/78.0.3904.108 Safari/537.36"
34.90.130.141 - - [04/Nov/2025:17:17:27 +0100] "POST //xmlrpc.php HTTP/1.1" 200 401 "-" "Mozilla/5.0 (Windows NT 10.0; Win64; x64) AppleWebKit/537.36 (KHTML, like Gecko) Chrome/78.0.3904.108 Safari/537.36"
34.90.130.141 - - [04/Nov/2025:17:17:28 +0100] "POST //xmlrpc.php HTTP/1.1" 200 401 "-" "Mozilla/5.0 (Windows NT 10.0; Win64; x64) AppleWebKit/537.36 (KHTML, like Gecko) Chrome/78.0.3904.108 Safari/537.36"
34.90.130.141 - - [04/Nov/2025:17:17:31 +0100] "POST //xmlrpc.php HTTP/1.1" 200 401 "-" "Mozilla/5.0 (Windows NT 10.0; Win64; x64) AppleWebKit/537.36 (KHTML, like Gecko) Chrome/78.0.3904.108 Safari/537.36"
34.90.130.141 - - [04/Nov/2025:17:17:33 +0100] "POST //xmlrpc.php HTTP/1.1" 200 401 "-" "Mozilla/5.0 (Windows NT 10.0; Win64; x64) AppleWebKit/537.36 (KHTML, like Gecko) Chrome/78.0.3904.108 Safari/537.36"
34.90.130.141 - - [04/Nov/2025:17:17:34 +0100] "POST //xmlrpc.php HTTP/1.1" 200 401 "-" "Mozilla/5.0 (Windows NT 10.0; Win64; x64) AppleWebKit/537.36 (KHTML, like Gecko) Chrome/78.0.3904.108 Safari/537.36"
34.90.130.141 - - [04/Nov/2025:17:17:36 +0100] "POST //xmlrpc.php HTTP/1.1" 200 401 "-" "Mozilla/5.0 (Windows NT 10.0; Win64; x64) AppleWebKit/537.36 (KHTML, like Gecko) Chrome/78.0.3904.108 Safari/537.36"
34.90.130.141 - - [04/Nov/2025:17:17:38 +0100] "POST //xmlrpc.php HTTP/1.1" 200 401 "-" "Mozilla/5.0 (Windows NT 10.0; Win64; x64) AppleWebKit/537.36 (KHTML, like Gecko) Chrome/78.0.3904.108 Safari/537.36"
34.90.130.141 - - [04/Nov/2025:17:17:39 +0100] "POST //xmlrpc.php HTTP/1.1" 200 401 "-" "Mozilla/5.0 (Windows NT 10.0; Win64; x64) AppleWebKit/537.36 (KHTML, like Gecko) Chrome/78.0.3904.108 Safari/537.36"
34.90.130.141 - - [04/Nov/2025:17:17:40 +0100] "POST //xmlrpc.php HTTP/1.1" 200 401 "-" "Mozilla/5.0 (Windows NT 10.0; Win64; x64) AppleWebKit/537.36 (KHTML, like Gecko) Chrome/78.0.3904.108 Safari/537.36"
34.90.130.141 - - [04/Nov/2025:17:17:42 +0100] "POST //xmlrpc.php HTTP/1.1" 200 401 "-" "Mozilla/5.0 (Windows NT 10.0; Win64; x64) AppleWebKit/537.36 (KHTML, like Gecko) Chrome/78.0.3904.108 Safari/537.36"
34.90.130.141 - - [04/Nov/2025:17:17:43 +0100] "POST //xmlrpc.php HTTP/1.1" 200 401 "-" "Mozilla/5.0 (Windows NT 10.0; Win64; x64) AppleWebKit/537.36 (KHTML, like Gecko) Chrome/78.0.3904.108 Safari/537.36"
34.90.130.141 - - [04/Nov/2025:17:17:45 +0100] "POST //xmlrpc.php HTTP/1.1" 200 401 "-" "Mozilla/5.0 (Windows NT 10.0; Win64; x64) AppleWebKit/537.36 (KHTML, like Gecko) Chrome/78.0.3904.108 Safari/537.36"
34.90.130.141 - - [04/Nov/2025:17:17:46 +0100] "POST //xmlrpc.php HTTP/1.1" 200 401 "-" "Mozilla/5.0 (Windows NT 10.0; Win64; x64) AppleWebKit/537.36 (KHTML, like Gecko) Chrome/78.0.3904.108 Safari/537.36"
34.90.130.141 - - [04/Nov/2025:17:17:48 +0100] "POST //xmlrpc.php HTTP/1.1" 200 401 "-" "Mozilla/5.0 (Windows NT 10.0; Win64; x64) AppleWebKit/537.36 (KHTML, like Gecko) Chrome/78.0.3904.108 Safari/537.36"
34.90.130.141 - - [04/Nov/2025:17:17:49 +0100] "POST //xmlrpc.php HTTP/1.1" 200 401 "-" "Mozilla/5.0 (Windows NT 10.0; Win64; x64) AppleWebKit/537.36 (KHTML, like Gecko) Chrome/78.0.3904.108 Safari/537.36"
34.90.130.141 - - [04/Nov/2025:17:17:51 +0100] "POST //xmlrpc.php HTTP/1.1" 200 401 "-" "Mozilla/5.0 (Windows NT 10.0; Win64; x64) AppleWebKit/537.36 (KHTML, like Gecko) Chrome/78.0.3904.108 Safari/537.36"
34.90.130.141 - - [04/Nov/2025:17:17:52 +0100] "POST //xmlrpc.php HTTP/1.1" 200 401 "-" "Mozilla/5.0 (Windows NT 10.0; Win64; x64) AppleWebKit/537.36 (KHTML, like Gecko) Chrome/78.0.3904.108 Safari/537.36"
34.90.130.141 - - [04/Nov/2025:17:17:53 +0100] "POST //xmlrpc.php HTTP/1.1" 200 401 "-" "Mozilla/5.0 (Windows NT 10.0; Win64; x64) AppleWebKit/537.36 (KHTML, like Gecko) Chrome/78.0.3904.108 Safari/537.36"
34.90.130.141 - - [04/Nov/2025:17:17:55 +0100] "POST //xmlrpc.php HTTP/1.1" 200 401 "-" "Mozilla/5.0 (Windows NT 10.0; Win64; x64) AppleWebKit/537.36 (KHTML, like Gecko) Chrome/78.0.3904.108 Safari/537.36"
34.90.130.141 - - [04/Nov/2025:17:17:56 +0100] "POST //xmlrpc.php HTTP/1.1" 200 401 "-" "Mozilla/5.0 (Windows NT 10.0; Win64; x64) AppleWebKit/537.36 (KHTML, like Gecko) Chrome/78.0.3904.108 Safari/537.36"
34.90.130.141 - - [04/Nov/2025:17:17:57 +0100] "POST //xmlrpc.php HTTP/1.1" 200 401 "-" "Mozilla/5.0 (Windows NT 10.0; Win64; x64) AppleWebKit/537.36 (KHTML, like Gecko) Chrome/78.0.3904.108 Safari/537.36"
34.90.130.141 - - [04/Nov/2025:17:17:59 +0100] "POST //xmlrpc.php HTTP/1.1" 200 401 "-" "Mozilla/5.0 (Windows NT 10.0; Win64; x64) AppleWebKit/537.36 (KHTML, like Gecko) Chrome/78.0.3904.108 Safari/537.36"
34.90.130.141 - - [04/Nov/2025:17:18:01 +0100] "POST //xmlrpc.php HTTP/1.1" 200 401 "-" "Mozilla/5.0 (Windows NT 10.0; Win64; x64) AppleWebKit/537.36 (KHTML, like Gecko) Chrome/78.0.3904.108 Safari/537.36"
34.90.130.141 - - [04/Nov/2025:17:18:02 +0100] "POST //xmlrpc.php HTTP/1.1" 200 401 "-" "Mozilla/5.0 (Windows NT 10.0; Win64; x64) AppleWebKit/537.36 (KHTML, like Gecko) Chrome/78.0.3904.108 Safari/537.36"
34.90.130.141 - - [04/Nov/2025:17:18:03 +0100] "POST //xmlrpc.php HTTP/1.1" 200 401 "-" "Mozilla/5.0 (Windows NT 10.0; Win64; x64) AppleWebKit/537.36 (KHTML, like Gecko) Chrome/78.0.3904.108 Safari/537.36"
34.90.130.141 - - [04/Nov/2025:17:18:07 +0100] "POST //xmlrpc.php HTTP/1.1" 200 401 "-" "Mozilla/5.0 (Windows NT 10.0; Win64; x64) AppleWebKit/537.36 (KHTML, like Gecko) Chrome/78.0.3904.108 Safari/537.36"
34.90.130.141 - - [04/Nov/2025:17:18:09 +0100] "POST //xmlrpc.php HTTP/1.1" 200 401 "-" "Mozilla/5.0 (Windows NT 10.0; Win64; x64) AppleWebKit/537.36 (KHTML, like Gecko) Chrome/78.0.3904.108 Safari/537.36"
34.90.130.141 - - [04/Nov/2025:17:18:10 +0100] "POST //xmlrpc.php HTTP/1.1" 200 401 "-" "Mozilla/5.0 (Windows NT 10.0; Win64; x64) AppleWebKit/537.36 (KHTML, like Gecko) Chrome/78.0.3904.108 Safari/537.36"
34.90.130.141 - - [04/Nov/2025:17:18:13 +0100] "POST //xmlrpc.php HTTP/1.1" 200 401 "-" "Mozilla/5.0 (Windows NT 10.0; Win64; x64) AppleWebKit/537.36 (KHTML, like Gecko) Chrome/78.0.3904.108 Safari/537.36"
34.90.130.141 - - [04/Nov/2025:17:18:16 +0100] "POST //xmlrpc.php HTTP/1.1" 200 401 "-" "Mozilla/5.0 (Windows NT 10.0; Win64; x64) AppleWebKit/537.36 (KHTML, like Gecko) Chrome/78.0.3904.108 Safari/537.36"
34.90.130.141 - - [04/Nov/2025:17:18:19 +0100] "POST //xmlrpc.php HTTP/1.1" 200 401 "-" "Mozilla/5.0 (Windows NT 10.0; Win64; x64) AppleWebKit/537.36 (KHTML, like Gecko) Chrome/78.0.3904.108 Safari/537.36"
34.90.130.141 - - [04/Nov/2025:17:18:20 +0100] "POST //xmlrpc.php HTTP/1.1" 200 401 "-" "Mozilla/5.0 (Windows NT 10.0; Win64; x64) AppleWebKit/537.36 (KHTML, like Gecko) Chrome/78.0.3904.108 Safari/537.36"
34.90.130.141 - - [04/Nov/2025:17:18:22 +0100] "POST //xmlrpc.php HTTP/1.1" 200 401 "-" "Mozilla/5.0 (Windows NT 10.0; Win64; x64) AppleWebKit/537.36 (KHTML, like Gecko) Chrome/78.0.3904.108 Safari/537.36"
34.90.130.141 - - [04/Nov/2025:17:18:25 +0100] "POST //xmlrpc.php HTTP/1.1" 200 401 "-" "Mozilla/5.0 (Windows NT 10.0; Win64; x64) AppleWebKit/537.36 (KHTML, like Gecko) Chrome/78.0.3904.108 Safari/537.36"
34.90.130.141 - - [04/Nov/2025:17:18:26 +0100] "POST //xmlrpc.php HTTP/1.1" 200 401 "-" "Mozilla/5.0 (Windows NT 10.0; Win64; x64) AppleWebKit/537.36 (KHTML, like Gecko) Chrome/78.0.3904.108 Safari/537.36"
34.90.130.141 - - [04/Nov/2025:17:18:28 +0100] "POST //xmlrpc.php HTTP/1.1" 200 401 "-" "Mozilla/5.0 (Windows NT 10.0; Win64; x64) AppleWebKit/537.36 (KHTML, like Gecko) Chrome/78.0.3904.108 Safari/537.36"
34.90.130.141 - - [04/Nov/2025:17:18:29 +0100] "POST //xmlrpc.php HTTP/1.1" 200 401 "-" "Mozilla/5.0 (Windows NT 10.0; Win64; x64) AppleWebKit/537.36 (KHTML, like Gecko) Chrome/78.0.3904.108 Safari/537.36"
34.90.130.141 - - [04/Nov/2025:17:18:31 +0100] "POST //xmlrpc.php HTTP/1.1" 200 401 "-" "Mozilla/5.0 (Windows NT 10.0; Win64; x64) AppleWebKit/537.36 (KHTML, like Gecko) Chrome/78.0.3904.108 Safari/537.36"
34.90.130.141 - - [04/Nov/2025:17:18:32 +0100] "POST //xmlrpc.php HTTP/1.1" 200 401 "-" "Mozilla/5.0 (Windows NT 10.0; Win64; x64) AppleWebKit/537.36 (KHTML, like Gecko) Chrome/78.0.3904.108 Safari/537.36"
34.90.130.141 - - [04/Nov/2025:17:18:34 +0100] "POST //xmlrpc.php HTTP/1.1" 200 401 "-" "Mozilla/5.0 (Windows NT 10.0; Win64; x64) AppleWebKit/537.36 (KHTML, like Gecko) Chrome/78.0.3904.108 Safari/537.36"
34.90.130.141 - - [04/Nov/2025:17:18:36 +0100] "POST //xmlrpc.php HTTP/1.1" 200 401 "-" "Mozilla/5.0 (Windows NT 10.0; Win64; x64) AppleWebKit/537.36 (KHTML, like Gecko) Chrome/78.0.3904.108 Safari/537.36"
197.157.165.125 - - [04/Nov/2025:17:18:36 +0100] "POST /wp-admin/admin-ajax.php HTTP/1.1" 200 47 "https://umurunganews.info/wp-admin/post-new.php" "Mozilla/5.0 (Linux; Android 10; K) AppleWebKit/537.36 (KHTML, like Gecko) Chrome/141.0.0.0 Mobile Safari/537.36"
34.90.130.141 - - [04/Nov/2025:17:18:39 +0100] "POST //xmlrpc.php HTTP/1.1" 200 401 "-" "Mozilla/5.0 (Windows NT 10.0; Win64; x64) AppleWebKit/537.36 (KHTML, like Gecko) Chrome/78.0.3904.108 Safari/537.36"
34.90.130.141 - - [04/Nov/2025:17:18:43 +0100] "POST //xmlrpc.php HTTP/1.1" 200 401 "-" "Mozilla/5.0 (Windows NT 10.0; Win64; x64) AppleWebKit/537.36 (KHTML, like Gecko) Chrome/78.0.3904.108 Safari/537.36"
34.90.130.141 - - [04/Nov/2025:17:18:46 +0100] "POST //xmlrpc.php HTTP/1.1" 200 401 "-" "Mozilla/5.0 (Windows NT 10.0; Win64; x64) AppleWebKit/537.36 (KHTML, like Gecko) Chrome/78.0.3904.108 Safari/537.36"
34.90.130.141 - - [04/Nov/2025:17:18:47 +0100] "POST //xmlrpc.php HTTP/1.1" 200 401 "-" "Mozilla/5.0 (Windows NT 10.0; Win64; x64) AppleWebKit/537.36 (KHTML, like Gecko) Chrome/78.0.3904.108 Safari/537.36"
34.90.130.141 - - [04/Nov/2025:17:18:49 +0100] "POST //xmlrpc.php HTTP/1.1" 200 401 "-" "Mozilla/5.0 (Windows NT 10.0; Win64; x64) AppleWebKit/537.36 (KHTML, like Gecko) Chrome/78.0.3904.108 Safari/537.36"
34.90.130.141 - - [04/Nov/2025:17:18:51 +0100] "POST //xmlrpc.php HTTP/1.1" 200 401 "-" "Mozilla/5.0 (Windows NT 10.0; Win64; x64) AppleWebKit/537.36 (KHTML, like Gecko) Chrome/78.0.3904.108 Safari/537.36"
34.90.130.141 - - [04/Nov/2025:17:18:52 +0100] "POST //xmlrpc.php HTTP/1.1" 200 401 "-" "Mozilla/5.0 (Windows NT 10.0; Win64; x64) AppleWebKit/537.36 (KHTML, like Gecko) Chrome/78.0.3904.108 Safari/537.36"
34.90.130.141 - - [04/Nov/2025:17:18:53 +0100] "POST //xmlrpc.php HTTP/1.1" 200 401 "-" "Mozilla/5.0 (Windows NT 10.0; Win64; x64) AppleWebKit/537.36 (KHTML, like Gecko) Chrome/78.0.3904.108 Safari/537.36"
34.90.130.141 - - [04/Nov/2025:17:18:55 +0100] "POST //xmlrpc.php HTTP/1.1" 200 401 "-" "Mozilla/5.0 (Windows NT 10.0; Win64; x64) AppleWebKit/537.36 (KHTML, like Gecko) Chrome/78.0.3904.108 Safari/537.36"
34.90.130.141 - - [04/Nov/2025:17:18:58 +0100] "POST //xmlrpc.php HTTP/1.1" 200 401 "-" "Mozilla/5.0 (Windows NT 10.0; Win64; x64) AppleWebKit/537.36 (KHTML, like Gecko) Chrome/78.0.3904.108 Safari/537.36"
34.90.130.141 - - [04/Nov/2025:17:19:02 +0100] "POST //xmlrpc.php HTTP/1.1" 200 401 "-" "Mozilla/5.0 (Windows NT 10.0; Win64; x64) AppleWebKit/537.36 (KHTML, like Gecko) Chrome/78.0.3904.108 Safari/537.36"
34.90.130.141 - - [04/Nov/2025:17:19:07 +0100] "POST //xmlrpc.php HTTP/1.1" 200 401 "-" "Mozilla/5.0 (Windows NT 10.0; Win64; x64) AppleWebKit/537.36 (KHTML, like Gecko) Chrome/78.0.3904.108 Safari/537.36"
34.90.130.141 - - [04/Nov/2025:17:19:09 +0100] "POST //xmlrpc.php HTTP/1.1" 200 401 "-" "Mozilla/5.0 (Windows NT 10.0; Win64; x64) AppleWebKit/537.36 (KHTML, like Gecko) Chrome/78.0.3904.108 Safari/537.36"
34.90.130.141 - - [04/Nov/2025:17:19:11 +0100] "POST //xmlrpc.php HTTP/1.1" 200 401 "-" "Mozilla/5.0 (Windows NT 10.0; Win64; x64) AppleWebKit/537.36 (KHTML, like Gecko) Chrome/78.0.3904.108 Safari/537.36"
34.90.130.141 - - [04/Nov/2025:17:19:13 +0100] "POST //xmlrpc.php HTTP/1.1" 200 401 "-" "Mozilla/5.0 (Windows NT 10.0; Win64; x64) AppleWebKit/537.36 (KHTML, like Gecko) Chrome/78.0.3904.108 Safari/537.36"
34.90.130.141 - - [04/Nov/2025:17:19:17 +0100] "POST //xmlrpc.php HTTP/1.1" 200 401 "-" "Mozilla/5.0 (Windows NT 10.0; Win64; x64) AppleWebKit/537.36 (KHTML, like Gecko) Chrome/78.0.3904.108 Safari/537.36"
34.90.130.141 - - [04/Nov/2025:17:19:18 +0100] "POST //xmlrpc.php HTTP/1.1" 200 401 "-" "Mozilla/5.0 (Windows NT 10.0; Win64; x64) AppleWebKit/537.36 (KHTML, like Gecko) Chrome/78.0.3904.108 Safari/537.36"
34.90.130.141 - - [04/Nov/2025:17:19:19 +0100] "POST //xmlrpc.php HTTP/1.1" 200 401 "-" "Mozilla/5.0 (Windows NT 10.0; Win64; x64) AppleWebKit/537.36 (KHTML, like Gecko) Chrome/78.0.3904.108 Safari/537.36"
34.90.130.141 - - [04/Nov/2025:17:19:22 +0100] "POST //xmlrpc.php HTTP/1.1" 200 401 "-" "Mozilla/5.0 (Windows NT 10.0; Win64; x64) AppleWebKit/537.36 (KHTML, like Gecko) Chrome/78.0.3904.108 Safari/537.36"
34.90.130.141 - - [04/Nov/2025:17:19:23 +0100] "POST //xmlrpc.php HTTP/1.1" 200 401 "-" "Mozilla/5.0 (Windows NT 10.0; Win64; x64) AppleWebKit/537.36 (KHTML, like Gecko) Chrome/78.0.3904.108 Safari/537.36"
34.90.130.141 - - [04/Nov/2025:17:19:24 +0100] "POST //xmlrpc.php HTTP/1.1" 200 401 "-" "Mozilla/5.0 (Windows NT 10.0; Win64; x64) AppleWebKit/537.36 (KHTML, like Gecko) Chrome/78.0.3904.108 Safari/537.36"
34.90.130.141 - - [04/Nov/2025:17:19:25 +0100] "POST //xmlrpc.php HTTP/1.1" 200 401 "-" "Mozilla/5.0 (Windows NT 10.0; Win64; x64) AppleWebKit/537.36 (KHTML, like Gecko) Chrome/78.0.3904.108 Safari/537.36"
34.90.130.141 - - [04/Nov/2025:17:19:26 +0100] "POST //xmlrpc.php HTTP/1.1" 200 401 "-" "Mozilla/5.0 (Windows NT 10.0; Win64; x64) AppleWebKit/537.36 (KHTML, like Gecko) Chrome/78.0.3904.108 Safari/537.36"
178.16.54.100 - - [04/Nov/2025:17:19:26 +0100] "GET /?author=1 HTTP/1.1" 301 - "-" "Mozilla/5.0 (Windows NT 10.0; WOW64) AppleWebKit/537.36 (KHTML, like Gecko) Chrome/75.0.3770.100 Safari/537.36"
34.90.130.141 - - [04/Nov/2025:17:19:27 +0100] "POST //xmlrpc.php HTTP/1.1" 200 401 "-" "Mozilla/5.0 (Windows NT 10.0; Win64; x64) AppleWebKit/537.36 (KHTML, like Gecko) Chrome/78.0.3904.108 Safari/537.36"
34.90.130.141 - - [04/Nov/2025:17:19:29 +0100] "POST //xmlrpc.php HTTP/1.1" 200 401 "-" "Mozilla/5.0 (Windows NT 10.0; Win64; x64) AppleWebKit/537.36 (KHTML, like Gecko) Chrome/78.0.3904.108 Safari/537.36"
34.90.130.141 - - [04/Nov/2025:17:19:33 +0100] "POST //xmlrpc.php HTTP/1.1" 200 401 "-" "Mozilla/5.0 (Windows NT 10.0; Win64; x64) AppleWebKit/537.36 (KHTML, like Gecko) Chrome/78.0.3904.108 Safari/537.36"
197.157.165.125 - - [04/Nov/2025:17:19:30 +0100] "GET /wp-admin/plugins.php HTTP/1.1" 200 99963 "https://umurunganews.info/wp-admin/post-new.php" "Mozilla/5.0 (Linux; Android 10; K) AppleWebKit/537.36 (KHTML, like Gecko) Chrome/141.0.0.0 Mobile Safari/537.36"
34.90.130.141 - - [04/Nov/2025:17:19:34 +0100] "POST //xmlrpc.php HTTP/1.1" 200 401 "-" "Mozilla/5.0 (Windows NT 10.0; Win64; x64) AppleWebKit/537.36 (KHTML, like Gecko) Chrome/78.0.3904.108 Safari/537.36"
197.157.165.125 - - [04/Nov/2025:17:19:36 +0100] "GET /wp-content/plugins/elementor/assets/js/admin-feedback.min.js?ver=3.32.5 HTTP/1.1" 200 1953 "https://umurunganews.info/wp-admin/plugins.php" "Mozilla/5.0 (Linux; Android 10; K) AppleWebKit/537.36 (KHTML, like Gecko) Chrome/141.0.0.0 Mobile Safari/537.36"
34.90.130.141 - - [04/Nov/2025:17:19:35 +0100] "POST //xmlrpc.php HTTP/1.1" 200 401 "-" "Mozilla/5.0 (Windows NT 10.0; Win64; x64) AppleWebKit/537.36 (KHTML, like Gecko) Chrome/78.0.3904.108 Safari/537.36"
197.157.165.125 - - [04/Nov/2025:17:19:35 +0100] "GET /wp-admin/load-styles.php?c=1&dir=ltr&load%5Bchunk_0%5D=dashicons,admin-bar,common,forms,admin-menu,dashboard,list-tables,edit,revisions,media,themes,about,nav-menus,wp-pointer,widgets&load%5Bchunk_1%5D=,site-icon,l10n,buttons,wp-auth-check&ver=6.8.3 HTTP/1.1" 200 402073 "https://umurunganews.info/wp-admin/plugins.php" "Mozilla/5.0 (Linux; Android 10; K) AppleWebKit/537.36 (KHTML, like Gecko) Chrome/141.0.0.0 Mobile Safari/537.36"
34.90.130.141 - - [04/Nov/2025:17:19:36 +0100] "POST //xmlrpc.php HTTP/1.1" 200 401 "-" "Mozilla/5.0 (Windows NT 10.0; Win64; x64) AppleWebKit/537.36 (KHTML, like Gecko) Chrome/78.0.3904.108 Safari/537.36"
34.90.130.141 - - [04/Nov/2025:17:19:38 +0100] "POST //xmlrpc.php HTTP/1.1" 200 401 "-" "Mozilla/5.0 (Windows NT 10.0; Win64; x64) AppleWebKit/537.36 (KHTML, like Gecko) Chrome/78.0.3904.108 Safari/537.36"
34.90.130.141 - - [04/Nov/2025:17:19:41 +0100] "POST //xmlrpc.php HTTP/1.1" 200 401 "-" "Mozilla/5.0 (Windows NT 10.0; Win64; x64) AppleWebKit/537.36 (KHTML, like Gecko) Chrome/78.0.3904.108 Safari/537.36"
34.90.130.141 - - [04/Nov/2025:17:19:42 +0100] "POST //xmlrpc.php HTTP/1.1" 200 401 "-" "Mozilla/5.0 (Windows NT 10.0; Win64; x64) AppleWebKit/537.36 (KHTML, like Gecko) Chrome/78.0.3904.108 Safari/537.36"
34.90.130.141 - - [04/Nov/2025:17:19:43 +0100] "POST //xmlrpc.php HTTP/1.1" 200 401 "-" "Mozilla/5.0 (Windows NT 10.0; Win64; x64) AppleWebKit/537.36 (KHTML, like Gecko) Chrome/78.0.3904.108 Safari/537.36"
34.90.130.141 - - [04/Nov/2025:17:19:45 +0100] "POST //xmlrpc.php HTTP/1.1" 200 401 "-" "Mozilla/5.0 (Windows NT 10.0; Win64; x64) AppleWebKit/537.36 (KHTML, like Gecko) Chrome/78.0.3904.108 Safari/537.36"
34.90.130.141 - - [04/Nov/2025:17:19:46 +0100] "POST //xmlrpc.php HTTP/1.1" 200 401 "-" "Mozilla/5.0 (Windows NT 10.0; Win64; x64) AppleWebKit/537.36 (KHTML, like Gecko) Chrome/78.0.3904.108 Safari/537.36"
34.90.130.141 - - [04/Nov/2025:17:19:48 +0100] "POST //xmlrpc.php HTTP/1.1" 200 401 "-" "Mozilla/5.0 (Windows NT 10.0; Win64; x64) AppleWebKit/537.36 (KHTML, like Gecko) Chrome/78.0.3904.108 Safari/537.36"
34.90.130.141 - - [04/Nov/2025:17:19:50 +0100] "POST //xmlrpc.php HTTP/1.1" 200 401 "-" "Mozilla/5.0 (Windows NT 10.0; Win64; x64) AppleWebKit/537.36 (KHTML, like Gecko) Chrome/78.0.3904.108 Safari/537.36"
197.157.165.125 - - [04/Nov/2025:17:19:50 +0100] "GET /wp-admin/post-new.php HTTP/1.1" 200 260596 "https://umurunganews.info/wp-admin/plugins.php" "Mozilla/5.0 (Linux; Android 10; K) AppleWebKit/537.36 (KHTML, like Gecko) Chrome/141.0.0.0 Mobile Safari/537.36"
197.157.165.125 - - [04/Nov/2025:17:19:56 +0100] "GET /wp-includes/js/tinymce/wp-tinymce.js?ver=49110-20250317 HTTP/1.1" 206 1 "https://umurunganews.info/wp-admin/post-new.php" "Mozilla/5.0 (Linux; Android 10; K) AppleWebKit/537.36 (KHTML, like Gecko) Chrome/141.0.0.0 Mobile Safari/537.36"
34.90.130.141 - - [04/Nov/2025:17:19:54 +0100] "POST //xmlrpc.php HTTP/1.1" 200 401 "-" "Mozilla/5.0 (Windows NT 10.0; Win64; x64) AppleWebKit/537.36 (KHTML, like Gecko) Chrome/78.0.3904.108 Safari/537.36"
34.90.130.141 - - [04/Nov/2025:17:19:56 +0100] "POST //xmlrpc.php HTTP/1.1" 200 401 "-" "Mozilla/5.0 (Windows NT 10.0; Win64; x64) AppleWebKit/537.36 (KHTML, like Gecko) Chrome/78.0.3904.108 Safari/537.36"
34.90.130.141 - - [04/Nov/2025:17:19:57 +0100] "POST //xmlrpc.php HTTP/1.1" 200 401 "-" "Mozilla/5.0 (Windows NT 10.0; Win64; x64) AppleWebKit/537.36 (KHTML, like Gecko) Chrome/78.0.3904.108 Safari/537.36"
34.90.130.141 - - [04/Nov/2025:17:19:58 +0100] "POST //xmlrpc.php HTTP/1.1" 200 401 "-" "Mozilla/5.0 (Windows NT 10.0; Win64; x64) AppleWebKit/537.36 (KHTML, like Gecko) Chrome/78.0.3904.108 Safari/537.36"
197.157.165.125 - - [04/Nov/2025:17:19:56 +0100] "GET /wp-includes/js/tinymce/wp-tinymce.js?ver=49110-20250317 HTTP/1.1" 206 391492 "https://umurunganews.info/wp-admin/post-new.php" "Mozilla/5.0 (Linux; Android 10; K) AppleWebKit/537.36 (KHTML, like Gecko) Chrome/141.0.0.0 Mobile Safari/537.36"
34.90.130.141 - - [04/Nov/2025:17:20:00 +0100] "POST //xmlrpc.php HTTP/1.1" 200 401 "-" "Mozilla/5.0 (Windows NT 10.0; Win64; x64) AppleWebKit/537.36 (KHTML, like Gecko) Chrome/78.0.3904.108 Safari/537.36"
93.123.109.7 - - [04/Nov/2025:17:20:02 +0100] "GET /.git/config HTTP/1.1" 404 48807 "-" "Mozilla/5.0 (Linux; Android 9; SAMSUNG SM-G960F Build/PPR1.180610.011) AppleWebKit/537.36 (KHTML, like Gecko) SamsungBrowser/8.2 Chrome/63.0.3239.111 Mobile Safari/537.36"
34.90.130.141 - - [04/Nov/2025:17:20:03 +0100] "POST //xmlrpc.php HTTP/1.1" 200 401 "-" "Mozilla/5.0 (Windows NT 10.0; Win64; x64) AppleWebKit/537.36 (KHTML, like Gecko) Chrome/78.0.3904.108 Safari/537.36"
197.157.165.125 - - [04/Nov/2025:17:20:02 +0100] "GET /wp-admin/admin-ajax.php?action=bunyad_editor_plugin&wp-mce-49110-20250317 HTTP/1.1" 200 1434 "https://umurunganews.info/wp-admin/post-new.php" "Mozilla/5.0 (Linux; Android 10; K) AppleWebKit/537.36 (KHTML, like Gecko) Chrome/141.0.0.0 Mobile Safari/537.36"
197.157.165.125 - - [04/Nov/2025:17:20:11 +0100] "GET /wp-includes/js/tinymce/skins/lightgray/skin.min.css?wp-mce-49110-20250317 HTTP/1.1" 200 44010 "https://umurunganews.info/wp-admin/post-new.php" "Mozilla/5.0 (Linux; Android 10; K) AppleWebKit/537.36 (KHTML, like Gecko) Chrome/141.0.0.0 Mobile Safari/537.36"
197.157.165.125 - - [04/Nov/2025:17:20:11 +0100] "GET /wp-includes/js/tinymce/skins/lightgray/content.min.css?wp-mce-49110-20250317 HTTP/1.1" 200 4017 "https://umurunganews.info/wp-admin/post-new.php" "Mozilla/5.0 (Linux; Android 10; K) AppleWebKit/537.36 (KHTML, like Gecko) Chrome/141.0.0.0 Mobile Safari/537.36"
197.157.165.125 - - [04/Nov/2025:17:20:12 +0100] "GET /wp-includes/js/tinymce/skins/wordpress/wp-content.css?ver=6.8.3&wp-mce-49110-20250317 HTTP/1.1" 200 8760 "https://umurunganews.info/wp-admin/post-new.php" "Mozilla/5.0 (Linux; Android 10; K) AppleWebKit/537.36 (KHTML, like Gecko) Chrome/141.0.0.0 Mobile Safari/537.36"
34.90.130.141 - - [04/Nov/2025:17:20:08 +0100] "POST //xmlrpc.php HTTP/1.1" 200 401 "-" "Mozilla/5.0 (Windows NT 10.0; Win64; x64) AppleWebKit/537.36 (KHTML, like Gecko) Chrome/78.0.3904.108 Safari/537.36"
197.157.165.125 - - [04/Nov/2025:17:20:12 +0100] "GET /wp-includes/css/dashicons.min.css?ver=6.8.3&wp-mce-49110-20250317 HTTP/1.1" 200 59016 "https://umurunganews.info/wp-admin/post-new.php" "Mozilla/5.0 (Linux; Android 10; K) AppleWebKit/537.36 (KHTML, like Gecko) Chrome/141.0.0.0 Mobile Safari/537.36"
197.157.165.125 - - [04/Nov/2025:17:20:13 +0100] "GET /wp-content/themes/smart-mag/css/admin/editor-style.css?wp-mce-49110-20250317 HTTP/1.1" 200 162 "https://umurunganews.info/wp-admin/post-new.php" "Mozilla/5.0 (Linux; Android 10; K) AppleWebKit/537.36 (KHTML, like Gecko) Chrome/141.0.0.0 Mobile Safari/537.36"
197.157.165.125 - - [04/Nov/2025:17:20:13 +0100] "GET /wp-content/plugins/wordpress-seo/css/dist/inside-editor-2630.css?wp-mce-49110-20250317 HTTP/1.1" 200 106 "https://umurunganews.info/wp-admin/post-new.php" "Mozilla/5.0 (Linux; Android 10; K) AppleWebKit/537.36 (KHTML, like Gecko) Chrome/141.0.0.0 Mobile Safari/537.36"
197.157.165.125 - - [04/Nov/2025:17:20:12 +0100] "GET /wp-content/themes/smart-mag/style.css?wp-mce-49110-20250317 HTTP/1.1" 200 205853 "https://umurunganews.info/wp-admin/post-new.php" "Mozilla/5.0 (Linux; Android 10; K) AppleWebKit/537.36 (KHTML, like Gecko) Chrome/141.0.0.0 Mobile Safari/537.36"
34.90.130.141 - - [04/Nov/2025:17:20:13 +0100] "POST //xmlrpc.php HTTP/1.1" 200 401 "-" "Mozilla/5.0 (Windows NT 10.0; Win64; x64) AppleWebKit/537.36 (KHTML, like Gecko) Chrome/78.0.3904.108 Safari/537.36"
197.157.165.125 - - [04/Nov/2025:17:20:13 +0100] "GET /wp-content/themes/smart-mag/css/.css?wp-mce-49110-20250317 HTTP/1.1" 404 81224 "https://umurunganews.info/wp-admin/post-new.php" "Mozilla/5.0 (Linux; Android 10; K) AppleWebKit/537.36 (KHTML, like Gecko) Chrome/141.0.0.0 Mobile Safari/537.36"
34.90.130.141 - - [04/Nov/2025:17:20:15 +0100] "POST //xmlrpc.php HTTP/1.1" 200 401 "-" "Mozilla/5.0 (Windows NT 10.0; Win64; x64) AppleWebKit/537.36 (KHTML, like Gecko) Chrome/78.0.3904.108 Safari/537.36"
197.157.165.125 - - [04/Nov/2025:17:20:22 +0100] "GET /wp-admin/edit.php HTTP/1.1" 200 7951 "https://umurunganews.info/wp-admin/post-new.php" "Mozilla/5.0 (Linux; Android 10; K) AppleWebKit/537.36 (KHTML, like Gecko) Chrome/141.0.0.0 Mobile Safari/537.36"
34.90.130.141 - - [04/Nov/2025:17:20:21 +0100] "POST //xmlrpc.php HTTP/1.1" 301 - "-" "Mozilla/5.0 (Windows NT 10.0; Win64; x64) AppleWebKit/537.36 (KHTML, like Gecko) Chrome/78.0.3904.108 Safari/537.36"
197.157.165.125 - - [04/Nov/2025:17:22:50 +0100] "GET /wp-admin/ HTTP/1.1" 200 128196 "-" "Mozilla/5.0 (Linux; Android 10; K) AppleWebKit/537.36 (KHTML, like Gecko) Chrome/141.0.0.0 Mobile Safari/537.36"
197.157.165.125 - - [04/Nov/2025:17:22:55 +0100] "GET /wp-content/plugins/wordpress-seo/packages/js/images/Yoast_SEO_Icon.svg HTTP/1.1" 200 1051 "https://umurunganews.info/wp-content/plugins/wordpress-seo/css/dist/dashboard-2630.css" "Mozilla/5.0 (Linux; Android 10; K) AppleWebKit/537.36 (KHTML, like Gecko) Chrome/141.0.0.0 Mobile Safari/537.36"
197.157.165.125 - - [04/Nov/2025:17:22:55 +0100] "GET /wp-content/plugins/wordpress-seo/js/dist/dashboard-widget.js?ver=751474c1233a3eb40fcd HTTP/1.1" 200 2047 "https://umurunganews.info/wp-admin/" "Mozilla/5.0 (Linux; Android 10; K) AppleWebKit/537.36 (KHTML, like Gecko) Chrome/141.0.0.0 Mobile Safari/537.36"
197.157.165.125 - - [04/Nov/2025:17:22:56 +0100] "GET /wp-content/plugins/wordpress-seo/js/dist/wincher-dashboard-widget.js?ver=63d0a790229681c72b7e HTTP/1.1" 200 19620 "https://umurunganews.info/wp-admin/" "Mozilla/5.0 (Linux; Android 10; K) AppleWebKit/537.36 (KHTML, like Gecko) Chrome/141.0.0.0 Mobile Safari/537.36"
197.157.165.125 - - [04/Nov/2025:17:22:56 +0100] "GET /wp-json/wp/v2/ HTTP/1.1" 200 196665 "https://umurunganews.info/wp-admin/" "Mozilla/5.0 (Linux; Android 10; K) AppleWebKit/537.36 (KHTML, like Gecko) Chrome/141.0.0.0 Mobile Safari/537.36"
197.157.165.125 - - [04/Nov/2025:17:22:57 +0100] "GET /wp-admin/?welcome=0 HTTP/1.1" 200 128248 "https://umurunganews.info/wp-admin/" "Mozilla/5.0 (Linux; Android 10; K) AppleWebKit/537.36 (KHTML, like Gecko) Chrome/141.0.0.0 Mobile Safari/537.36"
197.157.165.125 - - [04/Nov/2025:17:23:05 +0100] "GET /wp-content/plugins/wordpress-seo/js/dist/dashboard-widget.js?ver=751474c1233a3eb40fcd HTTP/1.1" 200 2047 "https://umurunganews.info/wp-admin/?welcome=0" "Mozilla/5.0 (Linux; Android 10; K) AppleWebKit/537.36 (KHTML, like Gecko) Chrome/141.0.0.0 Mobile Safari/537.36"
197.157.165.125 - - [04/Nov/2025:17:23:05 +0100] "GET /wp-json/yoast/v1/statistics HTTP/1.1" 200 344 "https://umurunganews.info/wp-admin/?welcome=0" "Mozilla/5.0 (Linux; Android 10; K) AppleWebKit/537.36 (KHTML, like Gecko) Chrome/141.0.0.0 Mobile Safari/537.36"
197.157.165.125 - - [04/Nov/2025:17:23:05 +0100] "GET /wp-json/wp/v2/ HTTP/1.1" 200 196665 "https://umurunganews.info/wp-admin/?welcome=0" "Mozilla/5.0 (Linux; Android 10; K) AppleWebKit/537.36 (KHTML, like Gecko) Chrome/141.0.0.0 Mobile Safari/537.36"
197.157.165.125 - - [04/Nov/2025:17:23:06 +0100] "POST /wp-admin/admin-ajax.php HTTP/1.1" 200 593 "https://umurunganews.info/wp-admin/?welcome=0" "Mozilla/5.0 (Linux; Android 10; K) AppleWebKit/537.36 (KHTML, like Gecko) Chrome/141.0.0.0 Mobile Safari/537.36"
197.157.165.125 - - [04/Nov/2025:17:23:11 +0100] "POST /wp-admin/admin-ajax.php HTTP/1.1" 200 1 "https://umurunganews.info/wp-admin/?welcome=0" "Mozilla/5.0 (Linux; Android 10; K) AppleWebKit/537.36 (KHTML, like Gecko) Chrome/141.0.0.0 Mobile Safari/537.36"
197.157.165.125 - - [04/Nov/2025:17:23:16 +0100] "GET /wp-content/uploads/2022/10/10.jpg HTTP/1.1" 200 114500 "https://umurunganews.info/" "Mozilla/5.0 (Linux; Android 10; K) AppleWebKit/537.36 (KHTML, like Gecko) Chrome/141.0.0.0 Mobile Safari/537.36"
197.157.165.125 - - [04/Nov/2025:17:23:17 +0100] "GET /wp-includes/css/admin-bar.min.css?ver=6.8.3 HTTP/1.1" 200 20128 "https://umurunganews.info/" "Mozilla/5.0 (Linux; Android 10; K) AppleWebKit/537.36 (KHTML, like Gecko) Chrome/141.0.0.0 Mobile Safari/537.36"
197.157.165.125 - - [04/Nov/2025:17:23:17 +0100] "GET /wp-includes/css/dashicons.min.css?ver=6.8.3 HTTP/1.1" 200 59016 "https://umurunganews.info/" "Mozilla/5.0 (Linux; Android 10; K) AppleWebKit/537.36 (KHTML, like Gecko) Chrome/141.0.0.0 Mobile Safari/537.36"
197.157.165.125 - - [04/Nov/2025:17:23:17 +0100] "GET /wp-content/plugins/elementor/assets/css/frontend.min.css?ver=3.32.5 HTTP/1.1" 200 53614 "https://umurunganews.info/" "Mozilla/5.0 (Linux; Android 10; K) AppleWebKit/537.36 (KHTML, like Gecko) Chrome/141.0.0.0 Mobile Safari/537.36"
197.157.165.125 - - [04/Nov/2025:17:23:18 +0100] "GET /wp-content/plugins/elementor/assets/css/admin-bar.min.css?ver=3.32.5 HTTP/1.1" 200 659 "https://umurunganews.info/" "Mozilla/5.0 (Linux; Android 10; K) AppleWebKit/537.36 (KHTML, like Gecko) Chrome/141.0.0.0 Mobile Safari/537.36"
197.157.165.125 - - [04/Nov/2025:17:23:18 +0100] "GET /wp-content/uploads/elementor/css/post-2437.css?ver=1762264637 HTTP/1.1" 200 1002 "https://umurunganews.info/" "Mozilla/5.0 (Linux; Android 10; K) AppleWebKit/537.36 (KHTML, like Gecko) Chrome/141.0.0.0 Mobile Safari/537.36"
197.157.165.125 - - [04/Nov/2025:17:23:18 +0100] "GET /wp-content/uploads/elementor/css/post-7126.css?ver=1762264639 HTTP/1.1" 200 6164 "https://umurunganews.info/" "Mozilla/5.0 (Linux; Android 10; K) AppleWebKit/537.36 (KHTML, like Gecko) Chrome/141.0.0.0 Mobile Safari/537.36"
197.157.165.125 - - [04/Nov/2025:17:23:18 +0100] "GET /wp-content/themes/smart-mag/css/lightbox.css?ver=10.3.2 HTTP/1.1" 200 7630 "https://umurunganews.info/" "Mozilla/5.0 (Linux; Android 10; K) AppleWebKit/537.36 (KHTML, like Gecko) Chrome/141.0.0.0 Mobile Safari/537.36"
197.157.165.125 - - [04/Nov/2025:17:23:18 +0100] "GET /wp-content/themes/smart-mag/css/icons/icons.css?ver=10.3.2 HTTP/1.1" 200 4727 "https://umurunganews.info/" "Mozilla/5.0 (Linux; Android 10; K) AppleWebKit/537.36 (KHTML, like Gecko) Chrome/141.0.0.0 Mobile Safari/537.36"
197.157.165.125 - - [04/Nov/2025:17:23:18 +0100] "GET /wp-content/themes/smart-mag/css/icons/fonts/ts-icons.woff2?v3.2 HTTP/1.1" 200 12136 "https://umurunganews.info/" "Mozilla/5.0 (Linux; Android 10; K) AppleWebKit/537.36 (KHTML, like Gecko) Chrome/141.0.0.0 Mobile Safari/537.36"
197.157.165.125 - - [04/Nov/2025:17:23:18 +0100] "GET /wp-includes/js/jquery/jquery.min.js?ver=3.7.1 HTTP/1.1" 200 87553 "https://umurunganews.info/" "Mozilla/5.0 (Linux; Android 10; K) AppleWebKit/537.36 (KHTML, like Gecko) Chrome/141.0.0.0 Mobile Safari/537.36"
197.157.165.125 - - [04/Nov/2025:17:23:19 +0100] "GET /wp-includes/js/jquery/jquery-migrate.min.js?ver=3.4.1 HTTP/1.1" 200 13577 "https://umurunganews.info/" "Mozilla/5.0 (Linux; Android 10; K) AppleWebKit/537.36 (KHTML, like Gecko) Chrome/141.0.0.0 Mobile Safari/537.36"
197.157.165.125 - - [04/Nov/2025:17:23:18 +0100] "GET /wp-content/themes/smart-mag/style.css?ver=10.3.2 HTTP/1.1" 200 205853 "https://umurunganews.info/" "Mozilla/5.0 (Linux; Android 10; K) AppleWebKit/537.36 (KHTML, like Gecko) Chrome/141.0.0.0 Mobile Safari/537.36"
197.157.165.125 - - [04/Nov/2025:17:23:14 +0100] "GET / HTTP/1.1" 200 165337 "https://umurunganews.info/wp-admin/?welcome=0" "Mozilla/5.0 (Linux; Android 10; K) AppleWebKit/537.36 (KHTML, like Gecko) Chrome/141.0.0.0 Mobile Safari/537.36"
197.157.165.125 - - [04/Nov/2025:17:23:20 +0100] "GET /wp-content/themes/smart-mag/js/lazyload.js?ver=10.3.2 HTTP/1.1" 200 8268 "https://umurunganews.info/" "Mozilla/5.0 (Linux; Android 10; K) AppleWebKit/537.36 (KHTML, like Gecko) Chrome/141.0.0.0 Mobile Safari/537.36"
197.157.165.125 - - [04/Nov/2025:17:23:20 +0100] "GET /wp-content/plugins/elementor/assets/lib/dialog/dialog.min.js?ver=4.9.4 HTTP/1.1" 200 11622 "https://umurunganews.info/" "Mozilla/5.0 (Linux; Android 10; K) AppleWebKit/537.36 (KHTML, like Gecko) Chrome/141.0.0.0 Mobile Safari/537.36"
197.157.165.125 - - [04/Nov/2025:17:23:21 +0100] "GET /wp-content/plugins/elementor/assets/js/webpack.runtime.min.js?ver=3.32.5 HTTP/1.1" 200 5707 "https://umurunganews.info/" "Mozilla/5.0 (Linux; Android 10; K) AppleWebKit/537.36 (KHTML, like Gecko) Chrome/141.0.0.0 Mobile Safari/537.36"
197.157.165.125 - - [04/Nov/2025:17:23:21 +0100] "GET /wp-content/plugins/elementor/assets/js/frontend-modules.min.js?ver=3.32.5 HTTP/1.1" 200 59579 "https://umurunganews.info/" "Mozilla/5.0 (Linux; Android 10; K) AppleWebKit/537.36 (KHTML, like Gecko) Chrome/141.0.0.0 Mobile Safari/537.36"
197.157.165.125 - - [04/Nov/2025:17:23:21 +0100] "GET /wp-content/plugins/elementor/assets/js/frontend.min.js?ver=3.32.5 HTTP/1.1" 200 32362 "https://umurunganews.info/" "Mozilla/5.0 (Linux; Android 10; K) AppleWebKit/537.36 (KHTML, like Gecko) Chrome/141.0.0.0 Mobile Safari/537.36"
197.157.165.125 - - [04/Nov/2025:17:23:21 +0100] "GET /wp-content/themes/smart-mag/js/jquery.mfp-lightbox.js?ver=10.3.2 HTTP/1.1" 200 20216 "https://umurunganews.info/" "Mozilla/5.0 (Linux; Android 10; K) AppleWebKit/537.36 (KHTML, like Gecko) Chrome/141.0.0.0 Mobile Safari/537.36"
197.157.165.125 - - [04/Nov/2025:17:23:21 +0100] "GET /wp-content/themes/smart-mag/js/jquery.sticky-sidebar.js?ver=10.3.2 HTTP/1.1" 200 12409 "https://umurunganews.info/" "Mozilla/5.0 (Linux; Android 10; K) AppleWebKit/537.36 (KHTML, like Gecko) Chrome/141.0.0.0 Mobile Safari/537.36"
197.157.165.125 - - [04/Nov/2025:17:23:21 +0100] "GET /wp-content/themes/smart-mag/js/theme.js?ver=10.3.2 HTTP/1.1" 200 53973 "https://umurunganews.info/" "Mozilla/5.0 (Linux; Android 10; K) AppleWebKit/537.36 (KHTML, like Gecko) Chrome/141.0.0.0 Mobile Safari/537.36"
197.157.165.125 - - [04/Nov/2025:17:23:21 +0100] "GET /wp-content/themes/smart-mag/js/jquery.slick.js?ver=10.3.2 HTTP/1.1" 200 53396 "https://umurunganews.info/" "Mozilla/5.0 (Linux; Android 10; K) AppleWebKit/537.36 (KHTML, like Gecko) Chrome/141.0.0.0 Mobile Safari/537.36"
197.157.165.125 - - [04/Nov/2025:17:23:22 +0100] "GET /wp-content/plugins/elementor/assets/js/elementor-admin-bar.min.js?ver=3.32.5 HTTP/1.1" 200 7353 "https://umurunganews.info/" "Mozilla/5.0 (Linux; Android 10; K) AppleWebKit/537.36 (KHTML, like Gecko) Chrome/141.0.0.0 Mobile Safari/537.36"
