105.178.104.206 - - [04/Nov/2025:15:21:42 +0100] "GET /wp-content/plugins/wordpress-seo/js/dist/quick-edit-handler.js?ver=e7d3f8a9873afbfd1425 HTTP/1.1" 200 957 "https://umurunganews.info/wp-admin/edit.php?post_type=page&paged=1&trashed=10&ids=565%2C7141%2C571%2C7142%2C3%2C2%2C1882%2C2711%2C331%2C7140&locked=0" "Mozilla/5.0 (Macintosh; Intel Mac OS X 10.15; rv:144.0) Gecko/20100101 Firefox/144.0"
105.178.104.206 - - [04/Nov/2025:15:21:42 +0100] "GET /wp-content/plugins/wordpress-seo/js/dist/edit-page.js?ver=afab9d8fdff1d98c8ca9 HTTP/1.1" 200 547 "https://umurunganews.info/wp-admin/edit.php?post_type=page&paged=1&trashed=10&ids=565%2C7141%2C571%2C7142%2C3%2C2%2C1882%2C2711%2C331%2C7140&locked=0" "Mozilla/5.0 (Macintosh; Intel Mac OS X 10.15; rv:144.0) Gecko/20100101 Firefox/144.0"
105.178.104.206 - - [04/Nov/2025:15:21:42 +0100] "GET /wp-content/plugins/wordpress-seo/packages/js/images/Yoast_SEO_Icon.svg HTTP/1.1" 200 1051 "https://umurunganews.info/wp-admin/edit.php?post_type=page&paged=1&trashed=10&ids=565%2C7141%2C571%2C7142%2C3%2C2%2C1882%2C2711%2C331%2C7140&locked=0" "Mozilla/5.0 (Macintosh; Intel Mac OS X 10.15; rv:144.0) Gecko/20100101 Firefox/144.0"
105.178.104.206 - - [04/Nov/2025:15:21:43 +0100] "GET /wp-content/uploads/2025/11/cropped-Untitled_21-removebg-preview1-32x32.png HTTP/1.1" 200 2058 "https://umurunganews.info/wp-admin/edit.php?post_type=page&paged=1" "Mozilla/5.0 (Macintosh; Intel Mac OS X 10.15; rv:144.0) Gecko/20100101 Firefox/144.0"
105.178.104.206 - - [04/Nov/2025:15:21:43 +0100] "GET /wp-content/uploads/2025/11/cropped-Untitled_21-removebg-preview1-192x192.png HTTP/1.1" 200 31260 "https://umurunganews.info/wp-admin/edit.php?post_type=page&paged=1" "Mozilla/5.0 (Macintosh; Intel Mac OS X 10.15; rv:144.0) Gecko/20100101 Firefox/144.0"
105.178.104.206 - - [04/Nov/2025:15:21:39 +0100] "POST /wp-admin/admin-ajax.php HTTP/1.1" 200 47 "https://umurunganews.info/wp-admin/edit.php?post_type=page" "Mozilla/5.0 (Macintosh; Intel Mac OS X 10.15; rv:144.0) Gecko/20100101 Firefox/144.0"
105.178.104.206 - - [04/Nov/2025:15:21:43 +0100] "POST /wp-admin/admin-ajax.php HTTP/1.1" 200 47 "https://umurunganews.info/wp-admin/edit.php?post_type=page&paged=1" "Mozilla/5.0 (Macintosh; Intel Mac OS X 10.15; rv:144.0) Gecko/20100101 Firefox/144.0"
105.178.104.206 - - [04/Nov/2025:15:21:46 +0100] "GET /wp-admin/edit.php?post_status=trash&post_type=page HTTP/1.1" 200 134270 "https://umurunganews.info/wp-admin/edit.php?post_type=page&paged=1" "Mozilla/5.0 (Macintosh; Intel Mac OS X 10.15; rv:144.0) Gecko/20100101 Firefox/144.0"
105.178.104.206 - - [04/Nov/2025:15:21:53 +0100] "GET /wp-content/plugins/smartmag-core/js/widgets.js?ver=1.5.3 HTTP/1.1" 304 - "https://umurunganews.info/wp-admin/edit.php?post_status=trash&post_type=page" "Mozilla/5.0 (Macintosh; Intel Mac OS X 10.15; rv:144.0) Gecko/20100101 Firefox/144.0"
105.178.104.206 - - [04/Nov/2025:15:21:53 +0100] "GET /wp-admin/js/tags-suggest.min.js?ver=6.8.3 HTTP/1.1" 200 2269 "https://umurunganews.info/wp-admin/edit.php?post_status=trash&post_type=page" "Mozilla/5.0 (Macintosh; Intel Mac OS X 10.15; rv:144.0) Gecko/20100101 Firefox/144.0"
105.178.104.206 - - [04/Nov/2025:15:21:53 +0100] "GET /wp-admin/js/inline-edit-post.min.js?ver=6.8.3 HTTP/1.1" 200 9639 "https://umurunganews.info/wp-admin/edit.php?post_status=trash&post_type=page" "Mozilla/5.0 (Macintosh; Intel Mac OS X 10.15; rv:144.0) Gecko/20100101 Firefox/144.0"
105.178.104.206 - - [04/Nov/2025:15:21:53 +0100] "GET /wp-content/plugins/wordpress-seo/js/dist/quick-edit-handler.js?ver=e7d3f8a9873afbfd1425 HTTP/1.1" 200 957 "https://umurunganews.info/wp-admin/edit.php?post_status=trash&post_type=page" "Mozilla/5.0 (Macintosh; Intel Mac OS X 10.15; rv:144.0) Gecko/20100101 Firefox/144.0"
105.178.104.206 - - [04/Nov/2025:15:21:53 +0100] "GET /wp-content/plugins/wordpress-seo/js/dist/edit-page.js?ver=afab9d8fdff1d98c8ca9 HTTP/1.1" 200 547 "https://umurunganews.info/wp-admin/edit.php?post_status=trash&post_type=page" "Mozilla/5.0 (Macintosh; Intel Mac OS X 10.15; rv:144.0) Gecko/20100101 Firefox/144.0"
105.178.104.206 - - [04/Nov/2025:15:21:53 +0100] "POST /wp-admin/admin-ajax.php HTTP/1.1" 200 47 "https://umurunganews.info/wp-admin/edit.php?post_status=trash&post_type=page" "Mozilla/5.0 (Macintosh; Intel Mac OS X 10.15; rv:144.0) Gecko/20100101 Firefox/144.0"
105.178.104.206 - - [04/Nov/2025:15:21:57 +0100] "GET /wp-admin/edit.php?s=&post_status=trash&post_type=page&_wpnonce=b73a4f7187&_wp_http_referer=%2Fwp-admin%2Fedit.php%3Fpost_status%3Dtrash%26post_type%3Dpage&action=delete&bulk_action=Apply&m=0&seo_filter=&readability_filter=&paged=1&post%5B%5D=565&post%5B%5D=7141&post%5B%5D=571&post%5B%5D=7142&post%5B%5D=3&post%5B%5D=2&post%5B%5D=1882&post%5B%5D=2711&post%5B%5D=331&post%5B%5D=7140&action2=delete HTTP/1.1" 302 - "https://umurunganews.info/wp-admin/edit.php?post_status=trash&post_type=page" "Mozilla/5.0 (Macintosh; Intel Mac OS X 10.15; rv:144.0) Gecko/20100101 Firefox/144.0"
105.178.104.206 - - [04/Nov/2025:15:22:04 +0100] "POST /wp-admin/admin-ajax.php HTTP/1.1" 200 47 "https://umurunganews.info/wp-admin/edit.php?post_status=trash&post_type=page" "Mozilla/5.0 (Macintosh; Intel Mac OS X 10.15; rv:144.0) Gecko/20100101 Firefox/144.0"
105.178.104.206 - - [04/Nov/2025:15:22:05 +0100] "GET /wp-admin/edit.php?post_status=trash&post_type=page&paged=1&deleted=10 HTTP/1.1" 200 87715 "https://umurunganews.info/wp-admin/edit.php?post_status=trash&post_type=page" "Mozilla/5.0 (Macintosh; Intel Mac OS X 10.15; rv:144.0) Gecko/20100101 Firefox/144.0"
105.178.104.206 - - [04/Nov/2025:15:22:15 +0100] "POST /wp-admin/admin-ajax.php HTTP/1.1" 200 47 "https://umurunganews.info/wp-admin/edit.php?post_status=trash&post_type=page&paged=1" "Mozilla/5.0 (Macintosh; Intel Mac OS X 10.15; rv:144.0) Gecko/20100101 Firefox/144.0"
105.178.104.206 - - [04/Nov/2025:15:22:17 +0100] "GET /wp-admin/edit.php?post_status=publish&post_type=page HTTP/1.1" 200 106661 "https://umurunganews.info/wp-admin/edit.php?post_status=trash&post_type=page&paged=1" "Mozilla/5.0 (Macintosh; Intel Mac OS X 10.15; rv:144.0) Gecko/20100101 Firefox/144.0"
105.178.104.206 - - [04/Nov/2025:15:22:25 +0100] "POST /wp-admin/admin-ajax.php HTTP/1.1" 200 47 "https://umurunganews.info/wp-admin/edit.php?post_status=trash&post_type=page&paged=1" "Mozilla/5.0 (Macintosh; Intel Mac OS X 10.15; rv:144.0) Gecko/20100101 Firefox/144.0"
105.178.104.206 - - [04/Nov/2025:15:22:28 +0100] "POST /wp-admin/admin-ajax.php HTTP/1.1" 200 47 "https://umurunganews.info/wp-admin/edit.php?post_status=publish&post_type=page" "Mozilla/5.0 (Macintosh; Intel Mac OS X 10.15; rv:144.0) Gecko/20100101 Firefox/144.0"
105.178.104.206 - - [04/Nov/2025:15:22:38 +0100] "POST /wp-admin/admin-ajax.php HTTP/1.1" 200 47 "https://umurunganews.info/wp-admin/edit.php?post_status=publish&post_type=page" "Mozilla/5.0 (Macintosh; Intel Mac OS X 10.15; rv:144.0) Gecko/20100101 Firefox/144.0"
105.178.104.206 - - [04/Nov/2025:15:22:40 +0100] "POST /wp-admin/admin-ajax.php HTTP/1.1" 200 - "https://umurunganews.info/wp-admin/edit.php?post_status=publish&post_type=page" "Mozilla/5.0 (Macintosh; Intel Mac OS X 10.15; rv:144.0) Gecko/20100101 Firefox/144.0"
105.178.104.206 - - [04/Nov/2025:15:22:48 +0100] "POST /wp-admin/admin-ajax.php HTTP/1.1" 200 - "https://umurunganews.info/wp-admin/edit.php?post_status=publish&post_type=page" "Mozilla/5.0 (Macintosh; Intel Mac OS X 10.15; rv:144.0) Gecko/20100101 Firefox/144.0"
105.178.104.206 - - [04/Nov/2025:15:22:48 +0100] "POST /wp-admin/admin-ajax.php HTTP/1.1" 200 47 "https://umurunganews.info/wp-admin/edit.php?post_status=publish&post_type=page" "Mozilla/5.0 (Macintosh; Intel Mac OS X 10.15; rv:144.0) Gecko/20100101 Firefox/144.0"
105.178.104.206 - - [04/Nov/2025:15:22:40 +0100] "POST /wp-admin/admin-ajax.php HTTP/1.1" 404 81172 "https://umurunganews.info/wp-admin/edit.php?post_status=publish&post_type=page" "Mozilla/5.0 (Macintosh; Intel Mac OS X 10.15; rv:144.0) Gecko/20100101 Firefox/144.0"
105.178.104.206 - - [04/Nov/2025:15:22:57 +0100] "POST /wp-admin/admin-ajax.php HTTP/1.1" 200 - "https://umurunganews.info/wp-admin/edit.php?post_status=publish&post_type=page" "Mozilla/5.0 (Macintosh; Intel Mac OS X 10.15; rv:144.0) Gecko/20100101 Firefox/144.0"
105.178.104.206 - - [04/Nov/2025:15:23:06 +0100] "POST /wp-admin/admin-ajax.php HTTP/1.1" 200 - "https://umurunganews.info/wp-admin/edit.php?post_status=publish&post_type=page" "Mozilla/5.0 (Macintosh; Intel Mac OS X 10.15; rv:144.0) Gecko/20100101 Firefox/144.0"
105.178.104.206 - - [04/Nov/2025:15:23:09 +0100] "POST /wp-admin/admin-ajax.php HTTP/1.1" 200 47 "https://umurunganews.info/wp-admin/edit.php?post_status=publish&post_type=page" "Mozilla/5.0 (Macintosh; Intel Mac OS X 10.15; rv:144.0) Gecko/20100101 Firefox/144.0"
105.178.104.206 - - [04/Nov/2025:15:23:18 +0100] "POST /wp-admin/admin-ajax.php HTTP/1.1" 200 - "https://umurunganews.info/wp-admin/edit.php?post_status=publish&post_type=page" "Mozilla/5.0 (Macintosh; Intel Mac OS X 10.15; rv:144.0) Gecko/20100101 Firefox/144.0"
105.178.104.206 - - [04/Nov/2025:15:23:19 +0100] "POST /wp-admin/admin-ajax.php HTTP/1.1" 200 47 "https://umurunganews.info/wp-admin/edit.php?post_status=publish&post_type=page" "Mozilla/5.0 (Macintosh; Intel Mac OS X 10.15; rv:144.0) Gecko/20100101 Firefox/144.0"
105.178.104.206 - - [04/Nov/2025:15:23:26 +0100] "POST /wp-admin/admin-ajax.php HTTP/1.1" 200 - "https://umurunganews.info/wp-admin/edit.php?post_status=publish&post_type=page" "Mozilla/5.0 (Macintosh; Intel Mac OS X 10.15; rv:144.0) Gecko/20100101 Firefox/144.0"
105.178.104.206 - - [04/Nov/2025:15:23:29 +0100] "POST /wp-admin/admin-ajax.php HTTP/1.1" 200 47 "https://umurunganews.info/wp-admin/edit.php?post_status=publish&post_type=page" "Mozilla/5.0 (Macintosh; Intel Mac OS X 10.15; rv:144.0) Gecko/20100101 Firefox/144.0"
105.178.104.206 - - [04/Nov/2025:15:23:32 +0100] "POST /wp-admin/admin-ajax.php HTTP/1.1" 200 - "https://umurunganews.info/wp-admin/edit.php?post_status=publish&post_type=page" "Mozilla/5.0 (Macintosh; Intel Mac OS X 10.15; rv:144.0) Gecko/20100101 Firefox/144.0"
105.178.104.206 - - [04/Nov/2025:15:23:37 +0100] "POST /wp-admin/admin-ajax.php HTTP/1.1" 200 - "https://umurunganews.info/wp-admin/edit.php?post_status=publish&post_type=page" "Mozilla/5.0 (Macintosh; Intel Mac OS X 10.15; rv:144.0) Gecko/20100101 Firefox/144.0"
105.178.104.206 - - [04/Nov/2025:15:23:39 +0100] "POST /wp-admin/admin-ajax.php HTTP/1.1" 200 47 "https://umurunganews.info/wp-admin/edit.php?post_status=publish&post_type=page" "Mozilla/5.0 (Macintosh; Intel Mac OS X 10.15; rv:144.0) Gecko/20100101 Firefox/144.0"
105.178.104.206 - - [04/Nov/2025:15:23:43 +0100] "POST /wp-admin/admin-ajax.php HTTP/1.1" 200 - "https://umurunganews.info/wp-admin/edit.php?post_status=publish&post_type=page" "Mozilla/5.0 (Macintosh; Intel Mac OS X 10.15; rv:144.0) Gecko/20100101 Firefox/144.0"
105.178.104.206 - - [04/Nov/2025:15:23:49 +0100] "POST /wp-admin/admin-ajax.php HTTP/1.1" 200 47 "https://umurunganews.info/wp-admin/edit.php?post_status=publish&post_type=page" "Mozilla/5.0 (Macintosh; Intel Mac OS X 10.15; rv:144.0) Gecko/20100101 Firefox/144.0"
105.178.104.206 - - [04/Nov/2025:15:23:51 +0100] "POST /wp-admin/admin-ajax.php HTTP/1.1" 200 - "https://umurunganews.info/wp-admin/edit.php?post_status=publish&post_type=page" "Mozilla/5.0 (Macintosh; Intel Mac OS X 10.15; rv:144.0) Gecko/20100101 Firefox/144.0"
105.178.104.206 - - [04/Nov/2025:15:23:59 +0100] "POST /wp-admin/admin-ajax.php HTTP/1.1" 200 - "https://umurunganews.info/wp-admin/edit.php?post_status=publish&post_type=page" "Mozilla/5.0 (Macintosh; Intel Mac OS X 10.15; rv:144.0) Gecko/20100101 Firefox/144.0"
105.178.104.206 - - [04/Nov/2025:15:23:59 +0100] "POST /wp-admin/admin-ajax.php HTTP/1.1" 200 47 "https://umurunganews.info/wp-admin/edit.php?post_status=publish&post_type=page" "Mozilla/5.0 (Macintosh; Intel Mac OS X 10.15; rv:144.0) Gecko/20100101 Firefox/144.0"
105.178.104.206 - - [04/Nov/2025:15:24:08 +0100] "POST /wp-admin/admin-ajax.php HTTP/1.1" 200 - "https://umurunganews.info/wp-admin/edit.php?post_status=publish&post_type=page" "Mozilla/5.0 (Macintosh; Intel Mac OS X 10.15; rv:144.0) Gecko/20100101 Firefox/144.0"
105.178.104.206 - - [04/Nov/2025:15:24:09 +0100] "POST /wp-admin/admin-ajax.php HTTP/1.1" 200 47 "https://umurunganews.info/wp-admin/edit.php?post_status=publish&post_type=page" "Mozilla/5.0 (Macintosh; Intel Mac OS X 10.15; rv:144.0) Gecko/20100101 Firefox/144.0"
105.178.104.206 - - [04/Nov/2025:15:24:18 +0100] "POST /wp-admin/admin-ajax.php HTTP/1.1" 200 - "https://umurunganews.info/wp-admin/edit.php?post_status=publish&post_type=page" "Mozilla/5.0 (Macintosh; Intel Mac OS X 10.15; rv:144.0) Gecko/20100101 Firefox/144.0"
105.178.104.206 - - [04/Nov/2025:15:24:19 +0100] "POST /wp-admin/admin-ajax.php HTTP/1.1" 200 47 "https://umurunganews.info/wp-admin/edit.php?post_status=publish&post_type=page" "Mozilla/5.0 (Macintosh; Intel Mac OS X 10.15; rv:144.0) Gecko/20100101 Firefox/144.0"
105.178.104.206 - - [04/Nov/2025:15:24:26 +0100] "POST /wp-admin/admin-ajax.php HTTP/1.1" 200 - "https://umurunganews.info/wp-admin/edit.php?post_status=publish&post_type=page" "Mozilla/5.0 (Macintosh; Intel Mac OS X 10.15; rv:144.0) Gecko/20100101 Firefox/144.0"
105.178.104.206 - - [04/Nov/2025:15:24:35 +0100] "POST /wp-admin/admin-ajax.php HTTP/1.1" 200 - "https://umurunganews.info/wp-admin/edit.php?post_status=publish&post_type=page" "Mozilla/5.0 (Macintosh; Intel Mac OS X 10.15; rv:144.0) Gecko/20100101 Firefox/144.0"
105.178.104.206 - - [04/Nov/2025:15:24:42 +0100] "POST /wp-admin/admin-ajax.php HTTP/1.1" 200 - "https://umurunganews.info/wp-admin/edit.php?post_status=publish&post_type=page" "Mozilla/5.0 (Macintosh; Intel Mac OS X 10.15; rv:144.0) Gecko/20100101 Firefox/144.0"
105.178.104.206 - - [04/Nov/2025:15:24:50 +0100] "POST /wp-admin/admin-ajax.php HTTP/1.1" 200 - "https://umurunganews.info/wp-admin/edit.php?post_status=publish&post_type=page" "Mozilla/5.0 (Macintosh; Intel Mac OS X 10.15; rv:144.0) Gecko/20100101 Firefox/144.0"
105.178.104.206 - - [04/Nov/2025:15:25:05 +0100] "POST /wp-admin/admin-ajax.php HTTP/1.1" 200 - "https://umurunganews.info/wp-admin/edit.php?post_status=publish&post_type=page" "Mozilla/5.0 (Macintosh; Intel Mac OS X 10.15; rv:144.0) Gecko/20100101 Firefox/144.0"
105.178.104.206 - - [04/Nov/2025:15:25:14 +0100] "POST /wp-admin/admin-ajax.php HTTP/1.1" 200 - "https://umurunganews.info/wp-admin/edit.php?post_status=publish&post_type=page" "Mozilla/5.0 (Macintosh; Intel Mac OS X 10.15; rv:144.0) Gecko/20100101 Firefox/144.0"
105.178.104.206 - - [04/Nov/2025:15:25:21 +0100] "POST /wp-admin/admin-ajax.php HTTP/1.1" 200 - "https://umurunganews.info/wp-admin/edit.php?post_status=publish&post_type=page" "Mozilla/5.0 (Macintosh; Intel Mac OS X 10.15; rv:144.0) Gecko/20100101 Firefox/144.0"
105.178.104.206 - - [04/Nov/2025:15:25:35 +0100] "POST /wp-admin/admin-ajax.php HTTP/1.1" 200 - "https://umurunganews.info/wp-admin/edit.php?post_status=publish&post_type=page" "Mozilla/5.0 (Macintosh; Intel Mac OS X 10.15; rv:144.0) Gecko/20100101 Firefox/144.0"
105.178.104.206 - - [04/Nov/2025:15:26:20 +0100] "POST /wp-admin/admin-ajax.php HTTP/1.1" 200 47 "https://umurunganews.info/wp-admin/edit.php?post_status=publish&post_type=page" "Mozilla/5.0 (Macintosh; Intel Mac OS X 10.15; rv:144.0) Gecko/20100101 Firefox/144.0"
105.178.104.206 - - [04/Nov/2025:15:28:21 +0100] "POST /wp-admin/admin-ajax.php HTTP/1.1" 200 47 "https://umurunganews.info/wp-admin/edit.php?post_status=publish&post_type=page" "Mozilla/5.0 (Macintosh; Intel Mac OS X 10.15; rv:144.0) Gecko/20100101 Firefox/144.0"
2a06:98c0:3600::103 - - [04/Nov/2025:15:28:38 +0100] "GET /wp-admin/setup-config.php HTTP/1.1" 404 48802 "-" "Mozilla/5.0 (Windows NT 10.0; Win64; x64) AppleWebKit/537.36 (KHTML, like Gecko) Chrome/140.0.0.0 Safari/537.36"
105.178.104.206 - - [04/Nov/2025:15:30:22 +0100] "POST /wp-admin/admin-ajax.php HTTP/1.1" 200 47 "https://umurunganews.info/wp-admin/edit.php?post_status=publish&post_type=page" "Mozilla/5.0 (Macintosh; Intel Mac OS X 10.15; rv:144.0) Gecko/20100101 Firefox/144.0"
2a06:98c0:3600::103 - - [04/Nov/2025:15:31:02 +0100] "GET /wordpress/wp-admin/setup-config.php HTTP/1.1" 404 48842 "-" "Mozilla/5.0 (Windows NT 10.0; Win64; x64) AppleWebKit/537.36 (KHTML, like Gecko) Chrome/140.0.0.0 Safari/537.36"
105.178.104.206 - - [04/Nov/2025:15:32:22 +0100] "POST /wp-admin/admin-ajax.php HTTP/1.1" 200 47 "https://umurunganews.info/wp-admin/edit.php?post_status=publish&post_type=page" "Mozilla/5.0 (Macintosh; Intel Mac OS X 10.15; rv:144.0) Gecko/20100101 Firefox/144.0"
105.178.104.206 - - [04/Nov/2025:15:34:23 +0100] "POST /wp-admin/admin-ajax.php HTTP/1.1" 200 47 "https://umurunganews.info/wp-admin/edit.php?post_status=publish&post_type=page" "Mozilla/5.0 (Macintosh; Intel Mac OS X 10.15; rv:144.0) Gecko/20100101 Firefox/144.0"
207.180.227.180 - - [04/Nov/2025:15:48:25 +0100] "POST /wp-cron.php?doing_wp_cron=1762267705.1067950725555419921875 HTTP/1.1" 200 - "-" "WordPress/6.8.3; https://umurunganews.info"
2a06:98c0:3600::103 - - [04/Nov/2025:15:48:19 +0100] "GET /wordpress/wp-admin/setup-config.php HTTP/1.1" 404 48802 "-" "Mozilla/5.0 (Windows NT 10.0; Win64; x64) AppleWebKit/537.36 (KHTML, like Gecko) Chrome/140.0.0.0 Safari/537.36"
170.106.165.186 - - [04/Nov/2025:16:04:15 +0100] "GET / HTTP/1.1" 200 129542 "http://www.umurunganews.info" "Mozilla/5.0 (iPhone; CPU iPhone OS 13_2_3 like Mac OS X) AppleWebKit/605.1.15 (KHTML, like Gecko) Version/13.0.3 Mobile/15E148 Safari/604.1"
197.157.135.35 - - [04/Nov/2025:16:05:41 +0100] "GET /wp-admin/ HTTP/1.1" 302 - "-" "Mozilla/5.0 (Linux; Android 10; K) AppleWebKit/537.36 (KHTML, like Gecko) Chrome/141.0.0.0 Mobile Safari/537.36"
207.180.227.180 - - [04/Nov/2025:16:05:47 +0100] "POST /wp-cron.php?doing_wp_cron=1762268747.0155289173126220703125 HTTP/1.1" 200 - "-" "WordPress/6.8.3; https://umurunganews.info"
197.157.135.35 - - [04/Nov/2025:16:05:44 +0100] "GET /wp-login.php?redirect_to=https%3A%2F%2Fumurunganews.info%2Fwp-admin%2F&reauth=1 HTTP/1.1" 200 5547 "-" "Mozilla/5.0 (Linux; Android 10; K) AppleWebKit/537.36 (KHTML, like Gecko) Chrome/141.0.0.0 Mobile Safari/537.36"
197.157.135.35 - - [04/Nov/2025:16:05:50 +0100] "GET /wp-includes/js/dist/i18n.min.js?ver=5e580eb46a90c2b997e6 HTTP/1.1" 200 9141 "https://umurunganews.info/wp-login.php?redirect_to=https%3A%2F%2Fumurunganews.info%2Fwp-admin%2F&reauth=1" "Mozilla/5.0 (Linux; Android 10; K) AppleWebKit/537.36 (KHTML, like Gecko) Chrome/141.0.0.0 Mobile Safari/537.36"
197.157.135.35 - - [04/Nov/2025:16:05:50 +0100] "GET /wp-admin/js/password-strength-meter.min.js?ver=6.8.3 HTTP/1.1" 200 1123 "https://umurunganews.info/wp-login.php?redirect_to=https%3A%2F%2Fumurunganews.info%2Fwp-admin%2F&reauth=1" "Mozilla/5.0 (Linux; Android 10; K) AppleWebKit/537.36 (KHTML, like Gecko) Chrome/141.0.0.0 Mobile Safari/537.36"
197.157.135.35 - - [04/Nov/2025:16:05:50 +0100] "GET /wp-includes/js/underscore.min.js?ver=1.13.7 HTTP/1.1" 200 18905 "https://umurunganews.info/wp-login.php?redirect_to=https%3A%2F%2Fumurunganews.info%2Fwp-admin%2F&reauth=1" "Mozilla/5.0 (Linux; Android 10; K) AppleWebKit/537.36 (KHTML, like Gecko) Chrome/141.0.0.0 Mobile Safari/537.36"
197.157.135.35 - - [04/Nov/2025:16:05:50 +0100] "GET /wp-includes/js/wp-util.min.js?ver=6.8.3 HTTP/1.1" 200 1426 "https://umurunganews.info/wp-login.php?redirect_to=https%3A%2F%2Fumurunganews.info%2Fwp-admin%2F&reauth=1" "Mozilla/5.0 (Linux; Android 10; K) AppleWebKit/537.36 (KHTML, like Gecko) Chrome/141.0.0.0 Mobile Safari/537.36"
197.157.135.35 - - [04/Nov/2025:16:05:51 +0100] "GET /wp-includes/js/dist/dom-ready.min.js?ver=f77871ff7694fffea381 HTTP/1.1" 200 457 "https://umurunganews.info/wp-login.php?redirect_to=https%3A%2F%2Fumurunganews.info%2Fwp-admin%2F&reauth=1" "Mozilla/5.0 (Linux; Android 10; K) AppleWebKit/537.36 (KHTML, like Gecko) Chrome/141.0.0.0 Mobile Safari/537.36"
197.157.135.35 - - [04/Nov/2025:16:05:50 +0100] "GET /wp-admin/load-styles.php?c=1&dir=ltr&load%5Bchunk_0%5D=dashicons,buttons,forms,l10n,login&ver=6.8.3 HTTP/1.1" 200 103138 "https://umurunganews.info/wp-login.php?redirect_to=https%3A%2F%2Fumurunganews.info%2Fwp-admin%2F&reauth=1" "Mozilla/5.0 (Linux; Android 10; K) AppleWebKit/537.36 (KHTML, like Gecko) Chrome/141.0.0.0 Mobile Safari/537.36"
197.157.135.35 - - [04/Nov/2025:16:05:51 +0100] "GET /wp-includes/js/dist/a11y.min.js?ver=3156534cc54473497e14 HTTP/1.1" 200 2358 "https://umurunganews.info/wp-login.php?redirect_to=https%3A%2F%2Fumurunganews.info%2Fwp-admin%2F&reauth=1" "Mozilla/5.0 (Linux; Android 10; K) AppleWebKit/537.36 (KHTML, like Gecko) Chrome/141.0.0.0 Mobile Safari/537.36"
197.157.135.35 - - [04/Nov/2025:16:05:51 +0100] "GET /wp-admin/js/user-profile.min.js?ver=6.8.3 HTTP/1.1" 200 6862 "https://umurunganews.info/wp-login.php?redirect_to=https%3A%2F%2Fumurunganews.info%2Fwp-admin%2F&reauth=1" "Mozilla/5.0 (Linux; Android 10; K) AppleWebKit/537.36 (KHTML, like Gecko) Chrome/141.0.0.0 Mobile Safari/537.36"
197.157.135.35 - - [04/Nov/2025:16:05:53 +0100] "GET /wp-admin/images/wordpress-logo.svg?ver=20131107 HTTP/1.1" 200 1521 "https://umurunganews.info/wp-admin/load-styles.php?c=1&dir=ltr&load%5Bchunk_0%5D=dashicons,buttons,forms,l10n,login&ver=6.8.3" "Mozilla/5.0 (Linux; Android 10; K) AppleWebKit/537.36 (KHTML, like Gecko) Chrome/141.0.0.0 Mobile Safari/537.36"
197.157.135.35 - - [04/Nov/2025:16:05:50 +0100] "GET /wp-admin/load-scripts.php?c=1&load%5Bchunk_0%5D=clipboard,jquery-core,jquery-migrate,zxcvbn-async,wp-hooks&ver=6.8.3 HTTP/1.1" 200 115271 "https://umurunganews.info/wp-login.php?redirect_to=https%3A%2F%2Fumurunganews.info%2Fwp-admin%2F&reauth=1" "Mozilla/5.0 (Linux; Android 10; K) AppleWebKit/537.36 (KHTML, like Gecko) Chrome/141.0.0.0 Mobile Safari/537.36"
197.157.135.35 - - [04/Nov/2025:16:05:54 +0100] "GET /wp-content/uploads/2025/11/cropped-Untitled_21-removebg-preview1-192x192.png HTTP/1.1" 200 31260 "https://umurunganews.info/wp-login.php?redirect_to=https%3A%2F%2Fumurunganews.info%2Fwp-admin%2F&reauth=1" "Mozilla/5.0 (Linux; Android 10; K) AppleWebKit/537.36 (KHTML, like Gecko) Chrome/141.0.0.0 Mobile Safari/537.36"
197.157.135.35 - - [04/Nov/2025:16:05:54 +0100] "GET /wp-content/uploads/2025/11/cropped-Untitled_21-removebg-preview1-180x180.png HTTP/1.1" 200 28290 "https://umurunganews.info/wp-login.php?redirect_to=https%3A%2F%2Fumurunganews.info%2Fwp-admin%2F&reauth=1" "Mozilla/5.0 (Linux; Android 10; K) AppleWebKit/537.36 (KHTML, like Gecko) Chrome/141.0.0.0 Mobile Safari/537.36"
197.157.135.35 - - [04/Nov/2025:16:05:54 +0100] "GET /wp-includes/js/zxcvbn.min.js HTTP/1.1" 200 822237 "https://umurunganews.info/wp-login.php?redirect_to=https%3A%2F%2Fumurunganews.info%2Fwp-admin%2F&reauth=1" "Mozilla/5.0 (Linux; Android 10; K) AppleWebKit/537.36 (KHTML, like Gecko) Chrome/141.0.0.0 Mobile Safari/537.36"
2a06:98c0:3600::103 - - [04/Nov/2025:16:12:12 +0100] "GET /wp-admin/setup-config.php HTTP/1.1" 404 48807 "-" "Mozilla/5.0 (Windows NT 10.0; Win64; x64) AppleWebKit/537.36 (KHTML, like Gecko) Chrome/140.0.0.0 Safari/537.36"
142.93.71.206 - - [04/Nov/2025:16:19:53 +0100] "GET / HTTP/1.1" 301 - "-" "Mozilla/5.0 (X11; Linux x86_64; rv:139.0) Gecko/20100101 Firefox/139.0"
142.93.71.206 - - [04/Nov/2025:16:19:58 +0100] "GET /favicon.ico HTTP/1.1" 302 - "https://www.umurunganews.info.umurunga.com/" "Mozilla/5.0 (X11; Linux x86_64; rv:139.0) Gecko/20100101 Firefox/139.0"
2a06:98c0:3600::103 - - [04/Nov/2025:16:30:39 +0100] "GET /wordpress/wp-admin/setup-config.php HTTP/1.1" 404 48802 "-" "Mozilla/5.0 (Windows NT 10.0; Win64; x64) AppleWebKit/537.36 (KHTML, like Gecko) Chrome/140.0.0.0 Safari/537.36"
178.16.54.100 - - [04/Nov/2025:16:44:43 +0100] "GET /wp-login.php HTTP/1.1" 200 5547 "-" "Mozilla/5.0 (Windows NT 10.0; WOW64) AppleWebKit/537.36 (KHTML, like Gecko) Chrome/75.0.3770.100 Safari/537.36"
216.73.216.46 - - [04/Nov/2025:16:52:49 +0100] "GET /robots.txt HTTP/1.1" 200 69 "-" "Mozilla/5.0 AppleWebKit/537.36 (KHTML, like Gecko; compatible; ClaudeBot/1.0; +claudebot@anthropic.com)"
216.73.216.46 - - [04/Nov/2025:16:52:49 +0100] "GET /test1.php HTTP/1.1" 200 114420 "-" "Mozilla/5.0 AppleWebKit/537.36 (KHTML, like Gecko; compatible; ClaudeBot/1.0; +claudebot@anthropic.com)"
216.73.216.46 - - [04/Nov/2025:16:53:26 +0100] "GET /?C=N&O=D HTTP/1.1" 200 129547 "-" "Mozilla/5.0 AppleWebKit/537.36 (KHTML, like Gecko; compatible; ClaudeBot/1.0; +claudebot@anthropic.com)"
2a06:98c0:3600::103 - - [04/Nov/2025:16:54:19 +0100] "GET /wordpress/wp-admin/setup-config.php HTTP/1.1" 404 48815 "-" "Mozilla/5.0 (Windows NT 10.0; Win64; x64) AppleWebKit/537.36 (KHTML, like Gecko) Chrome/140.0.0.0 Safari/537.36"
216.73.216.46 - - [04/Nov/2025:16:54:26 +0100] "GET /lc.php HTTP/1.1" 200 32806 "-" "Mozilla/5.0 AppleWebKit/537.36 (KHTML, like Gecko; compatible; ClaudeBot/1.0; +claudebot@anthropic.com)"
216.73.216.46 - - [04/Nov/2025:16:55:36 +0100] "GET /item.php HTTP/1.1" 200 39871 "-" "Mozilla/5.0 AppleWebKit/537.36 (KHTML, like Gecko; compatible; ClaudeBot/1.0; +claudebot@anthropic.com)"
216.73.216.46 - - [04/Nov/2025:16:55:37 +0100] "GET /test2.php HTTP/1.1" 200 33251 "-" "Mozilla/5.0 AppleWebKit/537.36 (KHTML, like Gecko; compatible; ClaudeBot/1.0; +claudebot@anthropic.com)"
216.73.216.46 - - [04/Nov/2025:16:55:37 +0100] "GET /asax.php HTTP/1.1" 302 - "-" "Mozilla/5.0 AppleWebKit/537.36 (KHTML, like Gecko; compatible; ClaudeBot/1.0; +claudebot@anthropic.com)"
216.73.216.46 - - [04/Nov/2025:16:55:38 +0100] "GET /asax.php?p= HTTP/1.1" 200 113166 "https://umurunganews.info/asax.php" "Mozilla/5.0 AppleWebKit/537.36 (KHTML, like Gecko; compatible; ClaudeBot/1.0; +claudebot@anthropic.com)"
207.180.227.180 - - [04/Nov/2025:16:56:16 +0100] "POST /wp-cron.php?doing_wp_cron=1762271776.3130960464477539062500 HTTP/1.1" 200 - "-" "WordPress/6.8.3; https://umurunganews.info"
216.73.216.46 - - [04/Nov/2025:16:56:11 +0100] "GET /?C=S&O=A HTTP/1.1" 200 129542 "-" "Mozilla/5.0 AppleWebKit/537.36 (KHTML, like Gecko; compatible; ClaudeBot/1.0; +claudebot@anthropic.com)"
216.73.216.46 - - [04/Nov/2025:16:57:00 +0100] "GET /?C=M&O=A HTTP/1.1" 200 129582 "-" "Mozilla/5.0 AppleWebKit/537.36 (KHTML, like Gecko; compatible; ClaudeBot/1.0; +claudebot@anthropic.com)"
216.73.216.46 - - [04/Nov/2025:16:57:48 +0100] "GET /admin.php HTTP/1.1" 200 12 "-" "Mozilla/5.0 AppleWebKit/537.36 (KHTML, like Gecko; compatible; ClaudeBot/1.0; +claudebot@anthropic.com)"
216.73.216.46 - - [04/Nov/2025:17:00:42 +0100] "GET /Noname10.php HTTP/1.1" 200 187769 "-" "Mozilla/5.0 AppleWebKit/537.36 (KHTML, like Gecko; compatible; ClaudeBot/1.0; +claudebot@anthropic.com)"
216.73.216.46 - - [04/Nov/2025:17:01:20 +0100] "GET /robots.txt HTTP/1.1" 200 69 "-" "Mozilla/5.0 AppleWebKit/537.36 (KHTML, like Gecko; compatible; ClaudeBot/1.0; +claudebot@anthropic.com)"
216.73.216.46 - - [04/Nov/2025:17:01:18 +0100] "GET /?C=D&O=A HTTP/1.1" 200 129555 "-" "Mozilla/5.0 AppleWebKit/537.36 (KHTML, like Gecko; compatible; ClaudeBot/1.0; +claudebot@anthropic.com)"
34.90.130.141 - - [04/Nov/2025:17:07:25 +0100] "GET / HTTP/1.1" 200 129534 "-" "Mozilla/5.0 (Windows NT 10.0; Win64; x64) AppleWebKit/537.36 (KHTML, like Gecko) Chrome/78.0.3904.108 Safari/537.36"
34.90.130.141 - - [04/Nov/2025:17:07:38 +0100] "GET //wp-includes/wlwmanifest.xml HTTP/1.1" 301 - "-" "Mozilla/5.0 (Windows NT 10.0; Win64; x64) AppleWebKit/537.36 (KHTML, like Gecko) Chrome/78.0.3904.108 Safari/537.36"
34.90.130.141 - - [04/Nov/2025:17:07:42 +0100] "GET //xmlrpc.php?rsd HTTP/1.1" 200 817 "-" "Mozilla/5.0 (Windows NT 10.0; Win64; x64) AppleWebKit/537.36 (KHTML, like Gecko) Chrome/78.0.3904.108 Safari/537.36"
34.90.130.141 - - [04/Nov/2025:17:07:49 +0100] "GET //?author=1 HTTP/1.1" 301 - "-" "Mozilla/5.0 (Windows NT 10.0; Win64; x64) AppleWebKit/537.36 (KHTML, like Gecko) Chrome/78.0.3904.108 Safari/537.36"
34.90.130.141 - - [04/Nov/2025:17:07:56 +0100] "GET //?author=2 HTTP/1.1" 301 - "-" "Mozilla/5.0 (Windows NT 10.0; Win64; x64) AppleWebKit/537.36 (KHTML, like Gecko) Chrome/78.0.3904.108 Safari/537.36"
34.90.130.141 - - [04/Nov/2025:17:08:03 +0100] "GET //wp-json/wp/v2/users/ HTTP/1.1" 200 6337 "-" "Mozilla/5.0 (Windows NT 10.0; Win64; x64) AppleWebKit/537.36 (KHTML, like Gecko) Chrome/78.0.3904.108 Safari/537.36"
34.90.130.141 - - [04/Nov/2025:17:08:11 +0100] "GET //wp-json/oembed/1.0/embed?url=https://umurunganews.info/ HTTP/1.1" 200 2610 "-" "Mozilla/5.0 (Windows NT 10.0; Win64; x64) AppleWebKit/537.36 (KHTML, like Gecko) Chrome/78.0.3904.108 Safari/537.36"
34.90.130.141 - - [04/Nov/2025:17:08:16 +0100] "POST //xmlrpc.php HTTP/1.1" 200 401 "-" "Mozilla/5.0 (Windows NT 10.0; Win64; x64) AppleWebKit/537.36 (KHTML, like Gecko) Chrome/78.0.3904.108 Safari/537.36"
34.90.130.141 - - [04/Nov/2025:17:08:21 +0100] "POST //xmlrpc.php HTTP/1.1" 200 401 "-" "Mozilla/5.0 (Windows NT 10.0; Win64; x64) AppleWebKit/537.36 (KHTML, like Gecko) Chrome/78.0.3904.108 Safari/537.36"
34.90.130.141 - - [04/Nov/2025:17:08:26 +0100] "POST //xmlrpc.php HTTP/1.1" 200 401 "-" "Mozilla/5.0 (Windows NT 10.0; Win64; x64) AppleWebKit/537.36 (KHTML, like Gecko) Chrome/78.0.3904.108 Safari/537.36"
34.90.130.141 - - [04/Nov/2025:17:08:30 +0100] "POST //xmlrpc.php HTTP/1.1" 200 401 "-" "Mozilla/5.0 (Windows NT 10.0; Win64; x64) AppleWebKit/537.36 (KHTML, like Gecko) Chrome/78.0.3904.108 Safari/537.36"
34.90.130.141 - - [04/Nov/2025:17:08:36 +0100] "POST //xmlrpc.php HTTP/1.1" 200 401 "-" "Mozilla/5.0 (Windows NT 10.0; Win64; x64) AppleWebKit/537.36 (KHTML, like Gecko) Chrome/78.0.3904.108 Safari/537.36"
34.90.130.141 - - [04/Nov/2025:17:08:41 +0100] "POST //xmlrpc.php HTTP/1.1" 200 401 "-" "Mozilla/5.0 (Windows NT 10.0; Win64; x64) AppleWebKit/537.36 (KHTML, like Gecko) Chrome/78.0.3904.108 Safari/537.36"
34.90.130.141 - - [04/Nov/2025:17:08:50 +0100] "POST //xmlrpc.php HTTP/1.1" 200 401 "-" "Mozilla/5.0 (Windows NT 10.0; Win64; x64) AppleWebKit/537.36 (KHTML, like Gecko) Chrome/78.0.3904.108 Safari/537.36"
34.90.130.141 - - [04/Nov/2025:17:08:55 +0100] "POST //xmlrpc.php HTTP/1.1" 200 401 "-" "Mozilla/5.0 (Windows NT 10.0; Win64; x64) AppleWebKit/537.36 (KHTML, like Gecko) Chrome/78.0.3904.108 Safari/537.36"
34.90.130.141 - - [04/Nov/2025:17:09:00 +0100] "POST //xmlrpc.php HTTP/1.1" 200 401 "-" "Mozilla/5.0 (Windows NT 10.0; Win64; x64) AppleWebKit/537.36 (KHTML, like Gecko) Chrome/78.0.3904.108 Safari/537.36"
34.90.130.141 - - [04/Nov/2025:17:09:06 +0100] "POST //xmlrpc.php HTTP/1.1" 200 401 "-" "Mozilla/5.0 (Windows NT 10.0; Win64; x64) AppleWebKit/537.36 (KHTML, like Gecko) Chrome/78.0.3904.108 Safari/537.36"
34.90.130.141 - - [04/Nov/2025:17:09:12 +0100] "POST //xmlrpc.php HTTP/1.1" 200 401 "-" "Mozilla/5.0 (Windows NT 10.0; Win64; x64) AppleWebKit/537.36 (KHTML, like Gecko) Chrome/78.0.3904.108 Safari/537.36"
34.90.130.141 - - [04/Nov/2025:17:09:17 +0100] "POST //xmlrpc.php HTTP/1.1" 200 401 "-" "Mozilla/5.0 (Windows NT 10.0; Win64; x64) AppleWebKit/537.36 (KHTML, like Gecko) Chrome/78.0.3904.108 Safari/537.36"
34.90.130.141 - - [04/Nov/2025:17:09:22 +0100] "POST //xmlrpc.php HTTP/1.1" 200 401 "-" "Mozilla/5.0 (Windows NT 10.0; Win64; x64) AppleWebKit/537.36 (KHTML, like Gecko) Chrome/78.0.3904.108 Safari/537.36"
34.90.130.141 - - [04/Nov/2025:17:09:27 +0100] "POST //xmlrpc.php HTTP/1.1" 200 401 "-" "Mozilla/5.0 (Windows NT 10.0; Win64; x64) AppleWebKit/537.36 (KHTML, like Gecko) Chrome/78.0.3904.108 Safari/537.36"
34.90.130.141 - - [04/Nov/2025:17:09:32 +0100] "POST //xmlrpc.php HTTP/1.1" 200 401 "-" "Mozilla/5.0 (Windows NT 10.0; Win64; x64) AppleWebKit/537.36 (KHTML, like Gecko) Chrome/78.0.3904.108 Safari/537.36"
34.90.130.141 - - [04/Nov/2025:17:09:35 +0100] "POST //xmlrpc.php HTTP/1.1" 200 401 "-" "Mozilla/5.0 (Windows NT 10.0; Win64; x64) AppleWebKit/537.36 (KHTML, like Gecko) Chrome/78.0.3904.108 Safari/537.36"
34.90.130.141 - - [04/Nov/2025:17:09:38 +0100] "POST //xmlrpc.php HTTP/1.1" 200 401 "-" "Mozilla/5.0 (Windows NT 10.0; Win64; x64) AppleWebKit/537.36 (KHTML, like Gecko) Chrome/78.0.3904.108 Safari/537.36"
34.90.130.141 - - [04/Nov/2025:17:09:42 +0100] "POST //xmlrpc.php HTTP/1.1" 200 401 "-" "Mozilla/5.0 (Windows NT 10.0; Win64; x64) AppleWebKit/537.36 (KHTML, like Gecko) Chrome/78.0.3904.108 Safari/537.36"
34.90.130.141 - - [04/Nov/2025:17:09:46 +0100] "POST //xmlrpc.php HTTP/1.1" 200 401 "-" "Mozilla/5.0 (Windows NT 10.0; Win64; x64) AppleWebKit/537.36 (KHTML, like Gecko) Chrome/78.0.3904.108 Safari/537.36"
34.90.130.141 - - [04/Nov/2025:17:09:51 +0100] "POST //xmlrpc.php HTTP/1.1" 200 401 "-" "Mozilla/5.0 (Windows NT 10.0; Win64; x64) AppleWebKit/537.36 (KHTML, like Gecko) Chrome/78.0.3904.108 Safari/537.36"
34.90.130.141 - - [04/Nov/2025:17:09:55 +0100] "POST //xmlrpc.php HTTP/1.1" 200 401 "-" "Mozilla/5.0 (Windows NT 10.0; Win64; x64) AppleWebKit/537.36 (KHTML, like Gecko) Chrome/78.0.3904.108 Safari/537.36"
34.90.130.141 - - [04/Nov/2025:17:09:59 +0100] "POST //xmlrpc.php HTTP/1.1" 200 401 "-" "Mozilla/5.0 (Windows NT 10.0; Win64; x64) AppleWebKit/537.36 (KHTML, like Gecko) Chrome/78.0.3904.108 Safari/537.36"
34.90.130.141 - - [04/Nov/2025:17:10:04 +0100] "POST //xmlrpc.php HTTP/1.1" 200 401 "-" "Mozilla/5.0 (Windows NT 10.0; Win64; x64) AppleWebKit/537.36 (KHTML, like Gecko) Chrome/78.0.3904.108 Safari/537.36"
34.90.130.141 - - [04/Nov/2025:17:10:09 +0100] "POST //xmlrpc.php HTTP/1.1" 200 401 "-" "Mozilla/5.0 (Windows NT 10.0; Win64; x64) AppleWebKit/537.36 (KHTML, like Gecko) Chrome/78.0.3904.108 Safari/537.36"
34.90.130.141 - - [04/Nov/2025:17:10:13 +0100] "POST //xmlrpc.php HTTP/1.1" 200 401 "-" "Mozilla/5.0 (Windows NT 10.0; Win64; x64) AppleWebKit/537.36 (KHTML, like Gecko) Chrome/78.0.3904.108 Safari/537.36"
34.90.130.141 - - [04/Nov/2025:17:10:17 +0100] "POST //xmlrpc.php HTTP/1.1" 200 401 "-" "Mozilla/5.0 (Windows NT 10.0; Win64; x64) AppleWebKit/537.36 (KHTML, like Gecko) Chrome/78.0.3904.108 Safari/537.36"
34.90.130.141 - - [04/Nov/2025:17:10:20 +0100] "POST //xmlrpc.php HTTP/1.1" 200 401 "-" "Mozilla/5.0 (Windows NT 10.0; Win64; x64) AppleWebKit/537.36 (KHTML, like Gecko) Chrome/78.0.3904.108 Safari/537.36"
34.90.130.141 - - [04/Nov/2025:17:10:24 +0100] "POST //xmlrpc.php HTTP/1.1" 200 401 "-" "Mozilla/5.0 (Windows NT 10.0; Win64; x64) AppleWebKit/537.36 (KHTML, like Gecko) Chrome/78.0.3904.108 Safari/537.36"
34.90.130.141 - - [04/Nov/2025:17:10:28 +0100] "POST //xmlrpc.php HTTP/1.1" 200 401 "-" "Mozilla/5.0 (Windows NT 10.0; Win64; x64) AppleWebKit/537.36 (KHTML, like Gecko) Chrome/78.0.3904.108 Safari/537.36"
34.90.130.141 - - [04/Nov/2025:17:10:31 +0100] "POST //xmlrpc.php HTTP/1.1" 200 401 "-" "Mozilla/5.0 (Windows NT 10.0; Win64; x64) AppleWebKit/537.36 (KHTML, like Gecko) Chrome/78.0.3904.108 Safari/537.36"
34.90.130.141 - - [04/Nov/2025:17:10:34 +0100] "POST //xmlrpc.php HTTP/1.1" 200 401 "-" "Mozilla/5.0 (Windows NT 10.0; Win64; x64) AppleWebKit/537.36 (KHTML, like Gecko) Chrome/78.0.3904.108 Safari/537.36"
207.180.227.180 - - [04/Nov/2025:17:10:40 +0100] "POST /wp-cron.php?doing_wp_cron=1762272640.2206740379333496093750 HTTP/1.1" 200 - "-" "WordPress/6.8.3; https://umurunganews.info"
34.90.130.141 - - [04/Nov/2025:17:10:37 +0100] "POST //xmlrpc.php HTTP/1.1" 200 401 "-" "Mozilla/5.0 (Windows NT 10.0; Win64; x64) AppleWebKit/537.36 (KHTML, like Gecko) Chrome/78.0.3904.108 Safari/537.36"
34.90.130.141 - - [04/Nov/2025:17:10:41 +0100] "POST //xmlrpc.php HTTP/1.1" 200 401 "-" "Mozilla/5.0 (Windows NT 10.0; Win64; x64) AppleWebKit/537.36 (KHTML, like Gecko) Chrome/78.0.3904.108 Safari/537.36"
34.90.130.141 - - [04/Nov/2025:17:10:46 +0100] "POST //xmlrpc.php HTTP/1.1" 200 401 "-" "Mozilla/5.0 (Windows NT 10.0; Win64; x64) AppleWebKit/537.36 (KHTML, like Gecko) Chrome/78.0.3904.108 Safari/537.36"
34.90.130.141 - - [04/Nov/2025:17:10:52 +0100] "POST //xmlrpc.php HTTP/1.1" 200 401 "-" "Mozilla/5.0 (Windows NT 10.0; Win64; x64) AppleWebKit/537.36 (KHTML, like Gecko) Chrome/78.0.3904.108 Safari/537.36"
34.90.130.141 - - [04/Nov/2025:17:10:57 +0100] "POST //xmlrpc.php HTTP/1.1" 200 401 "-" "Mozilla/5.0 (Windows NT 10.0; Win64; x64) AppleWebKit/537.36 (KHTML, like Gecko) Chrome/78.0.3904.108 Safari/537.36"
34.90.130.141 - - [04/Nov/2025:17:11:01 +0100] "POST //xmlrpc.php HTTP/1.1" 200 401 "-" "Mozilla/5.0 (Windows NT 10.0; Win64; x64) AppleWebKit/537.36 (KHTML, like Gecko) Chrome/78.0.3904.108 Safari/537.36"
34.90.130.141 - - [04/Nov/2025:17:11:07 +0100] "POST //xmlrpc.php HTTP/1.1" 200 401 "-" "Mozilla/5.0 (Windows NT 10.0; Win64; x64) AppleWebKit/537.36 (KHTML, like Gecko) Chrome/78.0.3904.108 Safari/537.36"
197.157.165.125 - - [04/Nov/2025:17:11:08 +0100] "GET /wp-admin/ HTTP/1.1" 302 - "-" "Mozilla/5.0 (Linux; Android 10; K) AppleWebKit/537.36 (KHTML, like Gecko) Chrome/141.0.0.0 Mobile Safari/537.36"
34.90.130.141 - - [04/Nov/2025:17:11:12 +0100] "POST //xmlrpc.php HTTP/1.1" 200 401 "-" "Mozilla/5.0 (Windows NT 10.0; Win64; x64) AppleWebKit/537.36 (KHTML, like Gecko) Chrome/78.0.3904.108 Safari/537.36"
2a06:98c0:3600::103 - - [04/Nov/2025:17:11:11 +0100] "GET /wordpress/wp-admin/setup-config.php HTTP/1.1" 404 48802 "-" "Mozilla/5.0 (Windows NT 10.0; Win64; x64) AppleWebKit/537.36 (KHTML, like Gecko) Chrome/140.0.0.0 Safari/537.36"
197.157.165.125 - - [04/Nov/2025:17:11:17 +0100] "GET /wp-login.php?redirect_to=https%3A%2F%2Fumurunganews.info%2Fwp-admin%2F&reauth=1 HTTP/1.1" 200 5547 "-" "Mozilla/5.0 (Linux; Android 10; K) AppleWebKit/537.36 (KHTML, like Gecko) Chrome/141.0.0.0 Mobile Safari/537.36"
197.157.165.125 - - [04/Nov/2025:17:11:22 +0100] "GET /wp-includes/js/zxcvbn.min.js HTTP/1.1" 206 1 "https://umurunganews.info/wp-login.php?redirect_to=https%3A%2F%2Fumurunganews.info%2Fwp-admin%2F&reauth=1" "Mozilla/5.0 (Linux; Android 10; K) AppleWebKit/537.36 (KHTML, like Gecko) Chrome/141.0.0.0 Mobile Safari/537.36"
197.157.165.125 - - [04/Nov/2025:17:11:22 +0100] "GET /wp-includes/js/zxcvbn.min.js HTTP/1.1" 206 742295 "https://umurunganews.info/wp-login.php?redirect_to=https%3A%2F%2Fumurunganews.info%2Fwp-admin%2F&reauth=1" "Mozilla/5.0 (Linux; Android 10; K) AppleWebKit/537.36 (KHTML, like Gecko) Chrome/141.0.0.0 Mobile Safari/537.36"
34.90.130.141 - - [04/Nov/2025:17:11:19 +0100] "POST //xmlrpc.php HTTP/1.1" 200 401 "-" "Mozilla/5.0 (Windows NT 10.0; Win64; x64) AppleWebKit/537.36 (KHTML, like Gecko) Chrome/78.0.3904.108 Safari/537.36"
34.90.130.141 - - [04/Nov/2025:17:11:27 +0100] "POST //xmlrpc.php HTTP/1.1" 200 401 "-" "Mozilla/5.0 (Windows NT 10.0; Win64; x64) AppleWebKit/537.36 (KHTML, like Gecko) Chrome/78.0.3904.108 Safari/537.36"
34.90.130.141 - - [04/Nov/2025:17:11:35 +0100] "POST //xmlrpc.php HTTP/1.1" 200 401 "-" "Mozilla/5.0 (Windows NT 10.0; Win64; x64) AppleWebKit/537.36 (KHTML, like Gecko) Chrome/78.0.3904.108 Safari/537.36"
34.90.130.141 - - [04/Nov/2025:17:11:39 +0100] "POST //xmlrpc.php HTTP/1.1" 200 401 "-" "Mozilla/5.0 (Windows NT 10.0; Win64; x64) AppleWebKit/537.36 (KHTML, like Gecko) Chrome/78.0.3904.108 Safari/537.36"
34.90.130.141 - - [04/Nov/2025:17:11:47 +0100] "POST //xmlrpc.php HTTP/1.1" 200 401 "-" "Mozilla/5.0 (Windows NT 10.0; Win64; x64) AppleWebKit/537.36 (KHTML, like Gecko) Chrome/78.0.3904.108 Safari/537.36"
34.90.130.141 - - [04/Nov/2025:17:11:54 +0100] "POST //xmlrpc.php HTTP/1.1" 200 401 "-" "Mozilla/5.0 (Windows NT 10.0; Win64; x64) AppleWebKit/537.36 (KHTML, like Gecko) Chrome/78.0.3904.108 Safari/537.36"
34.90.130.141 - - [04/Nov/2025:17:12:00 +0100] "POST //xmlrpc.php HTTP/1.1" 200 401 "-" "Mozilla/5.0 (Windows NT 10.0; Win64; x64) AppleWebKit/537.36 (KHTML, like Gecko) Chrome/78.0.3904.108 Safari/537.36"
34.90.130.141 - - [04/Nov/2025:17:12:06 +0100] "POST //xmlrpc.php HTTP/1.1" 200 401 "-" "Mozilla/5.0 (Windows NT 10.0; Win64; x64) AppleWebKit/537.36 (KHTML, like Gecko) Chrome/78.0.3904.108 Safari/537.36"
34.90.130.141 - - [04/Nov/2025:17:12:12 +0100] "POST //xmlrpc.php HTTP/1.1" 200 401 "-" "Mozilla/5.0 (Windows NT 10.0; Win64; x64) AppleWebKit/537.36 (KHTML, like Gecko) Chrome/78.0.3904.108 Safari/537.36"
34.90.130.141 - - [04/Nov/2025:17:12:17 +0100] "POST //xmlrpc.php HTTP/1.1" 200 401 "-" "Mozilla/5.0 (Windows NT 10.0; Win64; x64) AppleWebKit/537.36 (KHTML, like Gecko) Chrome/78.0.3904.108 Safari/537.36"
34.90.130.141 - - [04/Nov/2025:17:12:22 +0100] "POST //xmlrpc.php HTTP/1.1" 200 401 "-" "Mozilla/5.0 (Windows NT 10.0; Win64; x64) AppleWebKit/537.36 (KHTML, like Gecko) Chrome/78.0.3904.108 Safari/537.36"
34.90.130.141 - - [04/Nov/2025:17:12:26 +0100] "POST //xmlrpc.php HTTP/1.1" 200 401 "-" "Mozilla/5.0 (Windows NT 10.0; Win64; x64) AppleWebKit/537.36 (KHTML, like Gecko) Chrome/78.0.3904.108 Safari/537.36"
34.90.130.141 - - [04/Nov/2025:17:12:29 +0100] "POST //xmlrpc.php HTTP/1.1" 200 401 "-" "Mozilla/5.0 (Windows NT 10.0; Win64; x64) AppleWebKit/537.36 (KHTML, like Gecko) Chrome/78.0.3904.108 Safari/537.36"
34.90.130.141 - - [04/Nov/2025:17:12:34 +0100] "POST //xmlrpc.php HTTP/1.1" 200 401 "-" "Mozilla/5.0 (Windows NT 10.0; Win64; x64) AppleWebKit/537.36 (KHTML, like Gecko) Chrome/78.0.3904.108 Safari/537.36"
197.157.165.125 - - [04/Nov/2025:17:12:39 +0100] "POST /wp-login.php HTTP/1.1" 302 - "https://umurunganews.info/wp-login.php?redirect_to=https%3A%2F%2Fumurunganews.info%2Fwp-admin%2F&reauth=1" "Mozilla/5.0 (Linux; Android 10; K) AppleWebKit/537.36 (KHTML, like Gecko) Chrome/141.0.0.0 Mobile Safari/537.36"
34.90.130.141 - - [04/Nov/2025:17:12:40 +0100] "POST //xmlrpc.php HTTP/1.1" 200 401 "-" "Mozilla/5.0 (Windows NT 10.0; Win64; x64) AppleWebKit/537.36 (KHTML, like Gecko) Chrome/78.0.3904.108 Safari/537.36"
34.90.130.141 - - [04/Nov/2025:17:12:47 +0100] "POST //xmlrpc.php HTTP/1.1" 200 401 "-" "Mozilla/5.0 (Windows NT 10.0; Win64; x64) AppleWebKit/537.36 (KHTML, like Gecko) Chrome/78.0.3904.108 Safari/537.36"
197.157.165.125 - - [04/Nov/2025:17:12:46 +0100] "GET /wp-admin/ HTTP/1.1" 200 127785 "https://umurunganews.info/wp-login.php?redirect_to=https%3A%2F%2Fumurunganews.info%2Fwp-admin%2F&reauth=1" "Mozilla/5.0 (Linux; Android 10; K) AppleWebKit/537.36 (KHTML, like Gecko) Chrome/141.0.0.0 Mobile Safari/537.36"
197.157.165.125 - - [04/Nov/2025:17:12:56 +0100] "GET /wp-includes/js/thickbox/thickbox.css?ver=6.8.3 HTTP/1.1" 200 2659 "https://umurunganews.info/wp-admin/" "Mozilla/5.0 (Linux; Android 10; K) AppleWebKit/537.36 (KHTML, like Gecko) Chrome/141.0.0.0 Mobile Safari/537.36"
197.157.165.125 - - [04/Nov/2025:17:12:56 +0100] "GET /wp-content/plugins/wordpress-seo/css/dist/admin-global-2630.css HTTP/1.1" 200 29633 "https://umurunganews.info/wp-admin/" "Mozilla/5.0 (Linux; Android 10; K) AppleWebKit/537.36 (KHTML, like Gecko) Chrome/141.0.0.0 Mobile Safari/537.36"
197.157.165.125 - - [04/Nov/2025:17:12:56 +0100] "GET /wp-content/plugins/wordpress-seo/css/dist/dashboard-2630.css HTTP/1.1" 200 998 "https://umurunganews.info/wp-admin/" "Mozilla/5.0 (Linux; Android 10; K) AppleWebKit/537.36 (KHTML, like Gecko) Chrome/141.0.0.0 Mobile Safari/537.36"
197.157.165.125 - - [04/Nov/2025:17:12:57 +0100] "GET /wp-content/plugins/wordpress-seo/css/dist/monorepo-2630.css HTTP/1.1" 200 33481 "https://umurunganews.info/wp-admin/" "Mozilla/5.0 (Linux; Android 10; K) AppleWebKit/537.36 (KHTML, like Gecko) Chrome/141.0.0.0 Mobile Safari/537.36"
197.157.165.125 - - [04/Nov/2025:17:12:57 +0100] "GET /wp-content/plugins/wordpress-seo/css/dist/wpseo-dismissible-2630.css HTTP/1.1" 200 746 "https://umurunganews.info/wp-admin/" "Mozilla/5.0 (Linux; Android 10; K) AppleWebKit/537.36 (KHTML, like Gecko) Chrome/141.0.0.0 Mobile Safari/537.36"
197.157.165.125 - - [04/Nov/2025:17:12:57 +0100] "GET /wp-content/plugins/sphere-core/components/elementor/layouts/css/admin.css?ver=1.7.1 HTTP/1.1" 200 795 "https://umurunganews.info/wp-admin/" "Mozilla/5.0 (Linux; Android 10; K) AppleWebKit/537.36 (KHTML, like Gecko) Chrome/141.0.0.0 Mobile Safari/537.36"
197.157.165.125 - - [04/Nov/2025:17:12:56 +0100] "GET /wp-content/plugins/wordpress-seo/css/dist/tailwind-2630.css HTTP/1.1" 200 174850 "https://umurunganews.info/wp-admin/" "Mozilla/5.0 (Linux; Android 10; K) AppleWebKit/537.36 (KHTML, like Gecko) Chrome/141.0.0.0 Mobile Safari/537.36"
197.157.165.125 - - [04/Nov/2025:17:12:57 +0100] "GET /wp-content/themes/smart-mag/css/admin/base.css?ver=10.3.2 HTTP/1.1" 200 4133 "https://umurunganews.info/wp-admin/" "Mozilla/5.0 (Linux; Android 10; K) AppleWebKit/537.36 (KHTML, like Gecko) Chrome/141.0.0.0 Mobile Safari/537.36"
197.157.165.125 - - [04/Nov/2025:17:12:57 +0100] "GET /wp-content/plugins/smartmag-core/css/admin/common.css?ver=1.5.3 HTTP/1.1" 200 5739 "https://umurunganews.info/wp-admin/" "Mozilla/5.0 (Linux; Android 10; K) AppleWebKit/537.36 (KHTML, like Gecko) Chrome/141.0.0.0 Mobile Safari/537.36"
197.157.165.125 - - [04/Nov/2025:17:12:57 +0100] "GET /wp-content/themes/smart-mag/inc/core/assets/css/selectize.css?ver=10.3.2 HTTP/1.1" 200 8624 "https://umurunganews.info/wp-admin/" "Mozilla/5.0 (Linux; Android 10; K) AppleWebKit/537.36 (KHTML, like Gecko) Chrome/141.0.0.0 Mobile Safari/537.36"
197.157.165.125 - - [04/Nov/2025:17:12:57 +0100] "GET /wp-content/plugins/elementor/assets/lib/eicons/css/elementor-icons.min.css?ver=5.44.0 HTTP/1.1" 200 21256 "https://umurunganews.info/wp-admin/" "Mozilla/5.0 (Linux; Android 10; K) AppleWebKit/537.36 (KHTML, like Gecko) Chrome/141.0.0.0 Mobile Safari/537.36"
197.157.165.125 - - [04/Nov/2025:17:12:57 +0100] "GET /wp-content/plugins/elementor/assets/css/common.min.css?ver=3.32.5 HTTP/1.1" 200 25179 "https://umurunganews.info/wp-admin/" "Mozilla/5.0 (Linux; Android 10; K) AppleWebKit/537.36 (KHTML, like Gecko) Chrome/141.0.0.0 Mobile Safari/537.36"
34.90.130.141 - - [04/Nov/2025:17:12:52 +0100] "POST //xmlrpc.php HTTP/1.1" 200 401 "-" "Mozilla/5.0 (Windows NT 10.0; Win64; x64) AppleWebKit/537.36 (KHTML, like Gecko) Chrome/78.0.3904.108 Safari/537.36"
197.157.165.125 - - [04/Nov/2025:17:12:58 +0100] "GET /wp-content/plugins/elementor/assets/css/theme-light.min.css?ver=3.32.5 HTTP/1.1" 200 2283 "https://umurunganews.info/wp-admin/" "Mozilla/5.0 (Linux; Android 10; K) AppleWebKit/537.36 (KHTML, like Gecko) Chrome/141.0.0.0 Mobile Safari/537.36"
197.157.165.125 - - [04/Nov/2025:17:12:58 +0100] "GET /wp-content/plugins/wordpress-seo/css/dist/adminbar-2630.css HTTP/1.1" 200 6753 "https://umurunganews.info/wp-admin/" "Mozilla/5.0 (Linux; Android 10; K) AppleWebKit/537.36 (KHTML, like Gecko) Chrome/141.0.0.0 Mobile Safari/537.36"
197.157.165.125 - - [04/Nov/2025:17:12:58 +0100] "GET /wp-content/plugins/wordpress-seo/js/dist/admin-global.js?ver=f6aca5430a6b6e782558 HTTP/1.1" 200 6105 "https://umurunganews.info/wp-admin/" "Mozilla/5.0 (Linux; Android 10; K) AppleWebKit/537.36 (KHTML, like Gecko) Chrome/141.0.0.0 Mobile Safari/537.36"
197.157.165.125 - - [04/Nov/2025:17:12:58 +0100] "GET /wp-content/plugins/smartmag-core/js/widgets.js?ver=1.5.3 HTTP/1.1" 200 6653 "https://umurunganews.info/wp-admin/" "Mozilla/5.0 (Linux; Android 10; K) AppleWebKit/537.36 (KHTML, like Gecko) Chrome/141.0.0.0 Mobile Safari/537.36"
197.157.165.125 - - [04/Nov/2025:17:12:55 +0100] "GET /wp-admin/load-styles.php?c=1&dir=ltr&load%5Bchunk_0%5D=dashicons,admin-bar,site-health,common,forms,admin-menu,dashboard,list-tables,edit,revisions,media,themes,about,nav-menus,wp-poi&load%5Bchunk_1%5D=nter,widgets,site-icon,l10n,buttons,wp-auth-check&ver=6.8.3 HTTP/1.1" 200 407348 "https://umurunganews.info/wp-admin/" "Mozilla/5.0 (Linux; Android 10; K) AppleWebKit/537.36 (KHTML, like Gecko) Chrome/141.0.0.0 Mobile Safari/537.36"
197.157.165.125 - - [04/Nov/2025:17:12:58 +0100] "GET /wp-content/themes/smart-mag/inc/core/assets/js/selectize.js?ver=10.3.2 HTTP/1.1" 200 62457 "https://umurunganews.info/wp-admin/" "Mozilla/5.0 (Linux; Android 10; K) AppleWebKit/537.36 (KHTML, like Gecko) Chrome/141.0.0.0 Mobile Safari/537.36"
197.157.165.125 - - [04/Nov/2025:17:12:58 +0100] "GET /wp-admin/load-scripts.php?c=1&load%5Bchunk_0%5D=jquery-core,jquery-migrate,utils,wp-api-request,wp-polyfill&ver=6.8.3 HTTP/1.1" 200 145269 "https://umurunganews.info/wp-admin/" "Mozilla/5.0 (Linux; Android 10; K) AppleWebKit/537.36 (KHTML, like Gecko) Chrome/141.0.0.0 Mobile Safari/537.36"
197.157.165.125 - - [04/Nov/2025:17:12:58 +0100] "GET /wp-content/plugins/elementor/assets/css/admin.min.css?ver=3.32.5 HTTP/1.1" 200 135910 "https://umurunganews.info/wp-admin/" "Mozilla/5.0 (Linux; Android 10; K) AppleWebKit/537.36 (KHTML, like Gecko) Chrome/141.0.0.0 Mobile Safari/537.36"
197.157.165.125 - - [04/Nov/2025:17:12:59 +0100] "GET /wp-includes/css/editor.min.css?ver=6.8.3 HTTP/1.1" 200 26851 "https://umurunganews.info/wp-admin/" "Mozilla/5.0 (Linux; Android 10; K) AppleWebKit/537.36 (KHTML, like Gecko) Chrome/141.0.0.0 Mobile Safari/537.36"
197.157.165.125 - - [04/Nov/2025:17:13:00 +0100] "GET /wp-content/plugins/wordpress-seo/css/dist/notifications-2630.css HTTP/1.1" 200 14009 "https://umurunganews.info/wp-admin/" "Mozilla/5.0 (Linux; Android 10; K) AppleWebKit/537.36 (KHTML, like Gecko) Chrome/141.0.0.0 Mobile Safari/537.36"
197.157.165.125 - - [04/Nov/2025:17:13:00 +0100] "GET /wp-admin/js/common.min.js?ver=6.8.3 HTTP/1.1" 200 23676 "https://umurunganews.info/wp-admin/" "Mozilla/5.0 (Linux; Android 10; K) AppleWebKit/537.36 (KHTML, like Gecko) Chrome/141.0.0.0 Mobile Safari/537.36"
197.157.165.125 - - [04/Nov/2025:17:13:00 +0100] "GET /wp-content/plugins/wordpress-seo/images/mirrored_fit_bubble_woman_1_optim.svg HTTP/1.1" 200 6808 "https://umurunganews.info/wp-admin/" "Mozilla/5.0 (Linux; Android 10; K) AppleWebKit/537.36 (KHTML, like Gecko) Chrome/141.0.0.0 Mobile Safari/537.36"
197.157.165.125 - - [04/Nov/2025:17:13:00 +0100] "GET /wp-admin/load-scripts.php?c=1&load%5Bchunk_0%5D=hoverIntent,wp-dom-ready,wp-hooks&ver=6.8.3 HTTP/1.1" 200 6735 "https://umurunganews.info/wp-admin/" "Mozilla/5.0 (Linux; Android 10; K) AppleWebKit/537.36 (KHTML, like Gecko) Chrome/141.0.0.0 Mobile Safari/537.36"
