Yanz Mini Shell
[_]
[-]
[X]
[
HomeShell 1
] [
HomeShell 2
] [
Upload
] [
Command Shell
] [
Scripting
] [
About
]
[ Directory ] =>
/
home
umurungacom126
public_html
umurunganews.info
Action
[*]
New File
[*]
New Folder
Sensitive File
[*]
/etc/passwd
[*]
/etc/shadow
[*]
/etc/resolv.conf
[
Delete
] [
Edit
] [
Rename
] [
Back
]
2a06:98c0:3600::103 - - [04/Nov/2025:13:23:50 +0100] "GET /wordpress/wp-admin/setup-config.php HTTP/1.1" 404 16 "-" "Mozilla/5.0 (Windows NT 10.0; Win64; x64) AppleWebKit/537.36 (KHTML, like Gecko) Chrome/140.0.0.0 Safari/537.36"
2a06:98c0:3600::103 - - [04/Nov/2025:13:25:05 +0100] "GET /wp-admin/setup-config.php HTTP/1.1" 404 16 "-" "Mozilla/5.0 (Windows NT 10.0; Win64; x64) AppleWebKit/537.36 (KHTML, like Gecko) Chrome/140.0.0.0 Safari/537.36"
2a06:98c0:3600::103 - - [04/Nov/2025:13:44:13 +0100] "GET /wp-admin/setup-config.php HTTP/1.1" 404 16 "-" "Mozilla/5.0 (Windows NT 10.0; Win64; x64) AppleWebKit/537.36 (KHTML, like Gecko) Chrome/140.0.0.0 Safari/537.36"
35.205.159.124 - - [04/Nov/2025:13:45:21 +0100] "GET / HTTP/1.1" 200 1862 "-" "python-requests/2.23.0"
178.211.57.76 - - [04/Nov/2025:13:45:23 +0100] "GET / HTTP/1.1" 200 1862 "-" "python-requests/2.23.0"
2a06:98c0:3600::103 - - [04/Nov/2025:13:46:24 +0100] "GET /wordpress/wp-admin/setup-config.php HTTP/1.1" 404 16 "-" "Mozilla/5.0 (Windows NT 10.0; Win64; x64) AppleWebKit/537.36 (KHTML, like Gecko) Chrome/140.0.0.0 Safari/537.36"
2a06:98c0:3600::103 - - [04/Nov/2025:14:24:46 +0100] "GET /wp-admin/setup-config.php HTTP/1.1" 404 66534 "-" "Mozilla/5.0 (Windows NT 10.0; Win64; x64) AppleWebKit/537.36 (KHTML, like Gecko) Chrome/140.0.0.0 Safari/537.36"
104.168.71.126 - - [04/Nov/2025:15:06:27 +0100] "GET / HTTP/1.1" 301 - "-" "Mozilla/5.0 (iPhone; CPU iPhone OS 18_5 like Mac OS X) AppleWebKit/605.1.15 (KHTML, like Gecko) CriOS/138.0.7204.156 Mobile/15E148 Safari/604.1"
123.187.240.242 - - [04/Nov/2025:15:07:25 +0100] "GET / HTTP/1.1" 301 - "-" "Mozilla/5.0 (iPhone; CPU iPhone OS 13_2_3 like Mac OS X) AppleWebKit/605.1.15 (KHTML, like Gecko) Version/13.0.3 Mobile/15E148 Safari/604.1"
2a06:98c0:3600::103 - - [04/Nov/2025:15:08:37 +0100] "GET /wp-admin/setup-config.php HTTP/1.1" 404 48339 "-" "Mozilla/5.0 (Windows NT 10.0; Win64; x64) AppleWebKit/537.36 (KHTML, like Gecko) Chrome/140.0.0.0 Safari/537.36"
2a06:98c0:3600::103 - - [04/Nov/2025:15:27:39 +0100] "GET /wordpress/wp-admin/setup-config.php HTTP/1.1" 404 48830 "-" "Mozilla/5.0 (Windows NT 10.0; Win64; x64) AppleWebKit/537.36 (KHTML, like Gecko) Chrome/140.0.0.0 Safari/537.36"
2a06:98c0:3600::103 - - [04/Nov/2025:15:30:17 +0100] "GET /wp-admin/setup-config.php HTTP/1.1" 404 48795 "-" "Mozilla/5.0 (Windows NT 10.0; Win64; x64) AppleWebKit/537.36 (KHTML, like Gecko) Chrome/140.0.0.0 Safari/537.36"
207.180.227.180 - - [04/Nov/2025:15:48:25 +0100] "POST /wp-cron.php?doing_wp_cron=1762267705.1084589958190917968750 HTTP/1.1" 200 - "-" "WordPress/6.8.3; https://umurunganews.info"
2a06:98c0:3600::103 - - [04/Nov/2025:15:48:04 +0100] "GET /wordpress/wp-admin/setup-config.php HTTP/1.1" 404 48803 "-" "Mozilla/5.0 (Windows NT 10.0; Win64; x64) AppleWebKit/537.36 (KHTML, like Gecko) Chrome/140.0.0.0 Safari/537.36"
207.180.227.180 - - [04/Nov/2025:16:04:14 +0100] "POST /wp-cron.php?doing_wp_cron=1762268654.0407259464263916015625 HTTP/1.1" 200 - "-" "WordPress/6.8.3; https://umurunganews.info"
170.106.165.186 - - [04/Nov/2025:16:04:12 +0100] "GET / HTTP/1.1" 301 - "-" "Mozilla/5.0 (iPhone; CPU iPhone OS 13_2_3 like Mac OS X) AppleWebKit/605.1.15 (KHTML, like Gecko) Version/13.0.3 Mobile/15E148 Safari/604.1"
207.180.227.180 - - [04/Nov/2025:16:11:52 +0100] "POST /wp-cron.php?doing_wp_cron=1762269112.6228890419006347656250 HTTP/1.1" 200 - "-" "WordPress/6.8.3; https://umurunganews.info"
2a06:98c0:3600::103 - - [04/Nov/2025:16:11:47 +0100] "GET /wordpress/wp-admin/setup-config.php HTTP/1.1" 404 48795 "-" "Mozilla/5.0 (Windows NT 10.0; Win64; x64) AppleWebKit/537.36 (KHTML, like Gecko) Chrome/140.0.0.0 Safari/537.36"
142.93.71.206 - - [04/Nov/2025:16:19:48 +0100] "GET / HTTP/1.1" 301 - "-" "Mozilla/5.0 (X11; Linux x86_64; rv:139.0) Gecko/20100101 Firefox/139.0"
142.93.71.206 - - [04/Nov/2025:16:19:50 +0100] "GET /favicon.ico HTTP/1.1" 302 - "http://www.umurunganews.info.umurunga.com/" "Mozilla/5.0 (X11; Linux x86_64; rv:139.0) Gecko/20100101 Firefox/139.0"
207.180.227.180 - - [04/Nov/2025:16:30:05 +0100] "POST /wp-cron.php?doing_wp_cron=1762270205.4499490261077880859375 HTTP/1.1" 508 288 "-" "WordPress/6.8.3; https://umurunganews.info"
2a06:98c0:3600::103 - - [04/Nov/2025:16:29:58 +0100] "GET /wordpress/wp-admin/setup-config.php HTTP/1.1" 404 48795 "-" "Mozilla/5.0 (Windows NT 10.0; Win64; x64) AppleWebKit/537.36 (KHTML, like Gecko) Chrome/140.0.0.0 Safari/537.36"
207.180.227.180 - - [04/Nov/2025:16:31:30 +0100] "POST /wp-cron.php?doing_wp_cron=1762270290.3122599124908447265625 HTTP/1.1" 200 - "-" "WordPress/6.8.3; https://umurunganews.info"
2a06:98c0:3600::103 - - [04/Nov/2025:16:31:24 +0100] "GET /wp-admin/setup-config.php HTTP/1.1" 404 48790 "-" "Mozilla/5.0 (Windows NT 10.0; Win64; x64) AppleWebKit/537.36 (KHTML, like Gecko) Chrome/140.0.0.0 Safari/537.36"
207.180.227.180 - - [04/Nov/2025:16:44:43 +0100] "POST /wp-cron.php?doing_wp_cron=1762271083.2596740722656250000000 HTTP/1.1" 200 - "-" "WordPress/6.8.3; https://umurunganews.info"
178.16.54.100 - - [04/Nov/2025:16:44:23 +0100] "GET /wp-login.php HTTP/1.1" 302 - "-" "Mozilla/5.0 (Windows NT 10.0; WOW64) AppleWebKit/537.36 (KHTML, like Gecko) Chrome/75.0.3770.100 Safari/537.36"
2a06:98c0:3600::103 - - [04/Nov/2025:16:51:13 +0100] "GET /wp-admin/setup-config.php HTTP/1.1" 404 48830 "-" "Mozilla/5.0 (Windows NT 10.0; Win64; x64) AppleWebKit/537.36 (KHTML, like Gecko) Chrome/140.0.0.0 Safari/537.36"
207.180.227.180 - - [04/Nov/2025:17:07:25 +0100] "POST /wp-cron.php?doing_wp_cron=1762272444.9119870662689208984375 HTTP/1.1" 200 - "-" "WordPress/6.8.3; https://umurunganews.info"
34.90.130.141 - - [04/Nov/2025:17:07:18 +0100] "GET / HTTP/1.1" 301 - "-" "Mozilla/5.0 (Windows NT 10.0; Win64; x64) AppleWebKit/537.36 (KHTML, like Gecko) Chrome/78.0.3904.108 Safari/537.36"
2a06:98c0:3600::103 - - [04/Nov/2025:17:11:41 +0100] "GET /wordpress/wp-admin/setup-config.php HTTP/1.1" 404 48795 "-" "Mozilla/5.0 (Windows NT 10.0; Win64; x64) AppleWebKit/537.36 (KHTML, like Gecko) Chrome/140.0.0.0 Safari/537.36"
93.123.109.7 - - [04/Nov/2025:17:20:07 +0100] "GET /.git/config HTTP/1.1" 404 48790 "-" "Mozilla/5.0 (Windows NT 10.0; WOW64) AppleWebKit/537.36 (KHTML, like Gecko) Chrome/57.0.2987.133 AOL/11.0 AOLBUILD/11.0.1305 Safari/537.36"
207.180.227.180 - - [04/Nov/2025:17:34:47 +0100] "POST /wp-cron.php?doing_wp_cron=1762274087.9154050350189208984375 HTTP/1.1" 200 - "-" "WordPress/6.8.3; https://umurunganews.info"
2a06:98c0:3600::103 - - [04/Nov/2025:17:34:45 +0100] "GET /wp-admin/setup-config.php HTTP/1.1" 404 48790 "-" "Mozilla/5.0 (Windows NT 10.0; Win64; x64) AppleWebKit/537.36 (KHTML, like Gecko) Chrome/140.0.0.0 Safari/537.36"
2a06:98c0:3600::103 - - [04/Nov/2025:17:36:55 +0100] "GET /wordpress/wp-admin/setup-config.php HTTP/1.1" 404 48803 "-" "Mozilla/5.0 (Windows NT 10.0; Win64; x64) AppleWebKit/537.36 (KHTML, like Gecko) Chrome/140.0.0.0 Safari/537.36"
192.104.34.34 - - [04/Nov/2025:17:55:12 +0100] "GET / HTTP/1.1" 301 - "-" "Mozilla/5.0 (Windows NT 10.0; Win64; x64) AppleWebKit/537.36 (KHTML, like Gecko) Chrome/134.0.0.0 Safari/537.36"
2a06:98c0:3600::103 - - [04/Nov/2025:17:57:22 +0100] "GET /wp-admin/setup-config.php HTTP/1.1" 404 44736 "-" "Mozilla/5.0 (Windows NT 10.0; Win64; x64) AppleWebKit/537.36 (KHTML, like Gecko) Chrome/140.0.0.0 Safari/537.36"
2a06:98c0:3600::103 - - [04/Nov/2025:18:17:00 +0100] "GET /wp-admin/setup-config.php HTTP/1.1" 404 48790 "-" "Mozilla/5.0 (Windows NT 10.0; Win64; x64) AppleWebKit/537.36 (KHTML, like Gecko) Chrome/140.0.0.0 Safari/537.36"
2a06:98c0:3600::103 - - [04/Nov/2025:18:35:13 +0100] "GET /wp-admin/setup-config.php HTTP/1.1" 404 48830 "-" "Mozilla/5.0 (Windows NT 10.0; Win64; x64) AppleWebKit/537.36 (KHTML, like Gecko) Chrome/140.0.0.0 Safari/537.36"
2a06:98c0:3600::103 - - [04/Nov/2025:18:35:18 +0100] "GET /wordpress/wp-admin/setup-config.php HTTP/1.1" 404 48803 "-" "Mozilla/5.0 (Windows NT 10.0; Win64; x64) AppleWebKit/537.36 (KHTML, like Gecko) Chrome/140.0.0.0 Safari/537.36"
2a06:98c0:3600::103 - - [04/Nov/2025:18:58:30 +0100] "GET /wordpress/wp-admin/setup-config.php HTTP/1.1" 404 48790 "-" "Mozilla/5.0 (Windows NT 10.0; Win64; x64) AppleWebKit/537.36 (KHTML, like Gecko) Chrome/140.0.0.0 Safari/537.36"
207.180.227.180 - - [04/Nov/2025:19:06:23 +0100] "POST /wp-cron.php?doing_wp_cron=1762279583.3176839351654052734375 HTTP/1.1" 200 - "-" "WordPress/6.8.3; https://umurunganews.info"
43.130.116.87 - - [04/Nov/2025:19:06:20 +0100] "GET / HTTP/1.1" 301 - "-" "Mozilla/5.0 (iPhone; CPU iPhone OS 13_2_3 like Mac OS X) AppleWebKit/605.1.15 (KHTML, like Gecko) Version/13.0.3 Mobile/15E148 Safari/604.1"
207.180.227.180 - - [04/Nov/2025:19:12:58 +0100] "POST /wp-cron.php?doing_wp_cron=1762279978.1172759532928466796875 HTTP/1.1" 200 - "-" "WordPress/6.8.3; https://umurunganews.info"
2a06:98c0:3600::103 - - [04/Nov/2025:19:12:57 +0100] "GET /wp-admin/setup-config.php HTTP/1.1" 404 48830 "-" "Mozilla/5.0 (Windows NT 10.0; Win64; x64) AppleWebKit/537.36 (KHTML, like Gecko) Chrome/140.0.0.0 Safari/537.36"
2a06:98c0:3600::103 - - [04/Nov/2025:19:14:00 +0100] "GET /wordpress/wp-admin/setup-config.php HTTP/1.1" 404 48790 "-" "Mozilla/5.0 (Windows NT 10.0; Win64; x64) AppleWebKit/537.36 (KHTML, like Gecko) Chrome/140.0.0.0 Safari/537.36"
197.157.187.89 - - [04/Nov/2025:19:16:41 +0100] "GET / HTTP/1.1" 301 - "android-app://com.google.android.googlequicksearchbox/" "Mozilla/5.0 (Linux; Android 10; K) AppleWebKit/537.36 (KHTML, like Gecko) Chrome/141.0.0.0 Mobile Safari/537.36"
44.193.254.10 - - [04/Nov/2025:19:25:07 +0100] "GET / HTTP/1.1" 301 - "-" "Mozilla/5.0 (Windows NT 10.0; Win64; x64) AppleWebKit/537.36 (KHTML, like Gecko) Chrome/130.0.0.0 Safari/537.36 Edg/130.0.0.0"
44.193.254.10 - - [04/Nov/2025:19:25:07 +0100] "GET / HTTP/1.1" 301 - "-" "Mozilla/5.0 (Windows NT 10.0; Win64; x64) AppleWebKit/537.36 (KHTML, like Gecko) Chrome/134.0.0.0 Safari/537.36"
2a06:98c0:3600::103 - - [04/Nov/2025:19:33:53 +0100] "GET /wordpress/wp-admin/setup-config.php HTTP/1.1" 404 48830 "-" "Mozilla/5.0 (Windows NT 10.0; Win64; x64) AppleWebKit/537.36 (KHTML, like Gecko) Chrome/140.0.0.0 Safari/537.36"
176.53.220.218 - - [04/Nov/2025:19:45:51 +0100] "GET / HTTP/1.1" 301 - "-" "Mozilla/5.0 (Windows NT 10.0; Win64; x64) AppleWebKit/537.36 (KHTML, like Gecko) Chrome/94.0.4606.61 Safari/537.36"
176.53.220.218 - - [04/Nov/2025:19:45:59 +0100] "GET / HTTP/1.1" 301 - "-" "Mozilla/5.0 (Windows NT 10.0; Win64; x64) AppleWebKit/537.36 (KHTML, like Gecko) Chrome/94.0.4606.61 Safari/537.36"
2a06:98c0:3600::103 - - [04/Nov/2025:19:56:57 +0100] "GET /wp-admin/setup-config.php HTTP/1.1" 404 48790 "-" "Mozilla/5.0 (Windows NT 10.0; Win64; x64) AppleWebKit/537.36 (KHTML, like Gecko) Chrome/140.0.0.0 Safari/537.36"
207.180.227.180 - - [04/Nov/2025:20:06:08 +0100] "POST /wp-cron.php?doing_wp_cron=1762283168.6252939701080322265625 HTTP/1.1" 200 - "-" "WordPress/6.8.3; https://umurunganews.info"
68.183.96.161 - - [04/Nov/2025:20:06:07 +0100] "GET / HTTP/1.1" 301 - "-" "Mozilla/5.0 (X11; Linux x86_64) AppleWebKit/537.36 (KHTML, like Gecko) Chrome/139.0.0.0 Safari/537.36"
68.183.96.161 - - [04/Nov/2025:20:06:08 +0100] "GET /favicon.ico HTTP/1.1" 302 - "http://umurunganews.info/" "Mozilla/5.0 (X11; Linux x86_64) AppleWebKit/537.36 (KHTML, like Gecko) Chrome/139.0.0.0 Safari/537.36"
194.0.213.27 - - [04/Nov/2025:20:08:47 +0100] "GET / HTTP/1.1" 301 - "-" "Mozilla/5.0 (Windows NT 10.0; Win64; x64) AppleWebKit/537.36 (KHTML, like Gecko) Chrome/95.0.4638.69 Safari/537.36"
207.180.227.180 - - [04/Nov/2025:20:13:16 +0100] "POST /wp-cron.php?doing_wp_cron=1762283596.5092461109161376953125 HTTP/1.1" 200 - "-" "WordPress/6.8.3; https://umurunganews.info"
135.148.195.5 - - [04/Nov/2025:20:13:10 +0100] "GET / HTTP/1.1" 301 - "-" "Mozilla/5.0 (Windows NT 10.0; Win64; x64) AppleWebKit/537.36 (KHTML, like Gecko) Chrome/114.0.0.0 Safari/537.36"
2a06:98c0:3600::103 - - [04/Nov/2025:20:16:54 +0100] "GET /wp-admin/setup-config.php HTTP/1.1" 404 48790 "-" "Mozilla/5.0 (Windows NT 10.0; Win64; x64) AppleWebKit/537.36 (KHTML, like Gecko) Chrome/140.0.0.0 Safari/537.36"
2a06:98c0:3600::103 - - [04/Nov/2025:20:16:54 +0100] "GET /wordpress/wp-admin/setup-config.php HTTP/1.1" 404 48790 "-" "Mozilla/5.0 (Windows NT 10.0; Win64; x64) AppleWebKit/537.36 (KHTML, like Gecko) Chrome/140.0.0.0 Safari/537.36"
176.53.216.47 - - [04/Nov/2025:20:24:06 +0100] "GET / HTTP/1.1" 301 - "-" "Mozilla/5.0 (Windows NT 10.0; Win64; x64) AppleWebKit/537.36 (KHTML, like Gecko) Chrome/94.0.4606.61 Safari/537.36"
2a06:98c0:3600::103 - - [04/Nov/2025:20:36:16 +0100] "GET /wp-admin/setup-config.php HTTP/1.1" 500 - "-" "Mozilla/5.0 (Windows NT 10.0; Win64; x64) AppleWebKit/537.36 (KHTML, like Gecko) Chrome/140.0.0.0 Safari/537.36"
2a06:98c0:3600::103 - - [04/Nov/2025:20:37:40 +0100] "GET /wordpress/wp-admin/setup-config.php HTTP/1.1" 500 - "-" "Mozilla/5.0 (Windows NT 10.0; Win64; x64) AppleWebKit/537.36 (KHTML, like Gecko) Chrome/140.0.0.0 Safari/537.36"
2a06:98c0:3600::103 - - [04/Nov/2025:20:56:12 +0100] "GET /wp-admin/setup-config.php HTTP/1.1" 500 - "-" "Mozilla/5.0 (Windows NT 10.0; Win64; x64) AppleWebKit/537.36 (KHTML, like Gecko) Chrome/140.0.0.0 Safari/537.36"
2a06:98c0:3600::103 - - [04/Nov/2025:20:58:18 +0100] "GET /wordpress/wp-admin/setup-config.php HTTP/1.1" 508 288 "-" "Mozilla/5.0 (Windows NT 10.0; Win64; x64) AppleWebKit/537.36 (KHTML, like Gecko) Chrome/140.0.0.0 Safari/537.36"
36.111.67.189 - - [04/Nov/2025:21:08:48 +0100] "GET / HTTP/1.1" 500 - "-" "Mozilla/5.0 (iPhone; CPU iPhone OS 13_2_3 like Mac OS X) AppleWebKit/605.1.15 (KHTML, like Gecko) Version/13.0.3 Mobile/15E148 Safari/604.1"
157.245.7.79 - - [04/Nov/2025:21:16:38 +0100] "GET / HTTP/1.1" 500 - "-" "Mozilla/5.0 (X11; Linux x86_64) AppleWebKit/537.36 (KHTML, like Gecko) Chrome/139.0.0.0 Safari/537.36"
157.245.7.79 - - [04/Nov/2025:21:16:39 +0100] "GET /favicon.ico HTTP/1.1" 500 - "http://umurunganews.info.umurunga.com/" "Mozilla/5.0 (X11; Linux x86_64) AppleWebKit/537.36 (KHTML, like Gecko) Chrome/139.0.0.0 Safari/537.36"
2a06:98c0:3600::103 - - [04/Nov/2025:21:18:06 +0100] "GET /wordpress/wp-admin/setup-config.php HTTP/1.1" 500 - "-" "Mozilla/5.0 (Windows NT 10.0; Win64; x64) AppleWebKit/537.36 (KHTML, like Gecko) Chrome/140.0.0.0 Safari/537.36"
2a06:98c0:3600::103 - - [04/Nov/2025:21:18:30 +0100] "GET /wp-admin/setup-config.php HTTP/1.1" 500 - "-" "Mozilla/5.0 (Windows NT 10.0; Win64; x64) AppleWebKit/537.36 (KHTML, like Gecko) Chrome/140.0.0.0 Safari/537.36"
2a06:98c0:3600::103 - - [04/Nov/2025:21:37:30 +0100] "GET /wordpress/wp-admin/setup-config.php HTTP/1.1" 500 - "-" "Mozilla/5.0 (Windows NT 10.0; Win64; x64) AppleWebKit/537.36 (KHTML, like Gecko) Chrome/140.0.0.0 Safari/537.36"
2a06:98c0:3600::103 - - [04/Nov/2025:21:38:53 +0100] "GET /wp-admin/setup-config.php HTTP/1.1" 500 - "-" "Mozilla/5.0 (Windows NT 10.0; Win64; x64) AppleWebKit/537.36 (KHTML, like Gecko) Chrome/140.0.0.0 Safari/537.36"
140.228.21.27 - - [04/Nov/2025:21:45:19 +0100] "GET / HTTP/1.1" 500 - "-" "Mozilla/5.0 (X11; Linux x86_64) AppleWebKit/537.36 (KHTML, like Gecko) HeadlessChrome/89.0.4389.90 Safari/537.36"
2a06:98c0:3600::103 - - [04/Nov/2025:21:59:02 +0100] "GET /wordpress/wp-admin/setup-config.php HTTP/1.1" 500 - "-" "Mozilla/5.0 (Windows NT 10.0; Win64; x64) AppleWebKit/537.36 (KHTML, like Gecko) Chrome/140.0.0.0 Safari/537.36"
2a06:98c0:3600::103 - - [04/Nov/2025:22:00:45 +0100] "GET /wp-admin/setup-config.php HTTP/1.1" 500 - "-" "Mozilla/5.0 (Windows NT 10.0; Win64; x64) AppleWebKit/537.36 (KHTML, like Gecko) Chrome/140.0.0.0 Safari/537.36"
2a06:98c0:3600::103 - - [04/Nov/2025:22:20:05 +0100] "GET /wordpress/wp-admin/setup-config.php HTTP/1.1" 500 - "-" "Mozilla/5.0 (Windows NT 10.0; Win64; x64) AppleWebKit/537.36 (KHTML, like Gecko) Chrome/140.0.0.0 Safari/537.36"
2a06:98c0:3600::103 - - [04/Nov/2025:22:22:03 +0100] "GET /wp-admin/setup-config.php HTTP/1.1" 500 - "-" "Mozilla/5.0 (Windows NT 10.0; Win64; x64) AppleWebKit/537.36 (KHTML, like Gecko) Chrome/140.0.0.0 Safari/537.36"
2a06:98c0:3600::103 - - [04/Nov/2025:22:23:52 +0100] "GET /wordpress/wp-admin/setup-config.php HTTP/1.1" 500 - "-" "Mozilla/5.0 (Windows NT 10.0; Win64; x64) AppleWebKit/537.36 (KHTML, like Gecko) Chrome/140.0.0.0 Safari/537.36"
2a06:98c0:3600::103 - - [04/Nov/2025:22:44:43 +0100] "GET /wp-admin/setup-config.php HTTP/1.1" 500 - "-" "Mozilla/5.0 (Windows NT 10.0; Win64; x64) AppleWebKit/537.36 (KHTML, like Gecko) Chrome/140.0.0.0 Safari/537.36"
2a06:98c0:3600::103 - - [04/Nov/2025:22:45:42 +0100] "GET /wordpress/wp-admin/setup-config.php HTTP/1.1" 500 - "-" "Mozilla/5.0 (Windows NT 10.0; Win64; x64) AppleWebKit/537.36 (KHTML, like Gecko) Chrome/140.0.0.0 Safari/537.36"
45.148.10.99 - - [04/Nov/2025:22:50:16 +0100] "GET / HTTP/1.1" 500 - "-" "-"
45.148.10.99 - - [04/Nov/2025:22:50:44 +0100] "GET / HTTP/1.1" 500 - "-" "-"
45.148.10.99 - - [04/Nov/2025:22:50:59 +0100] "GET / HTTP/1.1" 500 - "-" "-"
2a06:98c0:3600::103 - - [04/Nov/2025:23:05:07 +0100] "GET /wp-admin/setup-config.php HTTP/1.1" 500 - "-" "Mozilla/5.0 (Windows NT 10.0; Win64; x64) AppleWebKit/537.36 (KHTML, like Gecko) Chrome/140.0.0.0 Safari/537.36"
2a06:98c0:3600::103 - - [04/Nov/2025:23:06:49 +0100] "GET /wordpress/wp-admin/setup-config.php HTTP/1.1" 500 - "-" "Mozilla/5.0 (Windows NT 10.0; Win64; x64) AppleWebKit/537.36 (KHTML, like Gecko) Chrome/140.0.0.0 Safari/537.36"
2a06:98c0:3600::103 - - [04/Nov/2025:23:07:17 +0100] "GET /wp-admin/setup-config.php HTTP/1.1" 500 - "-" "Mozilla/5.0 (Windows NT 10.0; Win64; x64) AppleWebKit/537.36 (KHTML, like Gecko) Chrome/140.0.0.0 Safari/537.36"
2a06:98c0:3600::103 - - [04/Nov/2025:23:25:15 +0100] "GET /wordpress/wp-admin/setup-config.php HTTP/1.1" 500 - "-" "Mozilla/5.0 (Windows NT 10.0; Win64; x64) AppleWebKit/537.36 (KHTML, like Gecko) Chrome/140.0.0.0 Safari/537.36"
2a06:98c0:3600::103 - - [04/Nov/2025:23:25:56 +0100] "GET /wp-admin/setup-config.php HTTP/1.1" 500 - "-" "Mozilla/5.0 (Windows NT 10.0; Win64; x64) AppleWebKit/537.36 (KHTML, like Gecko) Chrome/140.0.0.0 Safari/537.36"
178.16.54.100 - - [04/Nov/2025:23:27:34 +0100] "GET / HTTP/1.1" 508 288 "-" "Mozilla/5.0 (X11; Linux x86_64) AppleWebKit/537.36 (KHTML, like Gecko) Chrome/138.0.0.0 Safari/537.36"
178.16.54.100 - - [04/Nov/2025:23:27:34 +0100] "GET //news/ HTTP/1.1" 508 288 "-" "Mozilla/5.0 (X11; Linux x86_64) AppleWebKit/537.36 (KHTML, like Gecko) Chrome/138.0.0.0 Safari/537.36"
178.16.54.100 - - [04/Nov/2025:23:27:34 +0100] "GET //blog/ HTTP/1.1" 500 - "-" "Mozilla/5.0 (X11; Linux x86_64) AppleWebKit/537.36 (KHTML, like Gecko) Chrome/138.0.0.0 Safari/537.36"
178.16.54.100 - - [04/Nov/2025:23:27:34 +0100] "GET //wordpress/ HTTP/1.1" 500 - "-" "Mozilla/5.0 (X11; Linux x86_64) AppleWebKit/537.36 (KHTML, like Gecko) Chrome/138.0.0.0 Safari/537.36"
178.16.54.100 - - [04/Nov/2025:23:27:34 +0100] "GET //wp/ HTTP/1.1" 500 - "-" "Mozilla/5.0 (X11; Linux x86_64) AppleWebKit/537.36 (KHTML, like Gecko) Chrome/138.0.0.0 Safari/537.36"
178.16.54.100 - - [04/Nov/2025:23:27:34 +0100] "GET //site/ HTTP/1.1" 500 - "-" "Mozilla/5.0 (X11; Linux x86_64) AppleWebKit/537.36 (KHTML, like Gecko) Chrome/138.0.0.0 Safari/537.36"
2a06:98c0:3600::103 - - [04/Nov/2025:23:43:11 +0100] "GET /wordpress/wp-admin/setup-config.php HTTP/1.1" 500 - "-" "Mozilla/5.0 (Windows NT 10.0; Win64; x64) AppleWebKit/537.36 (KHTML, like Gecko) Chrome/140.0.0.0 Safari/537.36"
2a06:98c0:3600::103 - - [04/Nov/2025:23:44:49 +0100] "GET /wp-admin/setup-config.php HTTP/1.1" 500 - "-" "Mozilla/5.0 (Windows NT 10.0; Win64; x64) AppleWebKit/537.36 (KHTML, like Gecko) Chrome/140.0.0.0 Safari/537.36"
210.64.24.100 - - [05/Nov/2025:00:01:36 +0100] "GET / HTTP/1.1" 500 - "-" "Python/3.13 aiohttp/3.12.13"
210.64.24.100 - - [05/Nov/2025:00:01:38 +0100] "GET / HTTP/1.1" 500 - "-" "Python/3.13 aiohttp/3.12.13"
2a06:98c0:3600::103 - - [05/Nov/2025:00:04:29 +0100] "GET /wordpress/wp-admin/setup-config.php HTTP/1.1" 500 - "-" "Mozilla/5.0 (Windows NT 10.0; Win64; x64) AppleWebKit/537.36 (KHTML, like Gecko) Chrome/140.0.0.0 Safari/537.36"
2a06:98c0:3600::103 - - [05/Nov/2025:00:06:49 +0100] "GET /wp-admin/setup-config.php HTTP/1.1" 500 - "-" "Mozilla/5.0 (Windows NT 10.0; Win64; x64) AppleWebKit/537.36 (KHTML, like Gecko) Chrome/140.0.0.0 Safari/537.36"
43.159.128.247 - - [05/Nov/2025:00:15:49 +0100] "GET / HTTP/1.1" 500 - "-" "Mozilla/5.0 (iPhone; CPU iPhone OS 13_2_3 like Mac OS X) AppleWebKit/605.1.15 (KHTML, like Gecko) Version/13.0.3 Mobile/15E148 Safari/604.1"
194.0.213.27 - - [05/Nov/2025:00:16:39 +0100] "GET / HTTP/1.1" 500 - "-" "Mozilla/5.0 (Windows NT 10.0; Win64; x64) AppleWebKit/537.36 (KHTML, like Gecko) Chrome/95.0.4638.69 Safari/537.36"
194.0.213.27 - - [05/Nov/2025:00:16:41 +0100] "GET /wp-includes/ID3/license.txt HTTP/1.1" 500 - "-" "Mozilla/5.0 (Windows NT 10.0; Win64; x64) AppleWebKit/537.36 (KHTML, like Gecko) Chrome/95.0.4638.69 Safari/537.36"
194.0.213.27 - - [05/Nov/2025:00:16:43 +0100] "GET /feed/ HTTP/1.1" 500 - "-" "Mozilla/5.0 (Windows NT 10.0; Win64; x64) AppleWebKit/537.36 (KHTML, like Gecko) Chrome/95.0.4638.69 Safari/537.36"
194.0.213.27 - - [05/Nov/2025:00:16:46 +0100] "GET /xmlrpc.php?rsd HTTP/1.1" 500 - "-" "Mozilla/5.0 (Windows NT 10.0; Win64; x64) AppleWebKit/537.36 (KHTML, like Gecko) Chrome/95.0.4638.69 Safari/537.36"
194.0.213.27 - - [05/Nov/2025:00:16:48 +0100] "GET /blog/wp-includes/wlwmanifest.xml HTTP/1.1" 500 - "-" "Mozilla/5.0 (Windows NT 10.0; Win64; x64) AppleWebKit/537.36 (KHTML, like Gecko) Chrome/95.0.4638.69 Safari/537.36"
194.0.213.27 - - [05/Nov/2025:00:16:51 +0100] "GET /web/wp-includes/wlwmanifest.xml HTTP/1.1" 500 - "-" "Mozilla/5.0 (Windows NT 10.0; Win64; x64) AppleWebKit/537.36 (KHTML, like Gecko) Chrome/95.0.4638.69 Safari/537.36"
194.0.213.27 - - [05/Nov/2025:00:16:53 +0100] "GET /wordpress/wp-includes/wlwmanifest.xml HTTP/1.1" 500 - "-" "Mozilla/5.0 (Windows NT 10.0; Win64; x64) AppleWebKit/537.36 (KHTML, like Gecko) Chrome/95.0.4638.69 Safari/537.36"
194.0.213.27 - - [05/Nov/2025:00:16:55 +0100] "GET /wp/wp-includes/wlwmanifest.xml HTTP/1.1" 500 - "-" "Mozilla/5.0 (Windows NT 10.0; Win64; x64) AppleWebKit/537.36 (KHTML, like Gecko) Chrome/95.0.4638.69 Safari/537.36"
194.0.213.27 - - [05/Nov/2025:00:16:58 +0100] "GET /2020/wp-includes/wlwmanifest.xml HTTP/1.1" 500 - "-" "Mozilla/5.0 (Windows NT 10.0; Win64; x64) AppleWebKit/537.36 (KHTML, like Gecko) Chrome/95.0.4638.69 Safari/537.36"
194.0.213.27 - - [05/Nov/2025:00:17:00 +0100] "GET /2019/wp-includes/wlwmanifest.xml HTTP/1.1" 500 - "-" "Mozilla/5.0 (Windows NT 10.0; Win64; x64) AppleWebKit/537.36 (KHTML, like Gecko) Chrome/95.0.4638.69 Safari/537.36"
194.0.213.27 - - [05/Nov/2025:00:17:06 +0100] "GET /2021/wp-includes/wlwmanifest.xml HTTP/1.1" 500 - "-" "Mozilla/5.0 (Windows NT 10.0; Win64; x64) AppleWebKit/537.36 (KHTML, like Gecko) Chrome/95.0.4638.69 Safari/537.36"
194.0.213.27 - - [05/Nov/2025:00:17:08 +0100] "GET /shop/wp-includes/wlwmanifest.xml HTTP/1.1" 500 - "-" "Mozilla/5.0 (Windows NT 10.0; Win64; x64) AppleWebKit/537.36 (KHTML, like Gecko) Chrome/95.0.4638.69 Safari/537.36"
194.0.213.27 - - [05/Nov/2025:00:17:09 +0100] "GET /wp1/wp-includes/wlwmanifest.xml HTTP/1.1" 500 - "-" "Mozilla/5.0 (Windows NT 10.0; Win64; x64) AppleWebKit/537.36 (KHTML, like Gecko) Chrome/95.0.4638.69 Safari/537.36"
194.0.213.27 - - [05/Nov/2025:00:17:11 +0100] "GET /test/wp-includes/wlwmanifest.xml HTTP/1.1" 500 - "-" "Mozilla/5.0 (Windows NT 10.0; Win64; x64) AppleWebKit/537.36 (KHTML, like Gecko) Chrome/95.0.4638.69 Safari/537.36"
194.0.213.27 - - [05/Nov/2025:00:17:13 +0100] "GET /site/wp-includes/wlwmanifest.xml HTTP/1.1" 500 - "-" "Mozilla/5.0 (Windows NT 10.0; Win64; x64) AppleWebKit/537.36 (KHTML, like Gecko) Chrome/95.0.4638.69 Safari/537.36"
194.0.213.27 - - [05/Nov/2025:00:17:14 +0100] "GET /cms/wp-includes/wlwmanifest.xml HTTP/1.1" 500 - "-" "Mozilla/5.0 (Windows NT 10.0; Win64; x64) AppleWebKit/537.36 (KHTML, like Gecko) Chrome/95.0.4638.69 Safari/537.36"
2a06:98c0:3600::103 - - [05/Nov/2025:00:25:46 +0100] "GET /wordpress/wp-admin/setup-config.php HTTP/1.1" 500 - "-" "Mozilla/5.0 (Windows NT 10.0; Win64; x64) AppleWebKit/537.36 (KHTML, like Gecko) Chrome/140.0.0.0 Safari/537.36"
2a06:98c0:3600::103 - - [05/Nov/2025:00:26:54 +0100] "GET /wp-admin/setup-config.php HTTP/1.1" 500 - "-" "Mozilla/5.0 (Windows NT 10.0; Win64; x64) AppleWebKit/537.36 (KHTML, like Gecko) Chrome/140.0.0.0 Safari/537.36"
2a06:98c0:3600::103 - - [05/Nov/2025:00:29:06 +0100] "GET /wp-admin/setup-config.php HTTP/1.1" 500 - "-" "Mozilla/5.0 (Windows NT 10.0; Win64; x64) AppleWebKit/537.36 (KHTML, like Gecko) Chrome/140.0.0.0 Safari/537.36"
2a06:98c0:3600::103 - - [05/Nov/2025:00:47:18 +0100] "GET /wp-admin/setup-config.php HTTP/1.1" 500 - "-" "Mozilla/5.0 (Windows NT 10.0; Win64; x64) AppleWebKit/537.36 (KHTML, like Gecko) Chrome/140.0.0.0 Safari/537.36"
2a06:98c0:3600::103 - - [05/Nov/2025:00:49:42 +0100] "GET /wordpress/wp-admin/setup-config.php HTTP/1.1" 500 - "-" "Mozilla/5.0 (Windows NT 10.0; Win64; x64) AppleWebKit/537.36 (KHTML, like Gecko) Chrome/140.0.0.0 Safari/537.36"
13.82.195.38 - - [05/Nov/2025:00:52:52 +0100] "GET / HTTP/1.1" 508 288 "-" "Mozilla/5.0 (Windows NT 6.1; WOW64) AppleWebKit/534.24 (KHTML, like Gecko) Chrome/11.0.696.71 Safari/534.24"
2a06:98c0:3600::103 - - [05/Nov/2025:01:08:27 +0100] "GET /wordpress/wp-admin/setup-config.php HTTP/1.1" 500 - "-" "Mozilla/5.0 (Windows NT 10.0; Win64; x64) AppleWebKit/537.36 (KHTML, like Gecko) Chrome/140.0.0.0 Safari/537.36"
2a06:98c0:3600::103 - - [05/Nov/2025:01:09:11 +0100] "GET /wp-admin/setup-config.php HTTP/1.1" 500 - "-" "Mozilla/5.0 (Windows NT 10.0; Win64; x64) AppleWebKit/537.36 (KHTML, like Gecko) Chrome/140.0.0.0 Safari/537.36"
13.82.195.38 - - [05/Nov/2025:01:10:38 +0100] "GET / HTTP/1.1" 500 - "http://umurunganews.info/" "Mozilla/5.0 (Windows NT 6.1; WOW64) AppleWebKit/534.24 (KHTML, like Gecko) Chrome/11.0.696.71 Safari/534.24"
98.91.24.47 - - [05/Nov/2025:01:16:57 +0100] "GET / HTTP/1.1" 508 288 "-" "Mozilla/5.0 (Macintosh; Intel Mac OS X 10_15_6) AppleWebKit/605.1.15 (KHTML, like Gecko) Flipboard/4.2.142"
44.231.137.53 - - [05/Nov/2025:01:28:13 +0100] "GET / HTTP/1.1" 500 - "-" "Mozilla/5.0 (Windows NT 10.0; Windows; x64) AppleWebKit/537.36 (KHTML, like Gecko) Chrome/103.0.5060.114 Safari/537.36"
2a06:98c0:3600::103 - - [05/Nov/2025:01:32:06 +0100] "GET /wp-admin/setup-config.php HTTP/1.1" 500 - "-" "Mozilla/5.0 (Windows NT 10.0; Win64; x64) AppleWebKit/537.36 (KHTML, like Gecko) Chrome/140.0.0.0 Safari/537.36"
2a06:98c0:3600::103 - - [05/Nov/2025:01:33:08 +0100] "GET /wordpress/wp-admin/setup-config.php HTTP/1.1" 508 288 "-" "Mozilla/5.0 (Windows NT 10.0; Win64; x64) AppleWebKit/537.36 (KHTML, like Gecko) Chrome/140.0.0.0 Safari/537.36"
2a06:98c0:3600::103 - - [05/Nov/2025:01:49:12 +0100] "GET /wordpress/wp-admin/setup-config.php HTTP/1.1" 500 - "-" "Mozilla/5.0 (Windows NT 10.0; Win64; x64) AppleWebKit/537.36 (KHTML, like Gecko) Chrome/140.0.0.0 Safari/537.36"
2a06:98c0:3600::103 - - [05/Nov/2025:01:53:21 +0100] "GET /wp-admin/setup-config.php HTTP/1.1" 500 - "-" "Mozilla/5.0 (Windows NT 10.0; Win64; x64) AppleWebKit/537.36 (KHTML, like Gecko) Chrome/140.0.0.0 Safari/537.36"
2a06:98c0:3600::103 - - [05/Nov/2025:02:13:16 +0100] "GET /wordpress/wp-admin/setup-config.php HTTP/1.1" 500 - "-" "Mozilla/5.0 (Windows NT 10.0; Win64; x64) AppleWebKit/537.36 (KHTML, like Gecko) Chrome/140.0.0.0 Safari/537.36"
2a06:98c0:3600::103 - - [05/Nov/2025:02:15:31 +0100] "GET /wp-admin/setup-config.php HTTP/1.1" 500 - "-" "Mozilla/5.0 (Windows NT 10.0; Win64; x64) AppleWebKit/537.36 (KHTML, like Gecko) Chrome/140.0.0.0 Safari/537.36"
170.106.180.246 - - [05/Nov/2025:02:31:02 +0100] "GET / HTTP/1.1" 500 - "-" "Mozilla/5.0 (iPhone; CPU iPhone OS 13_2_3 like Mac OS X) AppleWebKit/605.1.15 (KHTML, like Gecko) Version/13.0.3 Mobile/15E148 Safari/604.1"
2a06:98c0:3600::103 - - [05/Nov/2025:02:34:47 +0100] "GET /wordpress/wp-admin/setup-config.php HTTP/1.1" 500 - "-" "Mozilla/5.0 (Windows NT 10.0; Win64; x64) AppleWebKit/537.36 (KHTML, like Gecko) Chrome/140.0.0.0 Safari/537.36"
2a06:98c0:3600::103 - - [05/Nov/2025:02:35:21 +0100] "GET /wp-admin/setup-config.php HTTP/1.1" 500 - "-" "Mozilla/5.0 (Windows NT 10.0; Win64; x64) AppleWebKit/537.36 (KHTML, like Gecko) Chrome/140.0.0.0 Safari/537.36"
49.7.227.204 - - [05/Nov/2025:02:46:21 +0100] "GET / HTTP/1.1" 500 - "-" "Mozilla/5.0 (iPhone; CPU iPhone OS 13_2_3 like Mac OS X) AppleWebKit/605.1.15 (KHTML, like Gecko) Version/13.0.3 Mobile/15E148 Safari/604.1"
2a06:98c0:3600::103 - - [05/Nov/2025:02:54:50 +0100] "GET /wordpress/wp-admin/setup-config.php HTTP/1.1" 500 - "-" "Mozilla/5.0 (Windows NT 10.0; Win64; x64) AppleWebKit/537.36 (KHTML, like Gecko) Chrome/140.0.0.0 Safari/537.36"
2a06:98c0:3600::103 - - [05/Nov/2025:02:55:18 +0100] "GET /wp-admin/setup-config.php HTTP/1.1" 500 - "-" "Mozilla/5.0 (Windows NT 10.0; Win64; x64) AppleWebKit/537.36 (KHTML, like Gecko) Chrome/140.0.0.0 Safari/537.36"
2a06:98c0:3600::103 - - [05/Nov/2025:03:15:48 +0100] "GET /wordpress/wp-admin/setup-config.php HTTP/1.1" 500 - "-" "Mozilla/5.0 (Windows NT 10.0; Win64; x64) AppleWebKit/537.36 (KHTML, like Gecko) Chrome/140.0.0.0 Safari/537.36"
2a06:98c0:3600::103 - - [05/Nov/2025:03:16:59 +0100] "GET /wp-admin/setup-config.php HTTP/1.1" 500 - "-" "Mozilla/5.0 (Windows NT 10.0; Win64; x64) AppleWebKit/537.36 (KHTML, like Gecko) Chrome/140.0.0.0 Safari/537.36"
2a06:98c0:3600::103 - - [05/Nov/2025:03:38:04 +0100] "GET /wordpress/wp-admin/setup-config.php HTTP/1.1" 500 - "-" "Mozilla/5.0 (Windows NT 10.0; Win64; x64) AppleWebKit/537.36 (KHTML, like Gecko) Chrome/140.0.0.0 Safari/537.36"
2a06:98c0:3600::103 - - [05/Nov/2025:03:39:37 +0100] "GET /wp-admin/setup-config.php HTTP/1.1" 500 - "-" "Mozilla/5.0 (Windows NT 10.0; Win64; x64) AppleWebKit/537.36 (KHTML, like Gecko) Chrome/140.0.0.0 Safari/537.36"
2a06:98c0:3600::103 - - [05/Nov/2025:03:59:42 +0100] "GET /wordpress/wp-admin/setup-config.php HTTP/1.1" 500 - "-" "Mozilla/5.0 (Windows NT 10.0; Win64; x64) AppleWebKit/537.36 (KHTML, like Gecko) Chrome/140.0.0.0 Safari/537.36"
2a06:98c0:3600::103 - - [05/Nov/2025:04:01:22 +0100] "GET /wp-admin/setup-config.php HTTP/1.1" 500 - "-" "Mozilla/5.0 (Windows NT 10.0; Win64; x64) AppleWebKit/537.36 (KHTML, like Gecko) Chrome/140.0.0.0 Safari/537.36"
156.146.35.180 - - [05/Nov/2025:04:17:54 +0100] "GET / HTTP/1.1" 500 - "-" "Mozilla/5.0 (Windows NT 10.0; Win64; x64) AppleWebKit/537.36 (KHTML, like Gecko) Chrome/88.0.4240.193 Safari/537.36"
156.146.35.180 - - [05/Nov/2025:04:17:55 +0100] "GET / HTTP/1.1" 500 - "-" "Mozilla/5.0 (Windows NT 10.0; Win64; x64) AppleWebKit/537.36 (KHTML, like Gecko) Chrome/88.0.4240.193 Safari/537.36"
156.146.35.180 - - [05/Nov/2025:04:17:56 +0100] "GET /wp-includes/wlwmanifest.xml HTTP/1.1" 500 - "-" "Mozilla/5.0 (Windows NT 10.0; Win64; x64) AppleWebKit/537.36 (KHTML, like Gecko) Chrome/88.0.4240.193 Safari/537.36"
156.146.35.180 - - [05/Nov/2025:04:17:58 +0100] "GET /xmlrpc.php?rsd HTTP/1.1" 500 - "-" "Mozilla/5.0 (Windows NT 10.0; Win64; x64) AppleWebKit/537.36 (KHTML, like Gecko) Chrome/88.0.4240.193 Safari/537.36"
156.146.35.180 - - [05/Nov/2025:04:17:59 +0100] "GET / HTTP/1.1" 500 - "-" "Mozilla/5.0 (Windows NT 10.0; Win64; x64) AppleWebKit/537.36 (KHTML, like Gecko) Chrome/88.0.4240.193 Safari/537.36"
156.146.35.180 - - [05/Nov/2025:04:18:00 +0100] "GET /blog/wp-includes/wlwmanifest.xml HTTP/1.1" 500 - "-" "Mozilla/5.0 (Windows NT 10.0; Win64; x64) AppleWebKit/537.36 (KHTML, like Gecko) Chrome/88.0.4240.193 Safari/537.36"
156.146.35.180 - - [05/Nov/2025:04:18:01 +0100] "GET /web/wp-includes/wlwmanifest.xml HTTP/1.1" 500 - "-" "Mozilla/5.0 (Windows NT 10.0; Win64; x64) AppleWebKit/537.36 (KHTML, like Gecko) Chrome/88.0.4240.193 Safari/537.36"
156.146.35.180 - - [05/Nov/2025:04:18:02 +0100] "GET /wordpress/wp-includes/wlwmanifest.xml HTTP/1.1" 500 - "-" "Mozilla/5.0 (Windows NT 10.0; Win64; x64) AppleWebKit/537.36 (KHTML, like Gecko) Chrome/88.0.4240.193 Safari/537.36"
156.146.35.180 - - [05/Nov/2025:04:18:03 +0100] "GET /website/wp-includes/wlwmanifest.xml HTTP/1.1" 500 - "-" "Mozilla/5.0 (Windows NT 10.0; Win64; x64) AppleWebKit/537.36 (KHTML, like Gecko) Chrome/88.0.4240.193 Safari/537.36"
156.146.35.180 - - [05/Nov/2025:04:18:04 +0100] "GET /wp/wp-includes/wlwmanifest.xml HTTP/1.1" 500 - "-" "Mozilla/5.0 (Windows NT 10.0; Win64; x64) AppleWebKit/537.36 (KHTML, like Gecko) Chrome/88.0.4240.193 Safari/537.36"
156.146.35.180 - - [05/Nov/2025:04:18:05 +0100] "GET /news/wp-includes/wlwmanifest.xml HTTP/1.1" 500 - "-" "Mozilla/5.0 (Windows NT 10.0; Win64; x64) AppleWebKit/537.36 (KHTML, like Gecko) Chrome/88.0.4240.193 Safari/537.36"
156.146.35.180 - - [05/Nov/2025:04:18:06 +0100] "GET /2020/wp-includes/wlwmanifest.xml HTTP/1.1" 500 - "-" "Mozilla/5.0 (Windows NT 10.0; Win64; x64) AppleWebKit/537.36 (KHTML, like Gecko) Chrome/88.0.4240.193 Safari/537.36"
156.146.35.180 - - [05/Nov/2025:04:18:07 +0100] "GET /2019/wp-includes/wlwmanifest.xml HTTP/1.1" 500 - "-" "Mozilla/5.0 (Windows NT 10.0; Win64; x64) AppleWebKit/537.36 (KHTML, like Gecko) Chrome/88.0.4240.193 Safari/537.36"
156.146.35.180 - - [05/Nov/2025:04:18:08 +0100] "GET /shop/wp-includes/wlwmanifest.xml HTTP/1.1" 500 - "-" "Mozilla/5.0 (Windows NT 10.0; Win64; x64) AppleWebKit/537.36 (KHTML, like Gecko) Chrome/88.0.4240.193 Safari/537.36"
156.146.35.180 - - [05/Nov/2025:04:18:09 +0100] "GET /wp1/wp-includes/wlwmanifest.xml HTTP/1.1" 500 - "-" "Mozilla/5.0 (Windows NT 10.0; Win64; x64) AppleWebKit/537.36 (KHTML, like Gecko) Chrome/88.0.4240.193 Safari/537.36"
156.146.35.180 - - [05/Nov/2025:04:18:10 +0100] "GET /test/wp-includes/wlwmanifest.xml HTTP/1.1" 500 - "-" "Mozilla/5.0 (Windows NT 10.0; Win64; x64) AppleWebKit/537.36 (KHTML, like Gecko) Chrome/88.0.4240.193 Safari/537.36"
156.146.35.180 - - [05/Nov/2025:04:18:11 +0100] "GET /wp2/wp-includes/wlwmanifest.xml HTTP/1.1" 500 - "-" "Mozilla/5.0 (Windows NT 10.0; Win64; x64) AppleWebKit/537.36 (KHTML, like Gecko) Chrome/88.0.4240.193 Safari/537.36"
156.146.35.180 - - [05/Nov/2025:04:18:12 +0100] "GET /site/wp-includes/wlwmanifest.xml HTTP/1.1" 500 - "-" "Mozilla/5.0 (Windows NT 10.0; Win64; x64) AppleWebKit/537.36 (KHTML, like Gecko) Chrome/88.0.4240.193 Safari/537.36"
156.146.35.180 - - [05/Nov/2025:04:18:13 +0100] "GET /cms/wp-includes/wlwmanifest.xml HTTP/1.1" 500 - "-" "Mozilla/5.0 (Windows NT 10.0; Win64; x64) AppleWebKit/537.36 (KHTML, like Gecko) Chrome/88.0.4240.193 Safari/537.36"
156.146.35.180 - - [05/Nov/2025:04:18:14 +0100] "GET /sito/wp-includes/wlwmanifest.xml HTTP/1.1" 500 - "-" "Mozilla/5.0 (Windows NT 10.0; Win64; x64) AppleWebKit/537.36 (KHTML, like Gecko) Chrome/88.0.4240.193 Safari/537.36"
2a06:98c0:3600::103 - - [05/Nov/2025:04:19:11 +0100] "GET /wordpress/wp-admin/setup-config.php HTTP/1.1" 500 - "-" "Mozilla/5.0 (Windows NT 10.0; Win64; x64) AppleWebKit/537.36 (KHTML, like Gecko) Chrome/140.0.0.0 Safari/537.36"
2a06:98c0:3600::103 - - [05/Nov/2025:04:19:39 +0100] "GET /wp-admin/setup-config.php HTTP/1.1" 500 - "-" "Mozilla/5.0 (Windows NT 10.0; Win64; x64) AppleWebKit/537.36 (KHTML, like Gecko) Chrome/140.0.0.0 Safari/537.36"
43.163.206.70 - - [05/Nov/2025:04:23:21 +0100] "GET / HTTP/1.1" 500 - "-" "Mozilla/5.0 (iPhone; CPU iPhone OS 13_2_3 like Mac OS X) AppleWebKit/605.1.15 (KHTML, like Gecko) Version/13.0.3 Mobile/15E148 Safari/604.1"
170.106.148.137 - - [05/Nov/2025:04:23:43 +0100] "GET / HTTP/1.1" 500 - "-" "Mozilla/5.0 (iPhone; CPU iPhone OS 13_2_3 like Mac OS X) AppleWebKit/605.1.15 (KHTML, like Gecko) Version/13.0.3 Mobile/15E148 Safari/604.1"
13.223.96.93 - - [05/Nov/2025:04:34:56 +0100] "GET / HTTP/1.1" 500 - "-" "Mozilla/5.0 (Windows NT 10.0; Win64; x64) AppleWebKit/537.36 (KHTML, like Gecko) Chrome/125.0.0.0 Safari/537.36"
2a06:98c0:3600::103 - - [05/Nov/2025:04:39:24 +0100] "GET /wordpress/wp-admin/setup-config.php HTTP/1.1" 500 - "-" "Mozilla/5.0 (Windows NT 10.0; Win64; x64) AppleWebKit/537.36 (KHTML, like Gecko) Chrome/140.0.0.0 Safari/537.36"
2a06:98c0:3600::103 - - [05/Nov/2025:04:40:07 +0100] "GET /wp-admin/setup-config.php HTTP/1.1" 500 - "-" "Mozilla/5.0 (Windows NT 10.0; Win64; x64) AppleWebKit/537.36 (KHTML, like Gecko) Chrome/140.0.0.0 Safari/537.36"
2a06:98c0:3600::103 - - [05/Nov/2025:04:43:55 +0100] "GET /wp-admin/setup-config.php HTTP/1.1" 500 - "-" "Mozilla/5.0 (Windows NT 10.0; Win64; x64) AppleWebKit/537.36 (KHTML, like Gecko) Chrome/140.0.0.0 Safari/537.36"
2a06:98c0:3600::103 - - [05/Nov/2025:05:03:24 +0100] "GET /wp-admin/setup-config.php HTTP/1.1" 500 - "-" "Mozilla/5.0 (Windows NT 10.0; Win64; x64) AppleWebKit/537.36 (KHTML, like Gecko) Chrome/140.0.0.0 Safari/537.36"
2a06:98c0:3600::103 - - [05/Nov/2025:05:03:50 +0100] "GET /wordpress/wp-admin/setup-config.php HTTP/1.1" 500 - "-" "Mozilla/5.0 (Windows NT 10.0; Win64; x64) AppleWebKit/537.36 (KHTML, like Gecko) Chrome/140.0.0.0 Safari/537.36"
2a06:98c0:3600::103 - - [05/Nov/2025:05:24:15 +0100] "GET /wp-admin/setup-config.php HTTP/1.1" 500 - "-" "Mozilla/5.0 (Windows NT 10.0; Win64; x64) AppleWebKit/537.36 (KHTML, like Gecko) Chrome/140.0.0.0 Safari/537.36"
2a06:98c0:3600::103 - - [05/Nov/2025:05:25:06 +0100] "GET /wordpress/wp-admin/setup-config.php HTTP/1.1" 500 - "-" "Mozilla/5.0 (Windows NT 10.0; Win64; x64) AppleWebKit/537.36 (KHTML, like Gecko) Chrome/140.0.0.0 Safari/537.36"
2a06:98c0:3600::103 - - [05/Nov/2025:05:43:03 +0100] "GET /wp-admin/setup-config.php HTTP/1.1" 500 - "-" "Mozilla/5.0 (Windows NT 10.0; Win64; x64) AppleWebKit/537.36 (KHTML, like Gecko) Chrome/140.0.0.0 Safari/537.36"
2a06:98c0:3600::103 - - [05/Nov/2025:05:43:42 +0100] "GET /wordpress/wp-admin/setup-config.php HTTP/1.1" 500 - "-" "Mozilla/5.0 (Windows NT 10.0; Win64; x64) AppleWebKit/537.36 (KHTML, like Gecko) Chrome/140.0.0.0 Safari/537.36"
2a06:98c0:3600::103 - - [05/Nov/2025:05:54:23 +0100] "GET /wp-admin/setup-config.php HTTP/1.1" 500 - "-" "Mozilla/5.0 (Windows NT 10.0; Win64; x64) AppleWebKit/537.36 (KHTML, like Gecko) Chrome/140.0.0.0 Safari/537.36"
2a06:98c0:3600::103 - - [05/Nov/2025:05:55:23 +0100] "GET /wordpress/wp-admin/setup-config.php HTTP/1.1" 500 - "-" "Mozilla/5.0 (Windows NT 10.0; Win64; x64) AppleWebKit/537.36 (KHTML, like Gecko) Chrome/140.0.0.0 Safari/537.36"
2a06:98c0:3600::103 - - [05/Nov/2025:06:12:31 +0100] "GET /wordpress/wp-admin/setup-config.php HTTP/1.1" 500 - "-" "Mozilla/5.0 (Windows NT 10.0; Win64; x64) AppleWebKit/537.36 (KHTML, like Gecko) Chrome/140.0.0.0 Safari/537.36"
2a06:98c0:3600::103 - - [05/Nov/2025:06:13:30 +0100] "GET /wp-admin/setup-config.php HTTP/1.1" 500 - "-" "Mozilla/5.0 (Windows NT 10.0; Win64; x64) AppleWebKit/537.36 (KHTML, like Gecko) Chrome/140.0.0.0 Safari/537.36"
2a06:98c0:3600::103 - - [05/Nov/2025:06:36:24 +0100] "GET /wp-admin/setup-config.php HTTP/1.1" 500 - "-" "Mozilla/5.0 (Windows NT 10.0; Win64; x64) AppleWebKit/537.36 (KHTML, like Gecko) Chrome/140.0.0.0 Safari/537.36"
2a06:98c0:3600::103 - - [05/Nov/2025:06:38:53 +0100] "GET /wordpress/wp-admin/setup-config.php HTTP/1.1" 500 - "-" "Mozilla/5.0 (Windows NT 10.0; Win64; x64) AppleWebKit/537.36 (KHTML, like Gecko) Chrome/140.0.0.0 Safari/537.36"
149.102.233.233 - - [05/Nov/2025:06:54:48 +0100] "GET / HTTP/1.1" 500 - "-" "Mozilla/5.0 (Windows NT 10.0; Win64; x64) AppleWebKit/537.36 (KHTML, like Gecko) Chrome/88.0.4240.193 Safari/537.36"
149.102.233.233 - - [05/Nov/2025:06:54:49 +0100] "GET / HTTP/1.1" 500 - "-" "Mozilla/5.0 (Windows NT 10.0; Win64; x64) AppleWebKit/537.36 (KHTML, like Gecko) Chrome/88.0.4240.193 Safari/537.36"
149.102.233.233 - - [05/Nov/2025:06:54:50 +0100] "GET /wp-includes/wlwmanifest.xml HTTP/1.1" 500 - "-" "Mozilla/5.0 (Windows NT 10.0; Win64; x64) AppleWebKit/537.36 (KHTML, like Gecko) Chrome/88.0.4240.193 Safari/537.36"
149.102.233.233 - - [05/Nov/2025:06:54:51 +0100] "GET /xmlrpc.php?rsd HTTP/1.1" 500 - "-" "Mozilla/5.0 (Windows NT 10.0; Win64; x64) AppleWebKit/537.36 (KHTML, like Gecko) Chrome/88.0.4240.193 Safari/537.36"
149.102.233.233 - - [05/Nov/2025:06:54:52 +0100] "GET / HTTP/1.1" 500 - "-" "Mozilla/5.0 (Windows NT 10.0; Win64; x64) AppleWebKit/537.36 (KHTML, like Gecko) Chrome/88.0.4240.193 Safari/537.36"
149.102.233.233 - - [05/Nov/2025:06:54:53 +0100] "GET /blog/wp-includes/wlwmanifest.xml HTTP/1.1" 500 - "-" "Mozilla/5.0 (Windows NT 10.0; Win64; x64) AppleWebKit/537.36 (KHTML, like Gecko) Chrome/88.0.4240.193 Safari/537.36"
149.102.233.233 - - [05/Nov/2025:06:54:54 +0100] "GET /web/wp-includes/wlwmanifest.xml HTTP/1.1" 500 - "-" "Mozilla/5.0 (Windows NT 10.0; Win64; x64) AppleWebKit/537.36 (KHTML, like Gecko) Chrome/88.0.4240.193 Safari/537.36"
149.102.233.233 - - [05/Nov/2025:06:54:55 +0100] "GET /wordpress/wp-includes/wlwmanifest.xml HTTP/1.1" 500 - "-" "Mozilla/5.0 (Windows NT 10.0; Win64; x64) AppleWebKit/537.36 (KHTML, like Gecko) Chrome/88.0.4240.193 Safari/537.36"
149.102.233.233 - - [05/Nov/2025:06:54:56 +0100] "GET /website/wp-includes/wlwmanifest.xml HTTP/1.1" 500 - "-" "Mozilla/5.0 (Windows NT 10.0; Win64; x64) AppleWebKit/537.36 (KHTML, like Gecko) Chrome/88.0.4240.193 Safari/537.36"
149.102.233.233 - - [05/Nov/2025:06:54:56 +0100] "GET /wp/wp-includes/wlwmanifest.xml HTTP/1.1" 500 - "-" "Mozilla/5.0 (Windows NT 10.0; Win64; x64) AppleWebKit/537.36 (KHTML, like Gecko) Chrome/88.0.4240.193 Safari/537.36"
149.102.233.233 - - [05/Nov/2025:06:54:57 +0100] "GET /news/wp-includes/wlwmanifest.xml HTTP/1.1" 500 - "-" "Mozilla/5.0 (Windows NT 10.0; Win64; x64) AppleWebKit/537.36 (KHTML, like Gecko) Chrome/88.0.4240.193 Safari/537.36"
149.102.233.233 - - [05/Nov/2025:06:54:58 +0100] "GET /2020/wp-includes/wlwmanifest.xml HTTP/1.1" 500 - "-" "Mozilla/5.0 (Windows NT 10.0; Win64; x64) AppleWebKit/537.36 (KHTML, like Gecko) Chrome/88.0.4240.193 Safari/537.36"
149.102.233.233 - - [05/Nov/2025:06:54:59 +0100] "GET /2019/wp-includes/wlwmanifest.xml HTTP/1.1" 500 - "-" "Mozilla/5.0 (Windows NT 10.0; Win64; x64) AppleWebKit/537.36 (KHTML, like Gecko) Chrome/88.0.4240.193 Safari/537.36"
149.102.233.233 - - [05/Nov/2025:06:55:00 +0100] "GET /shop/wp-includes/wlwmanifest.xml HTTP/1.1" 500 - "-" "Mozilla/5.0 (Windows NT 10.0; Win64; x64) AppleWebKit/537.36 (KHTML, like Gecko) Chrome/88.0.4240.193 Safari/537.36"
149.102.233.233 - - [05/Nov/2025:06:55:01 +0100] "GET /wp1/wp-includes/wlwmanifest.xml HTTP/1.1" 500 - "-" "Mozilla/5.0 (Windows NT 10.0; Win64; x64) AppleWebKit/537.36 (KHTML, like Gecko) Chrome/88.0.4240.193 Safari/537.36"
149.102.233.233 - - [05/Nov/2025:06:55:02 +0100] "GET /test/wp-includes/wlwmanifest.xml HTTP/1.1" 500 - "-" "Mozilla/5.0 (Windows NT 10.0; Win64; x64) AppleWebKit/537.36 (KHTML, like Gecko) Chrome/88.0.4240.193 Safari/537.36"
149.102.233.233 - - [05/Nov/2025:06:55:03 +0100] "GET /wp2/wp-includes/wlwmanifest.xml HTTP/1.1" 500 - "-" "Mozilla/5.0 (Windows NT 10.0; Win64; x64) AppleWebKit/537.36 (KHTML, like Gecko) Chrome/88.0.4240.193 Safari/537.36"
149.102.233.233 - - [05/Nov/2025:06:55:04 +0100] "GET /site/wp-includes/wlwmanifest.xml HTTP/1.1" 500 - "-" "Mozilla/5.0 (Windows NT 10.0; Win64; x64) AppleWebKit/537.36 (KHTML, like Gecko) Chrome/88.0.4240.193 Safari/537.36"
149.102.233.233 - - [05/Nov/2025:06:55:05 +0100] "GET /cms/wp-includes/wlwmanifest.xml HTTP/1.1" 500 - "-" "Mozilla/5.0 (Windows NT 10.0; Win64; x64) AppleWebKit/537.36 (KHTML, like Gecko) Chrome/88.0.4240.193 Safari/537.36"
149.102.233.233 - - [05/Nov/2025:06:55:06 +0100] "GET /sito/wp-includes/wlwmanifest.xml HTTP/1.1" 500 - "-" "Mozilla/5.0 (Windows NT 10.0; Win64; x64) AppleWebKit/537.36 (KHTML, like Gecko) Chrome/88.0.4240.193 Safari/537.36"
149.88.106.146 - - [05/Nov/2025:07:05:33 +0100] "GET / HTTP/1.1" 500 - "-" "Mozilla/5.0 (Windows NT 10.0; Win64; x64) AppleWebKit/537.36 (KHTML, like Gecko) Chrome/78.0.3904.108 Safari/537.36"
149.88.106.146 - - [05/Nov/2025:07:05:34 +0100] "GET / HTTP/1.1" 500 - "-" "Mozilla/5.0 (Windows NT 10.0; Win64; x64) AppleWebKit/537.36 (KHTML, like Gecko) Chrome/78.0.3904.108 Safari/537.36"
149.88.106.146 - - [05/Nov/2025:07:05:34 +0100] "GET /wp-includes/wlwmanifest.xml HTTP/1.1" 500 - "-" "Mozilla/5.0 (Windows NT 10.0; Win64; x64) AppleWebKit/537.36 (KHTML, like Gecko) Chrome/78.0.3904.108 Safari/537.36"
149.88.106.146 - - [05/Nov/2025:07:05:35 +0100] "GET /xmlrpc.php?rsd HTTP/1.1" 500 - "-" "Mozilla/5.0 (Windows NT 10.0; Win64; x64) AppleWebKit/537.36 (KHTML, like Gecko) Chrome/78.0.3904.108 Safari/537.36"
149.88.106.146 - - [05/Nov/2025:07:05:35 +0100] "GET / HTTP/1.1" 500 - "-" "Mozilla/5.0 (Windows NT 10.0; Win64; x64) AppleWebKit/537.36 (KHTML, like Gecko) Chrome/78.0.3904.108 Safari/537.36"
149.88.106.146 - - [05/Nov/2025:07:05:36 +0100] "GET /blog/wp-includes/wlwmanifest.xml HTTP/1.1" 500 - "-" "Mozilla/5.0 (Windows NT 10.0; Win64; x64) AppleWebKit/537.36 (KHTML, like Gecko) Chrome/78.0.3904.108 Safari/537.36"
149.88.106.146 - - [05/Nov/2025:07:05:36 +0100] "GET /web/wp-includes/wlwmanifest.xml HTTP/1.1" 500 - "-" "Mozilla/5.0 (Windows NT 10.0; Win64; x64) AppleWebKit/537.36 (KHTML, like Gecko) Chrome/78.0.3904.108 Safari/537.36"
149.88.106.146 - - [05/Nov/2025:07:05:36 +0100] "GET /wordpress/wp-includes/wlwmanifest.xml HTTP/1.1" 500 - "-" "Mozilla/5.0 (Windows NT 10.0; Win64; x64) AppleWebKit/537.36 (KHTML, like Gecko) Chrome/78.0.3904.108 Safari/537.36"
149.88.106.146 - - [05/Nov/2025:07:05:37 +0100] "GET /website/wp-includes/wlwmanifest.xml HTTP/1.1" 500 - "-" "Mozilla/5.0 (Windows NT 10.0; Win64; x64) AppleWebKit/537.36 (KHTML, like Gecko) Chrome/78.0.3904.108 Safari/537.36"
149.88.106.146 - - [05/Nov/2025:07:05:37 +0100] "GET /wp/wp-includes/wlwmanifest.xml HTTP/1.1" 500 - "-" "Mozilla/5.0 (Windows NT 10.0; Win64; x64) AppleWebKit/537.36 (KHTML, like Gecko) Chrome/78.0.3904.108 Safari/537.36"
149.88.106.146 - - [05/Nov/2025:07:05:38 +0100] "GET /news/wp-includes/wlwmanifest.xml HTTP/1.1" 500 - "-" "Mozilla/5.0 (Windows NT 10.0; Win64; x64) AppleWebKit/537.36 (KHTML, like Gecko) Chrome/78.0.3904.108 Safari/537.36"
149.88.106.146 - - [05/Nov/2025:07:05:38 +0100] "GET /2018/wp-includes/wlwmanifest.xml HTTP/1.1" 500 - "-" "Mozilla/5.0 (Windows NT 10.0; Win64; x64) AppleWebKit/537.36 (KHTML, like Gecko) Chrome/78.0.3904.108 Safari/537.36"
149.88.106.146 - - [05/Nov/2025:07:05:39 +0100] "GET /2019/wp-includes/wlwmanifest.xml HTTP/1.1" 500 - "-" "Mozilla/5.0 (Windows NT 10.0; Win64; x64) AppleWebKit/537.36 (KHTML, like Gecko) Chrome/78.0.3904.108 Safari/537.36"
149.88.106.146 - - [05/Nov/2025:07:05:39 +0100] "GET /shop/wp-includes/wlwmanifest.xml HTTP/1.1" 500 - "-" "Mozilla/5.0 (Windows NT 10.0; Win64; x64) AppleWebKit/537.36 (KHTML, like Gecko) Chrome/78.0.3904.108 Safari/537.36"
149.88.106.146 - - [05/Nov/2025:07:05:40 +0100] "GET /wp1/wp-includes/wlwmanifest.xml HTTP/1.1" 500 - "-" "Mozilla/5.0 (Windows NT 10.0; Win64; x64) AppleWebKit/537.36 (KHTML, like Gecko) Chrome/78.0.3904.108 Safari/537.36"
149.88.106.146 - - [05/Nov/2025:07:05:40 +0100] "GET /test/wp-includes/wlwmanifest.xml HTTP/1.1" 500 - "-" "Mozilla/5.0 (Windows NT 10.0; Win64; x64) AppleWebKit/537.36 (KHTML, like Gecko) Chrome/78.0.3904.108 Safari/537.36"
149.88.106.146 - - [05/Nov/2025:07:05:40 +0100] "GET /media/wp-includes/wlwmanifest.xml HTTP/1.1" 500 - "-" "Mozilla/5.0 (Windows NT 10.0; Win64; x64) AppleWebKit/537.36 (KHTML, like Gecko) Chrome/78.0.3904.108 Safari/537.36"
149.88.106.146 - - [05/Nov/2025:07:05:41 +0100] "GET /wp2/wp-includes/wlwmanifest.xml HTTP/1.1" 500 - "-" "Mozilla/5.0 (Windows NT 10.0; Win64; x64) AppleWebKit/537.36 (KHTML, like Gecko) Chrome/78.0.3904.108 Safari/537.36"
149.88.106.146 - - [05/Nov/2025:07:05:41 +0100] "GET /site/wp-includes/wlwmanifest.xml HTTP/1.1" 500 - "-" "Mozilla/5.0 (Windows NT 10.0; Win64; x64) AppleWebKit/537.36 (KHTML, like Gecko) Chrome/78.0.3904.108 Safari/537.36"
149.88.106.146 - - [05/Nov/2025:07:05:42 +0100] "GET /cms/wp-includes/wlwmanifest.xml HTTP/1.1" 500 - "-" "Mozilla/5.0 (Windows NT 10.0; Win64; x64) AppleWebKit/537.36 (KHTML, like Gecko) Chrome/78.0.3904.108 Safari/537.36"
149.88.106.146 - - [05/Nov/2025:07:05:42 +0100] "GET /sito/wp-includes/wlwmanifest.xml HTTP/1.1" 500 - "-" "Mozilla/5.0 (Windows NT 10.0; Win64; x64) AppleWebKit/537.36 (KHTML, like Gecko) Chrome/78.0.3904.108 Safari/537.36"
2a06:98c0:3600::103 - - [05/Nov/2025:07:15:59 +0100] "GET /wordpress/wp-admin/setup-config.php HTTP/1.1" 500 - "-" "Mozilla/5.0 (Windows NT 10.0; Win64; x64) AppleWebKit/537.36 (KHTML, like Gecko) Chrome/140.0.0.0 Safari/537.36"
2a06:98c0:3600::103 - - [05/Nov/2025:07:17:43 +0100] "GET /wp-admin/setup-config.php HTTP/1.1" 500 - "-" "Mozilla/5.0 (Windows NT 10.0; Win64; x64) AppleWebKit/537.36 (KHTML, like Gecko) Chrome/140.0.0.0 Safari/537.36"
176.53.218.73 - - [05/Nov/2025:07:36:38 +0100] "GET / HTTP/1.1" 500 - "-" "Mozilla/5.0 (Windows NT 10.0; Win64; x64) AppleWebKit/537.36 (KHTML, like Gecko) Chrome/94.0.4606.61 Safari/537.36"
176.53.218.73 - - [05/Nov/2025:07:36:38 +0100] "GET / HTTP/1.1" 500 - "-" "Mozilla/5.0 (Windows NT 10.0; Win64; x64) AppleWebKit/537.36 (KHTML, like Gecko) Chrome/94.0.4606.61 Safari/537.36"
2a06:98c0:3600::103 - - [05/Nov/2025:07:40:35 +0100] "GET /wordpress/wp-admin/setup-config.php HTTP/1.1" 500 - "-" "Mozilla/5.0 (Windows NT 10.0; Win64; x64) AppleWebKit/537.36 (KHTML, like Gecko) Chrome/140.0.0.0 Safari/537.36"
2a06:98c0:3600::103 - - [05/Nov/2025:07:41:17 +0100] "GET /wp-admin/setup-config.php HTTP/1.1" 500 - "-" "Mozilla/5.0 (Windows NT 10.0; Win64; x64) AppleWebKit/537.36 (KHTML, like Gecko) Chrome/140.0.0.0 Safari/537.36"
2a06:98c0:3600::103 - - [05/Nov/2025:08:02:02 +0100] "GET /wp-admin/setup-config.php HTTP/1.1" 500 - "-" "Mozilla/5.0 (Windows NT 10.0; Win64; x64) AppleWebKit/537.36 (KHTML, like Gecko) Chrome/140.0.0.0 Safari/537.36"
