66.220.149.21 - - [04/Nov/2025:18:16:17 +0100] "GET /wp-content/themes/smart-mag/js/lazyload.js?ver=10.3.2 HTTP/1.1" 200 8268 "http://umurunga.com/Ioni-ira?fbclid=IwZXh0bgNhZW0CMTEAAR5AlJ1Cz9xgN1ZkFLunsRqrNQHPy5k1cROBFOik4wMdhtmdXBpupmLNYSJPYw_aem_PQnzoWE0wXnHQxKZrVDg_w" "Mozilla/5.0 (Windows NT 10.0; Win64; x64) AppleWebKit/537.36 (KHTML, like Gecko) Chrome/142.0.0.0 Safari/537.36 Edg/142.0.0.0"
66.220.149.21 - - [04/Nov/2025:18:16:17 +0100] "GET /wp-content/themes/smart-mag/js/jquery.sticky-sidebar.js?ver=10.3.2 HTTP/1.1" 200 12409 "http://umurunga.com/Ioni-ira?fbclid=IwZXh0bgNhZW0CMTEAAR5AlJ1Cz9xgN1ZkFLunsRqrNQHPy5k1cROBFOik4wMdhtmdXBpupmLNYSJPYw_aem_PQnzoWE0wXnHQxKZrVDg_w" "Mozilla/5.0 (Windows NT 10.0; Win64; x64) AppleWebKit/537.36 (KHTML, like Gecko) Chrome/142.0.0.0 Safari/537.36 Edg/142.0.0.0"
66.220.149.5 - - [04/Nov/2025:18:16:17 +0100] "GET /wp-content/themes/smart-mag/js/jquery.mfp-lightbox.js?ver=10.3.2 HTTP/1.1" 200 20216 "http://umurunga.com/Ioni-ira?fbclid=IwZXh0bgNhZW0CMTEAAR5AlJ1Cz9xgN1ZkFLunsRqrNQHPy5k1cROBFOik4wMdhtmdXBpupmLNYSJPYw_aem_PQnzoWE0wXnHQxKZrVDg_w" "Mozilla/5.0 (Windows NT 10.0; Win64; x64) AppleWebKit/537.36 (KHTML, like Gecko) Chrome/142.0.0.0 Safari/537.36 Edg/142.0.0.0"
66.220.149.21 - - [04/Nov/2025:18:16:17 +0100] "GET /wp-content/themes/smart-mag/js/theme.js?ver=10.3.2 HTTP/1.1" 200 53973 "http://umurunga.com/Ioni-ira?fbclid=IwZXh0bgNhZW0CMTEAAR5AlJ1Cz9xgN1ZkFLunsRqrNQHPy5k1cROBFOik4wMdhtmdXBpupmLNYSJPYw_aem_PQnzoWE0wXnHQxKZrVDg_w" "Mozilla/5.0 (Windows NT 10.0; Win64; x64) AppleWebKit/537.36 (KHTML, like Gecko) Chrome/142.0.0.0 Safari/537.36 Edg/142.0.0.0"
216.244.66.203 - - [04/Nov/2025:18:16:11 +0100] "GET /?u=21654412 HTTP/1.1" 301 - "-" "Mozilla/5.0 (compatible; DotBot/1.2; +https://opensiteexplorer.org/dotbot; help@moz.com)"
216.244.66.203 - - [04/Nov/2025:18:16:50 +0100] "GET /?u=227096512 HTTP/1.1" 301 - "-" "Mozilla/5.0 (compatible; DotBot/1.2; +https://opensiteexplorer.org/dotbot; help@moz.com)"
173.252.95.19 - - [04/Nov/2025:18:16:59 +0100] "GET /loni-irasaba-guhagarika-kohereza-intwaro-muri-sudani-kugira-ngo-ubwicanyi-buhagarare HTTP/1.1" 301 - "-" "facebookexternalhit/1.1 (+http://www.facebook.com/externalhit_uatext.php)"
216.244.66.203 - - [04/Nov/2025:18:17:29 +0100] "GET /?u=228125412 HTTP/1.1" 301 - "-" "Mozilla/5.0 (compatible; DotBot/1.2; +https://opensiteexplorer.org/dotbot; help@moz.com)"
216.244.66.203 - - [04/Nov/2025:18:18:12 +0100] "GET /?u=234606612 HTTP/1.1" 301 - "-" "Mozilla/5.0 (compatible; DotBot/1.2; +https://opensiteexplorer.org/dotbot; help@moz.com)"
216.244.66.203 - - [04/Nov/2025:18:18:45 +0100] "GET /?u=241844012 HTTP/1.1" 301 - "-" "Mozilla/5.0 (compatible; DotBot/1.2; +https://opensiteexplorer.org/dotbot; help@moz.com)"
216.244.66.203 - - [04/Nov/2025:18:19:15 +0100] "GET /?u=244795512 HTTP/1.1" 301 - "-" "Mozilla/5.0 (compatible; DotBot/1.2; +https://opensiteexplorer.org/dotbot; help@moz.com)"
216.244.66.203 - - [04/Nov/2025:18:19:44 +0100] "GET /?u=253364812 HTTP/1.1" 301 - "-" "Mozilla/5.0 (compatible; DotBot/1.2; +https://opensiteexplorer.org/dotbot; help@moz.com)"
216.244.66.203 - - [04/Nov/2025:18:20:11 +0100] "GET /?u=261749012 HTTP/1.1" 301 - "-" "Mozilla/5.0 (compatible; DotBot/1.2; +https://opensiteexplorer.org/dotbot; help@moz.com)"
216.244.66.203 - - [04/Nov/2025:18:20:37 +0100] "GET /?u=265365312 HTTP/1.1" 301 - "-" "Mozilla/5.0 (compatible; DotBot/1.2; +https://opensiteexplorer.org/dotbot; help@moz.com)"
216.244.66.203 - - [04/Nov/2025:18:21:03 +0100] "GET /?u=266657312 HTTP/1.1" 301 - "-" "Mozilla/5.0 (compatible; DotBot/1.2; +https://opensiteexplorer.org/dotbot; help@moz.com)"
216.244.66.203 - - [04/Nov/2025:18:21:28 +0100] "GET /?u=266936312 HTTP/1.1" 301 - "-" "Mozilla/5.0 (compatible; DotBot/1.2; +https://opensiteexplorer.org/dotbot; help@moz.com)"
207.180.227.180 - - [04/Nov/2025:18:21:54 +0100] "POST /wp-cron.php?doing_wp_cron=1762276914.7089080810546875000000 HTTP/1.1" 200 - "-" "WordPress/6.8.3; https://umurunga.com"
216.244.66.203 - - [04/Nov/2025:18:21:53 +0100] "GET /?u=272114512 HTTP/1.1" 301 - "-" "Mozilla/5.0 (compatible; DotBot/1.2; +https://opensiteexplorer.org/dotbot; help@moz.com)"
216.244.66.203 - - [04/Nov/2025:18:22:16 +0100] "GET /?u=285162812 HTTP/1.1" 301 - "-" "Mozilla/5.0 (compatible; DotBot/1.2; +https://opensiteexplorer.org/dotbot; help@moz.com)"
216.244.66.203 - - [04/Nov/2025:18:22:41 +0100] "GET /?u=292885412 HTTP/1.1" 301 - "-" "Mozilla/5.0 (compatible; DotBot/1.2; +https://opensiteexplorer.org/dotbot; help@moz.com)"
216.244.66.203 - - [04/Nov/2025:18:23:01 +0100] "GET /?u=296195412 HTTP/1.1" 301 - "-" "Mozilla/5.0 (compatible; DotBot/1.2; +https://opensiteexplorer.org/dotbot; help@moz.com)"
216.244.66.203 - - [04/Nov/2025:18:23:22 +0100] "GET /?u=309017112 HTTP/1.1" 301 - "-" "Mozilla/5.0 (compatible; DotBot/1.2; +https://opensiteexplorer.org/dotbot; help@moz.com)"
216.244.66.203 - - [04/Nov/2025:18:23:41 +0100] "GET /?u=334611812 HTTP/1.1" 301 - "-" "Mozilla/5.0 (compatible; DotBot/1.2; +https://opensiteexplorer.org/dotbot; help@moz.com)"
141.0.12.47 - - [04/Nov/2025:18:23:57 +0100] "GET / HTTP/1.1" 301 - "-" "Mozilla/5.0 (Linux; U; Android 14; SM-A055F Build/UP1A.231005.007; wv) AppleWebKit/537.36 (KHTML, like Gecko) Version/4.0 Chrome/141.0.7390.122 Mobile Safari/537.36 OPR/95.0.2254.79260"
216.244.66.203 - - [04/Nov/2025:18:24:02 +0100] "GET /?u=340971112 HTTP/1.1" 301 - "-" "Mozilla/5.0 (compatible; DotBot/1.2; +https://opensiteexplorer.org/dotbot; help@moz.com)"
216.244.66.203 - - [04/Nov/2025:18:24:22 +0100] "GET /?u=344164212 HTTP/1.1" 301 - "-" "Mozilla/5.0 (compatible; DotBot/1.2; +https://opensiteexplorer.org/dotbot; help@moz.com)"
216.244.66.203 - - [04/Nov/2025:18:25:01 +0100] "GET /?u=347309912 HTTP/1.1" 301 - "-" "Mozilla/5.0 (compatible; DotBot/1.2; +https://opensiteexplorer.org/dotbot; help@moz.com)"
216.244.66.203 - - [04/Nov/2025:18:25:41 +0100] "GET /?u=391622912 HTTP/1.1" 301 - "-" "Mozilla/5.0 (compatible; DotBot/1.2; +https://opensiteexplorer.org/dotbot; help@moz.com)"
216.244.66.203 - - [04/Nov/2025:18:26:19 +0100] "GET /?u=392707312 HTTP/1.1" 301 - "-" "Mozilla/5.0 (compatible; DotBot/1.2; +https://opensiteexplorer.org/dotbot; help@moz.com)"
216.244.66.203 - - [04/Nov/2025:18:27:00 +0100] "GET /?u=406049412 HTTP/1.1" 301 - "-" "Mozilla/5.0 (compatible; DotBot/1.2; +https://opensiteexplorer.org/dotbot; help@moz.com)"
216.244.66.203 - - [04/Nov/2025:18:27:43 +0100] "GET /?u=429585312 HTTP/1.1" 301 - "-" "Mozilla/5.0 (compatible; DotBot/1.2; +https://opensiteexplorer.org/dotbot; help@moz.com)"
216.244.66.203 - - [04/Nov/2025:18:28:24 +0100] "GET /?u=439475612 HTTP/1.1" 301 - "-" "Mozilla/5.0 (compatible; DotBot/1.2; +https://opensiteexplorer.org/dotbot; help@moz.com)"
52.77.55.177 - - [04/Nov/2025:18:28:23 +0100] "GET /wp-content/uploads/2024/01/1688744499766-5e4a7.jpg HTTP/1.1" 404 58567 "-" "Mozilla/5.0 (compatible; crawler)"
89.248.172.183 - - [04/Nov/2025:18:28:43 +0100] "POST /wp-json/tdw/save_css HTTP/1.1" 404 114 "-" "Mozilla/5.0 (Windows NT 10.0) AppleWebKit/537.36 (KHTML, like Gecko) Chrome/104.0.0.0 Safari/537.36"
216.244.66.203 - - [04/Nov/2025:18:29:01 +0100] "GET /?u=464049812 HTTP/1.1" 301 - "-" "Mozilla/5.0 (compatible; DotBot/1.2; +https://opensiteexplorer.org/dotbot; help@moz.com)"
216.244.66.203 - - [04/Nov/2025:18:29:38 +0100] "GET /?u=483607312 HTTP/1.1" 508 288 "-" "Mozilla/5.0 (compatible; DotBot/1.2; +https://opensiteexplorer.org/dotbot; help@moz.com)"
216.244.66.203 - - [04/Nov/2025:18:30:08 +0100] "GET /?u=483625312 HTTP/1.1" 301 - "-" "Mozilla/5.0 (compatible; DotBot/1.2; +https://opensiteexplorer.org/dotbot; help@moz.com)"
216.244.66.203 - - [04/Nov/2025:18:30:41 +0100] "GET /?u=49200712 HTTP/1.1" 301 - "-" "Mozilla/5.0 (compatible; DotBot/1.2; +https://opensiteexplorer.org/dotbot; help@moz.com)"
216.244.66.203 - - [04/Nov/2025:18:31:10 +0100] "GET /?u=492462812 HTTP/1.1" 301 - "-" "Mozilla/5.0 (compatible; DotBot/1.2; +https://opensiteexplorer.org/dotbot; help@moz.com)"
216.244.66.203 - - [04/Nov/2025:18:31:38 +0100] "GET /?u=506029712 HTTP/1.1" 301 - "-" "Mozilla/5.0 (compatible; DotBot/1.2; +https://opensiteexplorer.org/dotbot; help@moz.com)"
216.244.66.203 - - [04/Nov/2025:18:32:05 +0100] "GET /?u=506425412 HTTP/1.1" 301 - "-" "Mozilla/5.0 (compatible; DotBot/1.2; +https://opensiteexplorer.org/dotbot; help@moz.com)"
216.244.66.203 - - [04/Nov/2025:18:32:32 +0100] "GET /?u=515794412 HTTP/1.1" 301 - "-" "Mozilla/5.0 (compatible; DotBot/1.2; +https://opensiteexplorer.org/dotbot; help@moz.com)"
216.244.66.203 - - [04/Nov/2025:18:32:59 +0100] "GET /?u=519219112 HTTP/1.1" 301 - "-" "Mozilla/5.0 (compatible; DotBot/1.2; +https://opensiteexplorer.org/dotbot; help@moz.com)"
216.244.66.203 - - [04/Nov/2025:18:33:24 +0100] "GET /?u=535809012 HTTP/1.1" 301 - "-" "Mozilla/5.0 (compatible; DotBot/1.2; +https://opensiteexplorer.org/dotbot; help@moz.com)"
216.244.66.203 - - [04/Nov/2025:18:33:47 +0100] "GET /?u=623461712 HTTP/1.1" 301 - "-" "Mozilla/5.0 (compatible; DotBot/1.2; +https://opensiteexplorer.org/dotbot; help@moz.com)"
216.244.66.203 - - [04/Nov/2025:18:34:10 +0100] "GET /?u=63714712 HTTP/1.1" 301 - "-" "Mozilla/5.0 (compatible; DotBot/1.2; +https://opensiteexplorer.org/dotbot; help@moz.com)"
216.244.66.203 - - [04/Nov/2025:18:34:34 +0100] "GET /?u=660222512 HTTP/1.1" 301 - "-" "Mozilla/5.0 (compatible; DotBot/1.2; +https://opensiteexplorer.org/dotbot; help@moz.com)"
216.244.66.203 - - [04/Nov/2025:18:34:55 +0100] "GET /?u=660998812 HTTP/1.1" 301 - "-" "Mozilla/5.0 (compatible; DotBot/1.2; +https://opensiteexplorer.org/dotbot; help@moz.com)"
216.244.66.203 - - [04/Nov/2025:18:35:14 +0100] "GET /?u=670944612 HTTP/1.1" 301 - "-" "Mozilla/5.0 (compatible; DotBot/1.2; +https://opensiteexplorer.org/dotbot; help@moz.com)"
82.145.211.57 - - [04/Nov/2025:18:35:27 +0100] "GET / HTTP/1.1" 301 - "-" "Opera/9.80 (MAUI Runtime; Opera Mini/4.4.33576/191.388; U; en) Presto/2.12.423 Version/12.16"
216.244.66.203 - - [04/Nov/2025:18:35:36 +0100] "GET /?u=673646512 HTTP/1.1" 301 - "-" "Mozilla/5.0 (compatible; DotBot/1.2; +https://opensiteexplorer.org/dotbot; help@moz.com)"
216.244.66.203 - - [04/Nov/2025:18:35:53 +0100] "GET /?u=674046612 HTTP/1.1" 301 - "-" "Mozilla/5.0 (compatible; DotBot/1.2; +https://opensiteexplorer.org/dotbot; help@moz.com)"
216.244.66.203 - - [04/Nov/2025:18:36:10 +0100] "GET /?u=679234712 HTTP/1.1" 301 - "-" "Mozilla/5.0 (compatible; DotBot/1.2; +https://opensiteexplorer.org/dotbot; help@moz.com)"
216.244.66.203 - - [04/Nov/2025:18:43:06 +0100] "GET /robots.txt HTTP/1.1" 200 170 "-" "Mozilla/5.0 (compatible; DotBot/1.2; +https://opensiteexplorer.org/dotbot; help@moz.com)"
207.180.227.180 - - [04/Nov/2025:18:45:26 +0100] "GET /.well-known/acme-challenge/4OE0J402GH1-KHWLYNJ5_JH871CHZ-SG HTTP/1.1" 200 64 "-" "Cpanel-HTTP-Client/1.0"
207.180.227.180 - - [04/Nov/2025:18:45:26 +0100] "GET /.well-known/acme-challenge/F9O901_12XKEM-INOW63IBB9DCH1ZXTA HTTP/1.1" 200 64 "-" "Cpanel-HTTP-Client/1.0"
207.180.227.180 - - [04/Nov/2025:18:45:26 +0100] "GET /.well-known/acme-challenge/3DZEF2KADVNRGZ-V_R7MWJMEZ8M3DY36 HTTP/1.1" 200 64 "-" "Cpanel-HTTP-Client/1.0"
207.180.227.180 - - [04/Nov/2025:18:45:26 +0100] "GET /.well-known/acme-challenge/CNTRTJM4A341K3H5--HIB6L_QBSXD40S HTTP/1.1" 200 64 "-" "Cpanel-HTTP-Client/1.0"
207.180.227.180 - - [04/Nov/2025:18:45:26 +0100] "GET /.well-known/acme-challenge/Z7I9P8981IA_1Y9PZYQ5XLHFX9S3T2VC HTTP/1.1" 200 64 "-" "Cpanel-HTTP-Client/1.0"
207.180.227.180 - - [04/Nov/2025:18:45:26 +0100] "GET /.well-known/acme-challenge/ZGNJ6BKO985NGKHVJRPEO34V5YK3_9K8 HTTP/1.1" 200 64 "-" "Cpanel-HTTP-Client/1.0"
207.180.227.180 - - [04/Nov/2025:18:45:26 +0100] "GET /.well-known/acme-challenge/FLXGOD-8AN391T7OJKMP1EFK90ECXM_Q HTTP/1.1" 200 64 "-" "Cpanel-HTTP-Client/1.0"
207.180.227.180 - - [04/Nov/2025:18:45:26 +0100] "GET /.well-known/acme-challenge/T3RZGNI3P_YB57MFJ8D7EO70JSJ548OD HTTP/1.1" 200 64 "-" "Cpanel-HTTP-Client/1.0"
207.180.227.180 - - [04/Nov/2025:18:45:26 +0100] "GET /.well-known/acme-challenge/K1Y0AYICIA01H6D00NL480XYDBSY715W HTTP/1.1" 200 64 "-" "Cpanel-HTTP-Client/1.0"
216.244.66.203 - - [04/Nov/2025:18:46:49 +0100] "GET /?u=133150112 HTTP/1.1" 301 - "-" "Mozilla/5.0 (compatible; DotBot/1.2; +https://opensiteexplorer.org/dotbot; help@moz.com)"
216.244.66.203 - - [04/Nov/2025:18:46:56 +0100] "GET /?u=174653812 HTTP/1.1" 301 - "-" "Mozilla/5.0 (compatible; DotBot/1.2; +https://opensiteexplorer.org/dotbot; help@moz.com)"
216.244.66.203 - - [04/Nov/2025:18:47:05 +0100] "GET /?u=177364112 HTTP/1.1" 301 - "-" "Mozilla/5.0 (compatible; DotBot/1.2; +https://opensiteexplorer.org/dotbot; help@moz.com)"
216.244.66.203 - - [04/Nov/2025:18:47:11 +0100] "GET /?u=192659712 HTTP/1.1" 301 - "-" "Mozilla/5.0 (compatible; DotBot/1.2; +https://opensiteexplorer.org/dotbot; help@moz.com)"
216.244.66.203 - - [04/Nov/2025:18:47:17 +0100] "GET /?u=192922212 HTTP/1.1" 301 - "-" "Mozilla/5.0 (compatible; DotBot/1.2; +https://opensiteexplorer.org/dotbot; help@moz.com)"
216.244.66.203 - - [04/Nov/2025:18:47:25 +0100] "GET /?u=241992212 HTTP/1.1" 301 - "-" "Mozilla/5.0 (compatible; DotBot/1.2; +https://opensiteexplorer.org/dotbot; help@moz.com)"
216.244.66.203 - - [04/Nov/2025:18:47:37 +0100] "GET /?u=259705012 HTTP/1.1" 301 - "-" "Mozilla/5.0 (compatible; DotBot/1.2; +https://opensiteexplorer.org/dotbot; help@moz.com)"
216.244.66.203 - - [04/Nov/2025:18:47:46 +0100] "GET /?u=292203512 HTTP/1.1" 301 - "-" "Mozilla/5.0 (compatible; DotBot/1.2; +https://opensiteexplorer.org/dotbot; help@moz.com)"
216.244.66.203 - - [04/Nov/2025:18:47:55 +0100] "GET /?u=37051312 HTTP/1.1" 301 - "-" "Mozilla/5.0 (compatible; DotBot/1.2; +https://opensiteexplorer.org/dotbot; help@moz.com)"
216.244.66.203 - - [04/Nov/2025:18:48:02 +0100] "GET /?u=383425312 HTTP/1.1" 301 - "-" "Mozilla/5.0 (compatible; DotBot/1.2; +https://opensiteexplorer.org/dotbot; help@moz.com)"
216.244.66.203 - - [04/Nov/2025:18:48:14 +0100] "GET /?u=408128212 HTTP/1.1" 301 - "-" "Mozilla/5.0 (compatible; DotBot/1.2; +https://opensiteexplorer.org/dotbot; help@moz.com)"
216.244.66.203 - - [04/Nov/2025:18:48:24 +0100] "GET /?u=432519212 HTTP/1.1" 301 - "-" "Mozilla/5.0 (compatible; DotBot/1.2; +https://opensiteexplorer.org/dotbot; help@moz.com)"
216.244.66.203 - - [04/Nov/2025:18:48:32 +0100] "GET /?u=496825512 HTTP/1.1" 301 - "-" "Mozilla/5.0 (compatible; DotBot/1.2; +https://opensiteexplorer.org/dotbot; help@moz.com)"
216.244.66.203 - - [04/Nov/2025:18:48:38 +0100] "GET /?u=565030612 HTTP/1.1" 301 - "-" "Mozilla/5.0 (compatible; DotBot/1.2; +https://opensiteexplorer.org/dotbot; help@moz.com)"
216.244.66.203 - - [04/Nov/2025:18:48:46 +0100] "GET /?u=605629612 HTTP/1.1" 301 - "-" "Mozilla/5.0 (compatible; DotBot/1.2; +https://opensiteexplorer.org/dotbot; help@moz.com)"
216.244.66.203 - - [04/Nov/2025:18:48:52 +0100] "GET /?u=682658112 HTTP/1.1" 301 - "-" "Mozilla/5.0 (compatible; DotBot/1.2; +https://opensiteexplorer.org/dotbot; help@moz.com)"
216.244.66.203 - - [04/Nov/2025:18:48:57 +0100] "GET /?u=123338912 HTTP/1.1" 301 - "-" "Mozilla/5.0 (compatible; DotBot/1.2; +https://opensiteexplorer.org/dotbot; help@moz.com)"
216.244.66.203 - - [04/Nov/2025:18:49:02 +0100] "GET /?u=123475312 HTTP/1.1" 301 - "-" "Mozilla/5.0 (compatible; DotBot/1.2; +https://opensiteexplorer.org/dotbot; help@moz.com)"
216.244.66.203 - - [04/Nov/2025:18:49:06 +0100] "GET /?u=124327312 HTTP/1.1" 301 - "-" "Mozilla/5.0 (compatible; DotBot/1.2; +https://opensiteexplorer.org/dotbot; help@moz.com)"
216.244.66.203 - - [04/Nov/2025:18:49:12 +0100] "GET /?u=127808712 HTTP/1.1" 301 - "-" "Mozilla/5.0 (compatible; DotBot/1.2; +https://opensiteexplorer.org/dotbot; help@moz.com)"
216.244.66.203 - - [04/Nov/2025:18:49:22 +0100] "GET /?u=1323212 HTTP/1.1" 301 - "-" "Mozilla/5.0 (compatible; DotBot/1.2; +https://opensiteexplorer.org/dotbot; help@moz.com)"
216.244.66.203 - - [04/Nov/2025:18:49:31 +0100] "GET /?u=149964712 HTTP/1.1" 301 - "-" "Mozilla/5.0 (compatible; DotBot/1.2; +https://opensiteexplorer.org/dotbot; help@moz.com)"
216.244.66.203 - - [04/Nov/2025:18:49:38 +0100] "GET /?u=15064312 HTTP/1.1" 301 - "-" "Mozilla/5.0 (compatible; DotBot/1.2; +https://opensiteexplorer.org/dotbot; help@moz.com)"
216.244.66.203 - - [04/Nov/2025:18:49:43 +0100] "GET /?u=156661912 HTTP/1.1" 301 - "-" "Mozilla/5.0 (compatible; DotBot/1.2; +https://opensiteexplorer.org/dotbot; help@moz.com)"
216.244.66.203 - - [04/Nov/2025:18:49:49 +0100] "GET /?u=160267312 HTTP/1.1" 301 - "-" "Mozilla/5.0 (compatible; DotBot/1.2; +https://opensiteexplorer.org/dotbot; help@moz.com)"
216.244.66.203 - - [04/Nov/2025:18:49:54 +0100] "GET /?u=16213512 HTTP/1.1" 301 - "-" "Mozilla/5.0 (compatible; DotBot/1.2; +https://opensiteexplorer.org/dotbot; help@moz.com)"
216.244.66.203 - - [04/Nov/2025:18:49:57 +0100] "GET /?u=162991512 HTTP/1.1" 301 - "-" "Mozilla/5.0 (compatible; DotBot/1.2; +https://opensiteexplorer.org/dotbot; help@moz.com)"
216.244.66.203 - - [04/Nov/2025:18:50:01 +0100] "GET /?u=17226512 HTTP/1.1" 301 - "-" "Mozilla/5.0 (compatible; DotBot/1.2; +https://opensiteexplorer.org/dotbot; help@moz.com)"
216.244.66.203 - - [04/Nov/2025:18:50:04 +0100] "GET /?u=175444612 HTTP/1.1" 301 - "-" "Mozilla/5.0 (compatible; DotBot/1.2; +https://opensiteexplorer.org/dotbot; help@moz.com)"
216.244.66.203 - - [04/Nov/2025:18:50:15 +0100] "GET /?u=179607112 HTTP/1.1" 301 - "-" "Mozilla/5.0 (compatible; DotBot/1.2; +https://opensiteexplorer.org/dotbot; help@moz.com)"
216.244.66.203 - - [04/Nov/2025:18:50:41 +0100] "GET /?u=179756312 HTTP/1.1" 301 - "-" "Mozilla/5.0 (compatible; DotBot/1.2; +https://opensiteexplorer.org/dotbot; help@moz.com)"
216.244.66.203 - - [04/Nov/2025:18:51:14 +0100] "GET /?u=182334312 HTTP/1.1" 301 - "-" "Mozilla/5.0 (compatible; DotBot/1.2; +https://opensiteexplorer.org/dotbot; help@moz.com)"
216.244.66.203 - - [04/Nov/2025:18:51:50 +0100] "GET /?u=188735812 HTTP/1.1" 301 - "-" "Mozilla/5.0 (compatible; DotBot/1.2; +https://opensiteexplorer.org/dotbot; help@moz.com)"
216.244.66.203 - - [04/Nov/2025:18:52:22 +0100] "GET /?u=191803612 HTTP/1.1" 301 - "-" "Mozilla/5.0 (compatible; DotBot/1.2; +https://opensiteexplorer.org/dotbot; help@moz.com)"
216.244.66.203 - - [04/Nov/2025:18:52:53 +0100] "GET /?u=207731912 HTTP/1.1" 301 - "-" "Mozilla/5.0 (compatible; DotBot/1.2; +https://opensiteexplorer.org/dotbot; help@moz.com)"
216.244.66.203 - - [04/Nov/2025:18:53:30 +0100] "GET /?u=213229112 HTTP/1.1" 301 - "-" "Mozilla/5.0 (compatible; DotBot/1.2; +https://opensiteexplorer.org/dotbot; help@moz.com)"
49.51.72.76 - - [04/Nov/2025:18:54:14 +0100] "GET / HTTP/1.1" 301 - "-" "Mozilla/5.0 (iPhone; CPU iPhone OS 13_2_3 like Mac OS X) AppleWebKit/605.1.15 (KHTML, like Gecko) Version/13.0.3 Mobile/15E148 Safari/604.1"
216.244.66.203 - - [04/Nov/2025:18:54:14 +0100] "GET /?u=222494812 HTTP/1.1" 301 - "-" "Mozilla/5.0 (compatible; DotBot/1.2; +https://opensiteexplorer.org/dotbot; help@moz.com)"
216.244.66.203 - - [04/Nov/2025:18:54:59 +0100] "GET /?u=230433812 HTTP/1.1" 301 - "-" "Mozilla/5.0 (compatible; DotBot/1.2; +https://opensiteexplorer.org/dotbot; help@moz.com)"
216.244.66.203 - - [04/Nov/2025:18:55:38 +0100] "GET /?u=237123012 HTTP/1.1" 301 - "-" "Mozilla/5.0 (compatible; DotBot/1.2; +https://opensiteexplorer.org/dotbot; help@moz.com)"
216.244.66.203 - - [04/Nov/2025:18:56:08 +0100] "GET /?u=239476412 HTTP/1.1" 301 - "-" "Mozilla/5.0 (compatible; DotBot/1.2; +https://opensiteexplorer.org/dotbot; help@moz.com)"
216.244.66.203 - - [04/Nov/2025:18:56:38 +0100] "GET /?u=240699712 HTTP/1.1" 301 - "-" "Mozilla/5.0 (compatible; DotBot/1.2; +https://opensiteexplorer.org/dotbot; help@moz.com)"
82.145.211.246 - - [04/Nov/2025:18:56:48 +0100] "GET / HTTP/1.1" 301 - "-" "Opera/9.80 (SpreadTrum; Opera Mini/4.4.33961/191.388; U; en) Presto/2.12.423 Version/12.16"
216.244.66.203 - - [04/Nov/2025:18:57:06 +0100] "GET /?u=24495012 HTTP/1.1" 301 - "-" "Mozilla/5.0 (compatible; DotBot/1.2; +https://opensiteexplorer.org/dotbot; help@moz.com)"
128.119.202.8 - - [04/Nov/2025:18:57:17 +0100] "GET / HTTP/1.1" 301 - "-" "Mozilla/5.0 (X11; Ubuntu; Linux x86_64; rv:109.0) Gecko/20100101 Firefox/117.0"
216.244.66.203 - - [04/Nov/2025:18:57:37 +0100] "GET /?u=255571612 HTTP/1.1" 301 - "-" "Mozilla/5.0 (compatible; DotBot/1.2; +https://opensiteexplorer.org/dotbot; help@moz.com)"
216.244.66.203 - - [04/Nov/2025:18:58:04 +0100] "GET /?u=263209712 HTTP/1.1" 301 - "-" "Mozilla/5.0 (compatible; DotBot/1.2; +https://opensiteexplorer.org/dotbot; help@moz.com)"
216.244.66.203 - - [04/Nov/2025:18:58:30 +0100] "GET /?u=268852312 HTTP/1.1" 301 - "-" "Mozilla/5.0 (compatible; DotBot/1.2; +https://opensiteexplorer.org/dotbot; help@moz.com)"
216.244.66.203 - - [04/Nov/2025:18:58:56 +0100] "GET /?u=291609612 HTTP/1.1" 301 - "-" "Mozilla/5.0 (compatible; DotBot/1.2; +https://opensiteexplorer.org/dotbot; help@moz.com)"
216.244.66.203 - - [04/Nov/2025:18:59:20 +0100] "GET /?u=319435512 HTTP/1.1" 301 - "-" "Mozilla/5.0 (compatible; DotBot/1.2; +https://opensiteexplorer.org/dotbot; help@moz.com)"
216.244.66.203 - - [04/Nov/2025:18:59:43 +0100] "GET /?u=343776512 HTTP/1.1" 301 - "-" "Mozilla/5.0 (compatible; DotBot/1.2; +https://opensiteexplorer.org/dotbot; help@moz.com)"
216.244.66.203 - - [04/Nov/2025:19:00:07 +0100] "GET /?u=345733012 HTTP/1.1" 301 - "-" "Mozilla/5.0 (compatible; DotBot/1.2; +https://opensiteexplorer.org/dotbot; help@moz.com)"
216.244.66.203 - - [04/Nov/2025:19:00:48 +0100] "GET /?u=352023912 HTTP/1.1" 301 - "-" "Mozilla/5.0 (compatible; DotBot/1.2; +https://opensiteexplorer.org/dotbot; help@moz.com)"
216.244.66.203 - - [04/Nov/2025:19:01:24 +0100] "GET /?u=416719412 HTTP/1.1" 301 - "-" "Mozilla/5.0 (compatible; DotBot/1.2; +https://opensiteexplorer.org/dotbot; help@moz.com)"
216.244.66.203 - - [04/Nov/2025:19:02:03 +0100] "GET /?u=442449112 HTTP/1.1" 301 - "-" "Mozilla/5.0 (compatible; DotBot/1.2; +https://opensiteexplorer.org/dotbot; help@moz.com)"
52.167.144.55 - - [04/Nov/2025:19:02:40 +0100] "GET /robots.txt HTTP/1.1" 200 170 "-" "Mozilla/5.0 AppleWebKit/537.36 (KHTML, like Gecko; compatible; bingbot/2.0; +http://www.bing.com/bingbot.htm) Chrome/116.0.1938.76 Safari/537.36"
216.244.66.203 - - [04/Nov/2025:19:02:42 +0100] "GET /?u=447046512 HTTP/1.1" 301 - "-" "Mozilla/5.0 (compatible; DotBot/1.2; +https://opensiteexplorer.org/dotbot; help@moz.com)"
216.244.66.203 - - [04/Nov/2025:19:03:28 +0100] "GET /?u=457696212 HTTP/1.1" 301 - "-" "Mozilla/5.0 (compatible; DotBot/1.2; +https://opensiteexplorer.org/dotbot; help@moz.com)"
216.244.66.203 - - [04/Nov/2025:19:04:11 +0100] "GET /?u=466596112 HTTP/1.1" 301 - "-" "Mozilla/5.0 (compatible; DotBot/1.2; +https://opensiteexplorer.org/dotbot; help@moz.com)"
216.244.66.203 - - [04/Nov/2025:19:04:54 +0100] "GET /?u=504468412 HTTP/1.1" 301 - "-" "Mozilla/5.0 (compatible; DotBot/1.2; +https://opensiteexplorer.org/dotbot; help@moz.com)"
216.244.66.203 - - [04/Nov/2025:19:05:36 +0100] "GET /?u=505755112 HTTP/1.1" 301 - "-" "Mozilla/5.0 (compatible; DotBot/1.2; +https://opensiteexplorer.org/dotbot; help@moz.com)"
216.244.66.203 - - [04/Nov/2025:19:06:21 +0100] "GET /?u=55197812 HTTP/1.1" 301 - "-" "Mozilla/5.0 (compatible; DotBot/1.2; +https://opensiteexplorer.org/dotbot; help@moz.com)"
52.167.144.55 - - [04/Nov/2025:19:06:32 +0100] "GET /robots.txt HTTP/1.1" 200 170 "-" "Mozilla/5.0 AppleWebKit/537.36 (KHTML, like Gecko; compatible; bingbot/2.0; +http://www.bing.com/bingbot.htm) Chrome/116.0.1938.76 Safari/537.36"
89.248.172.183 - - [04/Nov/2025:19:06:37 +0100] "POST /wp-json/tdw/save_css HTTP/1.1" 404 114 "-" "Mozilla/5.0 (Windows NT 10.0) AppleWebKit/537.36 (KHTML, like Gecko) Chrome/104.0.0.0 Safari/537.36"
216.244.66.203 - - [04/Nov/2025:19:06:53 +0100] "GET /?u=574703012 HTTP/1.1" 301 - "-" "Mozilla/5.0 (compatible; DotBot/1.2; +https://opensiteexplorer.org/dotbot; help@moz.com)"
52.167.144.142 - - [04/Nov/2025:19:06:59 +0100] "GET /wp-content/uploads/2024/09/ABARIMU-BASHYA-2024.pdf HTTP/1.1" 404 58567 "-" "Mozilla/5.0 AppleWebKit/537.36 (KHTML, like Gecko; compatible; bingbot/2.0; +http://www.bing.com/bingbot.htm) Chrome/116.0.1938.76 Safari/537.36"
216.244.66.203 - - [04/Nov/2025:19:07:43 +0100] "GET /?u=597212712 HTTP/1.1" 301 - "-" "Mozilla/5.0 (compatible; DotBot/1.2; +https://opensiteexplorer.org/dotbot; help@moz.com)"
216.244.66.203 - - [04/Nov/2025:19:08:14 +0100] "GET /?u=601710312 HTTP/1.1" 301 - "-" "Mozilla/5.0 (compatible; DotBot/1.2; +https://opensiteexplorer.org/dotbot; help@moz.com)"
216.244.66.203 - - [04/Nov/2025:19:08:45 +0100] "GET /?u=607022012 HTTP/1.1" 301 - "-" "Mozilla/5.0 (compatible; DotBot/1.2; +https://opensiteexplorer.org/dotbot; help@moz.com)"
216.244.66.203 - - [04/Nov/2025:19:09:14 +0100] "GET /?u=613968312 HTTP/1.1" 301 - "-" "Mozilla/5.0 (compatible; DotBot/1.2; +https://opensiteexplorer.org/dotbot; help@moz.com)"
216.244.66.203 - - [04/Nov/2025:19:09:42 +0100] "GET /?u=623496112 HTTP/1.1" 301 - "-" "Mozilla/5.0 (compatible; DotBot/1.2; +https://opensiteexplorer.org/dotbot; help@moz.com)"
216.244.66.203 - - [04/Nov/2025:19:10:08 +0100] "GET /?u=624504512 HTTP/1.1" 301 - "-" "Mozilla/5.0 (compatible; DotBot/1.2; +https://opensiteexplorer.org/dotbot; help@moz.com)"
216.244.66.203 - - [04/Nov/2025:19:10:33 +0100] "GET /?u=64993712 HTTP/1.1" 301 - "-" "Mozilla/5.0 (compatible; DotBot/1.2; +https://opensiteexplorer.org/dotbot; help@moz.com)"
216.244.66.203 - - [04/Nov/2025:19:10:57 +0100] "GET /?u=720700412 HTTP/1.1" 301 - "-" "Mozilla/5.0 (compatible; DotBot/1.2; +https://opensiteexplorer.org/dotbot; help@moz.com)"
216.244.66.203 - - [04/Nov/2025:19:11:23 +0100] "GET /?u=74088912 HTTP/1.1" 301 - "-" "Mozilla/5.0 (compatible; DotBot/1.2; +https://opensiteexplorer.org/dotbot; help@moz.com)"
216.244.66.203 - - [04/Nov/2025:19:11:45 +0100] "GET /?u=741651212 HTTP/1.1" 301 - "-" "Mozilla/5.0 (compatible; DotBot/1.2; +https://opensiteexplorer.org/dotbot; help@moz.com)"
216.244.66.203 - - [04/Nov/2025:19:12:06 +0100] "GET /?u=764203412 HTTP/1.1" 301 - "-" "Mozilla/5.0 (compatible; DotBot/1.2; +https://opensiteexplorer.org/dotbot; help@moz.com)"
216.244.66.203 - - [04/Nov/2025:19:12:27 +0100] "GET /?u=788442112 HTTP/1.1" 301 - "-" "Mozilla/5.0 (compatible; DotBot/1.2; +https://opensiteexplorer.org/dotbot; help@moz.com)"
128.119.202.8 - - [04/Nov/2025:19:12:29 +0100] "GET /author/sengwa/page/3/ HTTP/1.1" 404 58567 "-" "Mozilla/5.0 (X11; Ubuntu; Linux x86_64; rv:109.0) Gecko/20100101 Firefox/117.0"
216.244.66.203 - - [04/Nov/2025:19:12:48 +0100] "GET /?u=807092912 HTTP/1.1" 301 - "-" "Mozilla/5.0 (compatible; DotBot/1.2; +https://opensiteexplorer.org/dotbot; help@moz.com)"
216.244.66.203 - - [04/Nov/2025:19:13:07 +0100] "GET /?u=87703912 HTTP/1.1" 301 - "-" "Mozilla/5.0 (compatible; DotBot/1.2; +https://opensiteexplorer.org/dotbot; help@moz.com)"
216.244.66.203 - - [04/Nov/2025:19:13:26 +0100] "GET /?u=99908812 HTTP/1.1" 301 - "-" "Mozilla/5.0 (compatible; DotBot/1.2; +https://opensiteexplorer.org/dotbot; help@moz.com)"
216.244.66.203 - - [04/Nov/2025:19:13:43 +0100] "GET /?u=103194012 HTTP/1.1" 301 - "-" "Mozilla/5.0 (compatible; DotBot/1.2; +https://opensiteexplorer.org/dotbot; help@moz.com)"
216.244.66.203 - - [04/Nov/2025:19:13:58 +0100] "GET /?u=105612712 HTTP/1.1" 301 - "-" "Mozilla/5.0 (compatible; DotBot/1.2; +https://opensiteexplorer.org/dotbot; help@moz.com)"
216.244.66.203 - - [04/Nov/2025:19:14:14 +0100] "GET /?u=105664812 HTTP/1.1" 301 - "-" "Mozilla/5.0 (compatible; DotBot/1.2; +https://opensiteexplorer.org/dotbot; help@moz.com)"
216.244.66.203 - - [04/Nov/2025:19:14:27 +0100] "GET /?u=105813512 HTTP/1.1" 301 - "-" "Mozilla/5.0 (compatible; DotBot/1.2; +https://opensiteexplorer.org/dotbot; help@moz.com)"
216.244.66.203 - - [04/Nov/2025:19:14:41 +0100] "GET /?u=111129812 HTTP/1.1" 301 - "-" "Mozilla/5.0 (compatible; DotBot/1.2; +https://opensiteexplorer.org/dotbot; help@moz.com)"
216.244.66.203 - - [04/Nov/2025:19:14:52 +0100] "GET /?u=113583012 HTTP/1.1" 301 - "-" "Mozilla/5.0 (compatible; DotBot/1.2; +https://opensiteexplorer.org/dotbot; help@moz.com)"
216.244.66.203 - - [04/Nov/2025:19:15:03 +0100] "GET /?u=117155512 HTTP/1.1" 301 - "-" "Mozilla/5.0 (compatible; DotBot/1.2; +https://opensiteexplorer.org/dotbot; help@moz.com)"
216.244.66.203 - - [04/Nov/2025:19:15:13 +0100] "GET /?u=117535012 HTTP/1.1" 301 - "-" "Mozilla/5.0 (compatible; DotBot/1.2; +https://opensiteexplorer.org/dotbot; help@moz.com)"
216.244.66.203 - - [04/Nov/2025:19:15:45 +0100] "GET /?u=118127112 HTTP/1.1" 301 - "-" "Mozilla/5.0 (compatible; DotBot/1.2; +https://opensiteexplorer.org/dotbot; help@moz.com)"
216.244.66.203 - - [04/Nov/2025:19:16:10 +0100] "GET /?u=120966412 HTTP/1.1" 301 - "-" "Mozilla/5.0 (compatible; DotBot/1.2; +https://opensiteexplorer.org/dotbot; help@moz.com)"
216.244.66.203 - - [04/Nov/2025:19:16:37 +0100] "GET /?u=121096812 HTTP/1.1" 301 - "-" "Mozilla/5.0 (compatible; DotBot/1.2; +https://opensiteexplorer.org/dotbot; help@moz.com)"
216.244.66.203 - - [04/Nov/2025:19:17:00 +0100] "GET /?u=121731412 HTTP/1.1" 301 - "-" "Mozilla/5.0 (compatible; DotBot/1.2; +https://opensiteexplorer.org/dotbot; help@moz.com)"
216.244.66.203 - - [04/Nov/2025:19:17:23 +0100] "GET /?u=129415712 HTTP/1.1" 301 - "-" "Mozilla/5.0 (compatible; DotBot/1.2; +https://opensiteexplorer.org/dotbot; help@moz.com)"
216.244.66.203 - - [04/Nov/2025:19:17:44 +0100] "GET /?u=130611312 HTTP/1.1" 301 - "-" "Mozilla/5.0 (compatible; DotBot/1.2; +https://opensiteexplorer.org/dotbot; help@moz.com)"
216.244.66.203 - - [04/Nov/2025:19:18:05 +0100] "GET /?u=131050912 HTTP/1.1" 301 - "-" "Mozilla/5.0 (compatible; DotBot/1.2; +https://opensiteexplorer.org/dotbot; help@moz.com)"
128.119.202.8 - - [04/Nov/2025:19:18:12 +0100] "GET /category/insolites/page/3/ HTTP/1.1" 404 58567 "-" "Mozilla/5.0 (X11; Ubuntu; Linux x86_64; rv:109.0) Gecko/20100101 Firefox/117.0"
197.157.187.89 - - [04/Nov/2025:19:18:15 +0100] "GET / HTTP/1.1" 301 - "android-app://com.google.android.googlequicksearchbox/" "Mozilla/5.0 (Linux; Android 10; K) AppleWebKit/537.36 (KHTML, like Gecko) Chrome/141.0.0.0 Mobile Safari/537.36"
216.244.66.203 - - [04/Nov/2025:19:18:25 +0100] "GET /?u=131907112 HTTP/1.1" 301 - "-" "Mozilla/5.0 (compatible; DotBot/1.2; +https://opensiteexplorer.org/dotbot; help@moz.com)"
216.244.66.203 - - [04/Nov/2025:19:18:45 +0100] "GET /?u=133758912 HTTP/1.1" 301 - "-" "Mozilla/5.0 (compatible; DotBot/1.2; +https://opensiteexplorer.org/dotbot; help@moz.com)"
216.244.66.203 - - [04/Nov/2025:19:19:03 +0100] "GET /?u=134175512 HTTP/1.1" 301 - "-" "Mozilla/5.0 (compatible; DotBot/1.2; +https://opensiteexplorer.org/dotbot; help@moz.com)"
216.244.66.203 - - [04/Nov/2025:19:19:22 +0100] "GET /?u=135981712 HTTP/1.1" 301 - "-" "Mozilla/5.0 (compatible; DotBot/1.2; +https://opensiteexplorer.org/dotbot; help@moz.com)"
216.244.66.203 - - [04/Nov/2025:19:19:39 +0100] "GET /?u=136404912 HTTP/1.1" 301 - "-" "Mozilla/5.0 (compatible; DotBot/1.2; +https://opensiteexplorer.org/dotbot; help@moz.com)"
216.244.66.203 - - [04/Nov/2025:19:19:55 +0100] "GET /?u=138481712 HTTP/1.1" 301 - "-" "Mozilla/5.0 (compatible; DotBot/1.2; +https://opensiteexplorer.org/dotbot; help@moz.com)"
216.244.66.203 - - [04/Nov/2025:19:20:09 +0100] "GET /?u=138980012 HTTP/1.1" 301 - "-" "Mozilla/5.0 (compatible; DotBot/1.2; +https://opensiteexplorer.org/dotbot; help@moz.com)"
216.244.66.203 - - [04/Nov/2025:19:20:22 +0100] "GET /?u=13917212 HTTP/1.1" 301 - "-" "Mozilla/5.0 (compatible; DotBot/1.2; +https://opensiteexplorer.org/dotbot; help@moz.com)"
216.244.66.203 - - [04/Nov/2025:19:20:35 +0100] "GET /?u=147223512 HTTP/1.1" 301 - "-" "Mozilla/5.0 (compatible; DotBot/1.2; +https://opensiteexplorer.org/dotbot; help@moz.com)"
216.244.66.203 - - [04/Nov/2025:19:20:45 +0100] "GET /?u=148369612 HTTP/1.1" 301 - "-" "Mozilla/5.0 (compatible; DotBot/1.2; +https://opensiteexplorer.org/dotbot; help@moz.com)"
89.248.172.183 - - [04/Nov/2025:19:20:53 +0100] "POST /wp-json/tdw/save_css HTTP/1.1" 404 114 "-" "Mozilla/5.0 (Windows NT 10.0) AppleWebKit/537.36 (KHTML, like Gecko) Chrome/104.0.0.0 Safari/537.36"
146.190.218.63 - - [04/Nov/2025:19:23:22 +0100] "GET /wp-content/uploads/2024/09/GATSIBO-placement-september.pdf HTTP/1.1" 404 58567 "-" "Mozilla/5.0 (Macintosh; Intel Mac OS X 10_15_7) AppleWebKit/537.36 (KHTML, like Gecko) Chrome/135.0.0.0 Safari/537.36"
167.71.17.237 - - [04/Nov/2025:19:23:26 +0100] "GET /wp-content/uploads/2024/09/GATSIBO-placement-september.pdf HTTP/1.1" 404 58567 "-" "Mozilla/5.0 (Macintosh; Intel Mac OS X 10_15_7) AppleWebKit/537.36 (KHTML, like Gecko) Chrome/135.0.0.0 Safari/537.36"
67.205.182.123 - - [04/Nov/2025:19:23:30 +0100] "GET /wp-content/uploads/2024/09/GATSIBO-placement-september.pdf HTTP/1.1" 404 58567 "-" "Mozilla/5.0 (Macintosh; Intel Mac OS X 10_15_7) AppleWebKit/537.36 (KHTML, like Gecko) Chrome/135.0.0.0 Safari/537.36"
101.46.14.54 - - [04/Nov/2025:19:26:08 +0100] "GET /wp-content/uploads/2023/09/IBIBAZO_N_IBISUBIZO_BIJYANYE_N_ITANGAZWA_RY_AMANOTA_Y_IBIZAMINI_BYA_LETA_N_ISHYIRWA_MU_MYANYA_RY_ABANYESHURI_MU_MWAKA_WA_MBERE_N_UWA_KANE_W_AMASHURI_YISUMBUYE__2022-2023_.pdf HTTP/1.1" 404 58567 "http://umurunga.com/wp-content/uploads/2023/09/IBIBAZO_N_IBISUBIZO_BIJYANYE_N_ITANGAZWA_RY_AMANOTA_Y_IBIZAMINI_BYA_LETA_N_ISHYIRWA_MU_MYANYA_RY_ABANYESHURI_MU_MWAKA_WA_MBERE_N_UWA_KANE_W_AMASHURI_YISUMBUYE__2022-2023_.pdf" "Mozilla/5.0 (Macintosh; Intel Mac OS X 10_15_7) AppleWebKit/537.36 (KHTML, like Gecko) Chrome/123.0.0.0 Safari/537.36"
216.244.66.203 - - [04/Nov/2025:19:29:18 +0100] "GET /robots.txt HTTP/1.1" 200 170 "-" "Mozilla/5.0 (compatible; DotBot/1.2; +https://opensiteexplorer.org/dotbot; help@moz.com)"
216.244.66.203 - - [04/Nov/2025:19:33:25 +0100] "GET /?u=272075012 HTTP/1.1" 301 - "-" "Mozilla/5.0 (compatible; DotBot/1.2; +https://opensiteexplorer.org/dotbot; help@moz.com)"
216.244.66.203 - - [04/Nov/2025:19:33:38 +0100] "GET /?u=319116612 HTTP/1.1" 301 - "-" "Mozilla/5.0 (compatible; DotBot/1.2; +https://opensiteexplorer.org/dotbot; help@moz.com)"
216.244.66.203 - - [04/Nov/2025:19:34:16 +0100] "GET /?u=359138312 HTTP/1.1" 301 - "-" "Mozilla/5.0 (compatible; DotBot/1.2; +https://opensiteexplorer.org/dotbot; help@moz.com)"
128.119.202.8 - - [04/Nov/2025:19:34:17 +0100] "GET /homepage-2/?amp=1 HTTP/1.1" 404 58567 "-" "Mozilla/5.0 (X11; Ubuntu; Linux x86_64; rv:109.0) Gecko/20100101 Firefox/117.0"
216.244.66.203 - - [04/Nov/2025:19:35:01 +0100] "GET /?u=400889012 HTTP/1.1" 301 - "-" "Mozilla/5.0 (compatible; DotBot/1.2; +https://opensiteexplorer.org/dotbot; help@moz.com)"
216.244.66.203 - - [04/Nov/2025:19:35:44 +0100] "GET /?u=552956812 HTTP/1.1" 301 - "-" "Mozilla/5.0 (compatible; DotBot/1.2; +https://opensiteexplorer.org/dotbot; help@moz.com)"
216.244.66.203 - - [04/Nov/2025:19:36:20 +0100] "GET /?u=559612312 HTTP/1.1" 301 - "-" "Mozilla/5.0 (compatible; DotBot/1.2; +https://opensiteexplorer.org/dotbot; help@moz.com)"
70.36.127.31 - - [04/Nov/2025:19:36:43 +0100] "GET /storage/logs/error.log HTTP/1.1" 508 288 "-" "Mozilla/5.0 (compatible; Googlebot/2.1 +http://www.googlebot.com/bot.html)"
70.36.127.31 - - [04/Nov/2025:19:36:43 +0100] "GET /system/logs/error.log HTTP/1.1" 508 288 "-" "Mozilla/5.0 (compatible; Googlebot/2.1 +http://www.googlebot.com/bot.html)"
70.36.127.31 - - [04/Nov/2025:19:36:43 +0100] "GET /system/storage/logs/error.log HTTP/1.1" 404 58567 "-" "Mozilla/5.0 (compatible; Googlebot/2.1 +http://www.googlebot.com/bot.html)"
216.244.66.203 - - [04/Nov/2025:19:36:58 +0100] "GET /?u=619342712 HTTP/1.1" 301 - "-" "Mozilla/5.0 (compatible; DotBot/1.2; +https://opensiteexplorer.org/dotbot; help@moz.com)"
216.244.66.203 - - [04/Nov/2025:19:37:41 +0100] "GET /?u=651720512 HTTP/1.1" 301 - "-" "Mozilla/5.0 (compatible; DotBot/1.2; +https://opensiteexplorer.org/dotbot; help@moz.com)"
216.244.66.203 - - [04/Nov/2025:19:38:22 +0100] "GET /?u=706476012 HTTP/1.1" 508 288 "-" "Mozilla/5.0 (compatible; DotBot/1.2; +https://opensiteexplorer.org/dotbot; help@moz.com)"
197.157.135.134 - - [04/Nov/2025:19:37:53 +0100] "GET / HTTP/1.1" 301 - "android-app://com.google.android.googlequicksearchbox/" "Mozilla/5.0 (Linux; Android 10; K) AppleWebKit/537.36 (KHTML, like Gecko) Chrome/141.0.0.0 Mobile Safari/537.36"
216.244.66.203 - - [04/Nov/2025:19:38:52 +0100] "GET /?u=73291212 HTTP/1.1" 301 - "-" "Mozilla/5.0 (compatible; DotBot/1.2; +https://opensiteexplorer.org/dotbot; help@moz.com)"
216.244.66.203 - - [04/Nov/2025:19:39:38 +0100] "GET /?u=741083012 HTTP/1.1" 301 - "-" "Mozilla/5.0 (compatible; DotBot/1.2; +https://opensiteexplorer.org/dotbot; help@moz.com)"
216.244.66.203 - - [04/Nov/2025:19:40:08 +0100] "GET /?u=744399112 HTTP/1.1" 301 - "-" "Mozilla/5.0 (compatible; DotBot/1.2; +https://opensiteexplorer.org/dotbot; help@moz.com)"
216.244.66.203 - - [04/Nov/2025:19:40:39 +0100] "GET /?u=750201412 HTTP/1.1" 301 - "-" "Mozilla/5.0 (compatible; DotBot/1.2; +https://opensiteexplorer.org/dotbot; help@moz.com)"
216.244.66.203 - - [04/Nov/2025:19:41:07 +0100] "GET /?u=750449312 HTTP/1.1" 301 - "-" "Mozilla/5.0 (compatible; DotBot/1.2; +https://opensiteexplorer.org/dotbot; help@moz.com)"
216.244.66.203 - - [04/Nov/2025:19:41:35 +0100] "GET /?u=802161412 HTTP/1.1" 301 - "-" "Mozilla/5.0 (compatible; DotBot/1.2; +https://opensiteexplorer.org/dotbot; help@moz.com)"
216.244.66.203 - - [04/Nov/2025:19:42:01 +0100] "GET /?u=18824712 HTTP/1.1" 301 - "-" "Mozilla/5.0 (compatible; DotBot/1.2; +https://opensiteexplorer.org/dotbot; help@moz.com)"
216.244.66.203 - - [04/Nov/2025:19:42:28 +0100] "GET /?u=19989012 HTTP/1.1" 301 - "-" "Mozilla/5.0 (compatible; DotBot/1.2; +https://opensiteexplorer.org/dotbot; help@moz.com)"
216.244.66.203 - - [04/Nov/2025:19:42:53 +0100] "GET /?u=201110312 HTTP/1.1" 301 - "-" "Mozilla/5.0 (compatible; DotBot/1.2; +https://opensiteexplorer.org/dotbot; help@moz.com)"
216.244.66.203 - - [04/Nov/2025:19:43:17 +0100] "GET /?u=206095612 HTTP/1.1" 301 - "-" "Mozilla/5.0 (compatible; DotBot/1.2; +https://opensiteexplorer.org/dotbot; help@moz.com)"
216.244.66.203 - - [04/Nov/2025:19:43:40 +0100] "GET /?u=208262912 HTTP/1.1" 301 - "-" "Mozilla/5.0 (compatible; DotBot/1.2; +https://opensiteexplorer.org/dotbot; help@moz.com)"
216.244.66.203 - - [04/Nov/2025:19:44:03 +0100] "GET /?u=21106712 HTTP/1.1" 301 - "-" "Mozilla/5.0 (compatible; DotBot/1.2; +https://opensiteexplorer.org/dotbot; help@moz.com)"
216.244.66.203 - - [04/Nov/2025:19:44:23 +0100] "GET /?u=21326812 HTTP/1.1" 301 - "-" "Mozilla/5.0 (compatible; DotBot/1.2; +https://opensiteexplorer.org/dotbot; help@moz.com)"
216.244.66.203 - - [04/Nov/2025:19:45:02 +0100] "GET /?u=218742512 HTTP/1.1" 301 - "-" "Mozilla/5.0 (compatible; DotBot/1.2; +https://opensiteexplorer.org/dotbot; help@moz.com)"
216.244.66.203 - - [04/Nov/2025:19:45:33 +0100] "GET /?u=226635012 HTTP/1.1" 301 - "-" "Mozilla/5.0 (compatible; DotBot/1.2; +https://opensiteexplorer.org/dotbot; help@moz.com)"
216.244.66.203 - - [04/Nov/2025:19:46:02 +0100] "GET /?u=250069612 HTTP/1.1" 301 - "-" "Mozilla/5.0 (compatible; DotBot/1.2; +https://opensiteexplorer.org/dotbot; help@moz.com)"
216.244.66.203 - - [04/Nov/2025:19:46:31 +0100] "GET /?u=250853112 HTTP/1.1" 301 - "-" "Mozilla/5.0 (compatible; DotBot/1.2; +https://opensiteexplorer.org/dotbot; help@moz.com)"
216.244.66.203 - - [04/Nov/2025:19:46:58 +0100] "GET /?u=262110912 HTTP/1.1" 301 - "-" "Mozilla/5.0 (compatible; DotBot/1.2; +https://opensiteexplorer.org/dotbot; help@moz.com)"
216.244.66.203 - - [04/Nov/2025:19:47:25 +0100] "GET /?u=279809112 HTTP/1.1" 301 - "-" "Mozilla/5.0 (compatible; DotBot/1.2; +https://opensiteexplorer.org/dotbot; help@moz.com)"
216.244.66.203 - - [04/Nov/2025:19:47:50 +0100] "GET /?u=284058612 HTTP/1.1" 301 - "-" "Mozilla/5.0 (compatible; DotBot/1.2; +https://opensiteexplorer.org/dotbot; help@moz.com)"
216.244.66.203 - - [04/Nov/2025:19:48:15 +0100] "GET /?u=300964212 HTTP/1.1" 301 - "-" "Mozilla/5.0 (compatible; DotBot/1.2; +https://opensiteexplorer.org/dotbot; help@moz.com)"
216.244.66.203 - - [04/Nov/2025:19:48:39 +0100] "GET /?u=306778412 HTTP/1.1" 301 - "-" "Mozilla/5.0 (compatible; DotBot/1.2; +https://opensiteexplorer.org/dotbot; help@moz.com)"
216.244.66.203 - - [04/Nov/2025:19:49:05 +0100] "GET /?u=323155812 HTTP/1.1" 301 - "-" "Mozilla/5.0 (compatible; DotBot/1.2; +https://opensiteexplorer.org/dotbot; help@moz.com)"
216.244.66.203 - - [04/Nov/2025:19:49:26 +0100] "GET /?u=333832312 HTTP/1.1" 301 - "-" "Mozilla/5.0 (compatible; DotBot/1.2; +https://opensiteexplorer.org/dotbot; help@moz.com)"
216.244.66.203 - - [04/Nov/2025:19:49:48 +0100] "GET /?u=354688512 HTTP/1.1" 301 - "-" "Mozilla/5.0 (compatible; DotBot/1.2; +https://opensiteexplorer.org/dotbot; help@moz.com)"
216.244.66.203 - - [04/Nov/2025:19:50:07 +0100] "GET /?u=363992112 HTTP/1.1" 301 - "-" "Mozilla/5.0 (compatible; DotBot/1.2; +https://opensiteexplorer.org/dotbot; help@moz.com)"
216.244.66.203 - - [04/Nov/2025:19:50:25 +0100] "GET /?u=39898612 HTTP/1.1" 301 - "-" "Mozilla/5.0 (compatible; DotBot/1.2; +https://opensiteexplorer.org/dotbot; help@moz.com)"
216.244.66.203 - - [04/Nov/2025:19:50:43 +0100] "GET /?u=4222712 HTTP/1.1" 301 - "-" "Mozilla/5.0 (compatible; DotBot/1.2; +https://opensiteexplorer.org/dotbot; help@moz.com)"
216.244.66.203 - - [04/Nov/2025:19:50:58 +0100] "GET /?u=451654812 HTTP/1.1" 301 - "-" "Mozilla/5.0 (compatible; DotBot/1.2; +https://opensiteexplorer.org/dotbot; help@moz.com)"
89.248.172.183 - - [04/Nov/2025:19:50:59 +0100] "POST /wp-json/tdw/save_css HTTP/1.1" 404 114 "-" "Mozilla/5.0 (Windows NT 10.0) AppleWebKit/537.36 (KHTML, like Gecko) Chrome/104.0.0.0 Safari/537.36"
216.244.66.203 - - [04/Nov/2025:19:51:15 +0100] "GET /?u=483813812 HTTP/1.1" 301 - "-" "Mozilla/5.0 (compatible; DotBot/1.2; +https://opensiteexplorer.org/dotbot; help@moz.com)"
216.244.66.203 - - [04/Nov/2025:19:51:30 +0100] "GET /?u=513973512 HTTP/1.1" 301 - "-" "Mozilla/5.0 (compatible; DotBot/1.2; +https://opensiteexplorer.org/dotbot; help@moz.com)"
216.244.66.203 - - [04/Nov/2025:19:51:44 +0100] "GET /?u=537166612 HTTP/1.1" 301 - "-" "Mozilla/5.0 (compatible; DotBot/1.2; +https://opensiteexplorer.org/dotbot; help@moz.com)"
216.244.66.203 - - [04/Nov/2025:19:51:57 +0100] "GET /?u=561199112 HTTP/1.1" 301 - "-" "Mozilla/5.0 (compatible; DotBot/1.2; +https://opensiteexplorer.org/dotbot; help@moz.com)"
216.244.66.203 - - [04/Nov/2025:19:52:08 +0100] "GET /?u=56747812 HTTP/1.1" 301 - "-" "Mozilla/5.0 (compatible; DotBot/1.2; +https://opensiteexplorer.org/dotbot; help@moz.com)"
216.244.66.203 - - [04/Nov/2025:19:52:18 +0100] "GET /?u=587161612 HTTP/1.1" 301 - "-" "Mozilla/5.0 (compatible; DotBot/1.2; +https://opensiteexplorer.org/dotbot; help@moz.com)"
216.244.66.203 - - [04/Nov/2025:19:52:29 +0100] "GET /?u=594793712 HTTP/1.1" 301 - "-" "Mozilla/5.0 (compatible; DotBot/1.2; +https://opensiteexplorer.org/dotbot; help@moz.com)"
216.244.66.203 - - [04/Nov/2025:19:52:37 +0100] "GET /?u=61152112 HTTP/1.1" 301 - "-" "Mozilla/5.0 (compatible; DotBot/1.2; +https://opensiteexplorer.org/dotbot; help@moz.com)"
216.244.66.203 - - [04/Nov/2025:19:52:44 +0100] "GET /?u=637605912 HTTP/1.1" 301 - "-" "Mozilla/5.0 (compatible; DotBot/1.2; +https://opensiteexplorer.org/dotbot; help@moz.com)"
216.244.66.203 - - [04/Nov/2025:19:52:53 +0100] "GET /?u=670675212 HTTP/1.1" 301 - "-" "Mozilla/5.0 (compatible; DotBot/1.2; +https://opensiteexplorer.org/dotbot; help@moz.com)"
216.244.66.203 - - [04/Nov/2025:19:53:10 +0100] "GET /?u=686279212 HTTP/1.1" 301 - "-" "Mozilla/5.0 (compatible; DotBot/1.2; +https://opensiteexplorer.org/dotbot; help@moz.com)"
216.244.66.203 - - [04/Nov/2025:19:53:23 +0100] "GET /?u=70894412 HTTP/1.1" 301 - "-" "Mozilla/5.0 (compatible; DotBot/1.2; +https://opensiteexplorer.org/dotbot; help@moz.com)"
20.18.77.130 - - [04/Nov/2025:19:53:29 +0100] "GET /wp-content/plugins/hellopress/wp_filemanager.php HTTP/1.1" 404 58567 "-" "-"
20.18.77.130 - - [04/Nov/2025:19:53:31 +0100] "GET /shoha.php HTTP/1.1" 404 58567 "-" "-"
20.18.77.130 - - [04/Nov/2025:19:53:32 +0100] "GET /kaza.php HTTP/1.1" 404 58567 "-" "-"
20.18.77.130 - - [04/Nov/2025:19:53:34 +0100] "GET /wsd.php HTTP/1.1" 404 58567 "-" "-"
216.244.66.203 - - [04/Nov/2025:19:53:34 +0100] "GET /?u=747766812 HTTP/1.1" 301 - "-" "Mozilla/5.0 (compatible; DotBot/1.2; +https://opensiteexplorer.org/dotbot; help@moz.com)"
20.18.77.130 - - [04/Nov/2025:19:53:36 +0100] "GET /gifclass4.php HTTP/1.1" 404 58567 "-" "-"
20.18.77.130 - - [04/Nov/2025:19:53:38 +0100] "GET /info.php HTTP/1.1" 404 58567 "-" "-"
20.18.77.130 - - [04/Nov/2025:19:53:39 +0100] "GET /333.php HTTP/1.1" 404 58567 "-" "-"
20.18.77.130 - - [04/Nov/2025:19:53:41 +0100] "GET /cfile.php HTTP/1.1" 404 58567 "-" "-"
20.18.77.130 - - [04/Nov/2025:19:53:43 +0100] "GET /bless3.php HTTP/1.1" 404 58567 "-" "-"
20.18.77.130 - - [04/Nov/2025:19:53:45 +0100] "GET /bless.php HTTP/1.1" 404 58567 "-" "-"
216.244.66.203 - - [04/Nov/2025:19:53:45 +0100] "GET /?u=107137612 HTTP/1.1" 301 - "-" "Mozilla/5.0 (compatible; DotBot/1.2; +https://opensiteexplorer.org/dotbot; help@moz.com)"
20.18.77.130 - - [04/Nov/2025:19:53:48 +0100] "GET /doti.php HTTP/1.1" 404 58567 "-" "-"
20.18.77.130 - - [04/Nov/2025:19:53:50 +0100] "GET /031.php HTTP/1.1" 404 58567 "-" "-"
20.18.77.130 - - [04/Nov/2025:19:53:52 +0100] "GET /wfile.php HTTP/1.1" 404 58567 "-" "-"
20.18.77.130 - - [04/Nov/2025:19:53:54 +0100] "GET /lala.php HTTP/1.1" 404 58567 "-" "-"
216.244.66.203 - - [04/Nov/2025:19:53:55 +0100] "GET /?u=112510912 HTTP/1.1" 301 - "-" "Mozilla/5.0 (compatible; DotBot/1.2; +https://opensiteexplorer.org/dotbot; help@moz.com)"
20.18.77.130 - - [04/Nov/2025:19:53:56 +0100] "GET /gmo.php HTTP/1.1" 404 58567 "-" "-"
20.18.77.130 - - [04/Nov/2025:19:53:59 +0100] "GET /he.php HTTP/1.1" 404 58567 "-" "-"
20.18.77.130 - - [04/Nov/2025:19:54:01 +0100] "GET /plss3.php HTTP/1.1" 404 58567 "-" "-"
20.18.77.130 - - [04/Nov/2025:19:54:04 +0100] "GET /ton.php HTTP/1.1" 404 58567 "-" "-"
216.244.66.203 - - [04/Nov/2025:19:54:04 +0100] "GET /?u=118132212 HTTP/1.1" 301 - "-" "Mozilla/5.0 (compatible; DotBot/1.2; +https://opensiteexplorer.org/dotbot; help@moz.com)"
20.18.77.130 - - [04/Nov/2025:19:54:06 +0100] "GET /nfile.php HTTP/1.1" 404 58567 "-" "-"
20.18.77.130 - - [04/Nov/2025:19:54:09 +0100] "GET /ffile.php HTTP/1.1" 404 58567 "-" "-"
216.244.66.203 - - [04/Nov/2025:19:54:13 +0100] "GET /?u=119140212 HTTP/1.1" 301 - "-" "Mozilla/5.0 (compatible; DotBot/1.2; +https://opensiteexplorer.org/dotbot; help@moz.com)"
20.18.77.130 - - [04/Nov/2025:19:54:13 +0100] "GET /file18.php HTTP/1.1" 404 58567 "-" "-"
20.18.77.130 - - [04/Nov/2025:19:54:20 +0100] "GET /file21.php HTTP/1.1" 404 58567 "-" "-"
20.18.77.130 - - [04/Nov/2025:19:54:28 +0100] "GET /yellow.php HTTP/1.1" 404 58567 "-" "-"
216.244.66.203 - - [04/Nov/2025:19:54:35 +0100] "GET /?u=123014012 HTTP/1.1" 301 - "-" "Mozilla/5.0 (compatible; DotBot/1.2; +https://opensiteexplorer.org/dotbot; help@moz.com)"
20.18.77.130 - - [04/Nov/2025:19:54:36 +0100] "GET /file1.php HTTP/1.1" 404 58567 "-" "-"
20.18.77.130 - - [04/Nov/2025:19:54:43 +0100] "GET /geck.php HTTP/1.1" 404 58567 "-" "-"
20.18.77.130 - - [04/Nov/2025:19:54:50 +0100] "GET /file4.php HTTP/1.1" 404 58567 "-" "-"
20.18.77.130 - - [04/Nov/2025:19:54:55 +0100] "GET /file88.php HTTP/1.1" 404 58567 "-" "-"
216.244.66.203 - - [04/Nov/2025:19:54:55 +0100] "GET /?u=124859012 HTTP/1.1" 301 - "-" "Mozilla/5.0 (compatible; DotBot/1.2; +https://opensiteexplorer.org/dotbot; help@moz.com)"
20.18.77.130 - - [04/Nov/2025:19:54:58 +0100] "GET /111.php HTTP/1.1" 404 58567 "-" "-"
20.18.77.130 - - [04/Nov/2025:19:55:00 +0100] "GET /size.php HTTP/1.1" 404 58567 "-" "-"
20.18.77.130 - - [04/Nov/2025:19:55:03 +0100] "GET /bolt.php HTTP/1.1" 404 58567 "-" "-"
20.18.77.130 - - [04/Nov/2025:19:55:05 +0100] "GET /file8.php HTTP/1.1" 404 58567 "-" "-"
20.18.77.130 - - [04/Nov/2025:19:55:08 +0100] "GET /file2.php HTTP/1.1" 404 58567 "-" "-"
20.18.77.130 - - [04/Nov/2025:19:55:09 +0100] "GET /vee.php HTTP/1.1" 404 58567 "-" "-"
216.244.66.203 - - [04/Nov/2025:19:55:13 +0100] "GET /?u=125318512 HTTP/1.1" 301 - "-" "Mozilla/5.0 (compatible; DotBot/1.2; +https://opensiteexplorer.org/dotbot; help@moz.com)"
20.18.77.130 - - [04/Nov/2025:19:55:13 +0100] "GET /a2.php HTTP/1.1" 404 58567 "-" "-"
20.18.77.130 - - [04/Nov/2025:19:55:16 +0100] "GET /mlex.php HTTP/1.1" 404 58567 "-" "-"
20.18.77.130 - - [04/Nov/2025:19:55:19 +0100] "GET /030.php HTTP/1.1" 404 58567 "-" "-"
20.18.77.130 - - [04/Nov/2025:19:55:20 +0100] "GET /haa.php HTTP/1.1" 404 58567 "-" "-"
20.18.77.130 - - [04/Nov/2025:19:55:23 +0100] "GET /xsox.php HTTP/1.1" 404 58567 "-" "-"
20.18.77.130 - - [04/Nov/2025:19:55:25 +0100] "GET /classgoto24.php HTTP/1.1" 404 58567 "-" "-"
20.18.77.130 - - [04/Nov/2025:19:55:27 +0100] "GET /inde.php HTTP/1.1" 404 58567 "-" "-"
216.244.66.203 - - [04/Nov/2025:19:55:29 +0100] "GET /?u=128286312 HTTP/1.1" 301 - "-" "Mozilla/5.0 (compatible; DotBot/1.2; +https://opensiteexplorer.org/dotbot; help@moz.com)"
20.18.77.130 - - [04/Nov/2025:19:55:29 +0100] "GET /akk.php HTTP/1.1" 404 58567 "-" "-"
20.18.77.130 - - [04/Nov/2025:19:55:33 +0100] "GET /alpa.php HTTP/1.1" 404 58567 "-" "-"
20.18.77.130 - - [04/Nov/2025:19:55:38 +0100] "GET /finny.php HTTP/1.1" 404 58567 "-" "-"
20.18.77.130 - - [04/Nov/2025:19:55:43 +0100] "GET /file15.php HTTP/1.1" 404 58567 "-" "-"
216.244.66.203 - - [04/Nov/2025:19:55:45 +0100] "GET /?u=128953712 HTTP/1.1" 301 - "-" "Mozilla/5.0 (compatible; DotBot/1.2; +https://opensiteexplorer.org/dotbot; help@moz.com)"
20.18.77.130 - - [04/Nov/2025:19:55:49 +0100] "GET /0x0x.php HTTP/1.1" 404 58567 "-" "-"
20.18.77.130 - - [04/Nov/2025:19:55:51 +0100] "GET /2clas.php HTTP/1.1" 404 58567 "-" "-"
20.18.77.130 - - [04/Nov/2025:19:55:53 +0100] "GET /file9.php HTTP/1.1" 404 58567 "-" "-"
20.18.77.130 - - [04/Nov/2025:19:55:55 +0100] "GET /aaa.php HTTP/1.1" 404 58567 "-" "-"
20.18.77.130 - - [04/Nov/2025:19:55:57 +0100] "GET /ilex.php HTTP/1.1" 404 58567 "-" "-"
20.18.77.130 - - [04/Nov/2025:19:55:59 +0100] "GET /tor.php HTTP/1.1" 404 58567 "-" "-"
