216.244.66.203 - - [04/Nov/2025:19:56:01 +0100] "GET /?u=129558112 HTTP/1.1" 301 - "-" "Mozilla/5.0 (compatible; DotBot/1.2; +https://opensiteexplorer.org/dotbot; help@moz.com)"
20.18.77.130 - - [04/Nov/2025:19:56:03 +0100] "GET /klex.php HTTP/1.1" 404 58567 "-" "-"
20.18.77.130 - - [04/Nov/2025:19:56:05 +0100] "GET /shell1.php HTTP/1.1" 404 58567 "-" "-"
20.18.77.130 - - [04/Nov/2025:19:56:08 +0100] "GET /sec.php HTTP/1.1" 404 58567 "-" "-"
20.18.77.130 - - [04/Nov/2025:19:56:09 +0100] "GET /filesss.php HTTP/1.1" 404 58567 "-" "-"
20.18.77.130 - - [04/Nov/2025:19:56:12 +0100] "GET /ea.php HTTP/1.1" 404 58567 "-" "-"
216.244.66.203 - - [04/Nov/2025:19:56:15 +0100] "GET /?u=132078612 HTTP/1.1" 301 - "-" "Mozilla/5.0 (compatible; DotBot/1.2; +https://opensiteexplorer.org/dotbot; help@moz.com)"
20.18.77.130 - - [04/Nov/2025:19:56:15 +0100] "GET /gi.php HTTP/1.1" 404 58567 "-" "-"
20.18.77.130 - - [04/Nov/2025:19:56:17 +0100] "GET /10.php HTTP/1.1" 404 58567 "-" "-"
20.18.77.130 - - [04/Nov/2025:19:56:20 +0100] "GET /11.php HTTP/1.1" 404 58567 "-" "-"
20.18.77.130 - - [04/Nov/2025:19:56:25 +0100] "GET /12.php HTTP/1.1" 404 58567 "-" "-"
216.244.66.203 - - [04/Nov/2025:19:56:28 +0100] "GET /?u=135069512 HTTP/1.1" 301 - "-" "Mozilla/5.0 (compatible; DotBot/1.2; +https://opensiteexplorer.org/dotbot; help@moz.com)"
20.18.77.130 - - [04/Nov/2025:19:56:30 +0100] "GET /13.php HTTP/1.1" 404 58567 "-" "-"
20.18.77.130 - - [04/Nov/2025:19:56:35 +0100] "GET /hi.php HTTP/1.1" 404 58567 "-" "-"
20.18.77.130 - - [04/Nov/2025:19:56:40 +0100] "GET /v.php HTTP/1.1" 404 58567 "-" "-"
20.18.77.130 - - [04/Nov/2025:19:56:44 +0100] "GET /ar.php HTTP/1.1" 404 58567 "-" "-"
20.18.77.130 - - [04/Nov/2025:19:56:47 +0100] "GET /article.php HTTP/1.1" 404 58567 "-" "-"
216.244.66.203 - - [04/Nov/2025:19:56:47 +0100] "GET /?u=135870512 HTTP/1.1" 301 - "-" "Mozilla/5.0 (compatible; DotBot/1.2; +https://opensiteexplorer.org/dotbot; help@moz.com)"
20.18.77.130 - - [04/Nov/2025:19:56:50 +0100] "GET /install.php HTTP/1.1" 404 58567 "-" "-"
146.174.185.183 - - [04/Nov/2025:19:56:53 +0100] "GET /wp-content/uploads/2024/08/French-Teacher-Test-REBRTB-with-Calendar-Vkdc.pdf HTTP/1.1" 404 58567 "-" "Mozilla/5.0 (Windows; U; Windows NT 6.1; es-ES; rv:1.9.2.3) Gecko/20100401 Firefox/3.6.3"
20.18.77.130 - - [04/Nov/2025:19:56:55 +0100] "GET /1.php HTTP/1.1" 404 58567 "-" "-"
20.18.77.130 - - [04/Nov/2025:19:57:02 +0100] "GET /bak.php HTTP/1.1" 404 58567 "-" "-"
216.244.66.203 - - [04/Nov/2025:19:57:04 +0100] "GET /?u=139042312 HTTP/1.1" 301 - "-" "Mozilla/5.0 (compatible; DotBot/1.2; +https://opensiteexplorer.org/dotbot; help@moz.com)"
20.18.77.130 - - [04/Nov/2025:19:57:07 +0100] "GET /ini.php HTTP/1.1" 404 58567 "-" "-"
20.18.77.130 - - [04/Nov/2025:19:57:11 +0100] "GET /mail.php HTTP/1.1" 404 58567 "-" "-"
20.18.77.130 - - [04/Nov/2025:19:57:13 +0100] "GET /dlu.php HTTP/1.1" 404 58567 "-" "-"
20.18.77.130 - - [04/Nov/2025:19:57:16 +0100] "GET /zde.php HTTP/1.1" 404 58567 "-" "-"
20.18.77.130 - - [04/Nov/2025:19:57:18 +0100] "GET /ifm.php HTTP/1.1" 404 58567 "-" "-"
20.18.77.130 - - [04/Nov/2025:19:57:20 +0100] "GET /redi.php HTTP/1.1" 404 58567 "-" "-"
216.244.66.203 - - [04/Nov/2025:19:57:22 +0100] "GET /?u=139877912 HTTP/1.1" 301 - "-" "Mozilla/5.0 (compatible; DotBot/1.2; +https://opensiteexplorer.org/dotbot; help@moz.com)"
20.18.77.130 - - [04/Nov/2025:19:57:23 +0100] "GET /fns.php HTTP/1.1" 404 58567 "-" "-"
20.18.77.130 - - [04/Nov/2025:19:57:25 +0100] "GET /pent.php HTTP/1.1" 404 58567 "-" "-"
20.18.77.130 - - [04/Nov/2025:19:57:27 +0100] "GET /wsx.php HTTP/1.1" 404 58567 "-" "-"
20.18.77.130 - - [04/Nov/2025:19:57:30 +0100] "GET /r79.php HTTP/1.1" 404 58567 "-" "-"
20.18.77.130 - - [04/Nov/2025:19:57:32 +0100] "GET /mpxct.php HTTP/1.1" 404 58567 "-" "-"
20.18.77.130 - - [04/Nov/2025:19:57:34 +0100] "GET /x3.php HTTP/1.1" 404 58567 "-" "-"
20.18.77.130 - - [04/Nov/2025:19:57:36 +0100] "GET /wan.php HTTP/1.1" 404 58567 "-" "-"
216.244.66.203 - - [04/Nov/2025:19:57:37 +0100] "GET /?u=142817812 HTTP/1.1" 301 - "-" "Mozilla/5.0 (compatible; DotBot/1.2; +https://opensiteexplorer.org/dotbot; help@moz.com)"
20.18.77.130 - - [04/Nov/2025:19:57:37 +0100] "GET /iov.php HTTP/1.1" 404 58567 "-" "-"
20.18.77.130 - - [04/Nov/2025:19:57:40 +0100] "GET /ouh.php HTTP/1.1" 404 58567 "-" "-"
20.18.77.130 - - [04/Nov/2025:19:57:43 +0100] "GET /asgtt.php HTTP/1.1" 404 58567 "-" "-"
20.18.77.130 - - [04/Nov/2025:19:57:45 +0100] "GET /image.php HTTP/1.1" 404 58567 "-" "-"
20.18.77.130 - - [04/Nov/2025:19:57:47 +0100] "GET /wok.php HTTP/1.1" 404 58567 "-" "-"
20.18.77.130 - - [04/Nov/2025:19:57:49 +0100] "GET /alexus.php HTTP/1.1" 404 58567 "-" "-"
216.244.66.203 - - [04/Nov/2025:19:57:52 +0100] "GET /?u=147651612 HTTP/1.1" 301 - "-" "Mozilla/5.0 (compatible; DotBot/1.2; +https://opensiteexplorer.org/dotbot; help@moz.com)"
20.18.77.130 - - [04/Nov/2025:19:57:53 +0100] "GET /sadis.php HTTP/1.1" 404 58567 "-" "-"
20.18.77.130 - - [04/Nov/2025:19:58:00 +0100] "GET /admir.php HTTP/1.1" 404 58567 "-" "-"
20.18.77.130 - - [04/Nov/2025:19:58:04 +0100] "GET /file52.php HTTP/1.1" 404 58567 "-" "-"
20.18.77.130 - - [04/Nov/2025:19:58:07 +0100] "GET /133.php HTTP/1.1" 404 58567 "-" "-"
20.18.77.130 - - [04/Nov/2025:19:58:09 +0100] "GET /x0.php HTTP/1.1" 404 58567 "-" "-"
20.18.77.130 - - [04/Nov/2025:19:58:11 +0100] "GET /wsr2.php HTTP/1.1" 404 58567 "-" "-"
20.18.77.130 - - [04/Nov/2025:19:58:14 +0100] "GET /wolv.php HTTP/1.1" 404 58567 "-" "-"
20.18.77.130 - - [04/Nov/2025:19:58:16 +0100] "GET /av.php.php HTTP/1.1" 404 58567 "-" "-"
216.244.66.203 - - [04/Nov/2025:19:58:17 +0100] "GET /?u=148380612 HTTP/1.1" 301 - "-" "Mozilla/5.0 (compatible; DotBot/1.2; +https://opensiteexplorer.org/dotbot; help@moz.com)"
20.18.77.130 - - [04/Nov/2025:19:58:19 +0100] "GET /pn.php HTTP/1.1" 404 58567 "-" "-"
20.18.77.130 - - [04/Nov/2025:19:58:22 +0100] "GET /sa.php7 HTTP/1.1" 404 58567 "-" "-"
20.18.77.130 - - [04/Nov/2025:19:58:27 +0100] "GET /shellv3.php HTTP/1.1" 404 58567 "-" "-"
20.18.77.130 - - [04/Nov/2025:19:58:34 +0100] "GET /sts.php HTTP/1.1" 404 58567 "-" "-"
216.244.66.203 - - [04/Nov/2025:19:58:38 +0100] "GET /?u=157876412 HTTP/1.1" 301 - "-" "Mozilla/5.0 (compatible; DotBot/1.2; +https://opensiteexplorer.org/dotbot; help@moz.com)"
20.18.77.130 - - [04/Nov/2025:19:58:40 +0100] "GET /villain.php HTTP/1.1" 404 58567 "-" "-"
20.18.77.130 - - [04/Nov/2025:19:58:47 +0100] "GET /shell_wso.php7 HTTP/1.1" 404 58567 "-" "-"
20.18.77.130 - - [04/Nov/2025:19:58:52 +0100] "GET /red.php HTTP/1.1" 404 58567 "-" "-"
20.18.77.130 - - [04/Nov/2025:19:58:55 +0100] "GET /lupo.php HTTP/1.1" 404 58567 "-" "-"
20.18.77.130 - - [04/Nov/2025:19:58:57 +0100] "GET /jhdnZ.php HTTP/1.1" 404 58567 "-" "-"
20.18.77.130 - - [04/Nov/2025:19:58:59 +0100] "GET /gh.php HTTP/1.1" 404 58567 "-" "-"
216.244.66.203 - - [04/Nov/2025:19:59:02 +0100] "GET /?u=158278512 HTTP/1.1" 301 - "-" "Mozilla/5.0 (compatible; DotBot/1.2; +https://opensiteexplorer.org/dotbot; help@moz.com)"
216.244.66.203 - - [04/Nov/2025:19:59:22 +0100] "GET /?u=158982912 HTTP/1.1" 301 - "-" "Mozilla/5.0 (compatible; DotBot/1.2; +https://opensiteexplorer.org/dotbot; help@moz.com)"
216.244.66.203 - - [04/Nov/2025:19:59:39 +0100] "GET /?u=164427612 HTTP/1.1" 301 - "-" "Mozilla/5.0 (compatible; DotBot/1.2; +https://opensiteexplorer.org/dotbot; help@moz.com)"
216.244.66.203 - - [04/Nov/2025:19:59:57 +0100] "GET /?u=166085712 HTTP/1.1" 301 - "-" "Mozilla/5.0 (compatible; DotBot/1.2; +https://opensiteexplorer.org/dotbot; help@moz.com)"
216.244.66.203 - - [04/Nov/2025:20:00:14 +0100] "GET /?u=174837812 HTTP/1.1" 301 - "-" "Mozilla/5.0 (compatible; DotBot/1.2; +https://opensiteexplorer.org/dotbot; help@moz.com)"
216.244.66.203 - - [04/Nov/2025:20:00:31 +0100] "GET /?u=176331312 HTTP/1.1" 301 - "-" "Mozilla/5.0 (compatible; DotBot/1.2; +https://opensiteexplorer.org/dotbot; help@moz.com)"
216.244.66.203 - - [04/Nov/2025:20:00:46 +0100] "GET /?u=181206312 HTTP/1.1" 301 - "-" "Mozilla/5.0 (compatible; DotBot/1.2; +https://opensiteexplorer.org/dotbot; help@moz.com)"
216.244.66.203 - - [04/Nov/2025:20:01:01 +0100] "GET /?u=181370912 HTTP/1.1" 301 - "-" "Mozilla/5.0 (compatible; DotBot/1.2; +https://opensiteexplorer.org/dotbot; help@moz.com)"
216.244.66.203 - - [04/Nov/2025:20:01:14 +0100] "GET /?u=193315912 HTTP/1.1" 301 - "-" "Mozilla/5.0 (compatible; DotBot/1.2; +https://opensiteexplorer.org/dotbot; help@moz.com)"
111.119.211.195 - - [04/Nov/2025:20:01:15 +0100] "GET /wp-content/uploads/2023/12/IBIBAZO_N_IBISUBIZO_KU_BIJYANYE_N_ITANGAZWA_RY_AMANOTA_Y_IBIZAMINI_BYA_LETA_BISOZA_ICYICIRO_CY_AMASHURI_YISUMBUYE__2022-2023_.pdf HTTP/1.1" 404 58567 "http://umurunga.com/wp-content/uploads/2023/12/IBIBAZO_N_IBISUBIZO_KU_BIJYANYE_N_ITANGAZWA_RY_AMANOTA_Y_IBIZAMINI_BYA_LETA_BISOZA_ICYICIRO_CY_AMASHURI_YISUMBUYE__2022-2023_.pdf" "Mozilla/5.0 (Windows NT 10.0; Win64; x64) AppleWebKit/537.36 (KHTML, like Gecko) Chrome/116.0.0.0 Safari/537.36"
216.244.66.203 - - [04/Nov/2025:20:01:26 +0100] "GET /?u=198847712 HTTP/1.1" 301 - "-" "Mozilla/5.0 (compatible; DotBot/1.2; +https://opensiteexplorer.org/dotbot; help@moz.com)"
216.244.66.203 - - [04/Nov/2025:20:01:36 +0100] "GET /?u=202356512 HTTP/1.1" 301 - "-" "Mozilla/5.0 (compatible; DotBot/1.2; +https://opensiteexplorer.org/dotbot; help@moz.com)"
89.248.172.183 - - [04/Nov/2025:20:01:36 +0100] "POST /wp-json/tdw/save_css HTTP/1.1" 404 114 "-" "Mozilla/5.0 (Windows NT 10.0) AppleWebKit/537.36 (KHTML, like Gecko) Chrome/104.0.0.0 Safari/537.36"
216.244.66.203 - - [04/Nov/2025:20:01:46 +0100] "GET /?u=204198012 HTTP/1.1" 301 - "-" "Mozilla/5.0 (compatible; DotBot/1.2; +https://opensiteexplorer.org/dotbot; help@moz.com)"
216.244.66.203 - - [04/Nov/2025:20:01:54 +0100] "GET /?u=21105812 HTTP/1.1" 301 - "-" "Mozilla/5.0 (compatible; DotBot/1.2; +https://opensiteexplorer.org/dotbot; help@moz.com)"
216.244.66.203 - - [04/Nov/2025:20:02:02 +0100] "GET /?u=21690912 HTTP/1.1" 301 - "-" "Mozilla/5.0 (compatible; DotBot/1.2; +https://opensiteexplorer.org/dotbot; help@moz.com)"
216.244.66.203 - - [04/Nov/2025:20:02:09 +0100] "GET /?u=219228712 HTTP/1.1" 301 - "-" "Mozilla/5.0 (compatible; DotBot/1.2; +https://opensiteexplorer.org/dotbot; help@moz.com)"
216.244.66.203 - - [04/Nov/2025:20:02:15 +0100] "GET /?u=219450412 HTTP/1.1" 301 - "-" "Mozilla/5.0 (compatible; DotBot/1.2; +https://opensiteexplorer.org/dotbot; help@moz.com)"
216.244.66.203 - - [04/Nov/2025:20:02:20 +0100] "GET /?u=221557412 HTTP/1.1" 301 - "-" "Mozilla/5.0 (compatible; DotBot/1.2; +https://opensiteexplorer.org/dotbot; help@moz.com)"
216.244.66.203 - - [04/Nov/2025:20:02:24 +0100] "GET /?u=238423712 HTTP/1.1" 301 - "-" "Mozilla/5.0 (compatible; DotBot/1.2; +https://opensiteexplorer.org/dotbot; help@moz.com)"
216.244.66.203 - - [04/Nov/2025:20:02:31 +0100] "GET /?u=239163612 HTTP/1.1" 301 - "-" "Mozilla/5.0 (compatible; DotBot/1.2; +https://opensiteexplorer.org/dotbot; help@moz.com)"
216.244.66.203 - - [04/Nov/2025:20:02:35 +0100] "GET /?u=23990012 HTTP/1.1" 301 - "-" "Mozilla/5.0 (compatible; DotBot/1.2; +https://opensiteexplorer.org/dotbot; help@moz.com)"
216.244.66.203 - - [04/Nov/2025:20:02:45 +0100] "GET /?u=247237412 HTTP/1.1" 301 - "-" "Mozilla/5.0 (compatible; DotBot/1.2; +https://opensiteexplorer.org/dotbot; help@moz.com)"
216.244.66.203 - - [04/Nov/2025:20:02:57 +0100] "GET /?u=253653812 HTTP/1.1" 301 - "-" "Mozilla/5.0 (compatible; DotBot/1.2; +https://opensiteexplorer.org/dotbot; help@moz.com)"
216.244.66.203 - - [04/Nov/2025:20:03:07 +0100] "GET /?u=261414712 HTTP/1.1" 301 - "-" "Mozilla/5.0 (compatible; DotBot/1.2; +https://opensiteexplorer.org/dotbot; help@moz.com)"
216.244.66.203 - - [04/Nov/2025:20:03:15 +0100] "GET /?u=265427912 HTTP/1.1" 301 - "-" "Mozilla/5.0 (compatible; DotBot/1.2; +https://opensiteexplorer.org/dotbot; help@moz.com)"
216.244.66.203 - - [04/Nov/2025:20:03:21 +0100] "GET /?u=266261012 HTTP/1.1" 301 - "-" "Mozilla/5.0 (compatible; DotBot/1.2; +https://opensiteexplorer.org/dotbot; help@moz.com)"
216.244.66.203 - - [04/Nov/2025:20:03:27 +0100] "GET /?u=277999212 HTTP/1.1" 301 - "-" "Mozilla/5.0 (compatible; DotBot/1.2; +https://opensiteexplorer.org/dotbot; help@moz.com)"
216.244.66.203 - - [04/Nov/2025:20:03:32 +0100] "GET /?u=278790112 HTTP/1.1" 301 - "-" "Mozilla/5.0 (compatible; DotBot/1.2; +https://opensiteexplorer.org/dotbot; help@moz.com)"
216.244.66.203 - - [04/Nov/2025:20:03:38 +0100] "GET /?u=278976712 HTTP/1.1" 301 - "-" "Mozilla/5.0 (compatible; DotBot/1.2; +https://opensiteexplorer.org/dotbot; help@moz.com)"
216.244.66.203 - - [04/Nov/2025:20:03:43 +0100] "GET /?u=290213812 HTTP/1.1" 301 - "-" "Mozilla/5.0 (compatible; DotBot/1.2; +https://opensiteexplorer.org/dotbot; help@moz.com)"
216.244.66.203 - - [04/Nov/2025:20:03:52 +0100] "GET /?u=299499812 HTTP/1.1" 301 - "-" "Mozilla/5.0 (compatible; DotBot/1.2; +https://opensiteexplorer.org/dotbot; help@moz.com)"
216.244.66.203 - - [04/Nov/2025:20:04:00 +0100] "GET /?u=302868112 HTTP/1.1" 301 - "-" "Mozilla/5.0 (compatible; DotBot/1.2; +https://opensiteexplorer.org/dotbot; help@moz.com)"
216.244.66.203 - - [04/Nov/2025:20:04:07 +0100] "GET /?u=305727412 HTTP/1.1" 301 - "-" "Mozilla/5.0 (compatible; DotBot/1.2; +https://opensiteexplorer.org/dotbot; help@moz.com)"
216.244.66.203 - - [04/Nov/2025:20:04:12 +0100] "GET /?u=306073012 HTTP/1.1" 301 - "-" "Mozilla/5.0 (compatible; DotBot/1.2; +https://opensiteexplorer.org/dotbot; help@moz.com)"
216.244.66.203 - - [04/Nov/2025:20:04:18 +0100] "GET /?u=312820512 HTTP/1.1" 301 - "-" "Mozilla/5.0 (compatible; DotBot/1.2; +https://opensiteexplorer.org/dotbot; help@moz.com)"
216.244.66.203 - - [04/Nov/2025:20:04:22 +0100] "GET /?u=312895212 HTTP/1.1" 301 - "-" "Mozilla/5.0 (compatible; DotBot/1.2; +https://opensiteexplorer.org/dotbot; help@moz.com)"
216.244.66.203 - - [04/Nov/2025:20:04:30 +0100] "GET /?u=326705912 HTTP/1.1" 301 - "-" "Mozilla/5.0 (compatible; DotBot/1.2; +https://opensiteexplorer.org/dotbot; help@moz.com)"
216.244.66.203 - - [04/Nov/2025:20:04:43 +0100] "GET /?u=330227412 HTTP/1.1" 301 - "-" "Mozilla/5.0 (compatible; DotBot/1.2; +https://opensiteexplorer.org/dotbot; help@moz.com)"
216.244.66.203 - - [04/Nov/2025:20:04:53 +0100] "GET /?u=331570912 HTTP/1.1" 301 - "-" "Mozilla/5.0 (compatible; DotBot/1.2; +https://opensiteexplorer.org/dotbot; help@moz.com)"
216.244.66.203 - - [04/Nov/2025:20:05:01 +0100] "GET /?u=335846012 HTTP/1.1" 301 - "-" "Mozilla/5.0 (compatible; DotBot/1.2; +https://opensiteexplorer.org/dotbot; help@moz.com)"
216.244.66.203 - - [04/Nov/2025:20:05:11 +0100] "GET /?u=335932912 HTTP/1.1" 301 - "-" "Mozilla/5.0 (compatible; DotBot/1.2; +https://opensiteexplorer.org/dotbot; help@moz.com)"
216.244.66.203 - - [04/Nov/2025:20:05:23 +0100] "GET /?u=33738712 HTTP/1.1" 301 - "-" "Mozilla/5.0 (compatible; DotBot/1.2; +https://opensiteexplorer.org/dotbot; help@moz.com)"
216.244.66.203 - - [04/Nov/2025:20:05:35 +0100] "GET /?u=340326912 HTTP/1.1" 301 - "-" "Mozilla/5.0 (compatible; DotBot/1.2; +https://opensiteexplorer.org/dotbot; help@moz.com)"
216.244.66.203 - - [04/Nov/2025:20:05:54 +0100] "GET /?u=341045812 HTTP/1.1" 301 - "-" "Mozilla/5.0 (compatible; DotBot/1.2; +https://opensiteexplorer.org/dotbot; help@moz.com)"
216.244.66.203 - - [04/Nov/2025:20:06:12 +0100] "GET /?u=341303612 HTTP/1.1" 301 - "-" "Mozilla/5.0 (compatible; DotBot/1.2; +https://opensiteexplorer.org/dotbot; help@moz.com)"
216.244.66.203 - - [04/Nov/2025:20:06:29 +0100] "GET /?u=344579212 HTTP/1.1" 301 - "-" "Mozilla/5.0 (compatible; DotBot/1.2; +https://opensiteexplorer.org/dotbot; help@moz.com)"
216.244.66.203 - - [04/Nov/2025:20:06:44 +0100] "GET /?u=352662212 HTTP/1.1" 301 - "-" "Mozilla/5.0 (compatible; DotBot/1.2; +https://opensiteexplorer.org/dotbot; help@moz.com)"
216.244.66.203 - - [04/Nov/2025:20:06:58 +0100] "GET /?u=352983712 HTTP/1.1" 301 - "-" "Mozilla/5.0 (compatible; DotBot/1.2; +https://opensiteexplorer.org/dotbot; help@moz.com)"
216.244.66.203 - - [04/Nov/2025:20:07:10 +0100] "GET /?u=357234312 HTTP/1.1" 301 - "-" "Mozilla/5.0 (compatible; DotBot/1.2; +https://opensiteexplorer.org/dotbot; help@moz.com)"
216.244.66.203 - - [04/Nov/2025:20:14:02 +0100] "GET /robots.txt HTTP/1.1" 200 170 "-" "Mozilla/5.0 (compatible; DotBot/1.2; +https://opensiteexplorer.org/dotbot; help@moz.com)"
89.248.172.183 - - [04/Nov/2025:20:16:24 +0100] "POST /wp-json/tdw/save_css HTTP/1.1" 404 114 "-" "Mozilla/5.0 (Windows NT 10.0) AppleWebKit/537.36 (KHTML, like Gecko) Chrome/104.0.0.0 Safari/537.36"
216.244.66.203 - - [04/Nov/2025:20:17:55 +0100] "GET /?u=17630212 HTTP/1.1" 301 - "-" "Mozilla/5.0 (compatible; DotBot/1.2; +https://opensiteexplorer.org/dotbot; help@moz.com)"
216.244.66.203 - - [04/Nov/2025:20:18:07 +0100] "GET /?u=182130412 HTTP/1.1" 301 - "-" "Mozilla/5.0 (compatible; DotBot/1.2; +https://opensiteexplorer.org/dotbot; help@moz.com)"
216.244.66.203 - - [04/Nov/2025:20:18:29 +0100] "GET /?u=189832412 HTTP/1.1" 301 - "-" "Mozilla/5.0 (compatible; DotBot/1.2; +https://opensiteexplorer.org/dotbot; help@moz.com)"
216.244.66.203 - - [04/Nov/2025:20:18:47 +0100] "GET /?u=195740912 HTTP/1.1" 301 - "-" "Mozilla/5.0 (compatible; DotBot/1.2; +https://opensiteexplorer.org/dotbot; help@moz.com)"
216.244.66.203 - - [04/Nov/2025:20:19:03 +0100] "GET /?u=243219212 HTTP/1.1" 301 - "-" "Mozilla/5.0 (compatible; DotBot/1.2; +https://opensiteexplorer.org/dotbot; help@moz.com)"
216.244.66.203 - - [04/Nov/2025:20:19:20 +0100] "GET /?u=265022012 HTTP/1.1" 301 - "-" "Mozilla/5.0 (compatible; DotBot/1.2; +https://opensiteexplorer.org/dotbot; help@moz.com)"
216.244.66.203 - - [04/Nov/2025:20:19:37 +0100] "GET /?u=272743712 HTTP/1.1" 301 - "-" "Mozilla/5.0 (compatible; DotBot/1.2; +https://opensiteexplorer.org/dotbot; help@moz.com)"
216.244.66.203 - - [04/Nov/2025:20:19:52 +0100] "GET /?u=307210712 HTTP/1.1" 301 - "-" "Mozilla/5.0 (compatible; DotBot/1.2; +https://opensiteexplorer.org/dotbot; help@moz.com)"
216.244.66.203 - - [04/Nov/2025:20:20:04 +0100] "GET /?u=329743412 HTTP/1.1" 301 - "-" "Mozilla/5.0 (compatible; DotBot/1.2; +https://opensiteexplorer.org/dotbot; help@moz.com)"
216.244.66.203 - - [04/Nov/2025:20:20:16 +0100] "GET /?u=352288312 HTTP/1.1" 301 - "-" "Mozilla/5.0 (compatible; DotBot/1.2; +https://opensiteexplorer.org/dotbot; help@moz.com)"
216.244.66.203 - - [04/Nov/2025:20:20:27 +0100] "GET /?u=392050012 HTTP/1.1" 301 - "-" "Mozilla/5.0 (compatible; DotBot/1.2; +https://opensiteexplorer.org/dotbot; help@moz.com)"
197.157.187.99 - - [04/Nov/2025:20:20:28 +0100] "GET / HTTP/1.1" 301 - "-" "Mozilla/5.0 (Linux; Android 10; K) AppleWebKit/537.36 (KHTML, like Gecko) Chrome/141.0.0.0 Mobile Safari/537.36"
216.244.66.203 - - [04/Nov/2025:20:20:38 +0100] "GET /?u=400011412 HTTP/1.1" 301 - "-" "Mozilla/5.0 (compatible; DotBot/1.2; +https://opensiteexplorer.org/dotbot; help@moz.com)"
216.244.66.203 - - [04/Nov/2025:20:20:48 +0100] "GET /?u=448357612 HTTP/1.1" 301 - "-" "Mozilla/5.0 (compatible; DotBot/1.2; +https://opensiteexplorer.org/dotbot; help@moz.com)"
216.244.66.203 - - [04/Nov/2025:20:21:27 +0100] "GET /?u=449583612 HTTP/1.1" 301 - "-" "Mozilla/5.0 (compatible; DotBot/1.2; +https://opensiteexplorer.org/dotbot; help@moz.com)"
216.244.66.203 - - [04/Nov/2025:20:22:08 +0100] "GET /?u=461045512 HTTP/1.1" 301 - "-" "Mozilla/5.0 (compatible; DotBot/1.2; +https://opensiteexplorer.org/dotbot; help@moz.com)"
216.244.66.203 - - [04/Nov/2025:20:22:40 +0100] "GET /?u=490017012 HTTP/1.1" 301 - "-" "Mozilla/5.0 (compatible; DotBot/1.2; +https://opensiteexplorer.org/dotbot; help@moz.com)"
216.244.66.203 - - [04/Nov/2025:20:23:09 +0100] "GET /?u=507568312 HTTP/1.1" 301 - "-" "Mozilla/5.0 (compatible; DotBot/1.2; +https://opensiteexplorer.org/dotbot; help@moz.com)"
216.244.66.203 - - [04/Nov/2025:20:23:38 +0100] "GET /?u=509493712 HTTP/1.1" 301 - "-" "Mozilla/5.0 (compatible; DotBot/1.2; +https://opensiteexplorer.org/dotbot; help@moz.com)"
216.244.66.203 - - [04/Nov/2025:20:24:05 +0100] "GET /?u=519995112 HTTP/1.1" 301 - "-" "Mozilla/5.0 (compatible; DotBot/1.2; +https://opensiteexplorer.org/dotbot; help@moz.com)"
216.244.66.203 - - [04/Nov/2025:20:24:31 +0100] "GET /?u=554746712 HTTP/1.1" 301 - "-" "Mozilla/5.0 (compatible; DotBot/1.2; +https://opensiteexplorer.org/dotbot; help@moz.com)"
216.244.66.203 - - [04/Nov/2025:20:24:57 +0100] "GET /?u=555815812 HTTP/1.1" 301 - "-" "Mozilla/5.0 (compatible; DotBot/1.2; +https://opensiteexplorer.org/dotbot; help@moz.com)"
216.244.66.203 - - [04/Nov/2025:20:25:22 +0100] "GET /?u=663739312 HTTP/1.1" 301 - "-" "Mozilla/5.0 (compatible; DotBot/1.2; +https://opensiteexplorer.org/dotbot; help@moz.com)"
216.244.66.203 - - [04/Nov/2025:20:25:45 +0100] "GET /?u=679613512 HTTP/1.1" 301 - "-" "Mozilla/5.0 (compatible; DotBot/1.2; +https://opensiteexplorer.org/dotbot; help@moz.com)"
216.244.66.203 - - [04/Nov/2025:20:26:07 +0100] "GET /?u=704755312 HTTP/1.1" 301 - "-" "Mozilla/5.0 (compatible; DotBot/1.2; +https://opensiteexplorer.org/dotbot; help@moz.com)"
216.244.66.203 - - [04/Nov/2025:20:26:30 +0100] "GET /?u=730453912 HTTP/1.1" 301 - "-" "Mozilla/5.0 (compatible; DotBot/1.2; +https://opensiteexplorer.org/dotbot; help@moz.com)"
216.244.66.203 - - [04/Nov/2025:20:26:51 +0100] "GET /?u=760939912 HTTP/1.1" 301 - "-" "Mozilla/5.0 (compatible; DotBot/1.2; +https://opensiteexplorer.org/dotbot; help@moz.com)"
216.244.66.203 - - [04/Nov/2025:20:27:11 +0100] "GET /?u=102124112 HTTP/1.1" 301 - "-" "Mozilla/5.0 (compatible; DotBot/1.2; +https://opensiteexplorer.org/dotbot; help@moz.com)"
216.244.66.203 - - [04/Nov/2025:20:27:30 +0100] "GET /?u=110677812 HTTP/1.1" 301 - "-" "Mozilla/5.0 (compatible; DotBot/1.2; +https://opensiteexplorer.org/dotbot; help@moz.com)"
216.244.66.203 - - [04/Nov/2025:20:27:48 +0100] "GET /?u=112150512 HTTP/1.1" 301 - "-" "Mozilla/5.0 (compatible; DotBot/1.2; +https://opensiteexplorer.org/dotbot; help@moz.com)"
216.244.66.203 - - [04/Nov/2025:20:28:06 +0100] "GET /?u=114569912 HTTP/1.1" 301 - "-" "Mozilla/5.0 (compatible; DotBot/1.2; +https://opensiteexplorer.org/dotbot; help@moz.com)"
216.244.66.203 - - [04/Nov/2025:20:28:21 +0100] "GET /?u=130451012 HTTP/1.1" 301 - "-" "Mozilla/5.0 (compatible; DotBot/1.2; +https://opensiteexplorer.org/dotbot; help@moz.com)"
216.244.66.203 - - [04/Nov/2025:20:28:36 +0100] "GET /?u=1365812 HTTP/1.1" 301 - "-" "Mozilla/5.0 (compatible; DotBot/1.2; +https://opensiteexplorer.org/dotbot; help@moz.com)"
216.244.66.203 - - [04/Nov/2025:20:28:50 +0100] "GET /?u=137588112 HTTP/1.1" 301 - "-" "Mozilla/5.0 (compatible; DotBot/1.2; +https://opensiteexplorer.org/dotbot; help@moz.com)"
216.244.66.203 - - [04/Nov/2025:20:29:28 +0100] "GET /?u=145028112 HTTP/1.1" 301 - "-" "Mozilla/5.0 (compatible; DotBot/1.2; +https://opensiteexplorer.org/dotbot; help@moz.com)"
216.244.66.203 - - [04/Nov/2025:20:30:02 +0100] "GET /?u=145262012 HTTP/1.1" 301 - "-" "Mozilla/5.0 (compatible; DotBot/1.2; +https://opensiteexplorer.org/dotbot; help@moz.com)"
216.244.66.203 - - [04/Nov/2025:20:30:37 +0100] "GET /?u=15851312 HTTP/1.1" 301 - "-" "Mozilla/5.0 (compatible; DotBot/1.2; +https://opensiteexplorer.org/dotbot; help@moz.com)"
216.244.66.203 - - [04/Nov/2025:20:31:20 +0100] "GET /?u=163391012 HTTP/1.1" 301 - "-" "Mozilla/5.0 (compatible; DotBot/1.2; +https://opensiteexplorer.org/dotbot; help@moz.com)"
216.244.66.203 - - [04/Nov/2025:20:31:54 +0100] "GET /?u=1636212 HTTP/1.1" 301 - "-" "Mozilla/5.0 (compatible; DotBot/1.2; +https://opensiteexplorer.org/dotbot; help@moz.com)"
216.244.66.203 - - [04/Nov/2025:20:32:24 +0100] "GET /?u=164754612 HTTP/1.1" 301 - "-" "Mozilla/5.0 (compatible; DotBot/1.2; +https://opensiteexplorer.org/dotbot; help@moz.com)"
216.244.66.203 - - [04/Nov/2025:20:32:52 +0100] "GET /?u=16647112 HTTP/1.1" 301 - "-" "Mozilla/5.0 (compatible; DotBot/1.2; +https://opensiteexplorer.org/dotbot; help@moz.com)"
216.244.66.203 - - [04/Nov/2025:20:33:23 +0100] "GET /?u=175363012 HTTP/1.1" 301 - "-" "Mozilla/5.0 (compatible; DotBot/1.2; +https://opensiteexplorer.org/dotbot; help@moz.com)"
216.244.66.203 - - [04/Nov/2025:20:33:54 +0100] "GET /?u=180807812 HTTP/1.1" 301 - "-" "Mozilla/5.0 (compatible; DotBot/1.2; +https://opensiteexplorer.org/dotbot; help@moz.com)"
216.244.66.203 - - [04/Nov/2025:20:34:20 +0100] "GET /?u=184595112 HTTP/1.1" 301 - "-" "Mozilla/5.0 (compatible; DotBot/1.2; +https://opensiteexplorer.org/dotbot; help@moz.com)"
216.244.66.203 - - [04/Nov/2025:20:34:47 +0100] "GET /?u=189687512 HTTP/1.1" 301 - "-" "Mozilla/5.0 (compatible; DotBot/1.2; +https://opensiteexplorer.org/dotbot; help@moz.com)"
216.244.66.203 - - [04/Nov/2025:20:35:27 +0100] "GET /?u=189832612 HTTP/1.1" 301 - "-" "Mozilla/5.0 (compatible; DotBot/1.2; +https://opensiteexplorer.org/dotbot; help@moz.com)"
216.244.66.203 - - [04/Nov/2025:20:35:59 +0100] "GET /?u=201602312 HTTP/1.1" 301 - "-" "Mozilla/5.0 (compatible; DotBot/1.2; +https://opensiteexplorer.org/dotbot; help@moz.com)"
216.244.66.203 - - [04/Nov/2025:20:36:28 +0100] "GET /?u=209156712 HTTP/1.1" 301 - "-" "Mozilla/5.0 (compatible; DotBot/1.2; +https://opensiteexplorer.org/dotbot; help@moz.com)"
216.244.66.203 - - [04/Nov/2025:20:36:58 +0100] "GET /?u=222868512 HTTP/1.1" 301 - "-" "Mozilla/5.0 (compatible; DotBot/1.2; +https://opensiteexplorer.org/dotbot; help@moz.com)"
216.244.66.203 - - [04/Nov/2025:20:37:28 +0100] "GET /?u=238351612 HTTP/1.1" 301 - "-" "Mozilla/5.0 (compatible; DotBot/1.2; +https://opensiteexplorer.org/dotbot; help@moz.com)"
216.244.66.203 - - [04/Nov/2025:20:37:57 +0100] "GET /?u=242517312 HTTP/1.1" 301 - "-" "Mozilla/5.0 (compatible; DotBot/1.2; +https://opensiteexplorer.org/dotbot; help@moz.com)"
216.244.66.203 - - [04/Nov/2025:20:38:26 +0100] "GET /?u=260679612 HTTP/1.1" 508 288 "-" "Mozilla/5.0 (compatible; DotBot/1.2; +https://opensiteexplorer.org/dotbot; help@moz.com)"
216.244.66.203 - - [04/Nov/2025:20:38:57 +0100] "GET /?u=265432912 HTTP/1.1" 301 - "-" "Mozilla/5.0 (compatible; DotBot/1.2; +https://opensiteexplorer.org/dotbot; help@moz.com)"
216.244.66.203 - - [04/Nov/2025:20:39:27 +0100] "GET /?u=265547112 HTTP/1.1" 301 - "-" "Mozilla/5.0 (compatible; DotBot/1.2; +https://opensiteexplorer.org/dotbot; help@moz.com)"
216.244.66.203 - - [04/Nov/2025:20:39:58 +0100] "GET /?u=273751412 HTTP/1.1" 301 - "-" "Mozilla/5.0 (compatible; DotBot/1.2; +https://opensiteexplorer.org/dotbot; help@moz.com)"
216.244.66.203 - - [04/Nov/2025:20:40:27 +0100] "GET /?u=277869712 HTTP/1.1" 301 - "-" "Mozilla/5.0 (compatible; DotBot/1.2; +https://opensiteexplorer.org/dotbot; help@moz.com)"
216.244.66.203 - - [04/Nov/2025:20:40:55 +0100] "GET /?u=289570512 HTTP/1.1" 301 - "-" "Mozilla/5.0 (compatible; DotBot/1.2; +https://opensiteexplorer.org/dotbot; help@moz.com)"
216.244.66.203 - - [04/Nov/2025:20:41:22 +0100] "GET /?u=302153112 HTTP/1.1" 301 - "-" "Mozilla/5.0 (compatible; DotBot/1.2; +https://opensiteexplorer.org/dotbot; help@moz.com)"
216.244.66.203 - - [04/Nov/2025:20:41:48 +0100] "GET /?u=305660712 HTTP/1.1" 301 - "-" "Mozilla/5.0 (compatible; DotBot/1.2; +https://opensiteexplorer.org/dotbot; help@moz.com)"
89.248.172.183 - - [04/Nov/2025:20:42:05 +0100] "POST /wp-json/tdw/save_css HTTP/1.1" 404 114 "-" "Mozilla/5.0 (Windows NT 10.0) AppleWebKit/537.36 (KHTML, like Gecko) Chrome/104.0.0.0 Safari/537.36"
216.244.66.203 - - [04/Nov/2025:20:42:16 +0100] "GET /?u=324776612 HTTP/1.1" 301 - "-" "Mozilla/5.0 (compatible; DotBot/1.2; +https://opensiteexplorer.org/dotbot; help@moz.com)"
216.244.66.203 - - [04/Nov/2025:20:42:41 +0100] "GET /?u=342436712 HTTP/1.1" 301 - "-" "Mozilla/5.0 (compatible; DotBot/1.2; +https://opensiteexplorer.org/dotbot; help@moz.com)"
216.244.66.203 - - [04/Nov/2025:20:43:04 +0100] "GET /?u=350631412 HTTP/1.1" 301 - "-" "Mozilla/5.0 (compatible; DotBot/1.2; +https://opensiteexplorer.org/dotbot; help@moz.com)"
216.244.66.203 - - [04/Nov/2025:20:43:27 +0100] "GET /?u=388264112 HTTP/1.1" 301 - "-" "Mozilla/5.0 (compatible; DotBot/1.2; +https://opensiteexplorer.org/dotbot; help@moz.com)"
216.244.66.203 - - [04/Nov/2025:20:43:47 +0100] "GET /?u=398084412 HTTP/1.1" 301 - "-" "Mozilla/5.0 (compatible; DotBot/1.2; +https://opensiteexplorer.org/dotbot; help@moz.com)"
216.244.66.203 - - [04/Nov/2025:20:44:08 +0100] "GET /?u=412311312 HTTP/1.1" 301 - "-" "Mozilla/5.0 (compatible; DotBot/1.2; +https://opensiteexplorer.org/dotbot; help@moz.com)"
216.244.66.203 - - [04/Nov/2025:20:44:27 +0100] "GET /?u=431216612 HTTP/1.1" 301 - "-" "Mozilla/5.0 (compatible; DotBot/1.2; +https://opensiteexplorer.org/dotbot; help@moz.com)"
216.244.66.203 - - [04/Nov/2025:20:44:45 +0100] "GET /?u=436535012 HTTP/1.1" 301 - "-" "Mozilla/5.0 (compatible; DotBot/1.2; +https://opensiteexplorer.org/dotbot; help@moz.com)"
216.244.66.203 - - [04/Nov/2025:20:45:01 +0100] "GET /?u=49899612 HTTP/1.1" 301 - "-" "Mozilla/5.0 (compatible; DotBot/1.2; +https://opensiteexplorer.org/dotbot; help@moz.com)"
216.244.66.203 - - [04/Nov/2025:20:45:18 +0100] "GET /?u=503658612 HTTP/1.1" 301 - "-" "Mozilla/5.0 (compatible; DotBot/1.2; +https://opensiteexplorer.org/dotbot; help@moz.com)"
216.244.66.203 - - [04/Nov/2025:20:45:34 +0100] "GET /?u=508272312 HTTP/1.1" 301 - "-" "Mozilla/5.0 (compatible; DotBot/1.2; +https://opensiteexplorer.org/dotbot; help@moz.com)"
216.244.66.203 - - [04/Nov/2025:20:45:49 +0100] "GET /?u=515133512 HTTP/1.1" 301 - "-" "Mozilla/5.0 (compatible; DotBot/1.2; +https://opensiteexplorer.org/dotbot; help@moz.com)"
216.244.66.203 - - [04/Nov/2025:20:46:02 +0100] "GET /?u=516231212 HTTP/1.1" 301 - "-" "Mozilla/5.0 (compatible; DotBot/1.2; +https://opensiteexplorer.org/dotbot; help@moz.com)"
216.244.66.203 - - [04/Nov/2025:20:46:15 +0100] "GET /?u=538119312 HTTP/1.1" 301 - "-" "Mozilla/5.0 (compatible; DotBot/1.2; +https://opensiteexplorer.org/dotbot; help@moz.com)"
216.244.66.203 - - [04/Nov/2025:20:46:25 +0100] "GET /?u=559225812 HTTP/1.1" 301 - "-" "Mozilla/5.0 (compatible; DotBot/1.2; +https://opensiteexplorer.org/dotbot; help@moz.com)"
216.244.66.203 - - [04/Nov/2025:20:46:34 +0100] "GET /?u=563174712 HTTP/1.1" 301 - "-" "Mozilla/5.0 (compatible; DotBot/1.2; +https://opensiteexplorer.org/dotbot; help@moz.com)"
216.244.66.203 - - [04/Nov/2025:20:46:43 +0100] "GET /?u=576633512 HTTP/1.1" 301 - "-" "Mozilla/5.0 (compatible; DotBot/1.2; +https://opensiteexplorer.org/dotbot; help@moz.com)"
89.248.172.183 - - [04/Nov/2025:20:46:50 +0100] "POST /wp-json/tdw/save_css HTTP/1.1" 404 114 "-" "Mozilla/5.0 (Windows NT 10.0) AppleWebKit/537.36 (KHTML, like Gecko) Chrome/104.0.0.0 Safari/537.36"
216.244.66.203 - - [04/Nov/2025:20:46:51 +0100] "GET /?u=595461912 HTTP/1.1" 301 - "-" "Mozilla/5.0 (compatible; DotBot/1.2; +https://opensiteexplorer.org/dotbot; help@moz.com)"
216.244.66.203 - - [04/Nov/2025:20:47:00 +0100] "GET /?u=596955912 HTTP/1.1" 301 - "-" "Mozilla/5.0 (compatible; DotBot/1.2; +https://opensiteexplorer.org/dotbot; help@moz.com)"
216.244.66.203 - - [04/Nov/2025:20:47:08 +0100] "GET /?u=614806112 HTTP/1.1" 301 - "-" "Mozilla/5.0 (compatible; DotBot/1.2; +https://opensiteexplorer.org/dotbot; help@moz.com)"
216.244.66.203 - - [04/Nov/2025:20:47:15 +0100] "GET /?u=614815112 HTTP/1.1" 301 - "-" "Mozilla/5.0 (compatible; DotBot/1.2; +https://opensiteexplorer.org/dotbot; help@moz.com)"
216.244.66.203 - - [04/Nov/2025:20:47:25 +0100] "GET /?u=623237112 HTTP/1.1" 301 - "-" "Mozilla/5.0 (compatible; DotBot/1.2; +https://opensiteexplorer.org/dotbot; help@moz.com)"
216.244.66.203 - - [04/Nov/2025:20:47:32 +0100] "GET /?u=636169412 HTTP/1.1" 301 - "-" "Mozilla/5.0 (compatible; DotBot/1.2; +https://opensiteexplorer.org/dotbot; help@moz.com)"
216.244.66.203 - - [04/Nov/2025:20:47:39 +0100] "GET /?u=675004912 HTTP/1.1" 301 - "-" "Mozilla/5.0 (compatible; DotBot/1.2; +https://opensiteexplorer.org/dotbot; help@moz.com)"
216.244.66.203 - - [04/Nov/2025:20:47:45 +0100] "GET /?u=702418012 HTTP/1.1" 301 - "-" "Mozilla/5.0 (compatible; DotBot/1.2; +https://opensiteexplorer.org/dotbot; help@moz.com)"
216.244.66.203 - - [04/Nov/2025:20:47:51 +0100] "GET /?u=703877612 HTTP/1.1" 301 - "-" "Mozilla/5.0 (compatible; DotBot/1.2; +https://opensiteexplorer.org/dotbot; help@moz.com)"
216.244.66.203 - - [04/Nov/2025:20:47:56 +0100] "GET /?u=716304312 HTTP/1.1" 301 - "-" "Mozilla/5.0 (compatible; DotBot/1.2; +https://opensiteexplorer.org/dotbot; help@moz.com)"
216.244.66.203 - - [04/Nov/2025:20:47:59 +0100] "GET /?u=72749912 HTTP/1.1" 301 - "-" "Mozilla/5.0 (compatible; DotBot/1.2; +https://opensiteexplorer.org/dotbot; help@moz.com)"
216.244.66.203 - - [04/Nov/2025:20:48:04 +0100] "GET /?u=737179212 HTTP/1.1" 301 - "-" "Mozilla/5.0 (compatible; DotBot/1.2; +https://opensiteexplorer.org/dotbot; help@moz.com)"
216.244.66.203 - - [04/Nov/2025:20:48:09 +0100] "GET /?u=782527612 HTTP/1.1" 301 - "-" "Mozilla/5.0 (compatible; DotBot/1.2; +https://opensiteexplorer.org/dotbot; help@moz.com)"
216.244.66.203 - - [04/Nov/2025:20:48:13 +0100] "GET /?u=78837912 HTTP/1.1" 301 - "-" "Mozilla/5.0 (compatible; DotBot/1.2; +https://opensiteexplorer.org/dotbot; help@moz.com)"
216.244.66.203 - - [04/Nov/2025:20:48:23 +0100] "GET /?u=791580512 HTTP/1.1" 301 - "-" "Mozilla/5.0 (compatible; DotBot/1.2; +https://opensiteexplorer.org/dotbot; help@moz.com)"
216.244.66.203 - - [04/Nov/2025:20:48:29 +0100] "GET /?u=8111512 HTTP/1.1" 301 - "-" "Mozilla/5.0 (compatible; DotBot/1.2; +https://opensiteexplorer.org/dotbot; help@moz.com)"
216.244.66.203 - - [04/Nov/2025:20:48:34 +0100] "GET /?u=91316312 HTTP/1.1" 301 - "-" "Mozilla/5.0 (compatible; DotBot/1.2; +https://opensiteexplorer.org/dotbot; help@moz.com)"
216.244.66.203 - - [04/Nov/2025:20:48:40 +0100] "GET /?u=109325412 HTTP/1.1" 301 - "-" "Mozilla/5.0 (compatible; DotBot/1.2; +https://opensiteexplorer.org/dotbot; help@moz.com)"
216.244.66.203 - - [04/Nov/2025:20:48:53 +0100] "GET /?u=109996112 HTTP/1.1" 301 - "-" "Mozilla/5.0 (compatible; DotBot/1.2; +https://opensiteexplorer.org/dotbot; help@moz.com)"
216.244.66.203 - - [04/Nov/2025:20:49:01 +0100] "GET /?u=113321912 HTTP/1.1" 301 - "-" "Mozilla/5.0 (compatible; DotBot/1.2; +https://opensiteexplorer.org/dotbot; help@moz.com)"
216.244.66.203 - - [04/Nov/2025:20:49:10 +0100] "GET /?u=114351512 HTTP/1.1" 301 - "-" "Mozilla/5.0 (compatible; DotBot/1.2; +https://opensiteexplorer.org/dotbot; help@moz.com)"
216.244.66.203 - - [04/Nov/2025:20:49:18 +0100] "GET /?u=114425712 HTTP/1.1" 301 - "-" "Mozilla/5.0 (compatible; DotBot/1.2; +https://opensiteexplorer.org/dotbot; help@moz.com)"
216.244.66.203 - - [04/Nov/2025:20:49:25 +0100] "GET /?u=116007112 HTTP/1.1" 301 - "-" "Mozilla/5.0 (compatible; DotBot/1.2; +https://opensiteexplorer.org/dotbot; help@moz.com)"
216.244.66.203 - - [04/Nov/2025:20:49:31 +0100] "GET /?u=116887512 HTTP/1.1" 301 - "-" "Mozilla/5.0 (compatible; DotBot/1.2; +https://opensiteexplorer.org/dotbot; help@moz.com)"
216.244.66.203 - - [04/Nov/2025:20:49:35 +0100] "GET /?u=116932812 HTTP/1.1" 301 - "-" "Mozilla/5.0 (compatible; DotBot/1.2; +https://opensiteexplorer.org/dotbot; help@moz.com)"
216.244.66.203 - - [04/Nov/2025:20:49:40 +0100] "GET /?u=120294012 HTTP/1.1" 301 - "-" "Mozilla/5.0 (compatible; DotBot/1.2; +https://opensiteexplorer.org/dotbot; help@moz.com)"
216.244.66.203 - - [04/Nov/2025:20:49:44 +0100] "GET /?u=120841512 HTTP/1.1" 301 - "-" "Mozilla/5.0 (compatible; DotBot/1.2; +https://opensiteexplorer.org/dotbot; help@moz.com)"
216.244.66.203 - - [04/Nov/2025:20:49:51 +0100] "GET /?u=123822712 HTTP/1.1" 301 - "-" "Mozilla/5.0 (compatible; DotBot/1.2; +https://opensiteexplorer.org/dotbot; help@moz.com)"
216.244.66.203 - - [04/Nov/2025:20:50:00 +0100] "GET /?u=12723612 HTTP/1.1" 301 - "-" "Mozilla/5.0 (compatible; DotBot/1.2; +https://opensiteexplorer.org/dotbot; help@moz.com)"
216.244.66.203 - - [04/Nov/2025:20:50:21 +0100] "GET /?u=128519012 HTTP/1.1" 301 - "-" "Mozilla/5.0 (compatible; DotBot/1.2; +https://opensiteexplorer.org/dotbot; help@moz.com)"
216.244.66.203 - - [04/Nov/2025:20:50:40 +0100] "GET /?u=130263812 HTTP/1.1" 301 - "-" "Mozilla/5.0 (compatible; DotBot/1.2; +https://opensiteexplorer.org/dotbot; help@moz.com)"
216.244.66.203 - - [04/Nov/2025:20:50:57 +0100] "GET /?u=135185312 HTTP/1.1" 301 - "-" "Mozilla/5.0 (compatible; DotBot/1.2; +https://opensiteexplorer.org/dotbot; help@moz.com)"
216.244.66.203 - - [04/Nov/2025:20:51:12 +0100] "GET /?u=138398312 HTTP/1.1" 301 - "-" "Mozilla/5.0 (compatible; DotBot/1.2; +https://opensiteexplorer.org/dotbot; help@moz.com)"
216.244.66.203 - - [04/Nov/2025:20:51:26 +0100] "GET /?u=142817512 HTTP/1.1" 301 - "-" "Mozilla/5.0 (compatible; DotBot/1.2; +https://opensiteexplorer.org/dotbot; help@moz.com)"
216.244.66.203 - - [04/Nov/2025:20:51:40 +0100] "GET /?u=145154412 HTTP/1.1" 301 - "-" "Mozilla/5.0 (compatible; DotBot/1.2; +https://opensiteexplorer.org/dotbot; help@moz.com)"
216.244.66.203 - - [04/Nov/2025:20:59:09 +0100] "GET /robots.txt HTTP/1.1" 200 170 "-" "Mozilla/5.0 (compatible; DotBot/1.2; +https://opensiteexplorer.org/dotbot; help@moz.com)"
216.244.66.203 - - [04/Nov/2025:21:02:44 +0100] "GET /?u=183720212 HTTP/1.1" 301 - "-" "Mozilla/5.0 (compatible; DotBot/1.2; +https://opensiteexplorer.org/dotbot; help@moz.com)"
216.244.66.203 - - [04/Nov/2025:21:03:09 +0100] "GET /?u=183888712 HTTP/1.1" 301 - "-" "Mozilla/5.0 (compatible; DotBot/1.2; +https://opensiteexplorer.org/dotbot; help@moz.com)"
46.0.45.40 - - [04/Nov/2025:21:03:37 +0100] "GET /wp-content/plugins/king-addons/freemius/assets/css/customizer.css HTTP/1.1" 404 58567 "-" "Mozilla/5.0 (Macintosh; Intel Mac OS X 10_15_7) AppleWebKit/537.36 (KHTML, like Gecko) Chrome/122.0.0.0 Safari/537.36"
216.244.66.203 - - [04/Nov/2025:21:03:47 +0100] "GET /?u=233990012 HTTP/1.1" 301 - "-" "Mozilla/5.0 (compatible; DotBot/1.2; +https://opensiteexplorer.org/dotbot; help@moz.com)"
216.244.66.203 - - [04/Nov/2025:21:04:25 +0100] "GET /?u=236000812 HTTP/1.1" 301 - "-" "Mozilla/5.0 (compatible; DotBot/1.2; +https://opensiteexplorer.org/dotbot; help@moz.com)"
216.244.66.203 - - [04/Nov/2025:21:05:04 +0100] "GET /?u=246421812 HTTP/1.1" 301 - "-" "Mozilla/5.0 (compatible; DotBot/1.2; +https://opensiteexplorer.org/dotbot; help@moz.com)"
216.244.66.203 - - [04/Nov/2025:21:05:49 +0100] "GET /?u=269519512 HTTP/1.1" 301 - "-" "Mozilla/5.0 (compatible; DotBot/1.2; +https://opensiteexplorer.org/dotbot; help@moz.com)"
216.244.66.203 - - [04/Nov/2025:21:06:24 +0100] "GET /?u=27925812 HTTP/1.1" 301 - "-" "Mozilla/5.0 (compatible; DotBot/1.2; +https://opensiteexplorer.org/dotbot; help@moz.com)"
216.244.66.203 - - [04/Nov/2025:21:06:53 +0100] "GET /?u=312350112 HTTP/1.1" 301 - "-" "Mozilla/5.0 (compatible; DotBot/1.2; +https://opensiteexplorer.org/dotbot; help@moz.com)"
216.244.66.203 - - [04/Nov/2025:21:07:23 +0100] "GET /?u=316949612 HTTP/1.1" 301 - "-" "Mozilla/5.0 (compatible; DotBot/1.2; +https://opensiteexplorer.org/dotbot; help@moz.com)"
216.244.66.203 - - [04/Nov/2025:21:07:52 +0100] "GET /?u=445506712 HTTP/1.1" 301 - "-" "Mozilla/5.0 (compatible; DotBot/1.2; +https://opensiteexplorer.org/dotbot; help@moz.com)"
216.244.66.203 - - [04/Nov/2025:21:08:19 +0100] "GET /?u=476008212 HTTP/1.1" 301 - "-" "Mozilla/5.0 (compatible; DotBot/1.2; +https://opensiteexplorer.org/dotbot; help@moz.com)"
36.111.67.189 - - [04/Nov/2025:21:08:47 +0100] "GET / HTTP/1.1" 301 - "-" "Mozilla/5.0 (iPhone; CPU iPhone OS 13_2_3 like Mac OS X) AppleWebKit/605.1.15 (KHTML, like Gecko) Version/13.0.3 Mobile/15E148 Safari/604.1"
216.244.66.203 - - [04/Nov/2025:21:08:48 +0100] "GET /?u=498572512 HTTP/1.1" 301 - "-" "Mozilla/5.0 (compatible; DotBot/1.2; +https://opensiteexplorer.org/dotbot; help@moz.com)"
216.244.66.203 - - [04/Nov/2025:21:09:13 +0100] "GET /?u=516001812 HTTP/1.1" 301 - "-" "Mozilla/5.0 (compatible; DotBot/1.2; +https://opensiteexplorer.org/dotbot; help@moz.com)"
216.244.66.203 - - [04/Nov/2025:21:09:37 +0100] "GET /?u=539358812 HTTP/1.1" 301 - "-" "Mozilla/5.0 (compatible; DotBot/1.2; +https://opensiteexplorer.org/dotbot; help@moz.com)"
216.244.66.203 - - [04/Nov/2025:21:10:09 +0100] "GET /?u=552444312 HTTP/1.1" 301 - "-" "Mozilla/5.0 (compatible; DotBot/1.2; +https://opensiteexplorer.org/dotbot; help@moz.com)"
216.244.66.203 - - [04/Nov/2025:21:10:38 +0100] "GET /?u=657890412 HTTP/1.1" 301 - "-" "Mozilla/5.0 (compatible; DotBot/1.2; +https://opensiteexplorer.org/dotbot; help@moz.com)"
216.244.66.203 - - [04/Nov/2025:21:11:04 +0100] "GET /?u=664691912 HTTP/1.1" 301 - "-" "Mozilla/5.0 (compatible; DotBot/1.2; +https://opensiteexplorer.org/dotbot; help@moz.com)"
159.138.108.228 - - [04/Nov/2025:21:11:29 +0100] "GET /wp-content/uploads/2023/08/NYARUGENGE.pdf HTTP/1.1" 404 58567 "http://umurunga.com/wp-content/uploads/2023/08/NYARUGENGE.pdf" "Mozilla/5.0 (Macintosh; Intel Mac OS X 10_15_7) AppleWebKit/537.36 (KHTML, like Gecko) Chrome/131.0.0.0 Safari/537.36"
216.244.66.203 - - [04/Nov/2025:21:11:36 +0100] "GET /?u=674928612 HTTP/1.1" 301 - "-" "Mozilla/5.0 (compatible; DotBot/1.2; +https://opensiteexplorer.org/dotbot; help@moz.com)"
216.244.66.203 - - [04/Nov/2025:21:12:05 +0100] "GET /?u=675269112 HTTP/1.1" 301 - "-" "Mozilla/5.0 (compatible; DotBot/1.2; +https://opensiteexplorer.org/dotbot; help@moz.com)"
136.243.220.214 - - [04/Nov/2025:21:12:07 +0100] "GET /robots.txt HTTP/1.1" 200 170 "-" "Mozilla/5.0 (compatible; DataForSeoBot/1.0; +https://dataforseo.com/dataforseo-bot)"
216.244.66.203 - - [04/Nov/2025:21:12:30 +0100] "GET /?u=101786612 HTTP/1.1" 301 - "-" "Mozilla/5.0 (compatible; DotBot/1.2; +https://opensiteexplorer.org/dotbot; help@moz.com)"
216.244.66.203 - - [04/Nov/2025:21:13:04 +0100] "GET /?u=105808112 HTTP/1.1" 301 - "-" "Mozilla/5.0 (compatible; DotBot/1.2; +https://opensiteexplorer.org/dotbot; help@moz.com)"
94.228.201.180 - - [04/Nov/2025:21:13:31 +0100] "GET /wp-content/plugins/post-smtp/assets/js/postman-suggest.js HTTP/1.1" 404 58567 "-" "Mozilla/5.0 (Windows NT 10.0; Win64; x64; rv:142.0) Gecko/20100101 Firefox/142.0"
216.244.66.203 - - [04/Nov/2025:21:13:34 +0100] "GET /?u=127407212 HTTP/1.1" 301 - "-" "Mozilla/5.0 (compatible; DotBot/1.2; +https://opensiteexplorer.org/dotbot; help@moz.com)"
91.235.245.252 - - [04/Nov/2025:21:13:43 +0100] "GET /wp-content/plugins/post-smtp/assets/js/postman-suggest.js HTTP/1.1" 404 58567 "-" "Mozilla/5.0 (Macintosh; Intel Mac OS X 10_15_7) AppleWebKit/537.36 (KHTML, like Gecko) Chrome/122.0.0.0 Safari/537.36"
216.244.66.203 - - [04/Nov/2025:21:14:04 +0100] "GET /?u=135904812 HTTP/1.1" 301 - "-" "Mozilla/5.0 (compatible; DotBot/1.2; +https://opensiteexplorer.org/dotbot; help@moz.com)"
216.244.66.203 - - [04/Nov/2025:21:14:45 +0100] "GET /?u=140160012 HTTP/1.1" 301 - "-" "Mozilla/5.0 (compatible; DotBot/1.2; +https://opensiteexplorer.org/dotbot; help@moz.com)"
216.244.66.203 - - [04/Nov/2025:21:15:27 +0100] "GET /?u=155648912 HTTP/1.1" 301 - "-" "Mozilla/5.0 (compatible; DotBot/1.2; +https://opensiteexplorer.org/dotbot; help@moz.com)"
216.244.66.203 - - [04/Nov/2025:21:16:10 +0100] "GET /?u=172079012 HTTP/1.1" 301 - "-" "Mozilla/5.0 (compatible; DotBot/1.2; +https://opensiteexplorer.org/dotbot; help@moz.com)"
216.244.66.203 - - [04/Nov/2025:21:16:44 +0100] "GET /?u=174476112 HTTP/1.1" 301 - "-" "Mozilla/5.0 (compatible; DotBot/1.2; +https://opensiteexplorer.org/dotbot; help@moz.com)"
216.244.66.203 - - [04/Nov/2025:21:17:14 +0100] "GET /?u=177313012 HTTP/1.1" 301 - "-" "Mozilla/5.0 (compatible; DotBot/1.2; +https://opensiteexplorer.org/dotbot; help@moz.com)"
216.244.66.203 - - [04/Nov/2025:21:17:48 +0100] "GET /?u=188559412 HTTP/1.1" 301 - "-" "Mozilla/5.0 (compatible; DotBot/1.2; +https://opensiteexplorer.org/dotbot; help@moz.com)"
216.244.66.203 - - [04/Nov/2025:21:18:25 +0100] "GET /?u=189320612 HTTP/1.1" 301 - "-" "Mozilla/5.0 (compatible; DotBot/1.2; +https://opensiteexplorer.org/dotbot; help@moz.com)"
216.244.66.203 - - [04/Nov/2025:21:18:58 +0100] "GET /?u=202536412 HTTP/1.1" 301 - "-" "Mozilla/5.0 (compatible; DotBot/1.2; +https://opensiteexplorer.org/dotbot; help@moz.com)"
216.244.66.203 - - [04/Nov/2025:21:19:30 +0100] "GET /?u=214146412 HTTP/1.1" 301 - "-" "Mozilla/5.0 (compatible; DotBot/1.2; +https://opensiteexplorer.org/dotbot; help@moz.com)"
216.244.66.203 - - [04/Nov/2025:21:20:01 +0100] "GET /?u=223093112 HTTP/1.1" 301 - "-" "Mozilla/5.0 (compatible; DotBot/1.2; +https://opensiteexplorer.org/dotbot; help@moz.com)"
216.244.66.203 - - [04/Nov/2025:21:20:32 +0100] "GET /?u=240764312 HTTP/1.1" 301 - "-" "Mozilla/5.0 (compatible; DotBot/1.2; +https://opensiteexplorer.org/dotbot; help@moz.com)"
216.244.66.203 - - [04/Nov/2025:21:21:04 +0100] "GET /?u=254109012 HTTP/1.1" 301 - "-" "Mozilla/5.0 (compatible; DotBot/1.2; +https://opensiteexplorer.org/dotbot; help@moz.com)"
216.244.66.203 - - [04/Nov/2025:21:21:42 +0100] "GET /?u=25721112 HTTP/1.1" 301 - "-" "Mozilla/5.0 (compatible; DotBot/1.2; +https://opensiteexplorer.org/dotbot; help@moz.com)"
216.244.66.203 - - [04/Nov/2025:21:22:29 +0100] "GET /?u=288582812 HTTP/1.1" 301 - "-" "Mozilla/5.0 (compatible; DotBot/1.2; +https://opensiteexplorer.org/dotbot; help@moz.com)"
216.244.66.203 - - [04/Nov/2025:21:23:07 +0100] "GET /?u=290625312 HTTP/1.1" 301 - "-" "Mozilla/5.0 (compatible; DotBot/1.2; +https://opensiteexplorer.org/dotbot; help@moz.com)"
128.119.202.8 - - [04/Nov/2025:21:23:34 +0100] "GET / HTTP/1.1" 301 - "-" "Mozilla/5.0 (X11; Ubuntu; Linux x86_64; rv:109.0) Gecko/20100101 Firefox/117.0"
216.244.66.203 - - [04/Nov/2025:21:23:39 +0100] "GET /?u=306630412 HTTP/1.1" 301 - "-" "Mozilla/5.0 (compatible; DotBot/1.2; +https://opensiteexplorer.org/dotbot; help@moz.com)"
216.244.66.203 - - [04/Nov/2025:21:24:19 +0100] "GET /?u=308270712 HTTP/1.1" 301 - "-" "Mozilla/5.0 (compatible; DotBot/1.2; +https://opensiteexplorer.org/dotbot; help@moz.com)"
216.244.66.203 - - [04/Nov/2025:21:24:57 +0100] "GET /?u=318955712 HTTP/1.1" 301 - "-" "Mozilla/5.0 (compatible; DotBot/1.2; +https://opensiteexplorer.org/dotbot; help@moz.com)"
216.244.66.203 - - [04/Nov/2025:21:25:37 +0100] "GET /?u=350616612 HTTP/1.1" 301 - "-" "Mozilla/5.0 (compatible; DotBot/1.2; +https://opensiteexplorer.org/dotbot; help@moz.com)"
216.244.66.203 - - [04/Nov/2025:21:26:14 +0100] "GET /?u=363184012 HTTP/1.1" 301 - "-" "Mozilla/5.0 (compatible; DotBot/1.2; +https://opensiteexplorer.org/dotbot; help@moz.com)"
216.244.66.203 - - [04/Nov/2025:21:26:50 +0100] "GET /?u=363206512 HTTP/1.1" 301 - "-" "Mozilla/5.0 (compatible; DotBot/1.2; +https://opensiteexplorer.org/dotbot; help@moz.com)"
216.244.66.203 - - [04/Nov/2025:21:27:23 +0100] "GET /?u=385524712 HTTP/1.1" 301 - "-" "Mozilla/5.0 (compatible; DotBot/1.2; +https://opensiteexplorer.org/dotbot; help@moz.com)"
128.119.202.8 - - [04/Nov/2025:21:27:54 +0100] "GET /author/sengwa/page/3/ HTTP/1.1" 404 58567 "-" "Mozilla/5.0 (X11; Ubuntu; Linux x86_64; rv:109.0) Gecko/20100101 Firefox/117.0"
216.244.66.203 - - [04/Nov/2025:21:28:00 +0100] "GET /?u=390774512 HTTP/1.1" 301 - "-" "Mozilla/5.0 (compatible; DotBot/1.2; +https://opensiteexplorer.org/dotbot; help@moz.com)"
216.244.66.203 - - [04/Nov/2025:21:28:45 +0100] "GET /?u=411815412 HTTP/1.1" 301 - "-" "Mozilla/5.0 (compatible; DotBot/1.2; +https://opensiteexplorer.org/dotbot; help@moz.com)"
216.244.66.203 - - [04/Nov/2025:21:29:26 +0100] "GET /?u=428872712 HTTP/1.1" 301 - "-" "Mozilla/5.0 (compatible; DotBot/1.2; +https://opensiteexplorer.org/dotbot; help@moz.com)"
216.244.66.203 - - [04/Nov/2025:21:30:10 +0100] "GET /?u=460664312 HTTP/1.1" 301 - "-" "Mozilla/5.0 (compatible; DotBot/1.2; +https://opensiteexplorer.org/dotbot; help@moz.com)"
216.244.66.203 - - [04/Nov/2025:21:30:46 +0100] "GET /?u=461909212 HTTP/1.1" 301 - "-" "Mozilla/5.0 (compatible; DotBot/1.2; +https://opensiteexplorer.org/dotbot; help@moz.com)"
216.244.66.203 - - [04/Nov/2025:21:31:19 +0100] "GET /?u=463993212 HTTP/1.1" 301 - "-" "Mozilla/5.0 (compatible; DotBot/1.2; +https://opensiteexplorer.org/dotbot; help@moz.com)"
216.244.66.203 - - [04/Nov/2025:21:31:52 +0100] "GET /?u=471815612 HTTP/1.1" 301 - "-" "Mozilla/5.0 (compatible; DotBot/1.2; +https://opensiteexplorer.org/dotbot; help@moz.com)"
216.244.66.203 - - [04/Nov/2025:21:32:22 +0100] "GET /?u=472128512 HTTP/1.1" 301 - "-" "Mozilla/5.0 (compatible; DotBot/1.2; +https://opensiteexplorer.org/dotbot; help@moz.com)"
89.248.172.183 - - [04/Nov/2025:21:33:03 +0100] "POST /wp-json/tdw/save_css HTTP/1.1" 404 114 "-" "Mozilla/5.0 (Windows NT 10.0) AppleWebKit/537.36 (KHTML, like Gecko) Chrome/104.0.0.0 Safari/537.36"
216.244.66.203 - - [04/Nov/2025:21:33:06 +0100] "GET /?u=483335112 HTTP/1.1" 301 - "-" "Mozilla/5.0 (compatible; DotBot/1.2; +https://opensiteexplorer.org/dotbot; help@moz.com)"
20.39.203.102 - - [04/Nov/2025:21:33:31 +0100] "GET /wp-content/plugins/hellopress/wp_filemanager.php HTTP/1.1" 404 58567 "-" "-"
216.244.66.203 - - [04/Nov/2025:21:33:55 +0100] "GET /?u=550860012 HTTP/1.1" 301 - "-" "Mozilla/5.0 (compatible; DotBot/1.2; +https://opensiteexplorer.org/dotbot; help@moz.com)"
216.244.66.203 - - [04/Nov/2025:21:34:35 +0100] "GET /?u=561782712 HTTP/1.1" 301 - "-" "Mozilla/5.0 (compatible; DotBot/1.2; +https://opensiteexplorer.org/dotbot; help@moz.com)"
216.244.66.203 - - [04/Nov/2025:21:35:08 +0100] "GET /?u=563360012 HTTP/1.1" 301 - "-" "Mozilla/5.0 (compatible; DotBot/1.2; +https://opensiteexplorer.org/dotbot; help@moz.com)"
216.244.66.203 - - [04/Nov/2025:21:35:41 +0100] "GET /?u=608856012 HTTP/1.1" 301 - "-" "Mozilla/5.0 (compatible; DotBot/1.2; +https://opensiteexplorer.org/dotbot; help@moz.com)"
216.244.66.203 - - [04/Nov/2025:21:36:12 +0100] "GET /?u=615018612 HTTP/1.1" 301 - "-" "Mozilla/5.0 (compatible; DotBot/1.2; +https://opensiteexplorer.org/dotbot; help@moz.com)"
89.248.172.183 - - [04/Nov/2025:21:41:42 +0100] "POST /wp-json/tdw/save_css HTTP/1.1" 404 114 "-" "Mozilla/5.0 (Windows NT 10.0) AppleWebKit/537.36 (KHTML, like Gecko) Chrome/104.0.0.0 Safari/537.36"
216.244.66.203 - - [04/Nov/2025:21:44:14 +0100] "GET /robots.txt HTTP/1.1" 200 170 "-" "Mozilla/5.0 (compatible; DotBot/1.2; +https://opensiteexplorer.org/dotbot; help@moz.com)"
207.180.227.180 - - [04/Nov/2025:21:45:13 +0100] "GET /.well-known/acme-challenge/5FL_IF8YAQ0-X0MFBDG9L0E2U5BZU3ZQ HTTP/1.1" 200 64 "-" "Cpanel-HTTP-Client/1.0"
