216.244.66.203 - - [05/Nov/2025:02:47:04 +0100] "GET /?u=625623212 HTTP/1.1" 301 - "-" "Mozilla/5.0 (compatible; DotBot/1.2; +https://opensiteexplorer.org/dotbot; help@moz.com)"
216.244.66.203 - - [05/Nov/2025:02:47:10 +0100] "GET /?u=662087212 HTTP/1.1" 301 - "-" "Mozilla/5.0 (compatible; DotBot/1.2; +https://opensiteexplorer.org/dotbot; help@moz.com)"
216.244.66.203 - - [05/Nov/2025:02:47:14 +0100] "GET /?u=664696012 HTTP/1.1" 301 - "-" "Mozilla/5.0 (compatible; DotBot/1.2; +https://opensiteexplorer.org/dotbot; help@moz.com)"
216.244.66.203 - - [05/Nov/2025:02:47:18 +0100] "GET /?u=683048112 HTTP/1.1" 301 - "-" "Mozilla/5.0 (compatible; DotBot/1.2; +https://opensiteexplorer.org/dotbot; help@moz.com)"
216.244.66.203 - - [05/Nov/2025:02:47:21 +0100] "GET /?u=691430712 HTTP/1.1" 301 - "-" "Mozilla/5.0 (compatible; DotBot/1.2; +https://opensiteexplorer.org/dotbot; help@moz.com)"
216.244.66.203 - - [05/Nov/2025:02:47:24 +0100] "GET /?u=694478612 HTTP/1.1" 301 - "-" "Mozilla/5.0 (compatible; DotBot/1.2; +https://opensiteexplorer.org/dotbot; help@moz.com)"
216.244.66.203 - - [05/Nov/2025:02:47:26 +0100] "GET /?u=706381012 HTTP/1.1" 301 - "-" "Mozilla/5.0 (compatible; DotBot/1.2; +https://opensiteexplorer.org/dotbot; help@moz.com)"
216.244.66.203 - - [05/Nov/2025:02:47:29 +0100] "GET /?u=723018512 HTTP/1.1" 301 - "-" "Mozilla/5.0 (compatible; DotBot/1.2; +https://opensiteexplorer.org/dotbot; help@moz.com)"
216.244.66.203 - - [05/Nov/2025:02:47:32 +0100] "GET /?u=778390812 HTTP/1.1" 301 - "-" "Mozilla/5.0 (compatible; DotBot/1.2; +https://opensiteexplorer.org/dotbot; help@moz.com)"
216.244.66.203 - - [05/Nov/2025:02:47:35 +0100] "GET /?u=780334212 HTTP/1.1" 301 - "-" "Mozilla/5.0 (compatible; DotBot/1.2; +https://opensiteexplorer.org/dotbot; help@moz.com)"
216.244.66.203 - - [05/Nov/2025:02:47:39 +0100] "GET /?u=784003012 HTTP/1.1" 301 - "-" "Mozilla/5.0 (compatible; DotBot/1.2; +https://opensiteexplorer.org/dotbot; help@moz.com)"
216.244.66.203 - - [05/Nov/2025:02:47:42 +0100] "GET /?u=788098212 HTTP/1.1" 301 - "-" "Mozilla/5.0 (compatible; DotBot/1.2; +https://opensiteexplorer.org/dotbot; help@moz.com)"
216.244.66.203 - - [05/Nov/2025:02:47:44 +0100] "GET /?u=795466212 HTTP/1.1" 301 - "-" "Mozilla/5.0 (compatible; DotBot/1.2; +https://opensiteexplorer.org/dotbot; help@moz.com)"
216.244.66.203 - - [05/Nov/2025:02:47:47 +0100] "GET /?u=7989412 HTTP/1.1" 301 - "-" "Mozilla/5.0 (compatible; DotBot/1.2; +https://opensiteexplorer.org/dotbot; help@moz.com)"
216.244.66.203 - - [05/Nov/2025:02:47:50 +0100] "GET /?u=801191412 HTTP/1.1" 301 - "-" "Mozilla/5.0 (compatible; DotBot/1.2; +https://opensiteexplorer.org/dotbot; help@moz.com)"
216.244.66.203 - - [05/Nov/2025:02:47:53 +0100] "GET /?u=81748612 HTTP/1.1" 301 - "-" "Mozilla/5.0 (compatible; DotBot/1.2; +https://opensiteexplorer.org/dotbot; help@moz.com)"
216.244.66.203 - - [05/Nov/2025:02:47:57 +0100] "GET /?u=9298612 HTTP/1.1" 301 - "-" "Mozilla/5.0 (compatible; DotBot/1.2; +https://opensiteexplorer.org/dotbot; help@moz.com)"
216.244.66.203 - - [05/Nov/2025:02:48:01 +0100] "GET /?u=93038412 HTTP/1.1" 301 - "-" "Mozilla/5.0 (compatible; DotBot/1.2; +https://opensiteexplorer.org/dotbot; help@moz.com)"
216.244.66.203 - - [05/Nov/2025:02:48:09 +0100] "GET /?u=100621812 HTTP/1.1" 301 - "-" "Mozilla/5.0 (compatible; DotBot/1.2; +https://opensiteexplorer.org/dotbot; help@moz.com)"
216.244.66.203 - - [05/Nov/2025:02:48:15 +0100] "GET /?u=104108212 HTTP/1.1" 301 - "-" "Mozilla/5.0 (compatible; DotBot/1.2; +https://opensiteexplorer.org/dotbot; help@moz.com)"
216.244.66.203 - - [05/Nov/2025:02:48:21 +0100] "GET /?u=104295112 HTTP/1.1" 301 - "-" "Mozilla/5.0 (compatible; DotBot/1.2; +https://opensiteexplorer.org/dotbot; help@moz.com)"
216.244.66.203 - - [05/Nov/2025:02:48:26 +0100] "GET /?u=104449812 HTTP/1.1" 301 - "-" "Mozilla/5.0 (compatible; DotBot/1.2; +https://opensiteexplorer.org/dotbot; help@moz.com)"
89.248.172.183 - - [05/Nov/2025:02:48:26 +0100] "POST /wp-json/tdw/save_css HTTP/1.1" 404 114 "-" "Mozilla/5.0 (Windows NT 10.0) AppleWebKit/537.36 (KHTML, like Gecko) Chrome/104.0.0.0 Safari/537.36"
216.244.66.203 - - [05/Nov/2025:02:48:35 +0100] "GET /?u=112253512 HTTP/1.1" 301 - "-" "Mozilla/5.0 (compatible; DotBot/1.2; +https://opensiteexplorer.org/dotbot; help@moz.com)"
89.248.172.183 - - [05/Nov/2025:02:48:37 +0100] "POST /wp-json/tdw/save_css HTTP/1.1" 404 114 "-" "Mozilla/5.0 (Windows NT 10.0) AppleWebKit/537.36 (KHTML, like Gecko) Chrome/104.0.0.0 Safari/537.36"
216.244.66.203 - - [05/Nov/2025:02:48:42 +0100] "GET /?u=119804912 HTTP/1.1" 301 - "-" "Mozilla/5.0 (compatible; DotBot/1.2; +https://opensiteexplorer.org/dotbot; help@moz.com)"
216.244.66.203 - - [05/Nov/2025:02:48:48 +0100] "GET /?u=124314512 HTTP/1.1" 301 - "-" "Mozilla/5.0 (compatible; DotBot/1.2; +https://opensiteexplorer.org/dotbot; help@moz.com)"
216.244.66.203 - - [05/Nov/2025:02:48:54 +0100] "GET /?u=124941612 HTTP/1.1" 301 - "-" "Mozilla/5.0 (compatible; DotBot/1.2; +https://opensiteexplorer.org/dotbot; help@moz.com)"
216.244.66.203 - - [05/Nov/2025:02:48:59 +0100] "GET /?u=129455612 HTTP/1.1" 301 - "-" "Mozilla/5.0 (compatible; DotBot/1.2; +https://opensiteexplorer.org/dotbot; help@moz.com)"
216.244.66.203 - - [05/Nov/2025:02:49:07 +0100] "GET /?u=136701612 HTTP/1.1" 301 - "-" "Mozilla/5.0 (compatible; DotBot/1.2; +https://opensiteexplorer.org/dotbot; help@moz.com)"
216.244.66.203 - - [05/Nov/2025:02:49:17 +0100] "GET /?u=13983412 HTTP/1.1" 301 - "-" "Mozilla/5.0 (compatible; DotBot/1.2; +https://opensiteexplorer.org/dotbot; help@moz.com)"
216.244.66.203 - - [05/Nov/2025:02:49:26 +0100] "GET /?u=140517212 HTTP/1.1" 301 - "-" "Mozilla/5.0 (compatible; DotBot/1.2; +https://opensiteexplorer.org/dotbot; help@moz.com)"
216.244.66.203 - - [05/Nov/2025:02:49:34 +0100] "GET /?u=146177912 HTTP/1.1" 301 - "-" "Mozilla/5.0 (compatible; DotBot/1.2; +https://opensiteexplorer.org/dotbot; help@moz.com)"
216.244.66.203 - - [05/Nov/2025:02:49:41 +0100] "GET /?u=1464412 HTTP/1.1" 301 - "-" "Mozilla/5.0 (compatible; DotBot/1.2; +https://opensiteexplorer.org/dotbot; help@moz.com)"
216.244.66.203 - - [05/Nov/2025:02:49:48 +0100] "GET /?u=14665412 HTTP/1.1" 301 - "-" "Mozilla/5.0 (compatible; DotBot/1.2; +https://opensiteexplorer.org/dotbot; help@moz.com)"
216.244.66.203 - - [05/Nov/2025:02:49:54 +0100] "GET /?u=146781012 HTTP/1.1" 301 - "-" "Mozilla/5.0 (compatible; DotBot/1.2; +https://opensiteexplorer.org/dotbot; help@moz.com)"
216.244.66.203 - - [05/Nov/2025:02:50:03 +0100] "GET /?u=151120212 HTTP/1.1" 301 - "-" "Mozilla/5.0 (compatible; DotBot/1.2; +https://opensiteexplorer.org/dotbot; help@moz.com)"
216.244.66.203 - - [05/Nov/2025:02:50:09 +0100] "GET /?u=154444412 HTTP/1.1" 301 - "-" "Mozilla/5.0 (compatible; DotBot/1.2; +https://opensiteexplorer.org/dotbot; help@moz.com)"
216.244.66.203 - - [05/Nov/2025:02:50:16 +0100] "GET /?u=159341412 HTTP/1.1" 301 - "-" "Mozilla/5.0 (compatible; DotBot/1.2; +https://opensiteexplorer.org/dotbot; help@moz.com)"
216.244.66.203 - - [05/Nov/2025:02:50:23 +0100] "GET /?u=161626012 HTTP/1.1" 301 - "-" "Mozilla/5.0 (compatible; DotBot/1.2; +https://opensiteexplorer.org/dotbot; help@moz.com)"
216.244.66.203 - - [05/Nov/2025:02:50:28 +0100] "GET /?u=163580812 HTTP/1.1" 301 - "-" "Mozilla/5.0 (compatible; DotBot/1.2; +https://opensiteexplorer.org/dotbot; help@moz.com)"
216.244.66.203 - - [05/Nov/2025:02:50:33 +0100] "GET /?u=166263012 HTTP/1.1" 301 - "-" "Mozilla/5.0 (compatible; DotBot/1.2; +https://opensiteexplorer.org/dotbot; help@moz.com)"
216.244.66.203 - - [05/Nov/2025:02:50:37 +0100] "GET /?u=178506512 HTTP/1.1" 301 - "-" "Mozilla/5.0 (compatible; DotBot/1.2; +https://opensiteexplorer.org/dotbot; help@moz.com)"
216.244.66.203 - - [05/Nov/2025:02:50:41 +0100] "GET /?u=180469312 HTTP/1.1" 301 - "-" "Mozilla/5.0 (compatible; DotBot/1.2; +https://opensiteexplorer.org/dotbot; help@moz.com)"
216.244.66.203 - - [05/Nov/2025:02:50:45 +0100] "GET /?u=183069312 HTTP/1.1" 301 - "-" "Mozilla/5.0 (compatible; DotBot/1.2; +https://opensiteexplorer.org/dotbot; help@moz.com)"
216.244.66.203 - - [05/Nov/2025:02:50:48 +0100] "GET /?u=188425312 HTTP/1.1" 301 - "-" "Mozilla/5.0 (compatible; DotBot/1.2; +https://opensiteexplorer.org/dotbot; help@moz.com)"
216.244.66.203 - - [05/Nov/2025:02:50:51 +0100] "GET /?u=189530112 HTTP/1.1" 301 - "-" "Mozilla/5.0 (compatible; DotBot/1.2; +https://opensiteexplorer.org/dotbot; help@moz.com)"
216.244.66.203 - - [05/Nov/2025:02:50:54 +0100] "GET /?u=194958812 HTTP/1.1" 301 - "-" "Mozilla/5.0 (compatible; DotBot/1.2; +https://opensiteexplorer.org/dotbot; help@moz.com)"
216.244.66.203 - - [05/Nov/2025:02:50:59 +0100] "GET /?u=195344212 HTTP/1.1" 301 - "-" "Mozilla/5.0 (compatible; DotBot/1.2; +https://opensiteexplorer.org/dotbot; help@moz.com)"
82.145.210.205 - - [05/Nov/2025:02:53:06 +0100] "GET / HTTP/1.1" 301 - "-" "Opera/9.80 (SpreadTrum; Opera Mini/4.4.33961/191.388; U; en) Presto/2.12.423 Version/12.16"
216.244.66.203 - - [05/Nov/2025:02:57:05 +0100] "GET /robots.txt HTTP/1.1" 200 170 "-" "Mozilla/5.0 (compatible; DotBot/1.2; +https://opensiteexplorer.org/dotbot; help@moz.com)"
89.248.172.183 - - [05/Nov/2025:03:00:37 +0100] "POST /wp-json/tdw/save_css HTTP/1.1" 508 288 "-" "Mozilla/5.0 (Windows NT 10.0) AppleWebKit/537.36 (KHTML, like Gecko) Chrome/104.0.0.0 Safari/537.36"
216.244.66.203 - - [05/Nov/2025:03:02:06 +0100] "GET /?u=122548212 HTTP/1.1" 301 - "-" "Mozilla/5.0 (compatible; DotBot/1.2; +https://opensiteexplorer.org/dotbot; help@moz.com)"
216.244.66.203 - - [05/Nov/2025:03:02:28 +0100] "GET /?u=137878912 HTTP/1.1" 301 - "-" "Mozilla/5.0 (compatible; DotBot/1.2; +https://opensiteexplorer.org/dotbot; help@moz.com)"
216.244.66.203 - - [05/Nov/2025:03:02:48 +0100] "GET /?u=175583912 HTTP/1.1" 301 - "-" "Mozilla/5.0 (compatible; DotBot/1.2; +https://opensiteexplorer.org/dotbot; help@moz.com)"
216.244.66.203 - - [05/Nov/2025:03:03:06 +0100] "GET /?u=201761912 HTTP/1.1" 301 - "-" "Mozilla/5.0 (compatible; DotBot/1.2; +https://opensiteexplorer.org/dotbot; help@moz.com)"
216.244.66.203 - - [05/Nov/2025:03:03:23 +0100] "GET /?u=777980312 HTTP/1.1" 301 - "-" "Mozilla/5.0 (compatible; DotBot/1.2; +https://opensiteexplorer.org/dotbot; help@moz.com)"
216.244.66.203 - - [05/Nov/2025:03:03:37 +0100] "GET /?u=105357312 HTTP/1.1" 301 - "-" "Mozilla/5.0 (compatible; DotBot/1.2; +https://opensiteexplorer.org/dotbot; help@moz.com)"
216.244.66.203 - - [05/Nov/2025:03:03:54 +0100] "GET /?u=106792012 HTTP/1.1" 301 - "-" "Mozilla/5.0 (compatible; DotBot/1.2; +https://opensiteexplorer.org/dotbot; help@moz.com)"
216.244.66.203 - - [05/Nov/2025:03:04:09 +0100] "GET /?u=107793612 HTTP/1.1" 301 - "-" "Mozilla/5.0 (compatible; DotBot/1.2; +https://opensiteexplorer.org/dotbot; help@moz.com)"
216.244.66.203 - - [05/Nov/2025:03:04:47 +0100] "GET /?u=131679612 HTTP/1.1" 301 - "-" "Mozilla/5.0 (compatible; DotBot/1.2; +https://opensiteexplorer.org/dotbot; help@moz.com)"
91.232.39.23 - - [05/Nov/2025:03:04:58 +0100] "GET /tiny.php HTTP/1.1" 404 58567 "-" "Mozilla/5.0 (Windows NT 10.0; Win64; x64) AppleWebKit/537.36 (KHTML, like Gecko) Chrome/132.0.0.0 Safari/537.36"
216.244.66.203 - - [05/Nov/2025:03:05:24 +0100] "GET /?u=132950312 HTTP/1.1" 301 - "-" "Mozilla/5.0 (compatible; DotBot/1.2; +https://opensiteexplorer.org/dotbot; help@moz.com)"
216.244.66.203 - - [05/Nov/2025:03:06:08 +0100] "GET /?u=137989312 HTTP/1.1" 301 - "-" "Mozilla/5.0 (compatible; DotBot/1.2; +https://opensiteexplorer.org/dotbot; help@moz.com)"
216.244.66.203 - - [05/Nov/2025:03:06:47 +0100] "GET /?u=15693612 HTTP/1.1" 301 - "-" "Mozilla/5.0 (compatible; DotBot/1.2; +https://opensiteexplorer.org/dotbot; help@moz.com)"
216.244.66.203 - - [05/Nov/2025:03:07:34 +0100] "GET /?u=157700412 HTTP/1.1" 301 - "-" "Mozilla/5.0 (compatible; DotBot/1.2; +https://opensiteexplorer.org/dotbot; help@moz.com)"
216.244.66.203 - - [05/Nov/2025:03:08:18 +0100] "GET /?u=158119912 HTTP/1.1" 301 - "-" "Mozilla/5.0 (compatible; DotBot/1.2; +https://opensiteexplorer.org/dotbot; help@moz.com)"
216.244.66.203 - - [05/Nov/2025:03:08:57 +0100] "GET /?u=166385012 HTTP/1.1" 301 - "-" "Mozilla/5.0 (compatible; DotBot/1.2; +https://opensiteexplorer.org/dotbot; help@moz.com)"
216.244.66.203 - - [05/Nov/2025:03:09:35 +0100] "GET /?u=169574712 HTTP/1.1" 301 - "-" "Mozilla/5.0 (compatible; DotBot/1.2; +https://opensiteexplorer.org/dotbot; help@moz.com)"
82.145.212.137 - - [05/Nov/2025:03:09:44 +0100] "GET / HTTP/1.1" 301 - "-" "Opera/9.80 (MAUI Runtime; Opera Mini/4.4.33576/191.388; U; fr) Presto/2.12.423 Version/12.16"
216.244.66.203 - - [05/Nov/2025:03:10:17 +0100] "GET /?u=177729912 HTTP/1.1" 301 - "-" "Mozilla/5.0 (compatible; DotBot/1.2; +https://opensiteexplorer.org/dotbot; help@moz.com)"
216.244.66.203 - - [05/Nov/2025:03:10:59 +0100] "GET /?u=180094112 HTTP/1.1" 301 - "-" "Mozilla/5.0 (compatible; DotBot/1.2; +https://opensiteexplorer.org/dotbot; help@moz.com)"
216.244.66.203 - - [05/Nov/2025:03:11:42 +0100] "GET /?u=197791812 HTTP/1.1" 301 - "-" "Mozilla/5.0 (compatible; DotBot/1.2; +https://opensiteexplorer.org/dotbot; help@moz.com)"
178.62.26.160 - - [05/Nov/2025:03:11:56 +0100] "GET /.well-known/ HTTP/1.1" 404 58567 "-" "-"
178.62.26.160 - - [05/Nov/2025:03:12:10 +0100] "GET /chosen/function.php HTTP/1.1" 404 58567 "-" "-"
178.62.26.160 - - [05/Nov/2025:03:12:24 +0100] "GET /a.php HTTP/1.1" 404 58567 "-" "-"
216.244.66.203 - - [05/Nov/2025:03:12:26 +0100] "GET /?u=199102012 HTTP/1.1" 301 - "-" "Mozilla/5.0 (compatible; DotBot/1.2; +https://opensiteexplorer.org/dotbot; help@moz.com)"
178.62.26.160 - - [05/Nov/2025:03:12:40 +0100] "GET /aa.php HTTP/1.1" 404 58567 "-" "-"
178.62.26.160 - - [05/Nov/2025:03:12:56 +0100] "GET /abcd.php HTTP/1.1" 404 58567 "-" "-"
194.59.31.65 - - [05/Nov/2025:03:13:07 +0100] "GET /.env HTTP/1.1" 404 58567 "-" "Mozilla/5.0 (Macintosh; Intel Mac OS X 10.15; rv:77.0) Gecko/20100101 Firefox/77.0"
178.62.26.160 - - [05/Nov/2025:03:13:09 +0100] "GET /about.php HTTP/1.1" 404 58567 "-" "-"
216.244.66.203 - - [05/Nov/2025:03:13:11 +0100] "GET /?u=201720412 HTTP/1.1" 301 - "-" "Mozilla/5.0 (compatible; DotBot/1.2; +https://opensiteexplorer.org/dotbot; help@moz.com)"
178.62.26.160 - - [05/Nov/2025:03:13:20 +0100] "GET /admin.php HTTP/1.1" 200 12 "-" "-"
178.62.26.160 - - [05/Nov/2025:03:13:28 +0100] "GET /alfa.php HTTP/1.1" 404 58567 "-" "-"
178.62.26.160 - - [05/Nov/2025:03:13:41 +0100] "GET /atomlib.php HTTP/1.1" 404 58567 "-" "-"
216.244.66.203 - - [05/Nov/2025:03:13:54 +0100] "GET /?u=203279812 HTTP/1.1" 301 - "-" "Mozilla/5.0 (compatible; DotBot/1.2; +https://opensiteexplorer.org/dotbot; help@moz.com)"
178.62.26.160 - - [05/Nov/2025:03:13:54 +0100] "GET /autoload_classmap.php HTTP/1.1" 404 58567 "-" "-"
178.62.26.160 - - [05/Nov/2025:03:14:11 +0100] "GET /b.php HTTP/1.1" 404 58567 "-" "-"
178.62.26.160 - - [05/Nov/2025:03:14:25 +0100] "GET /buy.php HTTP/1.1" 404 58567 "-" "-"
178.62.26.160 - - [05/Nov/2025:03:14:34 +0100] "GET /cgi-bin/index.php HTTP/1.1" 301 - "-" "-"
178.62.26.160 - - [05/Nov/2025:03:14:38 +0100] "GET /cgi-bin/ HTTP/1.1" 404 58567 "-" "-"
216.244.66.203 - - [05/Nov/2025:03:14:41 +0100] "GET /?u=216728912 HTTP/1.1" 301 - "-" "Mozilla/5.0 (compatible; DotBot/1.2; +https://opensiteexplorer.org/dotbot; help@moz.com)"
178.62.26.160 - - [05/Nov/2025:03:14:44 +0100] "GET /chosen.php HTTP/1.1" 404 58567 "-" "-"
178.62.26.160 - - [05/Nov/2025:03:14:49 +0100] "GET /classwithtostring.php HTTP/1.1" 404 58567 "-" "-"
178.62.26.160 - - [05/Nov/2025:03:14:53 +0100] "GET /config.php HTTP/1.1" 404 58567 "-" "-"
178.62.26.160 - - [05/Nov/2025:03:14:58 +0100] "GET /dropdown.php HTTP/1.1" 404 58567 "-" "-"
178.62.26.160 - - [05/Nov/2025:03:15:02 +0100] "GET /edit.php HTTP/1.1" 404 58567 "-" "-"
178.62.26.160 - - [05/Nov/2025:03:15:09 +0100] "GET /file.php HTTP/1.1" 404 58567 "-" "-"
178.62.26.160 - - [05/Nov/2025:03:15:14 +0100] "GET /file2.php HTTP/1.1" 404 58567 "-" "-"
216.244.66.203 - - [05/Nov/2025:03:15:17 +0100] "GET /?u=228816212 HTTP/1.1" 301 - "-" "Mozilla/5.0 (compatible; DotBot/1.2; +https://opensiteexplorer.org/dotbot; help@moz.com)"
178.62.26.160 - - [05/Nov/2025:03:15:20 +0100] "GET /files.php HTTP/1.1" 404 58567 "-" "-"
178.62.26.160 - - [05/Nov/2025:03:15:27 +0100] "GET /flower.php HTTP/1.1" 404 58567 "-" "-"
178.62.26.160 - - [05/Nov/2025:03:15:37 +0100] "GET /gecko-new.php HTTP/1.1" 404 58567 "-" "-"
178.62.26.160 - - [05/Nov/2025:03:15:43 +0100] "GET /goods.php HTTP/1.1" 404 58567 "-" "-"
178.62.26.160 - - [05/Nov/2025:03:15:48 +0100] "GET /info.php HTTP/1.1" 404 58567 "-" "-"
216.244.66.203 - - [05/Nov/2025:03:15:55 +0100] "GET /?u=234070612 HTTP/1.1" 301 - "-" "Mozilla/5.0 (compatible; DotBot/1.2; +https://opensiteexplorer.org/dotbot; help@moz.com)"
178.62.26.160 - - [05/Nov/2025:03:15:57 +0100] "GET /info.php/aa.php HTTP/1.1" 404 58567 "-" "-"
178.62.26.160 - - [05/Nov/2025:03:16:03 +0100] "GET /install.php HTTP/1.1" 404 58567 "-" "-"
178.62.26.160 - - [05/Nov/2025:03:16:12 +0100] "GET /ioxi-o.php HTTP/1.1" 404 58567 "-" "-"
178.62.26.160 - - [05/Nov/2025:03:16:18 +0100] "GET /k.php HTTP/1.1" 404 58567 "-" "-"
178.62.26.160 - - [05/Nov/2025:03:16:25 +0100] "GET /makeasmtp.php HTTP/1.1" 404 58567 "-" "-"
216.244.66.203 - - [05/Nov/2025:03:16:28 +0100] "GET /?u=239357112 HTTP/1.1" 301 - "-" "Mozilla/5.0 (compatible; DotBot/1.2; +https://opensiteexplorer.org/dotbot; help@moz.com)"
178.62.26.160 - - [05/Nov/2025:03:16:33 +0100] "GET /manager.php HTTP/1.1" 404 58567 "-" "-"
178.62.26.160 - - [05/Nov/2025:03:16:40 +0100] "GET /moon.php HTTP/1.1" 404 58567 "-" "-"
178.62.26.160 - - [05/Nov/2025:03:16:46 +0100] "GET /nc4.php HTTP/1.1" 404 58567 "-" "-"
178.62.26.160 - - [05/Nov/2025:03:16:51 +0100] "GET /saxzgf5.php HTTP/1.1" 404 58567 "-" "-"
178.62.26.160 - - [05/Nov/2025:03:16:58 +0100] "GET /test1.php/aa.php HTTP/1.1" 404 58567 "-" "-"
216.244.66.203 - - [05/Nov/2025:03:17:06 +0100] "GET /?u=239851112 HTTP/1.1" 301 - "-" "Mozilla/5.0 (compatible; DotBot/1.2; +https://opensiteexplorer.org/dotbot; help@moz.com)"
178.62.26.160 - - [05/Nov/2025:03:17:10 +0100] "GET /theme.php HTTP/1.1" 404 58567 "-" "-"
178.62.26.160 - - [05/Nov/2025:03:17:21 +0100] "GET /w.php HTTP/1.1" 404 58567 "-" "-"
178.62.26.160 - - [05/Nov/2025:03:17:31 +0100] "GET /wp-2019.php HTTP/1.1" 404 58567 "-" "-"
178.62.26.160 - - [05/Nov/2025:03:17:39 +0100] "GET /wp-admin.php HTTP/1.1" 404 58567 "-" "-"
216.244.66.203 - - [05/Nov/2025:03:17:45 +0100] "GET /?u=24520812 HTTP/1.1" 301 - "-" "Mozilla/5.0 (compatible; DotBot/1.2; +https://opensiteexplorer.org/dotbot; help@moz.com)"
178.62.26.160 - - [05/Nov/2025:03:17:49 +0100] "GET /wp-admin/ HTTP/1.1" 302 - "-" "-"
178.62.26.160 - - [05/Nov/2025:03:18:13 +0100] "GET /wp-content HTTP/1.1" 301 239 "-" "-"
178.62.26.160 - - [05/Nov/2025:03:18:13 +0100] "GET /wp-content/ HTTP/1.1" 200 - "-" "-"
178.62.26.160 - - [05/Nov/2025:03:18:19 +0100] "GET /wp-includes HTTP/1.1" 301 240 "-" "-"
178.62.26.160 - - [05/Nov/2025:03:18:19 +0100] "GET /wp-includes/ HTTP/1.1" 404 58567 "-" "-"
51.77.218.189 - - [05/Nov/2025:03:18:20 +0100] "GET /robots.txt HTTP/1.1" 200 170 "-" "Mozilla/5.0 (compatible; MJ12bot/v1.4.8; http://mj12bot.com/)"
216.244.66.203 - - [05/Nov/2025:03:18:21 +0100] "GET /?u=248535412 HTTP/1.1" 301 - "-" "Mozilla/5.0 (compatible; DotBot/1.2; +https://opensiteexplorer.org/dotbot; help@moz.com)"
178.62.26.160 - - [05/Nov/2025:03:18:32 +0100] "GET /wp-content/wp.php HTTP/1.1" 404 58567 "-" "-"
51.77.218.189 - - [05/Nov/2025:03:18:34 +0100] "GET /category/imyidagaduro/ HTTP/1.1" 200 88640 "-" "Mozilla/5.0 (compatible; MJ12bot/v1.4.8; http://mj12bot.com/)"
178.62.26.160 - - [05/Nov/2025:03:18:44 +0100] "GET /wp-includes/ID3/ HTTP/1.1" 404 58567 "-" "-"
178.62.26.160 - - [05/Nov/2025:03:18:57 +0100] "GET /wp-setup.php HTTP/1.1" 404 58567 "-" "-"
216.244.66.203 - - [05/Nov/2025:03:19:05 +0100] "GET /?u=259636212 HTTP/1.1" 301 - "-" "Mozilla/5.0 (compatible; DotBot/1.2; +https://opensiteexplorer.org/dotbot; help@moz.com)"
178.62.26.160 - - [05/Nov/2025:03:19:11 +0100] "GET /wp.php HTTP/1.1" 404 58567 "-" "-"
178.62.26.160 - - [05/Nov/2025:03:19:21 +0100] "GET /wsa.php HTTP/1.1" 404 58567 "-" "-"
178.62.26.160 - - [05/Nov/2025:03:19:31 +0100] "GET /xmlrpc.php HTTP/1.1" 405 42 "-" "-"
216.244.66.203 - - [05/Nov/2025:03:19:44 +0100] "GET /?u=267965812 HTTP/1.1" 301 - "-" "Mozilla/5.0 (compatible; DotBot/1.2; +https://opensiteexplorer.org/dotbot; help@moz.com)"
178.62.26.160 - - [05/Nov/2025:03:19:45 +0100] "GET /xmrlpc.php HTTP/1.1" 404 58567 "-" "-"
216.244.66.203 - - [05/Nov/2025:03:20:29 +0100] "GET /?u=272984912 HTTP/1.1" 301 - "-" "Mozilla/5.0 (compatible; DotBot/1.2; +https://opensiteexplorer.org/dotbot; help@moz.com)"
216.244.66.203 - - [05/Nov/2025:03:21:00 +0100] "GET /?u=301134912 HTTP/1.1" 301 - "-" "Mozilla/5.0 (compatible; DotBot/1.2; +https://opensiteexplorer.org/dotbot; help@moz.com)"
216.244.66.203 - - [05/Nov/2025:03:21:30 +0100] "GET /?u=305946312 HTTP/1.1" 301 - "-" "Mozilla/5.0 (compatible; DotBot/1.2; +https://opensiteexplorer.org/dotbot; help@moz.com)"
216.244.66.203 - - [05/Nov/2025:03:21:58 +0100] "GET /?u=330256812 HTTP/1.1" 301 - "-" "Mozilla/5.0 (compatible; DotBot/1.2; +https://opensiteexplorer.org/dotbot; help@moz.com)"
216.244.66.203 - - [05/Nov/2025:03:22:25 +0100] "GET /?u=346146612 HTTP/1.1" 301 - "-" "Mozilla/5.0 (compatible; DotBot/1.2; +https://opensiteexplorer.org/dotbot; help@moz.com)"
216.244.66.203 - - [05/Nov/2025:03:22:52 +0100] "GET /?u=352450612 HTTP/1.1" 301 - "-" "Mozilla/5.0 (compatible; DotBot/1.2; +https://opensiteexplorer.org/dotbot; help@moz.com)"
216.244.66.203 - - [05/Nov/2025:03:23:19 +0100] "GET /?u=37701112 HTTP/1.1" 301 - "-" "Mozilla/5.0 (compatible; DotBot/1.2; +https://opensiteexplorer.org/dotbot; help@moz.com)"
216.244.66.203 - - [05/Nov/2025:03:23:44 +0100] "GET /?u=381911912 HTTP/1.1" 301 - "-" "Mozilla/5.0 (compatible; DotBot/1.2; +https://opensiteexplorer.org/dotbot; help@moz.com)"
216.244.66.203 - - [05/Nov/2025:03:24:08 +0100] "GET /?u=403880412 HTTP/1.1" 301 - "-" "Mozilla/5.0 (compatible; DotBot/1.2; +https://opensiteexplorer.org/dotbot; help@moz.com)"
216.244.66.203 - - [05/Nov/2025:03:24:32 +0100] "GET /?u=413098512 HTTP/1.1" 301 - "-" "Mozilla/5.0 (compatible; DotBot/1.2; +https://opensiteexplorer.org/dotbot; help@moz.com)"
216.244.66.203 - - [05/Nov/2025:03:24:54 +0100] "GET /?u=434031912 HTTP/1.1" 301 - "-" "Mozilla/5.0 (compatible; DotBot/1.2; +https://opensiteexplorer.org/dotbot; help@moz.com)"
216.244.66.203 - - [05/Nov/2025:03:25:16 +0100] "GET /?u=435354612 HTTP/1.1" 301 - "-" "Mozilla/5.0 (compatible; DotBot/1.2; +https://opensiteexplorer.org/dotbot; help@moz.com)"
216.244.66.203 - - [05/Nov/2025:03:25:36 +0100] "GET /?u=437382612 HTTP/1.1" 301 - "-" "Mozilla/5.0 (compatible; DotBot/1.2; +https://opensiteexplorer.org/dotbot; help@moz.com)"
216.244.66.203 - - [05/Nov/2025:03:25:54 +0100] "GET /?u=452651912 HTTP/1.1" 301 - "-" "Mozilla/5.0 (compatible; DotBot/1.2; +https://opensiteexplorer.org/dotbot; help@moz.com)"
216.244.66.203 - - [05/Nov/2025:03:26:11 +0100] "GET /?u=466680112 HTTP/1.1" 301 - "-" "Mozilla/5.0 (compatible; DotBot/1.2; +https://opensiteexplorer.org/dotbot; help@moz.com)"
216.244.66.203 - - [05/Nov/2025:03:26:35 +0100] "GET /?u=476424212 HTTP/1.1" 301 - "-" "Mozilla/5.0 (compatible; DotBot/1.2; +https://opensiteexplorer.org/dotbot; help@moz.com)"
216.244.66.203 - - [05/Nov/2025:03:26:55 +0100] "GET /?u=48936612 HTTP/1.1" 301 - "-" "Mozilla/5.0 (compatible; DotBot/1.2; +https://opensiteexplorer.org/dotbot; help@moz.com)"
216.244.66.203 - - [05/Nov/2025:03:27:11 +0100] "GET /?u=489706512 HTTP/1.1" 301 - "-" "Mozilla/5.0 (compatible; DotBot/1.2; +https://opensiteexplorer.org/dotbot; help@moz.com)"
216.244.66.203 - - [05/Nov/2025:03:27:29 +0100] "GET /?u=49679712 HTTP/1.1" 301 - "-" "Mozilla/5.0 (compatible; DotBot/1.2; +https://opensiteexplorer.org/dotbot; help@moz.com)"
216.244.66.203 - - [05/Nov/2025:03:28:00 +0100] "GET /?u=503814612 HTTP/1.1" 301 - "-" "Mozilla/5.0 (compatible; DotBot/1.2; +https://opensiteexplorer.org/dotbot; help@moz.com)"
216.244.66.203 - - [05/Nov/2025:03:28:43 +0100] "GET /?u=518618312 HTTP/1.1" 301 - "-" "Mozilla/5.0 (compatible; DotBot/1.2; +https://opensiteexplorer.org/dotbot; help@moz.com)"
216.244.66.203 - - [05/Nov/2025:03:29:28 +0100] "GET /?u=528738512 HTTP/1.1" 301 - "-" "Mozilla/5.0 (compatible; DotBot/1.2; +https://opensiteexplorer.org/dotbot; help@moz.com)"
48.210.15.48 - - [05/Nov/2025:03:29:55 +0100] "GET /wp-content/plugins/hellopress/wp_filemanager.php HTTP/1.1" 404 58617 "-" "-"
48.210.15.48 - - [05/Nov/2025:03:29:57 +0100] "GET /wp-blog.php HTTP/1.1" 404 58617 "-" "-"
48.210.15.48 - - [05/Nov/2025:03:29:59 +0100] "GET /webdb.php HTTP/1.1" 404 58617 "-" "-"
48.210.15.48 - - [05/Nov/2025:03:30:02 +0100] "GET /witmmm.php HTTP/1.1" 404 58617 "-" "-"
48.210.15.48 - - [05/Nov/2025:03:30:05 +0100] "GET /18299.php HTTP/1.1" 404 58617 "-" "-"
48.210.15.48 - - [05/Nov/2025:03:30:07 +0100] "GET /zxasd.php HTTP/1.1" 404 58617 "-" "-"
216.244.66.203 - - [05/Nov/2025:03:30:08 +0100] "GET /?u=548353812 HTTP/1.1" 301 - "-" "Mozilla/5.0 (compatible; DotBot/1.2; +https://opensiteexplorer.org/dotbot; help@moz.com)"
48.210.15.48 - - [05/Nov/2025:03:30:11 +0100] "GET /nxx.php HTTP/1.1" 404 58617 "-" "-"
48.210.15.48 - - [05/Nov/2025:03:30:13 +0100] "GET /shlo.php HTTP/1.1" 404 58617 "-" "-"
48.210.15.48 - - [05/Nov/2025:03:30:16 +0100] "GET /sql.php HTTP/1.1" 404 58617 "-" "-"
48.210.15.48 - - [05/Nov/2025:03:30:18 +0100] "GET /Marvins.php HTTP/1.1" 404 58617 "-" "-"
48.210.15.48 - - [05/Nov/2025:03:30:20 +0100] "GET /wpfile.php HTTP/1.1" 404 58617 "-" "-"
48.210.15.48 - - [05/Nov/2025:03:30:22 +0100] "GET /foyhd.php HTTP/1.1" 404 58617 "-" "-"
48.210.15.48 - - [05/Nov/2025:03:30:24 +0100] "GET /f350.php HTTP/1.1" 404 58617 "-" "-"
48.210.15.48 - - [05/Nov/2025:03:30:26 +0100] "GET /moon.php HTTP/1.1" 404 58617 "-" "-"
48.210.15.48 - - [05/Nov/2025:03:30:28 +0100] "GET /bless3.php HTTP/1.1" 404 58617 "-" "-"
48.210.15.48 - - [05/Nov/2025:03:30:32 +0100] "GET /link.php HTTP/1.1" 404 58617 "-" "-"
48.210.15.48 - - [05/Nov/2025:03:30:38 +0100] "GET /CmKHK.php HTTP/1.1" 404 58617 "-" "-"
216.244.66.203 - - [05/Nov/2025:03:30:39 +0100] "GET /?u=566189512 HTTP/1.1" 301 - "-" "Mozilla/5.0 (compatible; DotBot/1.2; +https://opensiteexplorer.org/dotbot; help@moz.com)"
48.210.15.48 - - [05/Nov/2025:03:30:44 +0100] "GET /rtg.php HTTP/1.1" 404 58617 "-" "-"
48.210.15.48 - - [05/Nov/2025:03:30:51 +0100] "GET /tools.php HTTP/1.1" 404 58617 "-" "-"
48.210.15.48 - - [05/Nov/2025:03:30:59 +0100] "GET /term.php HTTP/1.1" 404 58617 "-" "-"
48.210.15.48 - - [05/Nov/2025:03:31:03 +0100] "GET /fluentform.php HTTP/1.1" 404 58617 "-" "-"
48.210.15.48 - - [05/Nov/2025:03:31:06 +0100] "GET /agqpec.php HTTP/1.1" 404 58617 "-" "-"
48.210.15.48 - - [05/Nov/2025:03:31:08 +0100] "GET /byuri.php HTTP/1.1" 404 58617 "-" "-"
48.210.15.48 - - [05/Nov/2025:03:31:12 +0100] "GET /axx.php HTTP/1.1" 404 58617 "-" "-"
216.244.66.203 - - [05/Nov/2025:03:31:13 +0100] "GET /?u=566695412 HTTP/1.1" 301 - "-" "Mozilla/5.0 (compatible; DotBot/1.2; +https://opensiteexplorer.org/dotbot; help@moz.com)"
48.210.15.48 - - [05/Nov/2025:03:31:16 +0100] "GET /oiko6u.php HTTP/1.1" 404 58617 "-" "-"
48.210.15.48 - - [05/Nov/2025:03:31:20 +0100] "GET /wp-admin/oiko6u.php HTTP/1.1" 404 58617 "-" "-"
48.210.15.48 - - [05/Nov/2025:03:31:22 +0100] "GET /11.php HTTP/1.1" 404 58617 "-" "-"
48.210.15.48 - - [05/Nov/2025:03:31:25 +0100] "GET /9WOLF.php HTTP/1.1" 404 58617 "-" "-"
48.210.15.48 - - [05/Nov/2025:03:31:28 +0100] "GET /a.php HTTP/1.1" 404 58617 "-" "-"
48.210.15.48 - - [05/Nov/2025:03:31:30 +0100] "GET /f35.php HTTP/1.1" 404 58617 "-" "-"
48.210.15.48 - - [05/Nov/2025:03:31:32 +0100] "GET /crew.php HTTP/1.1" 404 58617 "-" "-"
48.210.15.48 - - [05/Nov/2025:03:31:36 +0100] "GET /gm.php HTTP/1.1" 404 58617 "-" "-"
48.210.15.48 - - [05/Nov/2025:03:31:41 +0100] "GET /pass.php HTTP/1.1" 404 58617 "-" "-"
216.244.66.203 - - [05/Nov/2025:03:31:44 +0100] "GET /?u=575721912 HTTP/1.1" 301 - "-" "Mozilla/5.0 (compatible; DotBot/1.2; +https://opensiteexplorer.org/dotbot; help@moz.com)"
48.210.15.48 - - [05/Nov/2025:03:31:46 +0100] "GET /sx_pms.php HTTP/1.1" 404 58617 "-" "-"
48.210.15.48 - - [05/Nov/2025:03:31:53 +0100] "GET /btex.php HTTP/1.1" 404 58617 "-" "-"
48.210.15.48 - - [05/Nov/2025:03:32:01 +0100] "GET /ms.php HTTP/1.1" 404 58617 "-" "-"
48.210.15.48 - - [05/Nov/2025:03:32:08 +0100] "GET /lptlo.php HTTP/1.1" 404 58617 "-" "-"
216.244.66.203 - - [05/Nov/2025:03:32:14 +0100] "GET /?u=583846512 HTTP/1.1" 301 - "-" "Mozilla/5.0 (compatible; DotBot/1.2; +https://opensiteexplorer.org/dotbot; help@moz.com)"
48.210.15.48 - - [05/Nov/2025:03:32:15 +0100] "GET /misc.php HTTP/1.1" 404 58617 "-" "-"
48.210.15.48 - - [05/Nov/2025:03:32:25 +0100] "GET /xlluw.php HTTP/1.1" 404 58617 "-" "-"
48.210.15.48 - - [05/Nov/2025:03:32:30 +0100] "GET /ll.php HTTP/1.1" 404 58617 "-" "-"
48.210.15.48 - - [05/Nov/2025:03:32:36 +0100] "GET /qa.php HTTP/1.1" 404 58617 "-" "-"
48.210.15.48 - - [05/Nov/2025:03:32:40 +0100] "GET /auot.php HTTP/1.1" 404 58617 "-" "-"
48.210.15.48 - - [05/Nov/2025:03:32:43 +0100] "GET /g.php HTTP/1.1" 404 58617 "-" "-"
48.210.15.48 - - [05/Nov/2025:03:32:45 +0100] "GET /codex.php HTTP/1.1" 404 58617 "-" "-"
48.210.15.48 - - [05/Nov/2025:03:32:48 +0100] "GET /ymq4nt.php HTTP/1.1" 404 58617 "-" "-"
48.210.15.48 - - [05/Nov/2025:03:32:51 +0100] "GET /inzrw.php HTTP/1.1" 404 58617 "-" "-"
216.244.66.203 - - [05/Nov/2025:03:32:52 +0100] "GET /?u=58695612 HTTP/1.1" 301 - "-" "Mozilla/5.0 (compatible; DotBot/1.2; +https://opensiteexplorer.org/dotbot; help@moz.com)"
48.210.15.48 - - [05/Nov/2025:03:32:53 +0100] "GET /ca.php HTTP/1.1" 404 58617 "-" "-"
48.210.15.48 - - [05/Nov/2025:03:32:55 +0100] "GET /lx.php HTTP/1.1" 404 58617 "-" "-"
48.210.15.48 - - [05/Nov/2025:03:32:58 +0100] "GET /iuoqc.php HTTP/1.1" 404 58617 "-" "-"
48.210.15.48 - - [05/Nov/2025:03:33:00 +0100] "GET /1j.php HTTP/1.1" 404 58617 "-" "-"
48.210.15.48 - - [05/Nov/2025:03:33:03 +0100] "GET /qufsq.php HTTP/1.1" 404 58617 "-" "-"
48.210.15.48 - - [05/Nov/2025:03:33:05 +0100] "GET /155.php HTTP/1.1" 404 58617 "-" "-"
48.210.15.48 - - [05/Nov/2025:03:33:07 +0100] "GET /sosu.php HTTP/1.1" 404 58617 "-" "-"
48.210.15.48 - - [05/Nov/2025:03:33:10 +0100] "GET /zero.php HTTP/1.1" 404 58617 "-" "-"
48.210.15.48 - - [05/Nov/2025:03:33:12 +0100] "GET /667.php HTTP/1.1" 404 58617 "-" "-"
48.210.15.48 - - [05/Nov/2025:03:33:15 +0100] "GET /c4.php HTTP/1.1" 404 58617 "-" "-"
48.210.15.48 - - [05/Nov/2025:03:33:18 +0100] "GET /700.php HTTP/1.1" 404 58617 "-" "-"
48.210.15.48 - - [05/Nov/2025:03:33:22 +0100] "GET /l.php HTTP/1.1" 404 58617 "-" "-"
216.244.66.203 - - [05/Nov/2025:03:33:22 +0100] "GET /?u=589266012 HTTP/1.1" 301 - "-" "Mozilla/5.0 (compatible; DotBot/1.2; +https://opensiteexplorer.org/dotbot; help@moz.com)"
48.210.15.48 - - [05/Nov/2025:03:33:26 +0100] "GET /oddtd.php HTTP/1.1" 404 58617 "-" "-"
48.210.15.48 - - [05/Nov/2025:03:33:32 +0100] "GET /v.php HTTP/1.1" 404 58617 "-" "-"
48.210.15.48 - - [05/Nov/2025:03:33:39 +0100] "GET /ff.php HTTP/1.1" 404 58617 "-" "-"
48.210.15.48 - - [05/Nov/2025:03:33:51 +0100] "GET /ca.php HTTP/1.1" 404 58617 "-" "-"
216.244.66.203 - - [05/Nov/2025:03:33:55 +0100] "GET /?u=591811712 HTTP/1.1" 301 - "-" "Mozilla/5.0 (compatible; DotBot/1.2; +https://opensiteexplorer.org/dotbot; help@moz.com)"
48.210.15.48 - - [05/Nov/2025:03:34:01 +0100] "GET /inzrw.php HTTP/1.1" 404 58617 "-" "-"
48.210.15.48 - - [05/Nov/2025:03:34:09 +0100] "GET /0x.php HTTP/1.1" 404 58617 "-" "-"
48.210.15.48 - - [05/Nov/2025:03:34:18 +0100] "GET /sx.php HTTP/1.1" 404 58617 "-" "-"
48.210.15.48 - - [05/Nov/2025:03:34:27 +0100] "GET /we.php HTTP/1.1" 404 58617 "-" "-"
48.210.15.48 - - [05/Nov/2025:03:34:34 +0100] "GET /20025.php HTTP/1.1" 404 58617 "-" "-"
216.244.66.203 - - [05/Nov/2025:03:34:35 +0100] "GET /?u=60130812 HTTP/1.1" 301 - "-" "Mozilla/5.0 (compatible; DotBot/1.2; +https://opensiteexplorer.org/dotbot; help@moz.com)"
48.210.15.48 - - [05/Nov/2025:03:34:38 +0100] "GET /asd67.php HTTP/1.1" 404 58617 "-" "-"
48.210.15.48 - - [05/Nov/2025:03:34:44 +0100] "GET /axx.php HTTP/1.1" 404 58617 "-" "-"
48.210.15.48 - - [05/Nov/2025:03:34:48 +0100] "GET /rtg.php HTTP/1.1" 404 58617 "-" "-"
48.210.15.48 - - [05/Nov/2025:03:34:51 +0100] "GET /wp.php HTTP/1.1" 404 58617 "-" "-"
48.210.15.48 - - [05/Nov/2025:03:34:55 +0100] "GET /wp-good.php HTTP/1.1" 404 58617 "-" "-"
48.210.15.48 - - [05/Nov/2025:03:34:57 +0100] "GET /ngek.php HTTP/1.1" 404 58617 "-" "-"
48.210.15.48 - - [05/Nov/2025:03:35:00 +0100] "GET /wp-admin/network/wp-conflg.php HTTP/1.1" 404 58617 "-" "-"
48.210.15.48 - - [05/Nov/2025:03:35:06 +0100] "GET /3k4.php HTTP/1.1" 404 58617 "-" "-"
48.210.15.48 - - [05/Nov/2025:03:35:12 +0100] "GET /file51.php HTTP/1.1" 404 58617 "-" "-"
48.210.15.48 - - [05/Nov/2025:03:35:18 +0100] "GET /man.php HTTP/1.1" 404 58617 "-" "-"
48.210.15.48 - - [05/Nov/2025:03:35:23 +0100] "GET /unrubbish.php HTTP/1.1" 404 58617 "-" "-"
48.210.15.48 - - [05/Nov/2025:03:35:28 +0100] "GET /strubbly.php HTTP/1.1" 404 58617 "-" "-"
48.210.15.48 - - [05/Nov/2025:03:35:32 +0100] "GET /tiqdc.php HTTP/1.1" 404 58617 "-" "-"
48.210.15.48 - - [05/Nov/2025:03:35:35 +0100] "GET /hdwta.php HTTP/1.1" 404 58617 "-" "-"
89.248.172.183 - - [05/Nov/2025:03:37:25 +0100] "POST /wp-json/tdw/save_css HTTP/1.1" 404 114 "-" "Mozilla/5.0 (Windows NT 10.0) AppleWebKit/537.36 (KHTML, like Gecko) Chrome/104.0.0.0 Safari/537.36"
124.243.188.188 - - [05/Nov/2025:03:37:50 +0100] "GET /wp-content/uploads/2023/08/KAYONZA.pdf HTTP/1.1" 404 58567 "http://umurunga.com/wp-content/uploads/2023/08/KAYONZA.pdf" "Mozilla/5.0 (Windows NT 10.0; Win64; x64) AppleWebKit/537.36 (KHTML, like Gecko) Chrome/101.0.4951.64 Safari/537.36 Edg/101.0.1210.47"
216.244.66.203 - - [05/Nov/2025:03:41:37 +0100] "GET /robots.txt HTTP/1.1" 200 170 "-" "Mozilla/5.0 (compatible; DotBot/1.2; +https://opensiteexplorer.org/dotbot; help@moz.com)"
207.180.227.180 - - [05/Nov/2025:03:45:09 +0100] "GET /.well-known/acme-challenge/ZB5KIS0WNEXD8QZCMP5TEZ7_51GPEOWH HTTP/1.1" 200 64 "-" "Cpanel-HTTP-Client/1.0"
207.180.227.180 - - [05/Nov/2025:03:45:09 +0100] "GET /.well-known/acme-challenge/FWD11JIIGPYP6RWZKCS-_G2BS6ZY7OT3 HTTP/1.1" 200 64 "-" "Cpanel-HTTP-Client/1.0"
207.180.227.180 - - [05/Nov/2025:03:45:09 +0100] "GET /.well-known/acme-challenge/5NXQXTGRJXSCW2JBDW9DV2TW3K9L75G2 HTTP/1.1" 200 64 "-" "Cpanel-HTTP-Client/1.0"
207.180.227.180 - - [05/Nov/2025:03:45:09 +0100] "GET /.well-known/acme-challenge/0BYNL1M9V-75XJHUTPU0PMU5Y8MBNTZU HTTP/1.1" 200 64 "-" "Cpanel-HTTP-Client/1.0"
207.180.227.180 - - [05/Nov/2025:03:45:09 +0100] "GET /.well-known/acme-challenge/GDVOZW4V_NEHOJP_QW76-I3L2--JAJ2D HTTP/1.1" 200 64 "-" "Cpanel-HTTP-Client/1.0"
207.180.227.180 - - [05/Nov/2025:03:45:09 +0100] "GET /.well-known/acme-challenge/8KXIA_O4DUQNFR92OWM-34UZO5R7WF0V HTTP/1.1" 200 64 "-" "Cpanel-HTTP-Client/1.0"
207.180.227.180 - - [05/Nov/2025:03:45:09 +0100] "GET /.well-known/acme-challenge/D0HBN6Y6GR8M-5PGHXOCEGS6KKDQP9IX HTTP/1.1" 200 64 "-" "Cpanel-HTTP-Client/1.0"
207.180.227.180 - - [05/Nov/2025:03:45:09 +0100] "GET /.well-known/acme-challenge/E3RJTJVXW8SA9BECJOST9GSR_1PC460S HTTP/1.1" 200 64 "-" "Cpanel-HTTP-Client/1.0"
207.180.227.180 - - [05/Nov/2025:03:45:09 +0100] "GET /.well-known/acme-challenge/2DPMH5HARWQBHSD-ULKT1XG-QQ4AWDSJ HTTP/1.1" 200 64 "-" "Cpanel-HTTP-Client/1.0"
216.244.66.203 - - [05/Nov/2025:03:45:59 +0100] "GET /?u=116044412 HTTP/1.1" 301 - "-" "Mozilla/5.0 (compatible; DotBot/1.2; +https://opensiteexplorer.org/dotbot; help@moz.com)"
216.244.66.203 - - [05/Nov/2025:03:46:05 +0100] "GET /?u=13213812 HTTP/1.1" 301 - "-" "Mozilla/5.0 (compatible; DotBot/1.2; +https://opensiteexplorer.org/dotbot; help@moz.com)"
216.244.66.203 - - [05/Nov/2025:03:46:10 +0100] "GET /?u=132571112 HTTP/1.1" 301 - "-" "Mozilla/5.0 (compatible; DotBot/1.2; +https://opensiteexplorer.org/dotbot; help@moz.com)"
216.244.66.203 - - [05/Nov/2025:03:46:14 +0100] "GET /?u=142891512 HTTP/1.1" 301 - "-" "Mozilla/5.0 (compatible; DotBot/1.2; +https://opensiteexplorer.org/dotbot; help@moz.com)"
216.244.66.203 - - [05/Nov/2025:03:46:18 +0100] "GET /?u=145230912 HTTP/1.1" 301 - "-" "Mozilla/5.0 (compatible; DotBot/1.2; +https://opensiteexplorer.org/dotbot; help@moz.com)"
216.244.66.203 - - [05/Nov/2025:03:46:24 +0100] "GET /?u=157127212 HTTP/1.1" 301 - "-" "Mozilla/5.0 (compatible; DotBot/1.2; +https://opensiteexplorer.org/dotbot; help@moz.com)"
216.244.66.203 - - [05/Nov/2025:03:46:28 +0100] "GET /?u=162681412 HTTP/1.1" 301 - "-" "Mozilla/5.0 (compatible; DotBot/1.2; +https://opensiteexplorer.org/dotbot; help@moz.com)"
216.244.66.203 - - [05/Nov/2025:03:46:32 +0100] "GET /?u=204893212 HTTP/1.1" 301 - "-" "Mozilla/5.0 (compatible; DotBot/1.2; +https://opensiteexplorer.org/dotbot; help@moz.com)"
216.244.66.203 - - [05/Nov/2025:03:46:36 +0100] "GET /?u=205770012 HTTP/1.1" 301 - "-" "Mozilla/5.0 (compatible; DotBot/1.2; +https://opensiteexplorer.org/dotbot; help@moz.com)"
216.244.66.203 - - [05/Nov/2025:03:46:39 +0100] "GET /?u=218547412 HTTP/1.1" 301 - "-" "Mozilla/5.0 (compatible; DotBot/1.2; +https://opensiteexplorer.org/dotbot; help@moz.com)"
216.244.66.203 - - [05/Nov/2025:03:46:41 +0100] "GET /?u=280388812 HTTP/1.1" 301 - "-" "Mozilla/5.0 (compatible; DotBot/1.2; +https://opensiteexplorer.org/dotbot; help@moz.com)"
216.244.66.203 - - [05/Nov/2025:03:46:43 +0100] "GET /?u=35735912 HTTP/1.1" 301 - "-" "Mozilla/5.0 (compatible; DotBot/1.2; +https://opensiteexplorer.org/dotbot; help@moz.com)"
216.244.66.203 - - [05/Nov/2025:03:46:45 +0100] "GET /?u=394565012 HTTP/1.1" 301 - "-" "Mozilla/5.0 (compatible; DotBot/1.2; +https://opensiteexplorer.org/dotbot; help@moz.com)"
216.244.66.203 - - [05/Nov/2025:03:46:47 +0100] "GET /?u=407834312 HTTP/1.1" 301 - "-" "Mozilla/5.0 (compatible; DotBot/1.2; +https://opensiteexplorer.org/dotbot; help@moz.com)"
216.244.66.203 - - [05/Nov/2025:03:46:50 +0100] "GET /?u=494999512 HTTP/1.1" 301 - "-" "Mozilla/5.0 (compatible; DotBot/1.2; +https://opensiteexplorer.org/dotbot; help@moz.com)"
216.244.66.203 - - [05/Nov/2025:03:46:53 +0100] "GET /?u=502274212 HTTP/1.1" 301 - "-" "Mozilla/5.0 (compatible; DotBot/1.2; +https://opensiteexplorer.org/dotbot; help@moz.com)"
216.244.66.203 - - [05/Nov/2025:03:46:55 +0100] "GET /?u=531636812 HTTP/1.1" 301 - "-" "Mozilla/5.0 (compatible; DotBot/1.2; +https://opensiteexplorer.org/dotbot; help@moz.com)"
216.244.66.203 - - [05/Nov/2025:03:46:58 +0100] "GET /?u=561133412 HTTP/1.1" 301 - "-" "Mozilla/5.0 (compatible; DotBot/1.2; +https://opensiteexplorer.org/dotbot; help@moz.com)"
216.244.66.203 - - [05/Nov/2025:03:47:00 +0100] "GET /?u=688439112 HTTP/1.1" 301 - "-" "Mozilla/5.0 (compatible; DotBot/1.2; +https://opensiteexplorer.org/dotbot; help@moz.com)"
216.244.66.203 - - [05/Nov/2025:03:47:03 +0100] "GET /?u=696671012 HTTP/1.1" 301 - "-" "Mozilla/5.0 (compatible; DotBot/1.2; +https://opensiteexplorer.org/dotbot; help@moz.com)"
216.244.66.203 - - [05/Nov/2025:03:47:06 +0100] "GET /?u=70397912 HTTP/1.1" 301 - "-" "Mozilla/5.0 (compatible; DotBot/1.2; +https://opensiteexplorer.org/dotbot; help@moz.com)"
216.244.66.203 - - [05/Nov/2025:03:47:09 +0100] "GET /?u=719988512 HTTP/1.1" 301 - "-" "Mozilla/5.0 (compatible; DotBot/1.2; +https://opensiteexplorer.org/dotbot; help@moz.com)"
216.244.66.203 - - [05/Nov/2025:03:47:12 +0100] "GET /?u=723599612 HTTP/1.1" 301 - "-" "Mozilla/5.0 (compatible; DotBot/1.2; +https://opensiteexplorer.org/dotbot; help@moz.com)"
216.244.66.203 - - [05/Nov/2025:03:47:17 +0100] "GET /?u=772667912 HTTP/1.1" 301 - "-" "Mozilla/5.0 (compatible; DotBot/1.2; +https://opensiteexplorer.org/dotbot; help@moz.com)"
216.244.66.203 - - [05/Nov/2025:03:47:22 +0100] "GET /?u=87840512 HTTP/1.1" 301 - "-" "Mozilla/5.0 (compatible; DotBot/1.2; +https://opensiteexplorer.org/dotbot; help@moz.com)"
216.244.66.203 - - [05/Nov/2025:03:47:26 +0100] "GET /?u=93117112 HTTP/1.1" 301 - "-" "Mozilla/5.0 (compatible; DotBot/1.2; +https://opensiteexplorer.org/dotbot; help@moz.com)"
216.244.66.203 - - [05/Nov/2025:03:47:29 +0100] "GET /?u=97801012 HTTP/1.1" 301 - "-" "Mozilla/5.0 (compatible; DotBot/1.2; +https://opensiteexplorer.org/dotbot; help@moz.com)"
216.244.66.203 - - [05/Nov/2025:03:47:31 +0100] "GET /?u=99580512 HTTP/1.1" 301 - "-" "Mozilla/5.0 (compatible; DotBot/1.2; +https://opensiteexplorer.org/dotbot; help@moz.com)"
216.244.66.203 - - [05/Nov/2025:03:47:34 +0100] "GET /?u=101180012 HTTP/1.1" 301 - "-" "Mozilla/5.0 (compatible; DotBot/1.2; +https://opensiteexplorer.org/dotbot; help@moz.com)"
216.244.66.203 - - [05/Nov/2025:03:47:37 +0100] "GET /?u=102986112 HTTP/1.1" 301 - "-" "Mozilla/5.0 (compatible; DotBot/1.2; +https://opensiteexplorer.org/dotbot; help@moz.com)"
216.244.66.203 - - [05/Nov/2025:03:47:40 +0100] "GET /?u=103659712 HTTP/1.1" 301 - "-" "Mozilla/5.0 (compatible; DotBot/1.2; +https://opensiteexplorer.org/dotbot; help@moz.com)"
216.244.66.203 - - [05/Nov/2025:03:47:44 +0100] "GET /?u=104481412 HTTP/1.1" 301 - "-" "Mozilla/5.0 (compatible; DotBot/1.2; +https://opensiteexplorer.org/dotbot; help@moz.com)"
216.244.66.203 - - [05/Nov/2025:03:47:46 +0100] "GET /?u=107482312 HTTP/1.1" 301 - "-" "Mozilla/5.0 (compatible; DotBot/1.2; +https://opensiteexplorer.org/dotbot; help@moz.com)"
216.244.66.203 - - [05/Nov/2025:03:47:49 +0100] "GET /?u=108754012 HTTP/1.1" 301 - "-" "Mozilla/5.0 (compatible; DotBot/1.2; +https://opensiteexplorer.org/dotbot; help@moz.com)"
216.244.66.203 - - [05/Nov/2025:03:47:55 +0100] "GET /?u=109926112 HTTP/1.1" 301 - "-" "Mozilla/5.0 (compatible; DotBot/1.2; +https://opensiteexplorer.org/dotbot; help@moz.com)"
216.244.66.203 - - [05/Nov/2025:03:47:59 +0100] "GET /?u=110183812 HTTP/1.1" 301 - "-" "Mozilla/5.0 (compatible; DotBot/1.2; +https://opensiteexplorer.org/dotbot; help@moz.com)"
216.244.66.203 - - [05/Nov/2025:03:48:03 +0100] "GET /?u=111968812 HTTP/1.1" 301 - "-" "Mozilla/5.0 (compatible; DotBot/1.2; +https://opensiteexplorer.org/dotbot; help@moz.com)"
216.244.66.203 - - [05/Nov/2025:03:48:06 +0100] "GET /?u=112546212 HTTP/1.1" 301 - "-" "Mozilla/5.0 (compatible; DotBot/1.2; +https://opensiteexplorer.org/dotbot; help@moz.com)"
216.244.66.203 - - [05/Nov/2025:03:48:09 +0100] "GET /?u=112805412 HTTP/1.1" 301 - "-" "Mozilla/5.0 (compatible; DotBot/1.2; +https://opensiteexplorer.org/dotbot; help@moz.com)"
216.244.66.203 - - [05/Nov/2025:03:48:11 +0100] "GET /?u=116731312 HTTP/1.1" 301 - "-" "Mozilla/5.0 (compatible; DotBot/1.2; +https://opensiteexplorer.org/dotbot; help@moz.com)"
216.244.66.203 - - [05/Nov/2025:03:48:14 +0100] "GET /?u=117536712 HTTP/1.1" 301 - "-" "Mozilla/5.0 (compatible; DotBot/1.2; +https://opensiteexplorer.org/dotbot; help@moz.com)"
216.244.66.203 - - [05/Nov/2025:03:48:16 +0100] "GET /?u=119270012 HTTP/1.1" 301 - "-" "Mozilla/5.0 (compatible; DotBot/1.2; +https://opensiteexplorer.org/dotbot; help@moz.com)"
216.244.66.203 - - [05/Nov/2025:03:48:22 +0100] "GET /?u=119302212 HTTP/1.1" 301 - "-" "Mozilla/5.0 (compatible; DotBot/1.2; +https://opensiteexplorer.org/dotbot; help@moz.com)"
216.244.66.203 - - [05/Nov/2025:03:48:27 +0100] "GET /?u=121010012 HTTP/1.1" 301 - "-" "Mozilla/5.0 (compatible; DotBot/1.2; +https://opensiteexplorer.org/dotbot; help@moz.com)"
216.244.66.203 - - [05/Nov/2025:03:48:31 +0100] "GET /?u=123829312 HTTP/1.1" 301 - "-" "Mozilla/5.0 (compatible; DotBot/1.2; +https://opensiteexplorer.org/dotbot; help@moz.com)"
216.244.66.203 - - [05/Nov/2025:03:48:35 +0100] "GET /?u=125079912 HTTP/1.1" 301 - "-" "Mozilla/5.0 (compatible; DotBot/1.2; +https://opensiteexplorer.org/dotbot; help@moz.com)"
114.119.153.186 - - [05/Nov/2025:03:48:36 +0100] "GET /wp-content/uploads/2023/10/LETTER-TO-MAYOR-FOR-DIGITAL-LITERACY-TRAINING_page-0027.jpg HTTP/1.1" 404 58567 "-" "Mozilla/5.0 (Linux; Android 7.0;) AppleWebKit/537.36 (KHTML, like Gecko) Mobile Safari/537.36 (compatible; PetalBot;+https://webmaster.petalsearch.com/site/petalbot)"
216.244.66.203 - - [05/Nov/2025:03:48:38 +0100] "GET /?u=12521012 HTTP/1.1" 301 - "-" "Mozilla/5.0 (compatible; DotBot/1.2; +https://opensiteexplorer.org/dotbot; help@moz.com)"
216.244.66.203 - - [05/Nov/2025:03:48:40 +0100] "GET /?u=129029412 HTTP/1.1" 301 - "-" "Mozilla/5.0 (compatible; DotBot/1.2; +https://opensiteexplorer.org/dotbot; help@moz.com)"
216.244.66.203 - - [05/Nov/2025:03:48:43 +0100] "GET /?u=129245612 HTTP/1.1" 301 - "-" "Mozilla/5.0 (compatible; DotBot/1.2; +https://opensiteexplorer.org/dotbot; help@moz.com)"
216.244.66.203 - - [05/Nov/2025:03:48:45 +0100] "GET /?u=129271112 HTTP/1.1" 301 - "-" "Mozilla/5.0 (compatible; DotBot/1.2; +https://opensiteexplorer.org/dotbot; help@moz.com)"
216.244.66.203 - - [05/Nov/2025:03:48:47 +0100] "GET /?u=130167812 HTTP/1.1" 301 - "-" "Mozilla/5.0 (compatible; DotBot/1.2; +https://opensiteexplorer.org/dotbot; help@moz.com)"
216.244.66.203 - - [05/Nov/2025:03:48:52 +0100] "GET /?u=131861412 HTTP/1.1" 301 - "-" "Mozilla/5.0 (compatible; DotBot/1.2; +https://opensiteexplorer.org/dotbot; help@moz.com)"
216.244.66.203 - - [05/Nov/2025:03:48:56 +0100] "GET /?u=13640612 HTTP/1.1" 301 - "-" "Mozilla/5.0 (compatible; DotBot/1.2; +https://opensiteexplorer.org/dotbot; help@moz.com)"
216.244.66.203 - - [05/Nov/2025:03:49:01 +0100] "GET /?u=144602312 HTTP/1.1" 301 - "-" "Mozilla/5.0 (compatible; DotBot/1.2; +https://opensiteexplorer.org/dotbot; help@moz.com)"
216.244.66.203 - - [05/Nov/2025:03:49:05 +0100] "GET /?u=14766012 HTTP/1.1" 301 - "-" "Mozilla/5.0 (compatible; DotBot/1.2; +https://opensiteexplorer.org/dotbot; help@moz.com)"
216.244.66.203 - - [05/Nov/2025:03:49:09 +0100] "GET /?u=153116712 HTTP/1.1" 301 - "-" "Mozilla/5.0 (compatible; DotBot/1.2; +https://opensiteexplorer.org/dotbot; help@moz.com)"
216.244.66.203 - - [05/Nov/2025:03:49:14 +0100] "GET /?u=156185312 HTTP/1.1" 301 - "-" "Mozilla/5.0 (compatible; DotBot/1.2; +https://opensiteexplorer.org/dotbot; help@moz.com)"
216.244.66.203 - - [05/Nov/2025:03:49:17 +0100] "GET /?u=15963412 HTTP/1.1" 301 - "-" "Mozilla/5.0 (compatible; DotBot/1.2; +https://opensiteexplorer.org/dotbot; help@moz.com)"
216.244.66.203 - - [05/Nov/2025:03:49:19 +0100] "GET /?u=160751012 HTTP/1.1" 301 - "-" "Mozilla/5.0 (compatible; DotBot/1.2; +https://opensiteexplorer.org/dotbot; help@moz.com)"
216.244.66.203 - - [05/Nov/2025:03:49:22 +0100] "GET /?u=167543712 HTTP/1.1" 301 - "-" "Mozilla/5.0 (compatible; DotBot/1.2; +https://opensiteexplorer.org/dotbot; help@moz.com)"
216.244.66.203 - - [05/Nov/2025:03:49:24 +0100] "GET /?u=168680812 HTTP/1.1" 301 - "-" "Mozilla/5.0 (compatible; DotBot/1.2; +https://opensiteexplorer.org/dotbot; help@moz.com)"
216.244.66.203 - - [05/Nov/2025:03:49:26 +0100] "GET /?u=173586912 HTTP/1.1" 301 - "-" "Mozilla/5.0 (compatible; DotBot/1.2; +https://opensiteexplorer.org/dotbot; help@moz.com)"
216.244.66.203 - - [05/Nov/2025:03:49:28 +0100] "GET /?u=174079512 HTTP/1.1" 301 - "-" "Mozilla/5.0 (compatible; DotBot/1.2; +https://opensiteexplorer.org/dotbot; help@moz.com)"
216.244.66.203 - - [05/Nov/2025:03:49:34 +0100] "GET /?u=17416812 HTTP/1.1" 301 - "-" "Mozilla/5.0 (compatible; DotBot/1.2; +https://opensiteexplorer.org/dotbot; help@moz.com)"
216.244.66.203 - - [05/Nov/2025:03:49:40 +0100] "GET /?u=174784612 HTTP/1.1" 301 - "-" "Mozilla/5.0 (compatible; DotBot/1.2; +https://opensiteexplorer.org/dotbot; help@moz.com)"
216.244.66.203 - - [05/Nov/2025:03:49:47 +0100] "GET /?u=175246912 HTTP/1.1" 301 - "-" "Mozilla/5.0 (compatible; DotBot/1.2; +https://opensiteexplorer.org/dotbot; help@moz.com)"
114.119.153.186 - - [05/Nov/2025:03:49:52 +0100] "GET /wp-content/uploads/2023/10/LETTER-TO-MAYOR-FOR-DIGITAL-LITERACY-TRAINING_page-0026.jpg HTTP/1.1" 404 58567 "-" "Mozilla/5.0 (Linux; Android 7.0;) AppleWebKit/537.36 (KHTML, like Gecko) Mobile Safari/537.36 (compatible; PetalBot;+https://webmaster.petalsearch.com/site/petalbot)"
216.244.66.203 - - [05/Nov/2025:03:49:53 +0100] "GET /?u=178607012 HTTP/1.1" 301 - "-" "Mozilla/5.0 (compatible; DotBot/1.2; +https://opensiteexplorer.org/dotbot; help@moz.com)"
216.244.66.203 - - [05/Nov/2025:03:49:58 +0100] "GET /?u=180854712 HTTP/1.1" 301 - "-" "Mozilla/5.0 (compatible; DotBot/1.2; +https://opensiteexplorer.org/dotbot; help@moz.com)"
216.244.66.203 - - [05/Nov/2025:03:50:02 +0100] "GET /?u=185281312 HTTP/1.1" 301 - "-" "Mozilla/5.0 (compatible; DotBot/1.2; +https://opensiteexplorer.org/dotbot; help@moz.com)"
216.244.66.203 - - [05/Nov/2025:03:50:10 +0100] "GET /?u=186085412 HTTP/1.1" 301 - "-" "Mozilla/5.0 (compatible; DotBot/1.2; +https://opensiteexplorer.org/dotbot; help@moz.com)"
216.244.66.203 - - [05/Nov/2025:03:50:17 +0100] "GET /?u=186285012 HTTP/1.1" 301 - "-" "Mozilla/5.0 (compatible; DotBot/1.2; +https://opensiteexplorer.org/dotbot; help@moz.com)"
216.244.66.203 - - [05/Nov/2025:03:50:22 +0100] "GET /?u=186523512 HTTP/1.1" 301 - "-" "Mozilla/5.0 (compatible; DotBot/1.2; +https://opensiteexplorer.org/dotbot; help@moz.com)"
216.244.66.203 - - [05/Nov/2025:03:50:26 +0100] "GET /?u=188730212 HTTP/1.1" 301 - "-" "Mozilla/5.0 (compatible; DotBot/1.2; +https://opensiteexplorer.org/dotbot; help@moz.com)"
216.244.66.203 - - [05/Nov/2025:03:50:30 +0100] "GET /?u=189471212 HTTP/1.1" 301 - "-" "Mozilla/5.0 (compatible; DotBot/1.2; +https://opensiteexplorer.org/dotbot; help@moz.com)"
216.244.66.203 - - [05/Nov/2025:03:50:33 +0100] "GET /?u=190269612 HTTP/1.1" 301 - "-" "Mozilla/5.0 (compatible; DotBot/1.2; +https://opensiteexplorer.org/dotbot; help@moz.com)"
216.244.66.203 - - [05/Nov/2025:03:50:36 +0100] "GET /?u=193603812 HTTP/1.1" 301 - "-" "Mozilla/5.0 (compatible; DotBot/1.2; +https://opensiteexplorer.org/dotbot; help@moz.com)"
216.244.66.203 - - [05/Nov/2025:03:50:38 +0100] "GET /?u=19402812 HTTP/1.1" 301 - "-" "Mozilla/5.0 (compatible; DotBot/1.2; +https://opensiteexplorer.org/dotbot; help@moz.com)"
216.244.66.203 - - [05/Nov/2025:03:50:41 +0100] "GET /?u=197768012 HTTP/1.1" 301 - "-" "Mozilla/5.0 (compatible; DotBot/1.2; +https://opensiteexplorer.org/dotbot; help@moz.com)"
