216.244.66.203 - - [04/Nov/2025:16:51:50 +0100] "GET /?u=579517112 HTTP/1.1" 301 - "-" "Mozilla/5.0 (compatible; DotBot/1.2; +https://opensiteexplorer.org/dotbot; help@moz.com)"
199.16.157.181 - - [04/Nov/2025:16:52:10 +0100] "GET /cgi-sys/suspendedpage.cgi HTTP/1.1" 200 7587 "-" "Twitterbot/1.0"
216.244.66.203 - - [04/Nov/2025:16:52:09 +0100] "GET /?u=583214712 HTTP/1.1" 301 - "-" "Mozilla/5.0 (compatible; DotBot/1.2; +https://opensiteexplorer.org/dotbot; help@moz.com)"
199.16.157.181 - - [04/Nov/2025:16:52:10 +0100] "GET / HTTP/1.1" 301 - "-" "Twitterbot/1.0"
216.244.66.203 - - [04/Nov/2025:16:52:28 +0100] "GET /?u=591651012 HTTP/1.1" 301 - "-" "Mozilla/5.0 (compatible; DotBot/1.2; +https://opensiteexplorer.org/dotbot; help@moz.com)"
216.244.66.203 - - [04/Nov/2025:16:52:44 +0100] "GET /?u=595977912 HTTP/1.1" 301 - "-" "Mozilla/5.0 (compatible; DotBot/1.2; +https://opensiteexplorer.org/dotbot; help@moz.com)"
216.244.66.203 - - [04/Nov/2025:16:53:00 +0100] "GET /?u=610696212 HTTP/1.1" 301 - "-" "Mozilla/5.0 (compatible; DotBot/1.2; +https://opensiteexplorer.org/dotbot; help@moz.com)"
216.244.66.203 - - [04/Nov/2025:16:53:14 +0100] "GET /?u=636239912 HTTP/1.1" 301 - "-" "Mozilla/5.0 (compatible; DotBot/1.2; +https://opensiteexplorer.org/dotbot; help@moz.com)"
216.244.66.203 - - [04/Nov/2025:16:53:28 +0100] "GET /?u=640943812 HTTP/1.1" 301 - "-" "Mozilla/5.0 (compatible; DotBot/1.2; +https://opensiteexplorer.org/dotbot; help@moz.com)"
216.244.66.203 - - [04/Nov/2025:16:53:43 +0100] "GET /?u=644455412 HTTP/1.1" 301 - "-" "Mozilla/5.0 (compatible; DotBot/1.2; +https://opensiteexplorer.org/dotbot; help@moz.com)"
216.244.66.203 - - [04/Nov/2025:16:53:59 +0100] "GET /?u=680709212 HTTP/1.1" 301 - "-" "Mozilla/5.0 (compatible; DotBot/1.2; +https://opensiteexplorer.org/dotbot; help@moz.com)"
216.244.66.203 - - [04/Nov/2025:16:54:20 +0100] "GET /?u=716111512 HTTP/1.1" 301 - "-" "Mozilla/5.0 (compatible; DotBot/1.2; +https://opensiteexplorer.org/dotbot; help@moz.com)"
216.244.66.203 - - [04/Nov/2025:16:55:01 +0100] "GET /?u=719553812 HTTP/1.1" 301 - "-" "Mozilla/5.0 (compatible; DotBot/1.2; +https://opensiteexplorer.org/dotbot; help@moz.com)"
216.244.66.203 - - [04/Nov/2025:16:55:39 +0100] "GET /?u=722536612 HTTP/1.1" 301 - "-" "Mozilla/5.0 (compatible; DotBot/1.2; +https://opensiteexplorer.org/dotbot; help@moz.com)"
216.244.66.203 - - [04/Nov/2025:16:56:20 +0100] "GET /?u=724025912 HTTP/1.1" 301 - "-" "Mozilla/5.0 (compatible; DotBot/1.2; +https://opensiteexplorer.org/dotbot; help@moz.com)"
216.244.66.203 - - [04/Nov/2025:16:57:05 +0100] "GET /?u=75143212 HTTP/1.1" 301 - "-" "Mozilla/5.0 (compatible; DotBot/1.2; +https://opensiteexplorer.org/dotbot; help@moz.com)"
216.244.66.203 - - [04/Nov/2025:16:57:52 +0100] "GET /?u=760378712 HTTP/1.1" 301 - "-" "Mozilla/5.0 (compatible; DotBot/1.2; +https://opensiteexplorer.org/dotbot; help@moz.com)"
216.244.66.203 - - [04/Nov/2025:16:58:32 +0100] "GET /?u=763461812 HTTP/1.1" 301 - "-" "Mozilla/5.0 (compatible; DotBot/1.2; +https://opensiteexplorer.org/dotbot; help@moz.com)"
216.244.66.203 - - [04/Nov/2025:16:59:05 +0100] "GET /?u=769554412 HTTP/1.1" 301 - "-" "Mozilla/5.0 (compatible; DotBot/1.2; +https://opensiteexplorer.org/dotbot; help@moz.com)"
216.244.66.203 - - [04/Nov/2025:16:59:36 +0100] "GET /?u=787103212 HTTP/1.1" 301 - "-" "Mozilla/5.0 (compatible; DotBot/1.2; +https://opensiteexplorer.org/dotbot; help@moz.com)"
216.244.66.203 - - [04/Nov/2025:17:00:06 +0100] "GET /?u=794681312 HTTP/1.1" 301 - "-" "Mozilla/5.0 (compatible; DotBot/1.2; +https://opensiteexplorer.org/dotbot; help@moz.com)"
216.244.66.203 - - [04/Nov/2025:17:00:35 +0100] "GET /?u=79496712 HTTP/1.1" 301 - "-" "Mozilla/5.0 (compatible; DotBot/1.2; +https://opensiteexplorer.org/dotbot; help@moz.com)"
216.244.66.203 - - [04/Nov/2025:17:01:03 +0100] "GET /?u=88719812 HTTP/1.1" 301 - "-" "Mozilla/5.0 (compatible; DotBot/1.2; +https://opensiteexplorer.org/dotbot; help@moz.com)"
216.244.66.203 - - [04/Nov/2025:17:01:48 +0100] "GET /?u=100812 HTTP/1.1" 301 - "-" "Mozilla/5.0 (compatible; DotBot/1.2; +https://opensiteexplorer.org/dotbot; help@moz.com)"
192.133.77.18 - - [04/Nov/2025:17:02:14 +0100] "GET /cgi-sys/suspendedpage.cgi HTTP/1.1" 200 7587 "-" "Twitterbot/1.0"
199.16.157.183 - - [04/Nov/2025:17:02:22 +0100] "GET /robots.txt HTTP/1.1" 508 288 "-" "Twitterbot/1.0"
199.16.157.183 - - [04/Nov/2025:17:02:22 +0100] "GET /robots.txt HTTP/1.1" 508 288 "-" "Twitterbot/1.0"
199.16.157.182 - - [04/Nov/2025:17:02:22 +0100] "GET /cgi-sys/suspendedpage.cgi HTTP/1.1" 508 288 "-" "Twitterbot/1.0"
199.16.157.183 - - [04/Nov/2025:17:02:22 +0100] "GET /robots.txt HTTP/1.1" 508 288 "-" "Twitterbot/1.0"
199.16.157.183 - - [04/Nov/2025:17:02:22 +0100] "GET /robots.txt HTTP/1.1" 508 288 "-" "Twitterbot/1.0"
199.16.157.183 - - [04/Nov/2025:17:02:22 +0100] "GET / HTTP/1.1" 508 288 "-" "Twitterbot/1.0"
192.133.77.17 - - [04/Nov/2025:17:02:09 +0100] "GET / HTTP/1.1" 301 - "-" "Twitterbot/1.0"
192.133.77.18 - - [04/Nov/2025:17:02:09 +0100] "GET /robots.txt HTTP/1.1" 301 - "-" "Twitterbot/1.0"
216.244.66.203 - - [04/Nov/2025:17:02:34 +0100] "GET /?u=101565612 HTTP/1.1" 301 - "-" "Mozilla/5.0 (compatible; DotBot/1.2; +https://opensiteexplorer.org/dotbot; help@moz.com)"
216.244.66.203 - - [04/Nov/2025:17:03:18 +0100] "GET /?u=101756512 HTTP/1.1" 301 - "-" "Mozilla/5.0 (compatible; DotBot/1.2; +https://opensiteexplorer.org/dotbot; help@moz.com)"
89.248.172.183 - - [04/Nov/2025:17:03:31 +0100] "POST /wp-json/tdw/save_css HTTP/1.1" 404 114 "-" "Mozilla/5.0 (Windows NT 10.0) AppleWebKit/537.36 (KHTML, like Gecko) Chrome/104.0.0.0 Safari/537.36"
216.244.66.203 - - [04/Nov/2025:17:04:00 +0100] "GET /?u=11052812 HTTP/1.1" 301 - "-" "Mozilla/5.0 (compatible; DotBot/1.2; +https://opensiteexplorer.org/dotbot; help@moz.com)"
199.16.157.183 - - [04/Nov/2025:17:04:16 +0100] "GET /cgi-sys/suspendedpage.cgi HTTP/1.1" 200 7587 "-" "Twitterbot/1.0"
199.16.157.181 - - [04/Nov/2025:17:04:16 +0100] "GET / HTTP/1.1" 301 - "-" "Twitterbot/1.0"
216.244.66.203 - - [04/Nov/2025:17:04:34 +0100] "GET /?u=112660912 HTTP/1.1" 301 - "-" "Mozilla/5.0 (compatible; DotBot/1.2; +https://opensiteexplorer.org/dotbot; help@moz.com)"
216.244.66.203 - - [04/Nov/2025:17:05:08 +0100] "GET /?u=114818912 HTTP/1.1" 301 - "-" "Mozilla/5.0 (compatible; DotBot/1.2; +https://opensiteexplorer.org/dotbot; help@moz.com)"
216.244.66.203 - - [04/Nov/2025:17:05:39 +0100] "GET /?u=11491312 HTTP/1.1" 301 - "-" "Mozilla/5.0 (compatible; DotBot/1.2; +https://opensiteexplorer.org/dotbot; help@moz.com)"
216.244.66.203 - - [04/Nov/2025:17:06:18 +0100] "GET /?u=119429412 HTTP/1.1" 301 - "-" "Mozilla/5.0 (compatible; DotBot/1.2; +https://opensiteexplorer.org/dotbot; help@moz.com)"
159.138.133.159 - - [04/Nov/2025:17:11:43 +0100] "GET /wp-content/uploads/2023/08/NYAMAGABE-1.pdf HTTP/1.1" 404 57533 "http://umurunga.com/wp-content/uploads/2023/08/NYAMAGABE-1.pdf" "Mozilla/5.0 (Macintosh; Intel Mac OS X 10_15_7) AppleWebKit/537.36 (KHTML, like Gecko) Chrome/123.0.0.0 Safari/537.36"
216.244.66.203 - - [04/Nov/2025:17:14:21 +0100] "GET /robots.txt HTTP/1.1" 200 170 "-" "Mozilla/5.0 (compatible; DotBot/1.2; +https://opensiteexplorer.org/dotbot; help@moz.com)"
82.145.211.198 - - [04/Nov/2025:17:15:05 +0100] "GET / HTTP/1.1" 508 288 "-" "Opera/9.80 (MAUI Runtime; Opera Mini/4.4.33576/191.388; U; fr) Presto/2.12.423 Version/12.16"
82.145.211.198 - - [04/Nov/2025:17:15:05 +0100] "GET /favicon.ico HTTP/1.1" 508 288 "http://www.umurunga.com/" "Opera/9.80 (MAUI Runtime; Opera Mini/4.4.33576/191.388; U; fr) Presto/2.12.423 Version/12.16"
82.145.211.174 - - [04/Nov/2025:17:15:15 +0100] "GET / HTTP/1.1" 508 288 "-" "Opera/9.80 (SpreadTrum; Opera Mini/4.4.33961/191.388; U; en) Presto/2.12.423 Version/12.16"
82.145.211.174 - - [04/Nov/2025:17:15:15 +0100] "GET /favicon.ico HTTP/1.1" 508 288 "http://www.umurunga.com/" "Opera/9.80 (SpreadTrum; Opera Mini/4.4.33961/191.388; U; en) Presto/2.12.423 Version/12.16"
82.145.211.198 - - [04/Nov/2025:17:15:35 +0100] "GET / HTTP/1.1" 301 - "-" "Opera/9.80 (MAUI Runtime; Opera Mini/4.4.33576/191.388; U; fr) Presto/2.12.423 Version/12.16"
216.244.66.203 - - [04/Nov/2025:17:18:03 +0100] "GET /?u=181199712 HTTP/1.1" 301 - "-" "Mozilla/5.0 (compatible; DotBot/1.2; +https://opensiteexplorer.org/dotbot; help@moz.com)"
216.244.66.203 - - [04/Nov/2025:17:18:10 +0100] "GET /?u=216140412 HTTP/1.1" 301 - "-" "Mozilla/5.0 (compatible; DotBot/1.2; +https://opensiteexplorer.org/dotbot; help@moz.com)"
216.244.66.203 - - [04/Nov/2025:17:18:17 +0100] "GET /?u=223553612 HTTP/1.1" 301 - "-" "Mozilla/5.0 (compatible; DotBot/1.2; +https://opensiteexplorer.org/dotbot; help@moz.com)"
216.244.66.203 - - [04/Nov/2025:17:18:22 +0100] "GET /?u=25248512 HTTP/1.1" 301 - "-" "Mozilla/5.0 (compatible; DotBot/1.2; +https://opensiteexplorer.org/dotbot; help@moz.com)"
216.244.66.203 - - [04/Nov/2025:17:18:29 +0100] "GET /?u=305724912 HTTP/1.1" 301 - "-" "Mozilla/5.0 (compatible; DotBot/1.2; +https://opensiteexplorer.org/dotbot; help@moz.com)"
216.244.66.203 - - [04/Nov/2025:17:18:34 +0100] "GET /?u=307341212 HTTP/1.1" 301 - "-" "Mozilla/5.0 (compatible; DotBot/1.2; +https://opensiteexplorer.org/dotbot; help@moz.com)"
216.244.66.203 - - [04/Nov/2025:17:18:38 +0100] "GET /?u=333900412 HTTP/1.1" 301 - "-" "Mozilla/5.0 (compatible; DotBot/1.2; +https://opensiteexplorer.org/dotbot; help@moz.com)"
216.244.66.203 - - [04/Nov/2025:17:18:49 +0100] "GET /?u=391255012 HTTP/1.1" 301 - "-" "Mozilla/5.0 (compatible; DotBot/1.2; +https://opensiteexplorer.org/dotbot; help@moz.com)"
216.244.66.203 - - [04/Nov/2025:17:18:57 +0100] "GET /?u=447271012 HTTP/1.1" 301 - "-" "Mozilla/5.0 (compatible; DotBot/1.2; +https://opensiteexplorer.org/dotbot; help@moz.com)"
216.244.66.203 - - [04/Nov/2025:17:19:09 +0100] "GET /?u=477080712 HTTP/1.1" 301 - "-" "Mozilla/5.0 (compatible; DotBot/1.2; +https://opensiteexplorer.org/dotbot; help@moz.com)"
216.244.66.203 - - [04/Nov/2025:17:19:19 +0100] "GET /?u=47768012 HTTP/1.1" 301 - "-" "Mozilla/5.0 (compatible; DotBot/1.2; +https://opensiteexplorer.org/dotbot; help@moz.com)"
216.244.66.203 - - [04/Nov/2025:17:19:29 +0100] "GET /?u=491711712 HTTP/1.1" 301 - "-" "Mozilla/5.0 (compatible; DotBot/1.2; +https://opensiteexplorer.org/dotbot; help@moz.com)"
216.244.66.203 - - [04/Nov/2025:17:19:38 +0100] "GET /?u=503946012 HTTP/1.1" 301 - "-" "Mozilla/5.0 (compatible; DotBot/1.2; +https://opensiteexplorer.org/dotbot; help@moz.com)"
216.244.66.203 - - [04/Nov/2025:17:19:48 +0100] "GET /?u=618157212 HTTP/1.1" 301 - "-" "Mozilla/5.0 (compatible; DotBot/1.2; +https://opensiteexplorer.org/dotbot; help@moz.com)"
216.244.66.203 - - [04/Nov/2025:17:19:57 +0100] "GET /?u=663471812 HTTP/1.1" 301 - "-" "Mozilla/5.0 (compatible; DotBot/1.2; +https://opensiteexplorer.org/dotbot; help@moz.com)"
216.244.66.203 - - [04/Nov/2025:17:20:04 +0100] "GET /?u=701153012 HTTP/1.1" 301 - "-" "Mozilla/5.0 (compatible; DotBot/1.2; +https://opensiteexplorer.org/dotbot; help@moz.com)"
93.123.109.7 - - [04/Nov/2025:17:20:07 +0100] "GET /.git/config HTTP/1.1" 404 57533 "-" "Mozilla/5.0 (compatible; MSIE 9.0; Windows NT 6.0; Win64; x64; Trident/5.0; .NET CLR 3.7.50745; Media Center PC 6.0; Zune 4.7; .NET4.0C; en-MT)"
216.244.66.203 - - [04/Nov/2025:17:20:23 +0100] "GET /?u=707587312 HTTP/1.1" 301 - "-" "Mozilla/5.0 (compatible; DotBot/1.2; +https://opensiteexplorer.org/dotbot; help@moz.com)"
216.244.66.203 - - [04/Nov/2025:17:21:07 +0100] "GET /?u=721631612 HTTP/1.1" 301 - "-" "Mozilla/5.0 (compatible; DotBot/1.2; +https://opensiteexplorer.org/dotbot; help@moz.com)"
216.244.66.203 - - [04/Nov/2025:17:21:48 +0100] "GET /?u=735327412 HTTP/1.1" 301 - "-" "Mozilla/5.0 (compatible; DotBot/1.2; +https://opensiteexplorer.org/dotbot; help@moz.com)"
216.244.66.203 - - [04/Nov/2025:17:22:18 +0100] "GET /?u=797564912 HTTP/1.1" 301 - "-" "Mozilla/5.0 (compatible; DotBot/1.2; +https://opensiteexplorer.org/dotbot; help@moz.com)"
216.244.66.203 - - [04/Nov/2025:17:22:47 +0100] "GET /?u=159450012 HTTP/1.1" 301 - "-" "Mozilla/5.0 (compatible; DotBot/1.2; +https://opensiteexplorer.org/dotbot; help@moz.com)"
216.244.66.203 - - [04/Nov/2025:17:23:17 +0100] "GET /?u=163082612 HTTP/1.1" 301 - "-" "Mozilla/5.0 (compatible; DotBot/1.2; +https://opensiteexplorer.org/dotbot; help@moz.com)"
216.244.66.203 - - [04/Nov/2025:17:23:44 +0100] "GET /?u=1649912 HTTP/1.1" 301 - "-" "Mozilla/5.0 (compatible; DotBot/1.2; +https://opensiteexplorer.org/dotbot; help@moz.com)"
216.244.66.203 - - [04/Nov/2025:17:24:10 +0100] "GET /?u=173075612 HTTP/1.1" 301 - "-" "Mozilla/5.0 (compatible; DotBot/1.2; +https://opensiteexplorer.org/dotbot; help@moz.com)"
216.244.66.203 - - [04/Nov/2025:17:24:36 +0100] "GET /?u=174494912 HTTP/1.1" 301 - "-" "Mozilla/5.0 (compatible; DotBot/1.2; +https://opensiteexplorer.org/dotbot; help@moz.com)"
216.244.66.203 - - [04/Nov/2025:17:25:01 +0100] "GET /?u=175120412 HTTP/1.1" 301 - "-" "Mozilla/5.0 (compatible; DotBot/1.2; +https://opensiteexplorer.org/dotbot; help@moz.com)"
216.244.66.203 - - [04/Nov/2025:17:25:30 +0100] "GET /?u=180807612 HTTP/1.1" 301 - "-" "Mozilla/5.0 (compatible; DotBot/1.2; +https://opensiteexplorer.org/dotbot; help@moz.com)"
216.244.66.203 - - [04/Nov/2025:17:25:58 +0100] "GET /?u=182293112 HTTP/1.1" 301 - "-" "Mozilla/5.0 (compatible; DotBot/1.2; +https://opensiteexplorer.org/dotbot; help@moz.com)"
216.244.66.203 - - [04/Nov/2025:17:26:24 +0100] "GET /?u=194178612 HTTP/1.1" 301 - "-" "Mozilla/5.0 (compatible; DotBot/1.2; +https://opensiteexplorer.org/dotbot; help@moz.com)"
216.244.66.203 - - [04/Nov/2025:17:26:47 +0100] "GET /?u=198351512 HTTP/1.1" 301 - "-" "Mozilla/5.0 (compatible; DotBot/1.2; +https://opensiteexplorer.org/dotbot; help@moz.com)"
216.244.66.203 - - [04/Nov/2025:17:27:09 +0100] "GET /?u=199342012 HTTP/1.1" 301 - "-" "Mozilla/5.0 (compatible; DotBot/1.2; +https://opensiteexplorer.org/dotbot; help@moz.com)"
82.145.212.16 - - [04/Nov/2025:17:27:15 +0100] "GET / HTTP/1.1" 301 - "-" "Opera/9.80 (MAUI Runtime; Opera Mini/4.4.33576/191.388; U; en) Presto/2.12.423 Version/12.16"
216.244.66.203 - - [04/Nov/2025:17:27:29 +0100] "GET /?u=203056412 HTTP/1.1" 301 - "-" "Mozilla/5.0 (compatible; DotBot/1.2; +https://opensiteexplorer.org/dotbot; help@moz.com)"
43.173.176.173 - - [04/Nov/2025:17:27:46 +0100] "GET / HTTP/1.1" 301 - "-" "Mozilla/5.0 (Windows NT 6.1; Win64; x64) AppleWebKit/537.36 (KHTML, like Gecko) Chrome/126.0.6478.114 Safari/537.36"
216.244.66.203 - - [04/Nov/2025:17:27:47 +0100] "GET /?u=204144912 HTTP/1.1" 301 - "-" "Mozilla/5.0 (compatible; DotBot/1.2; +https://opensiteexplorer.org/dotbot; help@moz.com)"
216.244.66.203 - - [04/Nov/2025:17:28:05 +0100] "GET /?u=207527812 HTTP/1.1" 301 - "-" "Mozilla/5.0 (compatible; DotBot/1.2; +https://opensiteexplorer.org/dotbot; help@moz.com)"
82.145.210.156 - - [04/Nov/2025:17:28:20 +0100] "GET / HTTP/1.1" 301 - "-" "Opera/9.80 (SpreadTrum; Opera Mini/4.4.33961/191.388; U; en) Presto/2.12.423 Version/12.16"
216.244.66.203 - - [04/Nov/2025:17:28:22 +0100] "GET /?u=215190212 HTTP/1.1" 301 - "-" "Mozilla/5.0 (compatible; DotBot/1.2; +https://opensiteexplorer.org/dotbot; help@moz.com)"
216.244.66.203 - - [04/Nov/2025:17:28:39 +0100] "GET /?u=218670412 HTTP/1.1" 301 - "-" "Mozilla/5.0 (compatible; DotBot/1.2; +https://opensiteexplorer.org/dotbot; help@moz.com)"
216.244.66.203 - - [04/Nov/2025:17:28:54 +0100] "GET /?u=220094812 HTTP/1.1" 301 - "-" "Mozilla/5.0 (compatible; DotBot/1.2; +https://opensiteexplorer.org/dotbot; help@moz.com)"
216.244.66.203 - - [04/Nov/2025:17:29:09 +0100] "GET /?u=224127712 HTTP/1.1" 301 - "-" "Mozilla/5.0 (compatible; DotBot/1.2; +https://opensiteexplorer.org/dotbot; help@moz.com)"
216.244.66.203 - - [04/Nov/2025:17:29:22 +0100] "GET /?u=237758212 HTTP/1.1" 301 - "-" "Mozilla/5.0 (compatible; DotBot/1.2; +https://opensiteexplorer.org/dotbot; help@moz.com)"
216.244.66.203 - - [04/Nov/2025:17:29:33 +0100] "GET /?u=239332912 HTTP/1.1" 301 - "-" "Mozilla/5.0 (compatible; DotBot/1.2; +https://opensiteexplorer.org/dotbot; help@moz.com)"
216.244.66.203 - - [04/Nov/2025:17:29:44 +0100] "GET /?u=23941312 HTTP/1.1" 301 - "-" "Mozilla/5.0 (compatible; DotBot/1.2; +https://opensiteexplorer.org/dotbot; help@moz.com)"
216.244.66.203 - - [04/Nov/2025:17:29:53 +0100] "GET /?u=243769812 HTTP/1.1" 301 - "-" "Mozilla/5.0 (compatible; DotBot/1.2; +https://opensiteexplorer.org/dotbot; help@moz.com)"
216.244.66.203 - - [04/Nov/2025:17:30:01 +0100] "GET /?u=263994912 HTTP/1.1" 301 - "-" "Mozilla/5.0 (compatible; DotBot/1.2; +https://opensiteexplorer.org/dotbot; help@moz.com)"
216.244.66.203 - - [04/Nov/2025:17:30:09 +0100] "GET /?u=266055312 HTTP/1.1" 301 - "-" "Mozilla/5.0 (compatible; DotBot/1.2; +https://opensiteexplorer.org/dotbot; help@moz.com)"
216.244.66.203 - - [04/Nov/2025:17:30:16 +0100] "GET /?u=268394412 HTTP/1.1" 301 - "-" "Mozilla/5.0 (compatible; DotBot/1.2; +https://opensiteexplorer.org/dotbot; help@moz.com)"
216.244.66.203 - - [04/Nov/2025:17:30:23 +0100] "GET /?u=269059212 HTTP/1.1" 301 - "-" "Mozilla/5.0 (compatible; DotBot/1.2; +https://opensiteexplorer.org/dotbot; help@moz.com)"
216.244.66.203 - - [04/Nov/2025:17:30:27 +0100] "GET /?u=273549112 HTTP/1.1" 301 - "-" "Mozilla/5.0 (compatible; DotBot/1.2; +https://opensiteexplorer.org/dotbot; help@moz.com)"
216.244.66.203 - - [04/Nov/2025:17:30:31 +0100] "GET /?u=279500012 HTTP/1.1" 301 - "-" "Mozilla/5.0 (compatible; DotBot/1.2; +https://opensiteexplorer.org/dotbot; help@moz.com)"
216.244.66.203 - - [04/Nov/2025:17:30:38 +0100] "GET /?u=281291712 HTTP/1.1" 301 - "-" "Mozilla/5.0 (compatible; DotBot/1.2; +https://opensiteexplorer.org/dotbot; help@moz.com)"
216.244.66.203 - - [04/Nov/2025:17:30:43 +0100] "GET /?u=28265812 HTTP/1.1" 301 - "-" "Mozilla/5.0 (compatible; DotBot/1.2; +https://opensiteexplorer.org/dotbot; help@moz.com)"
216.244.66.203 - - [04/Nov/2025:17:30:47 +0100] "GET /?u=286204412 HTTP/1.1" 301 - "-" "Mozilla/5.0 (compatible; DotBot/1.2; +https://opensiteexplorer.org/dotbot; help@moz.com)"
216.244.66.203 - - [04/Nov/2025:17:30:51 +0100] "GET /?u=291762612 HTTP/1.1" 301 - "-" "Mozilla/5.0 (compatible; DotBot/1.2; +https://opensiteexplorer.org/dotbot; help@moz.com)"
216.244.66.203 - - [04/Nov/2025:17:30:54 +0100] "GET /?u=313485612 HTTP/1.1" 301 - "-" "Mozilla/5.0 (compatible; DotBot/1.2; +https://opensiteexplorer.org/dotbot; help@moz.com)"
216.244.66.203 - - [04/Nov/2025:17:30:56 +0100] "GET /?u=313545812 HTTP/1.1" 301 - "-" "Mozilla/5.0 (compatible; DotBot/1.2; +https://opensiteexplorer.org/dotbot; help@moz.com)"
216.244.66.203 - - [04/Nov/2025:17:30:59 +0100] "GET /?u=390769412 HTTP/1.1" 301 - "-" "Mozilla/5.0 (compatible; DotBot/1.2; +https://opensiteexplorer.org/dotbot; help@moz.com)"
216.244.66.203 - - [04/Nov/2025:17:31:02 +0100] "GET /?u=400037012 HTTP/1.1" 301 - "-" "Mozilla/5.0 (compatible; DotBot/1.2; +https://opensiteexplorer.org/dotbot; help@moz.com)"
216.244.66.203 - - [04/Nov/2025:17:31:05 +0100] "GET /?u=415119812 HTTP/1.1" 301 - "-" "Mozilla/5.0 (compatible; DotBot/1.2; +https://opensiteexplorer.org/dotbot; help@moz.com)"
216.244.66.203 - - [04/Nov/2025:17:31:07 +0100] "GET /?u=43065012 HTTP/1.1" 301 - "-" "Mozilla/5.0 (compatible; DotBot/1.2; +https://opensiteexplorer.org/dotbot; help@moz.com)"
216.244.66.203 - - [04/Nov/2025:17:31:09 +0100] "GET /?u=450298812 HTTP/1.1" 301 - "-" "Mozilla/5.0 (compatible; DotBot/1.2; +https://opensiteexplorer.org/dotbot; help@moz.com)"
216.244.66.203 - - [04/Nov/2025:17:31:11 +0100] "GET /?u=457291812 HTTP/1.1" 301 - "-" "Mozilla/5.0 (compatible; DotBot/1.2; +https://opensiteexplorer.org/dotbot; help@moz.com)"
216.244.66.203 - - [04/Nov/2025:17:31:13 +0100] "GET /?u=4719812 HTTP/1.1" 301 - "-" "Mozilla/5.0 (compatible; DotBot/1.2; +https://opensiteexplorer.org/dotbot; help@moz.com)"
216.244.66.203 - - [04/Nov/2025:17:31:17 +0100] "GET /?u=476031912 HTTP/1.1" 301 - "-" "Mozilla/5.0 (compatible; DotBot/1.2; +https://opensiteexplorer.org/dotbot; help@moz.com)"
216.244.66.203 - - [04/Nov/2025:17:31:21 +0100] "GET /?u=487490812 HTTP/1.1" 301 - "-" "Mozilla/5.0 (compatible; DotBot/1.2; +https://opensiteexplorer.org/dotbot; help@moz.com)"
216.244.66.203 - - [04/Nov/2025:17:31:25 +0100] "GET /?u=51064612 HTTP/1.1" 301 - "-" "Mozilla/5.0 (compatible; DotBot/1.2; +https://opensiteexplorer.org/dotbot; help@moz.com)"
216.244.66.203 - - [04/Nov/2025:17:31:28 +0100] "GET /?u=547592212 HTTP/1.1" 301 - "-" "Mozilla/5.0 (compatible; DotBot/1.2; +https://opensiteexplorer.org/dotbot; help@moz.com)"
216.244.66.203 - - [04/Nov/2025:17:31:34 +0100] "GET /?u=554678312 HTTP/1.1" 301 - "-" "Mozilla/5.0 (compatible; DotBot/1.2; +https://opensiteexplorer.org/dotbot; help@moz.com)"
216.244.66.203 - - [04/Nov/2025:17:31:40 +0100] "GET /?u=575107712 HTTP/1.1" 301 - "-" "Mozilla/5.0 (compatible; DotBot/1.2; +https://opensiteexplorer.org/dotbot; help@moz.com)"
216.244.66.203 - - [04/Nov/2025:17:31:45 +0100] "GET /?u=584736312 HTTP/1.1" 301 - "-" "Mozilla/5.0 (compatible; DotBot/1.2; +https://opensiteexplorer.org/dotbot; help@moz.com)"
216.244.66.203 - - [04/Nov/2025:17:31:49 +0100] "GET /?u=59507612 HTTP/1.1" 301 - "-" "Mozilla/5.0 (compatible; DotBot/1.2; +https://opensiteexplorer.org/dotbot; help@moz.com)"
216.244.66.203 - - [04/Nov/2025:17:31:52 +0100] "GET /?u=59980312 HTTP/1.1" 301 - "-" "Mozilla/5.0 (compatible; DotBot/1.2; +https://opensiteexplorer.org/dotbot; help@moz.com)"
216.244.66.203 - - [04/Nov/2025:17:31:57 +0100] "GET /?u=640824312 HTTP/1.1" 301 - "-" "Mozilla/5.0 (compatible; DotBot/1.2; +https://opensiteexplorer.org/dotbot; help@moz.com)"
216.244.66.203 - - [04/Nov/2025:17:32:02 +0100] "GET /?u=64864412 HTTP/1.1" 301 - "-" "Mozilla/5.0 (compatible; DotBot/1.2; +https://opensiteexplorer.org/dotbot; help@moz.com)"
216.244.66.203 - - [04/Nov/2025:17:32:06 +0100] "GET /?u=653956812 HTTP/1.1" 301 - "-" "Mozilla/5.0 (compatible; DotBot/1.2; +https://opensiteexplorer.org/dotbot; help@moz.com)"
216.244.66.203 - - [04/Nov/2025:17:32:09 +0100] "GET /?u=669344012 HTTP/1.1" 301 - "-" "Mozilla/5.0 (compatible; DotBot/1.2; +https://opensiteexplorer.org/dotbot; help@moz.com)"
216.244.66.203 - - [04/Nov/2025:17:32:12 +0100] "GET /?u=675526612 HTTP/1.1" 301 - "-" "Mozilla/5.0 (compatible; DotBot/1.2; +https://opensiteexplorer.org/dotbot; help@moz.com)"
216.244.66.203 - - [04/Nov/2025:17:32:16 +0100] "GET /?u=682753212 HTTP/1.1" 301 - "-" "Mozilla/5.0 (compatible; DotBot/1.2; +https://opensiteexplorer.org/dotbot; help@moz.com)"
216.244.66.203 - - [04/Nov/2025:17:32:20 +0100] "GET /?u=712855712 HTTP/1.1" 301 - "-" "Mozilla/5.0 (compatible; DotBot/1.2; +https://opensiteexplorer.org/dotbot; help@moz.com)"
216.244.66.203 - - [04/Nov/2025:17:32:26 +0100] "GET /?u=714650312 HTTP/1.1" 301 - "-" "Mozilla/5.0 (compatible; DotBot/1.2; +https://opensiteexplorer.org/dotbot; help@moz.com)"
216.244.66.203 - - [04/Nov/2025:17:32:33 +0100] "GET /?u=717605112 HTTP/1.1" 301 - "-" "Mozilla/5.0 (compatible; DotBot/1.2; +https://opensiteexplorer.org/dotbot; help@moz.com)"
216.244.66.203 - - [04/Nov/2025:17:32:40 +0100] "GET /?u=73827812 HTTP/1.1" 301 - "-" "Mozilla/5.0 (compatible; DotBot/1.2; +https://opensiteexplorer.org/dotbot; help@moz.com)"
216.244.66.203 - - [04/Nov/2025:17:32:45 +0100] "GET /?u=755893112 HTTP/1.1" 301 - "-" "Mozilla/5.0 (compatible; DotBot/1.2; +https://opensiteexplorer.org/dotbot; help@moz.com)"
216.244.66.203 - - [04/Nov/2025:17:32:49 +0100] "GET /?u=786497712 HTTP/1.1" 301 - "-" "Mozilla/5.0 (compatible; DotBot/1.2; +https://opensiteexplorer.org/dotbot; help@moz.com)"
216.244.66.203 - - [04/Nov/2025:17:32:53 +0100] "GET /?u=806846412 HTTP/1.1" 301 - "-" "Mozilla/5.0 (compatible; DotBot/1.2; +https://opensiteexplorer.org/dotbot; help@moz.com)"
216.244.66.203 - - [04/Nov/2025:17:32:56 +0100] "GET /?u=918112 HTTP/1.1" 301 - "-" "Mozilla/5.0 (compatible; DotBot/1.2; +https://opensiteexplorer.org/dotbot; help@moz.com)"
216.244.66.203 - - [04/Nov/2025:17:33:00 +0100] "GET /?u=92738112 HTTP/1.1" 301 - "-" "Mozilla/5.0 (compatible; DotBot/1.2; +https://opensiteexplorer.org/dotbot; help@moz.com)"
216.244.66.203 - - [04/Nov/2025:17:33:03 +0100] "GET /?u=108952212 HTTP/1.1" 301 - "-" "Mozilla/5.0 (compatible; DotBot/1.2; +https://opensiteexplorer.org/dotbot; help@moz.com)"
216.244.66.203 - - [04/Nov/2025:17:33:06 +0100] "GET /?u=115358012 HTTP/1.1" 301 - "-" "Mozilla/5.0 (compatible; DotBot/1.2; +https://opensiteexplorer.org/dotbot; help@moz.com)"
216.244.66.203 - - [04/Nov/2025:17:33:09 +0100] "GET /?u=117081412 HTTP/1.1" 301 - "-" "Mozilla/5.0 (compatible; DotBot/1.2; +https://opensiteexplorer.org/dotbot; help@moz.com)"
216.244.66.203 - - [04/Nov/2025:17:33:17 +0100] "GET /?u=121306412 HTTP/1.1" 301 - "-" "Mozilla/5.0 (compatible; DotBot/1.2; +https://opensiteexplorer.org/dotbot; help@moz.com)"
216.244.66.203 - - [04/Nov/2025:17:33:31 +0100] "GET /?u=121495512 HTTP/1.1" 301 - "-" "Mozilla/5.0 (compatible; DotBot/1.2; +https://opensiteexplorer.org/dotbot; help@moz.com)"
216.244.66.203 - - [04/Nov/2025:17:33:40 +0100] "GET /?u=126017912 HTTP/1.1" 301 - "-" "Mozilla/5.0 (compatible; DotBot/1.2; +https://opensiteexplorer.org/dotbot; help@moz.com)"
216.244.66.203 - - [04/Nov/2025:17:33:49 +0100] "GET /?u=12773912 HTTP/1.1" 301 - "-" "Mozilla/5.0 (compatible; DotBot/1.2; +https://opensiteexplorer.org/dotbot; help@moz.com)"
216.244.66.203 - - [04/Nov/2025:17:33:57 +0100] "GET /?u=129750112 HTTP/1.1" 301 - "-" "Mozilla/5.0 (compatible; DotBot/1.2; +https://opensiteexplorer.org/dotbot; help@moz.com)"
216.244.66.203 - - [04/Nov/2025:17:34:04 +0100] "GET /?u=133211712 HTTP/1.1" 301 - "-" "Mozilla/5.0 (compatible; DotBot/1.2; +https://opensiteexplorer.org/dotbot; help@moz.com)"
216.244.66.203 - - [04/Nov/2025:17:34:10 +0100] "GET /?u=133756412 HTTP/1.1" 301 - "-" "Mozilla/5.0 (compatible; DotBot/1.2; +https://opensiteexplorer.org/dotbot; help@moz.com)"
216.244.66.203 - - [04/Nov/2025:17:34:18 +0100] "GET /?u=138994512 HTTP/1.1" 301 - "-" "Mozilla/5.0 (compatible; DotBot/1.2; +https://opensiteexplorer.org/dotbot; help@moz.com)"
216.244.66.203 - - [04/Nov/2025:17:34:25 +0100] "GET /?u=139229112 HTTP/1.1" 301 - "-" "Mozilla/5.0 (compatible; DotBot/1.2; +https://opensiteexplorer.org/dotbot; help@moz.com)"
216.244.66.203 - - [04/Nov/2025:17:34:29 +0100] "GET /?u=143282412 HTTP/1.1" 301 - "-" "Mozilla/5.0 (compatible; DotBot/1.2; +https://opensiteexplorer.org/dotbot; help@moz.com)"
216.244.66.203 - - [04/Nov/2025:17:34:34 +0100] "GET /?u=143637312 HTTP/1.1" 301 - "-" "Mozilla/5.0 (compatible; DotBot/1.2; +https://opensiteexplorer.org/dotbot; help@moz.com)"
216.244.66.203 - - [04/Nov/2025:17:34:38 +0100] "GET /?u=152241712 HTTP/1.1" 301 - "-" "Mozilla/5.0 (compatible; DotBot/1.2; +https://opensiteexplorer.org/dotbot; help@moz.com)"
216.244.66.203 - - [04/Nov/2025:17:34:41 +0100] "GET /?u=156089912 HTTP/1.1" 301 - "-" "Mozilla/5.0 (compatible; DotBot/1.2; +https://opensiteexplorer.org/dotbot; help@moz.com)"
216.244.66.203 - - [04/Nov/2025:17:34:50 +0100] "GET /?u=163274912 HTTP/1.1" 301 - "-" "Mozilla/5.0 (compatible; DotBot/1.2; +https://opensiteexplorer.org/dotbot; help@moz.com)"
216.244.66.203 - - [04/Nov/2025:17:34:57 +0100] "GET /?u=164952412 HTTP/1.1" 301 - "-" "Mozilla/5.0 (compatible; DotBot/1.2; +https://opensiteexplorer.org/dotbot; help@moz.com)"
216.244.66.203 - - [04/Nov/2025:17:35:03 +0100] "GET /?u=166008712 HTTP/1.1" 301 - "-" "Mozilla/5.0 (compatible; DotBot/1.2; +https://opensiteexplorer.org/dotbot; help@moz.com)"
216.244.66.203 - - [04/Nov/2025:17:35:15 +0100] "GET /?u=167433212 HTTP/1.1" 301 - "-" "Mozilla/5.0 (compatible; DotBot/1.2; +https://opensiteexplorer.org/dotbot; help@moz.com)"
216.244.66.203 - - [04/Nov/2025:17:35:23 +0100] "GET /?u=167814812 HTTP/1.1" 301 - "-" "Mozilla/5.0 (compatible; DotBot/1.2; +https://opensiteexplorer.org/dotbot; help@moz.com)"
216.244.66.203 - - [04/Nov/2025:17:35:31 +0100] "GET /?u=170610112 HTTP/1.1" 301 - "-" "Mozilla/5.0 (compatible; DotBot/1.2; +https://opensiteexplorer.org/dotbot; help@moz.com)"
216.244.66.203 - - [04/Nov/2025:17:35:38 +0100] "GET /?u=173761012 HTTP/1.1" 301 - "-" "Mozilla/5.0 (compatible; DotBot/1.2; +https://opensiteexplorer.org/dotbot; help@moz.com)"
216.244.66.203 - - [04/Nov/2025:17:35:43 +0100] "GET /?u=175059112 HTTP/1.1" 301 - "-" "Mozilla/5.0 (compatible; DotBot/1.2; +https://opensiteexplorer.org/dotbot; help@moz.com)"
216.244.66.203 - - [04/Nov/2025:17:35:48 +0100] "GET /?u=18045412 HTTP/1.1" 301 - "-" "Mozilla/5.0 (compatible; DotBot/1.2; +https://opensiteexplorer.org/dotbot; help@moz.com)"
216.244.66.203 - - [04/Nov/2025:17:35:52 +0100] "GET /?u=182381312 HTTP/1.1" 301 - "-" "Mozilla/5.0 (compatible; DotBot/1.2; +https://opensiteexplorer.org/dotbot; help@moz.com)"
216.244.66.203 - - [04/Nov/2025:17:35:56 +0100] "GET /?u=182781212 HTTP/1.1" 301 - "-" "Mozilla/5.0 (compatible; DotBot/1.2; +https://opensiteexplorer.org/dotbot; help@moz.com)"
216.244.66.203 - - [04/Nov/2025:17:36:00 +0100] "GET /?u=190209312 HTTP/1.1" 301 - "-" "Mozilla/5.0 (compatible; DotBot/1.2; +https://opensiteexplorer.org/dotbot; help@moz.com)"
216.244.66.203 - - [04/Nov/2025:17:36:03 +0100] "GET /?u=19219712 HTTP/1.1" 301 - "-" "Mozilla/5.0 (compatible; DotBot/1.2; +https://opensiteexplorer.org/dotbot; help@moz.com)"
216.244.66.203 - - [04/Nov/2025:17:36:06 +0100] "GET /?u=201451612 HTTP/1.1" 301 - "-" "Mozilla/5.0 (compatible; DotBot/1.2; +https://opensiteexplorer.org/dotbot; help@moz.com)"
216.244.66.203 - - [04/Nov/2025:17:36:11 +0100] "GET /?u=202499112 HTTP/1.1" 301 - "-" "Mozilla/5.0 (compatible; DotBot/1.2; +https://opensiteexplorer.org/dotbot; help@moz.com)"
216.244.66.203 - - [04/Nov/2025:17:36:16 +0100] "GET /?u=212247712 HTTP/1.1" 301 - "-" "Mozilla/5.0 (compatible; DotBot/1.2; +https://opensiteexplorer.org/dotbot; help@moz.com)"
216.244.66.203 - - [04/Nov/2025:17:36:20 +0100] "GET /?u=214952412 HTTP/1.1" 301 - "-" "Mozilla/5.0 (compatible; DotBot/1.2; +https://opensiteexplorer.org/dotbot; help@moz.com)"
216.244.66.203 - - [04/Nov/2025:17:36:23 +0100] "GET /?u=217513212 HTTP/1.1" 301 - "-" "Mozilla/5.0 (compatible; DotBot/1.2; +https://opensiteexplorer.org/dotbot; help@moz.com)"
216.244.66.203 - - [04/Nov/2025:17:36:29 +0100] "GET /?u=21906812 HTTP/1.1" 301 - "-" "Mozilla/5.0 (compatible; DotBot/1.2; +https://opensiteexplorer.org/dotbot; help@moz.com)"
89.248.172.183 - - [04/Nov/2025:17:36:32 +0100] "POST /wp-json/tdw/save_css HTTP/1.1" 404 114 "-" "Mozilla/5.0 (Windows NT 10.0) AppleWebKit/537.36 (KHTML, like Gecko) Chrome/104.0.0.0 Safari/537.36"
216.244.66.203 - - [04/Nov/2025:17:36:35 +0100] "GET /?u=219457212 HTTP/1.1" 301 - "-" "Mozilla/5.0 (compatible; DotBot/1.2; +https://opensiteexplorer.org/dotbot; help@moz.com)"
216.244.66.203 - - [04/Nov/2025:17:36:42 +0100] "GET /?u=222130312 HTTP/1.1" 301 - "-" "Mozilla/5.0 (compatible; DotBot/1.2; +https://opensiteexplorer.org/dotbot; help@moz.com)"
216.244.66.203 - - [04/Nov/2025:17:36:47 +0100] "GET /?u=22249912 HTTP/1.1" 301 - "-" "Mozilla/5.0 (compatible; DotBot/1.2; +https://opensiteexplorer.org/dotbot; help@moz.com)"
207.180.227.180 - - [04/Nov/2025:17:36:54 +0100] "POST /wp-cron.php?doing_wp_cron=1762274214.0453310012817382812500 HTTP/1.1" 200 - "-" "WordPress/6.8.3; https://umurunga.com"
216.244.66.203 - - [04/Nov/2025:17:36:52 +0100] "GET /?u=22446712 HTTP/1.1" 301 - "-" "Mozilla/5.0 (compatible; DotBot/1.2; +https://opensiteexplorer.org/dotbot; help@moz.com)"
216.244.66.203 - - [04/Nov/2025:17:36:58 +0100] "GET /?u=226927212 HTTP/1.1" 301 - "-" "Mozilla/5.0 (compatible; DotBot/1.2; +https://opensiteexplorer.org/dotbot; help@moz.com)"
216.244.66.203 - - [04/Nov/2025:17:37:02 +0100] "GET /?u=235877912 HTTP/1.1" 301 - "-" "Mozilla/5.0 (compatible; DotBot/1.2; +https://opensiteexplorer.org/dotbot; help@moz.com)"
216.244.66.203 - - [04/Nov/2025:17:37:06 +0100] "GET /?u=246863912 HTTP/1.1" 301 - "-" "Mozilla/5.0 (compatible; DotBot/1.2; +https://opensiteexplorer.org/dotbot; help@moz.com)"
216.244.66.203 - - [04/Nov/2025:17:37:12 +0100] "GET /?u=249086412 HTTP/1.1" 301 - "-" "Mozilla/5.0 (compatible; DotBot/1.2; +https://opensiteexplorer.org/dotbot; help@moz.com)"
216.244.66.203 - - [04/Nov/2025:17:37:16 +0100] "GET /?u=24942612 HTTP/1.1" 301 - "-" "Mozilla/5.0 (compatible; DotBot/1.2; +https://opensiteexplorer.org/dotbot; help@moz.com)"
216.244.66.203 - - [04/Nov/2025:17:37:20 +0100] "GET /?u=250228512 HTTP/1.1" 301 - "-" "Mozilla/5.0 (compatible; DotBot/1.2; +https://opensiteexplorer.org/dotbot; help@moz.com)"
216.244.66.203 - - [04/Nov/2025:17:37:25 +0100] "GET /?u=272366312 HTTP/1.1" 301 - "-" "Mozilla/5.0 (compatible; DotBot/1.2; +https://opensiteexplorer.org/dotbot; help@moz.com)"
216.244.66.203 - - [04/Nov/2025:17:37:29 +0100] "GET /?u=272527812 HTTP/1.1" 301 - "-" "Mozilla/5.0 (compatible; DotBot/1.2; +https://opensiteexplorer.org/dotbot; help@moz.com)"
216.244.66.203 - - [04/Nov/2025:17:37:34 +0100] "GET /?u=274060712 HTTP/1.1" 301 - "-" "Mozilla/5.0 (compatible; DotBot/1.2; +https://opensiteexplorer.org/dotbot; help@moz.com)"
216.244.66.203 - - [04/Nov/2025:17:37:38 +0100] "GET /?u=282333212 HTTP/1.1" 301 - "-" "Mozilla/5.0 (compatible; DotBot/1.2; +https://opensiteexplorer.org/dotbot; help@moz.com)"
216.244.66.203 - - [04/Nov/2025:17:37:44 +0100] "GET /?u=286638312 HTTP/1.1" 301 - "-" "Mozilla/5.0 (compatible; DotBot/1.2; +https://opensiteexplorer.org/dotbot; help@moz.com)"
216.244.66.203 - - [04/Nov/2025:17:37:54 +0100] "GET /?u=290824112 HTTP/1.1" 301 - "-" "Mozilla/5.0 (compatible; DotBot/1.2; +https://opensiteexplorer.org/dotbot; help@moz.com)"
216.244.66.203 - - [04/Nov/2025:17:38:03 +0100] "GET /?u=29296412 HTTP/1.1" 301 - "-" "Mozilla/5.0 (compatible; DotBot/1.2; +https://opensiteexplorer.org/dotbot; help@moz.com)"
216.244.66.203 - - [04/Nov/2025:17:38:52 +0100] "GET /?u=295956012 HTTP/1.1" 301 - "-" "Mozilla/5.0 (compatible; DotBot/1.2; +https://opensiteexplorer.org/dotbot; help@moz.com)"
112.4.101.83 - - [04/Nov/2025:17:39:21 +0100] "GET / HTTP/1.1" 301 - "-" "curl/7.29.0"
216.244.66.203 - - [04/Nov/2025:17:39:23 +0100] "GET /?u=297792512 HTTP/1.1" 301 - "-" "Mozilla/5.0 (compatible; DotBot/1.2; +https://opensiteexplorer.org/dotbot; help@moz.com)"
216.244.66.203 - - [04/Nov/2025:17:39:55 +0100] "GET /?u=302921812 HTTP/1.1" 301 - "-" "Mozilla/5.0 (compatible; DotBot/1.2; +https://opensiteexplorer.org/dotbot; help@moz.com)"
106.75.18.15 - - [04/Nov/2025:17:39:58 +0100] "GET / HTTP/1.1" 301 - "-" "Mozilla/5.0 (X11; Linux x86_64) AppleWebKit/583.54 (KHTML, like Gecko) Chrome/104.0.2576 Safari/537.36"
216.244.66.203 - - [04/Nov/2025:17:40:23 +0100] "GET /?u=305821912 HTTP/1.1" 301 - "-" "Mozilla/5.0 (compatible; DotBot/1.2; +https://opensiteexplorer.org/dotbot; help@moz.com)"
46.250.175.141 - - [04/Nov/2025:17:40:46 +0100] "GET /wp-content/uploads/2023/08/KICUKIRO.pdf HTTP/1.1" 404 58275 "http://umurunga.com/wp-content/uploads/2023/08/KICUKIRO.pdf" "Mozilla/5.0 (Macintosh; Intel Mac OS X 10_15_7) AppleWebKit/537.36 (KHTML, like Gecko) Chrome/120.0.0.0 Safari/537.36"
216.244.66.203 - - [04/Nov/2025:17:40:54 +0100] "GET /?u=306947112 HTTP/1.1" 301 - "-" "Mozilla/5.0 (compatible; DotBot/1.2; +https://opensiteexplorer.org/dotbot; help@moz.com)"
216.244.66.203 - - [04/Nov/2025:17:41:21 +0100] "GET /?u=307031312 HTTP/1.1" 301 - "-" "Mozilla/5.0 (compatible; DotBot/1.2; +https://opensiteexplorer.org/dotbot; help@moz.com)"
216.244.66.203 - - [04/Nov/2025:17:41:47 +0100] "GET /?u=309171812 HTTP/1.1" 301 - "-" "Mozilla/5.0 (compatible; DotBot/1.2; +https://opensiteexplorer.org/dotbot; help@moz.com)"
216.244.66.203 - - [04/Nov/2025:17:42:12 +0100] "GET /?u=310299812 HTTP/1.1" 301 - "-" "Mozilla/5.0 (compatible; DotBot/1.2; +https://opensiteexplorer.org/dotbot; help@moz.com)"
216.244.66.203 - - [04/Nov/2025:17:42:35 +0100] "GET /?u=317694712 HTTP/1.1" 301 - "-" "Mozilla/5.0 (compatible; DotBot/1.2; +https://opensiteexplorer.org/dotbot; help@moz.com)"
216.244.66.203 - - [04/Nov/2025:17:42:57 +0100] "GET /?u=328468312 HTTP/1.1" 301 - "-" "Mozilla/5.0 (compatible; DotBot/1.2; +https://opensiteexplorer.org/dotbot; help@moz.com)"
216.244.66.203 - - [04/Nov/2025:17:43:20 +0100] "GET /?u=338334912 HTTP/1.1" 301 - "-" "Mozilla/5.0 (compatible; DotBot/1.2; +https://opensiteexplorer.org/dotbot; help@moz.com)"
216.244.66.203 - - [04/Nov/2025:17:43:41 +0100] "GET /?u=353946312 HTTP/1.1" 301 - "-" "Mozilla/5.0 (compatible; DotBot/1.2; +https://opensiteexplorer.org/dotbot; help@moz.com)"
216.244.66.203 - - [04/Nov/2025:17:44:01 +0100] "GET /?u=369769312 HTTP/1.1" 301 - "-" "Mozilla/5.0 (compatible; DotBot/1.2; +https://opensiteexplorer.org/dotbot; help@moz.com)"
216.244.66.203 - - [04/Nov/2025:17:44:38 +0100] "GET /?u=373364212 HTTP/1.1" 301 - "-" "Mozilla/5.0 (compatible; DotBot/1.2; +https://opensiteexplorer.org/dotbot; help@moz.com)"
216.244.66.203 - - [04/Nov/2025:17:45:09 +0100] "GET /?u=382869412 HTTP/1.1" 301 - "-" "Mozilla/5.0 (compatible; DotBot/1.2; +https://opensiteexplorer.org/dotbot; help@moz.com)"
216.244.66.203 - - [04/Nov/2025:17:45:38 +0100] "GET /?u=401864312 HTTP/1.1" 301 - "-" "Mozilla/5.0 (compatible; DotBot/1.2; +https://opensiteexplorer.org/dotbot; help@moz.com)"
216.244.66.203 - - [04/Nov/2025:17:46:06 +0100] "GET /?u=413307812 HTTP/1.1" 301 - "-" "Mozilla/5.0 (compatible; DotBot/1.2; +https://opensiteexplorer.org/dotbot; help@moz.com)"
216.244.66.203 - - [04/Nov/2025:17:46:33 +0100] "GET /?u=418380512 HTTP/1.1" 301 - "-" "Mozilla/5.0 (compatible; DotBot/1.2; +https://opensiteexplorer.org/dotbot; help@moz.com)"
216.244.66.203 - - [04/Nov/2025:17:47:00 +0100] "GET /?u=419326412 HTTP/1.1" 301 - "-" "Mozilla/5.0 (compatible; DotBot/1.2; +https://opensiteexplorer.org/dotbot; help@moz.com)"
216.244.66.203 - - [04/Nov/2025:17:47:27 +0100] "GET /?u=432780212 HTTP/1.1" 301 - "-" "Mozilla/5.0 (compatible; DotBot/1.2; +https://opensiteexplorer.org/dotbot; help@moz.com)"
216.244.66.203 - - [04/Nov/2025:17:47:51 +0100] "GET /?u=441937812 HTTP/1.1" 301 - "-" "Mozilla/5.0 (compatible; DotBot/1.2; +https://opensiteexplorer.org/dotbot; help@moz.com)"
216.244.66.203 - - [04/Nov/2025:17:48:16 +0100] "GET /?u=444761212 HTTP/1.1" 301 - "-" "Mozilla/5.0 (compatible; DotBot/1.2; +https://opensiteexplorer.org/dotbot; help@moz.com)"
216.244.66.203 - - [04/Nov/2025:17:48:39 +0100] "GET /?u=445169712 HTTP/1.1" 301 - "-" "Mozilla/5.0 (compatible; DotBot/1.2; +https://opensiteexplorer.org/dotbot; help@moz.com)"
216.244.66.203 - - [04/Nov/2025:17:49:01 +0100] "GET /?u=448322112 HTTP/1.1" 301 - "-" "Mozilla/5.0 (compatible; DotBot/1.2; +https://opensiteexplorer.org/dotbot; help@moz.com)"
216.244.66.203 - - [04/Nov/2025:17:49:24 +0100] "GET /?u=451585912 HTTP/1.1" 301 - "-" "Mozilla/5.0 (compatible; DotBot/1.2; +https://opensiteexplorer.org/dotbot; help@moz.com)"
216.244.66.203 - - [04/Nov/2025:17:49:43 +0100] "GET /?u=454597912 HTTP/1.1" 301 - "-" "Mozilla/5.0 (compatible; DotBot/1.2; +https://opensiteexplorer.org/dotbot; help@moz.com)"
216.244.66.203 - - [04/Nov/2025:17:50:01 +0100] "GET /?u=469344212 HTTP/1.1" 301 - "-" "Mozilla/5.0 (compatible; DotBot/1.2; +https://opensiteexplorer.org/dotbot; help@moz.com)"
199.16.157.183 - - [04/Nov/2025:17:50:06 +0100] "GET / HTTP/1.1" 301 - "-" "Twitterbot/1.0"
216.244.66.203 - - [04/Nov/2025:17:50:22 +0100] "GET /?u=474248412 HTTP/1.1" 301 - "-" "Mozilla/5.0 (compatible; DotBot/1.2; +https://opensiteexplorer.org/dotbot; help@moz.com)"
216.244.66.203 - - [04/Nov/2025:17:50:39 +0100] "GET /?u=476741012 HTTP/1.1" 301 - "-" "Mozilla/5.0 (compatible; DotBot/1.2; +https://opensiteexplorer.org/dotbot; help@moz.com)"
216.244.66.203 - - [04/Nov/2025:17:50:54 +0100] "GET /?u=503552412 HTTP/1.1" 301 - "-" "Mozilla/5.0 (compatible; DotBot/1.2; +https://opensiteexplorer.org/dotbot; help@moz.com)"
216.244.66.203 - - [04/Nov/2025:17:51:09 +0100] "GET /?u=513453212 HTTP/1.1" 301 - "-" "Mozilla/5.0 (compatible; DotBot/1.2; +https://opensiteexplorer.org/dotbot; help@moz.com)"
216.244.66.203 - - [04/Nov/2025:17:51:22 +0100] "GET /?u=527508312 HTTP/1.1" 301 - "-" "Mozilla/5.0 (compatible; DotBot/1.2; +https://opensiteexplorer.org/dotbot; help@moz.com)"
216.244.66.203 - - [04/Nov/2025:17:51:34 +0100] "GET /?u=540057112 HTTP/1.1" 301 - "-" "Mozilla/5.0 (compatible; DotBot/1.2; +https://opensiteexplorer.org/dotbot; help@moz.com)"
216.244.66.203 - - [04/Nov/2025:17:51:48 +0100] "GET /?u=541876112 HTTP/1.1" 301 - "-" "Mozilla/5.0 (compatible; DotBot/1.2; +https://opensiteexplorer.org/dotbot; help@moz.com)"
82.145.210.133 - - [04/Nov/2025:17:52:37 +0100] "GET / HTTP/1.1" 301 - "-" "Opera/9.80 (MAUI Runtime; Opera Mini/4.4.33576/191.388; U; en) Presto/2.12.423 Version/12.16"
89.248.172.183 - - [04/Nov/2025:17:53:55 +0100] "POST /wp-json/tdw/save_css HTTP/1.1" 404 114 "-" "Mozilla/5.0 (Windows NT 10.0) AppleWebKit/537.36 (KHTML, like Gecko) Chrome/104.0.0.0 Safari/537.36"
216.244.66.203 - - [04/Nov/2025:17:58:53 +0100] "GET /robots.txt HTTP/1.1" 200 170 "-" "Mozilla/5.0 (compatible; DotBot/1.2; +https://opensiteexplorer.org/dotbot; help@moz.com)"
216.244.66.203 - - [04/Nov/2025:18:02:19 +0100] "GET /?u=192529312 HTTP/1.1" 301 - "-" "Mozilla/5.0 (compatible; DotBot/1.2; +https://opensiteexplorer.org/dotbot; help@moz.com)"
128.119.202.8 - - [04/Nov/2025:18:02:32 +0100] "GET /category/justice/page/4/ HTTP/1.1" 404 58275 "-" "Mozilla/5.0 (X11; Ubuntu; Linux x86_64; rv:109.0) Gecko/20100101 Firefox/117.0"
216.244.66.203 - - [04/Nov/2025:18:02:57 +0100] "GET /?u=207988612 HTTP/1.1" 301 - "-" "Mozilla/5.0 (compatible; DotBot/1.2; +https://opensiteexplorer.org/dotbot; help@moz.com)"
216.244.66.203 - - [04/Nov/2025:18:03:28 +0100] "GET /?u=208823412 HTTP/1.1" 301 - "-" "Mozilla/5.0 (compatible; DotBot/1.2; +https://opensiteexplorer.org/dotbot; help@moz.com)"
216.244.66.203 - - [04/Nov/2025:18:03:57 +0100] "GET /?u=220054712 HTTP/1.1" 301 - "-" "Mozilla/5.0 (compatible; DotBot/1.2; +https://opensiteexplorer.org/dotbot; help@moz.com)"
216.244.66.203 - - [04/Nov/2025:18:04:26 +0100] "GET /?u=263727012 HTTP/1.1" 301 - "-" "Mozilla/5.0 (compatible; DotBot/1.2; +https://opensiteexplorer.org/dotbot; help@moz.com)"
216.244.66.203 - - [04/Nov/2025:18:04:55 +0100] "GET /?u=26411012 HTTP/1.1" 301 - "-" "Mozilla/5.0 (compatible; DotBot/1.2; +https://opensiteexplorer.org/dotbot; help@moz.com)"
216.244.66.203 - - [04/Nov/2025:18:05:21 +0100] "GET /?u=288531912 HTTP/1.1" 301 - "-" "Mozilla/5.0 (compatible; DotBot/1.2; +https://opensiteexplorer.org/dotbot; help@moz.com)"
216.244.66.203 - - [04/Nov/2025:18:05:47 +0100] "GET /?u=355664712 HTTP/1.1" 301 - "-" "Mozilla/5.0 (compatible; DotBot/1.2; +https://opensiteexplorer.org/dotbot; help@moz.com)"
216.244.66.203 - - [04/Nov/2025:18:06:10 +0100] "GET /?u=366217612 HTTP/1.1" 301 - "-" "Mozilla/5.0 (compatible; DotBot/1.2; +https://opensiteexplorer.org/dotbot; help@moz.com)"
216.244.66.203 - - [04/Nov/2025:18:06:35 +0100] "GET /?u=371964912 HTTP/1.1" 301 - "-" "Mozilla/5.0 (compatible; DotBot/1.2; +https://opensiteexplorer.org/dotbot; help@moz.com)"
216.244.66.203 - - [04/Nov/2025:18:06:58 +0100] "GET /?u=378523012 HTTP/1.1" 301 - "-" "Mozilla/5.0 (compatible; DotBot/1.2; +https://opensiteexplorer.org/dotbot; help@moz.com)"
199.16.157.182 - - [04/Nov/2025:18:07:05 +0100] "GET /cgi-sys/suspendedpage.cgi HTTP/1.1" 200 7587 "-" "Twitterbot/1.0"
199.16.157.180 - - [04/Nov/2025:18:07:05 +0100] "GET / HTTP/1.1" 301 - "-" "Twitterbot/1.0"
216.244.66.203 - - [04/Nov/2025:18:07:36 +0100] "GET /?u=423697512 HTTP/1.1" 301 - "-" "Mozilla/5.0 (compatible; DotBot/1.2; +https://opensiteexplorer.org/dotbot; help@moz.com)"
216.244.66.203 - - [04/Nov/2025:18:08:11 +0100] "GET /?u=481988912 HTTP/1.1" 301 - "-" "Mozilla/5.0 (compatible; DotBot/1.2; +https://opensiteexplorer.org/dotbot; help@moz.com)"
216.244.66.203 - - [04/Nov/2025:18:08:44 +0100] "GET /?u=550776612 HTTP/1.1" 301 - "-" "Mozilla/5.0 (compatible; DotBot/1.2; +https://opensiteexplorer.org/dotbot; help@moz.com)"
216.244.66.203 - - [04/Nov/2025:18:09:17 +0100] "GET /?u=646604912 HTTP/1.1" 301 - "-" "Mozilla/5.0 (compatible; DotBot/1.2; +https://opensiteexplorer.org/dotbot; help@moz.com)"
216.244.66.203 - - [04/Nov/2025:18:09:55 +0100] "GET /?u=673495512 HTTP/1.1" 301 - "-" "Mozilla/5.0 (compatible; DotBot/1.2; +https://opensiteexplorer.org/dotbot; help@moz.com)"
216.244.66.203 - - [04/Nov/2025:18:10:34 +0100] "GET /?u=695625512 HTTP/1.1" 301 - "-" "Mozilla/5.0 (compatible; DotBot/1.2; +https://opensiteexplorer.org/dotbot; help@moz.com)"
216.244.66.203 - - [04/Nov/2025:18:11:13 +0100] "GET /?u=745472912 HTTP/1.1" 301 - "-" "Mozilla/5.0 (compatible; DotBot/1.2; +https://opensiteexplorer.org/dotbot; help@moz.com)"
216.244.66.203 - - [04/Nov/2025:18:11:57 +0100] "GET /?u=798201012 HTTP/1.1" 301 - "-" "Mozilla/5.0 (compatible; DotBot/1.2; +https://opensiteexplorer.org/dotbot; help@moz.com)"
216.244.66.203 - - [04/Nov/2025:18:12:40 +0100] "GET /?u=196058712 HTTP/1.1" 301 - "-" "Mozilla/5.0 (compatible; DotBot/1.2; +https://opensiteexplorer.org/dotbot; help@moz.com)"
216.244.66.203 - - [04/Nov/2025:18:13:24 +0100] "GET /?u=199582012 HTTP/1.1" 301 - "-" "Mozilla/5.0 (compatible; DotBot/1.2; +https://opensiteexplorer.org/dotbot; help@moz.com)"
199.16.157.182 - - [04/Nov/2025:18:13:36 +0100] "GET /cgi-sys/suspendedpage.cgi HTTP/1.1" 200 7587 "-" "Twitterbot/1.0"
199.16.157.182 - - [04/Nov/2025:18:13:36 +0100] "GET / HTTP/1.1" 301 - "-" "Twitterbot/1.0"
216.244.66.203 - - [04/Nov/2025:18:14:03 +0100] "GET /?u=205689212 HTTP/1.1" 301 - "-" "Mozilla/5.0 (compatible; DotBot/1.2; +https://opensiteexplorer.org/dotbot; help@moz.com)"
216.244.66.203 - - [04/Nov/2025:18:14:44 +0100] "GET /?u=211828912 HTTP/1.1" 301 - "-" "Mozilla/5.0 (compatible; DotBot/1.2; +https://opensiteexplorer.org/dotbot; help@moz.com)"
216.244.66.203 - - [04/Nov/2025:18:15:25 +0100] "GET /?u=213983012 HTTP/1.1" 301 - "-" "Mozilla/5.0 (compatible; DotBot/1.2; +https://opensiteexplorer.org/dotbot; help@moz.com)"
199.16.157.180 - - [04/Nov/2025:18:15:42 +0100] "GET /cgi-sys/suspendedpage.cgi HTTP/1.1" 200 7587 "-" "Twitterbot/1.0"
199.16.157.182 - - [04/Nov/2025:18:15:42 +0100] "GET / HTTP/1.1" 301 - "-" "Twitterbot/1.0"
31.13.103.113 - - [04/Nov/2025:18:15:57 +0100] "GET /Ioni-ira HTTP/1.1" 404 8192 "-" "facebookexternalhit/1.1 (+http://www.facebook.com/externalhit_uatext.php)"
66.220.149.1 - - [04/Nov/2025:18:16:06 +0100] "GET /Ioni-ira?fbclid=IwZXh0bgNhZW0CMTEAAR5AlJ1Cz9xgN1ZkFLunsRqrNQHPy5k1cROBFOik4wMdhtmdXBpupmLNYSJPYw_aem_PQnzoWE0wXnHQxKZrVDg_w HTTP/1.1" 404 58567 "https://www.facebook.com/" "Mozilla/5.0 (Windows NT 10.0; Win64; x64) AppleWebKit/537.36 (KHTML, like Gecko) Chrome/142.0.0.0 Safari/537.36 Edg/142.0.0.0"
66.220.149.22 - - [04/Nov/2025:18:16:16 +0100] "GET /wp-content/themes/smart-mag/css/icons/fonts/ts-icons.woff2?v3.2 HTTP/1.1" 200 12136 "http://umurunga.com/Ioni-ira?fbclid=IwZXh0bgNhZW0CMTEAAR5AlJ1Cz9xgN1ZkFLunsRqrNQHPy5k1cROBFOik4wMdhtmdXBpupmLNYSJPYw_aem_PQnzoWE0wXnHQxKZrVDg_w" "Mozilla/5.0 (Windows NT 10.0; Win64; x64) AppleWebKit/537.36 (KHTML, like Gecko) Chrome/142.0.0.0 Safari/537.36 Edg/142.0.0.0"
66.220.149.19 - - [04/Nov/2025:18:16:16 +0100] "GET /wp-includes/css/dist/block-library/style.min.css?ver=6.8.3 HTTP/1.1" 200 116345 "http://umurunga.com/Ioni-ira?fbclid=IwZXh0bgNhZW0CMTEAAR5AlJ1Cz9xgN1ZkFLunsRqrNQHPy5k1cROBFOik4wMdhtmdXBpupmLNYSJPYw_aem_PQnzoWE0wXnHQxKZrVDg_w" "Mozilla/5.0 (Windows NT 10.0; Win64; x64) AppleWebKit/537.36 (KHTML, like Gecko) Chrome/142.0.0.0 Safari/537.36 Edg/142.0.0.0"
66.220.149.21 - - [04/Nov/2025:18:16:16 +0100] "GET /wp-content/themes/smart-mag/style.css?ver=10.3.2 HTTP/1.1" 200 205853 "http://umurunga.com/Ioni-ira?fbclid=IwZXh0bgNhZW0CMTEAAR5AlJ1Cz9xgN1ZkFLunsRqrNQHPy5k1cROBFOik4wMdhtmdXBpupmLNYSJPYw_aem_PQnzoWE0wXnHQxKZrVDg_w" "Mozilla/5.0 (Windows NT 10.0; Win64; x64) AppleWebKit/537.36 (KHTML, like Gecko) Chrome/142.0.0.0 Safari/537.36 Edg/142.0.0.0"
66.220.149.1 - - [04/Nov/2025:18:16:16 +0100] "GET /wp-content/themes/smart-mag/css/lightbox.css?ver=10.3.2 HTTP/1.1" 200 7630 "http://umurunga.com/Ioni-ira?fbclid=IwZXh0bgNhZW0CMTEAAR5AlJ1Cz9xgN1ZkFLunsRqrNQHPy5k1cROBFOik4wMdhtmdXBpupmLNYSJPYw_aem_PQnzoWE0wXnHQxKZrVDg_w" "Mozilla/5.0 (Windows NT 10.0; Win64; x64) AppleWebKit/537.36 (KHTML, like Gecko) Chrome/142.0.0.0 Safari/537.36 Edg/142.0.0.0"
66.220.149.1 - - [04/Nov/2025:18:16:16 +0100] "GET /wp-content/themes/smart-mag/css/icons/icons.css?ver=10.3.2 HTTP/1.1" 200 4727 "http://umurunga.com/Ioni-ira?fbclid=IwZXh0bgNhZW0CMTEAAR5AlJ1Cz9xgN1ZkFLunsRqrNQHPy5k1cROBFOik4wMdhtmdXBpupmLNYSJPYw_aem_PQnzoWE0wXnHQxKZrVDg_w" "Mozilla/5.0 (Windows NT 10.0; Win64; x64) AppleWebKit/537.36 (KHTML, like Gecko) Chrome/142.0.0.0 Safari/537.36 Edg/142.0.0.0"
66.220.149.19 - - [04/Nov/2025:18:16:16 +0100] "GET /wp-content/plugins/sphere-post-views/assets/js/post-views.js?ver=1.0.1 HTTP/1.1" 200 2644 "http://umurunga.com/Ioni-ira?fbclid=IwZXh0bgNhZW0CMTEAAR5AlJ1Cz9xgN1ZkFLunsRqrNQHPy5k1cROBFOik4wMdhtmdXBpupmLNYSJPYw_aem_PQnzoWE0wXnHQxKZrVDg_w" "Mozilla/5.0 (Windows NT 10.0; Win64; x64) AppleWebKit/537.36 (KHTML, like Gecko) Chrome/142.0.0.0 Safari/537.36 Edg/142.0.0.0"
66.220.149.1 - - [04/Nov/2025:18:16:17 +0100] "GET /wp-includes/js/jquery/jquery.min.js?ver=3.7.1 HTTP/1.1" 200 87553 "http://umurunga.com/Ioni-ira?fbclid=IwZXh0bgNhZW0CMTEAAR5AlJ1Cz9xgN1ZkFLunsRqrNQHPy5k1cROBFOik4wMdhtmdXBpupmLNYSJPYw_aem_PQnzoWE0wXnHQxKZrVDg_w" "Mozilla/5.0 (Windows NT 10.0; Win64; x64) AppleWebKit/537.36 (KHTML, like Gecko) Chrome/142.0.0.0 Safari/537.36 Edg/142.0.0.0"
66.220.149.19 - - [04/Nov/2025:18:16:17 +0100] "GET /wp-includes/js/jquery/jquery-migrate.min.js?ver=3.4.1 HTTP/1.1" 200 13577 "http://umurunga.com/Ioni-ira?fbclid=IwZXh0bgNhZW0CMTEAAR5AlJ1Cz9xgN1ZkFLunsRqrNQHPy5k1cROBFOik4wMdhtmdXBpupmLNYSJPYw_aem_PQnzoWE0wXnHQxKZrVDg_w" "Mozilla/5.0 (Windows NT 10.0; Win64; x64) AppleWebKit/537.36 (KHTML, like Gecko) Chrome/142.0.0.0 Safari/537.36 Edg/142.0.0.0"
