66.249.64.108 - - [05/Nov/2025:03:35:21 +0100] "GET /?o=79557603081620 HTTP/1.1" 200 170832 "-" "Mozilla/5.0 (Linux; Android 6.0.1; Nexus 5X Build/MMB29P) AppleWebKit/537.36 (KHTML, like Gecko) Chrome/141.0.7390.122 Mobile Safari/537.36 (compatible; Googlebot/2.1; +http://www.google.com/bot.html)"
207.180.227.180 - - [05/Nov/2025:03:36:10 +0100] "POST /wp-cron.php?doing_wp_cron=1762310170.1644840240478515625000 HTTP/1.1" 404 15727 "-" "WordPress/6.8.3; https://impuguke.com"
66.249.64.107 - - [05/Nov/2025:03:36:22 +0100] "GET /?o=92519519011620 HTTP/1.1" 200 177856 "-" "Mozilla/5.0 (Linux; Android 6.0.1; Nexus 5X Build/MMB29P) AppleWebKit/537.36 (KHTML, like Gecko) Chrome/141.0.7390.122 Mobile Safari/537.36 (compatible; Googlebot/2.1; +http://www.google.com/bot.html)"
114.119.132.12 - - [05/Nov/2025:03:36:07 +0100] "GET /?o=38245325031620 HTTP/1.1" 200 203389 "https://impuguke.com/sitemap_index.xml" "Mozilla/5.0 (Linux; Android 7.0;) AppleWebKit/537.36 (KHTML, like Gecko) Mobile Safari/537.36 (compatible; PetalBot;+https://webmaster.petalsearch.com/site/petalbot)"
66.249.64.107 - - [05/Nov/2025:03:36:55 +0100] "GET /?o=44561947011620 HTTP/1.1" 200 175667 "-" "Mozilla/5.0 (Linux; Android 6.0.1; Nexus 5X Build/MMB29P) AppleWebKit/537.36 (KHTML, like Gecko) Chrome/141.0.7390.122 Mobile Safari/537.36 (compatible; Googlebot/2.1; +http://www.google.com/bot.html)"
207.180.227.180 - - [05/Nov/2025:03:37:36 +0100] "POST /wp-cron.php?doing_wp_cron=1762310256.5728950500488281250000 HTTP/1.1" 404 15727 "-" "WordPress/6.8.3; https://impuguke.com"
66.249.64.108 - - [05/Nov/2025:03:37:25 +0100] "GET /?o=73744308041620 HTTP/1.1" 200 175919 "-" "Mozilla/5.0 (Linux; Android 6.0.1; Nexus 5X Build/MMB29P) AppleWebKit/537.36 (KHTML, like Gecko) Chrome/141.0.7390.122 Mobile Safari/537.36 (compatible; Googlebot/2.1; +http://www.google.com/bot.html)"
114.119.154.87 - - [05/Nov/2025:03:37:33 +0100] "GET /?o=38090121051620 HTTP/1.1" 200 203389 "https://impuguke.com/sitemap_index.xml" "Mozilla/5.0 (Linux; Android 7.0;) AppleWebKit/537.36 (KHTML, like Gecko) Mobile Safari/537.36 (compatible; PetalBot;+https://webmaster.petalsearch.com/site/petalbot)"
66.249.64.97 - - [05/Nov/2025:03:38:19 +0100] "GET /?o=44816447011620 HTTP/1.1" 508 288 "-" "Mozilla/5.0 (Linux; Android 6.0.1; Nexus 5X Build/MMB29P) AppleWebKit/537.36 (KHTML, like Gecko) Chrome/141.0.7390.122 Mobile Safari/537.36 (compatible; Googlebot/2.1; +http://www.google.com/bot.html)"
66.249.64.110 - - [05/Nov/2025:03:38:45 +0100] "GET /?o=92516670001620 HTTP/1.1" 200 173319 "-" "Mozilla/5.0 (Linux; Android 6.0.1; Nexus 5X Build/MMB29P) AppleWebKit/537.36 (KHTML, like Gecko) Chrome/141.0.7390.122 Mobile Safari/537.36 (compatible; Googlebot/2.1; +http://www.google.com/bot.html)"
66.249.64.110 - - [05/Nov/2025:03:38:58 +0100] "GET /?o=8537820031620 HTTP/1.1" 200 176421 "-" "Mozilla/5.0 (Linux; Android 6.0.1; Nexus 5X Build/MMB29P) AppleWebKit/537.36 (KHTML, like Gecko) Chrome/141.0.7390.122 Mobile Safari/537.36 (compatible; Googlebot/2.1; +http://www.google.com/bot.html)"
118.139.182.231 - - [05/Nov/2025:03:38:14 +0100] "GET /wp-login.php HTTP/1.1" 200 7136 "-" "Mozilla/5.0 (Windows NT 5.1; Win64; x64) AppleWebKit/537.36 (KHTML, like Gecko) Chrome/66.0.3359.117 Safari/537.36"
118.139.182.231 - - [05/Nov/2025:03:38:44 +0100] "GET /wp-login.php HTTP/1.1" 200 7136 "-" "Mozilla/5.0 (Windows NT 5.1; Win64; x64) AppleWebKit/537.36 (KHTML, like Gecko) Chrome/66.0.3359.117 Safari/537.36"
207.180.227.180 - - [05/Nov/2025:03:38:58 +0100] "POST /wp-cron.php?doing_wp_cron=1762310338.5638809204101562500000 HTTP/1.1" 404 15727 "-" "WordPress/6.8.3; https://impuguke.com"
207.180.227.180 - - [05/Nov/2025:03:38:59 +0100] "POST /wp-cron.php?doing_wp_cron=1762310338.5646080970764160156250 HTTP/1.1" 404 15727 "-" "WordPress/6.8.3; https://impuguke.com"
118.139.182.231 - - [05/Nov/2025:03:39:00 +0100] "POST /wp-login.php HTTP/1.1" 200 7392 "https://impuguke.com/wp-login.php" "Mozilla/5.0 (Windows NT 5.1; Win64; x64) AppleWebKit/537.36 (KHTML, like Gecko) Chrome/66.0.3359.117 Safari/537.36"
114.119.151.208 - - [05/Nov/2025:03:39:05 +0100] "GET /?o=38065263071620 HTTP/1.1" 200 203389 "https://impuguke.com/sitemap_index.xml" "Mozilla/5.0 (Linux; Android 7.0;) AppleWebKit/537.36 (KHTML, like Gecko) Mobile Safari/537.36 (compatible; PetalBot;+https://webmaster.petalsearch.com/site/petalbot)"
66.249.64.110 - - [05/Nov/2025:03:39:35 +0100] "GET /?o=106451809011620 HTTP/1.1" 200 174607 "-" "Mozilla/5.0 (Linux; Android 6.0.1; Nexus 5X Build/MMB29P) AppleWebKit/537.36 (KHTML, like Gecko) Chrome/141.0.7390.122 Mobile Safari/537.36 (compatible; Googlebot/2.1; +http://www.google.com/bot.html)"
207.180.227.180 - - [05/Nov/2025:03:40:21 +0100] "POST /wp-cron.php?doing_wp_cron=1762310421.9768850803375244140625 HTTP/1.1" 404 15727 "-" "WordPress/6.8.3; https://impuguke.com"
114.119.154.87 - - [05/Nov/2025:03:40:20 +0100] "GET /?o=38034668011620 HTTP/1.1" 200 203389 "https://impuguke.com/sitemap_index.xml" "Mozilla/5.0 (Linux; Android 7.0;) AppleWebKit/537.36 (KHTML, like Gecko) Mobile Safari/537.36 (compatible; PetalBot;+https://webmaster.petalsearch.com/site/petalbot)"
207.180.227.180 - - [05/Nov/2025:03:41:41 +0100] "POST /wp-cron.php?doing_wp_cron=1762310501.4138081073760986328125 HTTP/1.1" 404 15727 "-" "WordPress/6.8.3; https://impuguke.com"
114.119.146.107 - - [05/Nov/2025:03:41:39 +0100] "GET /?o=37971519111620 HTTP/1.1" 200 203389 "https://impuguke.com/sitemap_index.xml" "Mozilla/5.0 (Linux; Android 7.0;) AppleWebKit/537.36 (KHTML, like Gecko) Mobile Safari/537.36 (compatible; PetalBot;+https://webmaster.petalsearch.com/site/petalbot)"
66.249.64.110 - - [05/Nov/2025:03:42:59 +0100] "GET / HTTP/1.1" 200 170158 "-" "Mozilla/5.0 (compatible; Googlebot/2.1; +http://www.google.com/bot.html)"
203.128.6.226 - - [05/Nov/2025:03:43:01 +0100] "GET /wp-login.php HTTP/1.1" 200 7136 "-" "Mozilla/5.0 (Windows NT 6.1; Trident/7.0; rv:11.0) like Gecko"
207.180.227.180 - - [05/Nov/2025:03:43:03 +0100] "POST /wp-cron.php?doing_wp_cron=1762310583.4097540378570556640625 HTTP/1.1" 404 15727 "-" "WordPress/6.8.3; https://impuguke.com"
203.128.6.226 - - [05/Nov/2025:03:43:05 +0100] "POST /wp-login.php HTTP/1.1" 200 7392 "https://impuguke.com/wp-login.php" "Mozilla/5.0 (Windows NT 6.1; Trident/7.0; rv:11.0) like Gecko"
114.119.146.107 - - [05/Nov/2025:03:43:10 +0100] "GET /?o=37896056051620 HTTP/1.1" 200 203389 "https://impuguke.com/sitemap_index.xml" "Mozilla/5.0 (Linux; Android 7.0;) AppleWebKit/537.36 (KHTML, like Gecko) Mobile Safari/537.36 (compatible; PetalBot;+https://webmaster.petalsearch.com/site/petalbot)"
207.180.227.180 - - [05/Nov/2025:03:44:24 +0100] "POST /wp-cron.php?doing_wp_cron=1762310664.9249539375305175781250 HTTP/1.1" 404 15727 "-" "WordPress/6.8.3; https://impuguke.com"
114.119.139.148 - - [05/Nov/2025:03:44:23 +0100] "GET /?o=3787028011620 HTTP/1.1" 200 203386 "https://impuguke.com/sitemap_index.xml" "Mozilla/5.0 (Linux; Android 7.0;) AppleWebKit/537.36 (KHTML, like Gecko) Mobile Safari/537.36 (compatible; PetalBot;+https://webmaster.petalsearch.com/site/petalbot)"
207.180.227.180 - - [05/Nov/2025:03:45:58 +0100] "POST /wp-cron.php?doing_wp_cron=1762310758.1018199920654296875000 HTTP/1.1" 404 15727 "-" "WordPress/6.8.3; https://impuguke.com"
114.119.132.12 - - [05/Nov/2025:03:45:57 +0100] "GET /?o=43403770021620 HTTP/1.1" 200 203389 "https://impuguke.com/sitemap_index.xml" "Mozilla/5.0 (Linux; Android 7.0;) AppleWebKit/537.36 (KHTML, like Gecko) Mobile Safari/537.36 (compatible; PetalBot;+https://webmaster.petalsearch.com/site/petalbot)"
207.180.227.180 - - [05/Nov/2025:03:47:15 +0100] "POST /wp-cron.php?doing_wp_cron=1762310835.6729040145874023437500 HTTP/1.1" 404 16000 "-" "WordPress/6.8.3; https://impuguke.com"
114.119.146.107 - - [05/Nov/2025:03:47:12 +0100] "GET /?o=39816650041620 HTTP/1.1" 200 203389 "https://impuguke.com/sitemap_index.xml" "Mozilla/5.0 (Linux; Android 7.0;) AppleWebKit/537.36 (KHTML, like Gecko) Mobile Safari/537.36 (compatible; PetalBot;+https://webmaster.petalsearch.com/site/petalbot)"
161.132.48.191 - - [05/Nov/2025:03:48:15 +0100] "GET /wp-login.php HTTP/1.1" 200 7136 "-" "Mozilla/5.0 (Macintosh; Intel Mac OS X 10_13_5) AppleWebKit/537.36 (KHTML, like Gecko) Chrome/67.0.3396.62 Safari/537.36"
207.180.227.180 - - [05/Nov/2025:03:48:16 +0100] "POST /wp-cron.php?doing_wp_cron=1762310896.6595790386199951171875 HTTP/1.1" 404 15727 "-" "WordPress/6.8.3; https://impuguke.com"
161.132.48.191 - - [05/Nov/2025:03:48:18 +0100] "POST /wp-login.php HTTP/1.1" 200 7392 "https://impuguke.com/wp-login.php" "Mozilla/5.0 (Macintosh; Intel Mac OS X 10_13_5) AppleWebKit/537.36 (KHTML, like Gecko) Chrome/67.0.3396.62 Safari/537.36"
114.119.129.233 - - [05/Nov/2025:03:48:47 +0100] "GET /?o=39646191091620 HTTP/1.1" 200 203389 "https://impuguke.com/sitemap_index.xml" "Mozilla/5.0 (Linux; Android 7.0;) AppleWebKit/537.36 (KHTML, like Gecko) Mobile Safari/537.36 (compatible; PetalBot;+https://webmaster.petalsearch.com/site/petalbot)"
207.180.227.180 - - [05/Nov/2025:03:50:04 +0100] "POST /wp-cron.php?doing_wp_cron=1762311004.6169610023498535156250 HTTP/1.1" 404 16000 "-" "WordPress/6.8.3; https://impuguke.com"
114.119.146.107 - - [05/Nov/2025:03:50:02 +0100] "GET /?o=39566276011620 HTTP/1.1" 200 203389 "https://impuguke.com/sitemap_index.xml" "Mozilla/5.0 (Linux; Android 7.0;) AppleWebKit/537.36 (KHTML, like Gecko) Mobile Safari/537.36 (compatible; PetalBot;+https://webmaster.petalsearch.com/site/petalbot)"
207.180.227.180 - - [05/Nov/2025:03:51:29 +0100] "POST /wp-cron.php?doing_wp_cron=1762311089.6722979545593261718750 HTTP/1.1" 404 16000 "-" "WordPress/6.8.3; https://impuguke.com"
114.119.154.87 - - [05/Nov/2025:03:51:25 +0100] "GET /?o=39327835091620 HTTP/1.1" 200 203389 "https://impuguke.com/sitemap_index.xml" "Mozilla/5.0 (Linux; Android 7.0;) AppleWebKit/537.36 (KHTML, like Gecko) Mobile Safari/537.36 (compatible; PetalBot;+https://webmaster.petalsearch.com/site/petalbot)"
207.180.227.180 - - [05/Nov/2025:03:52:59 +0100] "POST /wp-cron.php?doing_wp_cron=1762311179.5658810138702392578125 HTTP/1.1" 404 16000 "-" "WordPress/6.8.3; https://impuguke.com"
114.119.139.148 - - [05/Nov/2025:03:52:56 +0100] "GET /?o=39315543021620 HTTP/1.1" 200 203389 "https://impuguke.com/sitemap_index.xml" "Mozilla/5.0 (Linux; Android 7.0;) AppleWebKit/537.36 (KHTML, like Gecko) Mobile Safari/537.36 (compatible; PetalBot;+https://webmaster.petalsearch.com/site/petalbot)"
207.180.227.180 - - [05/Nov/2025:03:54:05 +0100] "POST /wp-cron.php?doing_wp_cron=1762311245.2838189601898193359375 HTTP/1.1" 404 15727 "-" "WordPress/6.8.3; https://impuguke.com"
114.119.146.107 - - [05/Nov/2025:03:54:02 +0100] "GET /?o=39074852091620 HTTP/1.1" 200 203389 "https://impuguke.com/sitemap_index.xml" "Mozilla/5.0 (Linux; Android 7.0;) AppleWebKit/537.36 (KHTML, like Gecko) Mobile Safari/537.36 (compatible; PetalBot;+https://webmaster.petalsearch.com/site/petalbot)"
198.244.240.136 - - [05/Nov/2025:03:54:12 +0100] "GET / HTTP/1.1" 200 203338 "-" "Mozilla/5.0 (compatible; AhrefsBot/7.0; +http://ahrefs.com/robot/)"
207.180.227.180 - - [05/Nov/2025:03:55:43 +0100] "POST /wp-cron.php?doing_wp_cron=1762311342.9698131084442138671875 HTTP/1.1" 404 15727 "-" "WordPress/6.8.3; https://impuguke.com"
114.119.151.208 - - [05/Nov/2025:03:55:40 +0100] "GET /?o=39042234011620 HTTP/1.1" 200 203389 "https://impuguke.com/sitemap_index.xml" "Mozilla/5.0 (Linux; Android 7.0;) AppleWebKit/537.36 (KHTML, like Gecko) Mobile Safari/537.36 (compatible; PetalBot;+https://webmaster.petalsearch.com/site/petalbot)"
207.180.227.180 - - [05/Nov/2025:03:56:53 +0100] "POST /wp-cron.php?doing_wp_cron=1762311413.5690689086914062500000 HTTP/1.1" 404 15727 "-" "WordPress/6.8.3; https://impuguke.com"
114.119.129.233 - - [05/Nov/2025:03:56:47 +0100] "GET /?o=39033342011620 HTTP/1.1" 200 203389 "https://impuguke.com/sitemap_index.xml" "Mozilla/5.0 (Linux; Android 7.0;) AppleWebKit/537.36 (KHTML, like Gecko) Mobile Safari/537.36 (compatible; PetalBot;+https://webmaster.petalsearch.com/site/petalbot)"
207.180.227.180 - - [05/Nov/2025:03:58:13 +0100] "POST /wp-cron.php?doing_wp_cron=1762311493.1794729232788085937500 HTTP/1.1" 404 16000 "-" "WordPress/6.8.3; https://impuguke.com"
114.119.132.12 - - [05/Nov/2025:03:58:10 +0100] "GET /?o=38970897131620 HTTP/1.1" 200 203389 "https://impuguke.com/sitemap_index.xml" "Mozilla/5.0 (Linux; Android 7.0;) AppleWebKit/537.36 (KHTML, like Gecko) Mobile Safari/537.36 (compatible; PetalBot;+https://webmaster.petalsearch.com/site/petalbot)"
114.119.156.99 - - [05/Nov/2025:03:59:48 +0100] "GET /?o=3853421031620 HTTP/1.1" 200 203386 "https://impuguke.com/sitemap_index.xml" "Mozilla/5.0 (Linux; Android 7.0;) AppleWebKit/537.36 (KHTML, like Gecko) Mobile Safari/537.36 (compatible; PetalBot;+https://webmaster.petalsearch.com/site/petalbot)"
207.180.227.180 - - [05/Nov/2025:03:59:52 +0100] "POST /wp-cron.php?doing_wp_cron=1762311592.6656630039215087890625 HTTP/1.1" 404 16000 "-" "WordPress/6.8.3; https://impuguke.com"
207.180.227.180 - - [05/Nov/2025:04:01:05 +0100] "POST /wp-cron.php?doing_wp_cron=1762311665.4675691127777099609375 HTTP/1.1" 404 16000 "-" "WordPress/6.8.3; https://impuguke.com"
114.119.146.107 - - [05/Nov/2025:04:00:56 +0100] "GET /?o=38496515031620 HTTP/1.1" 200 203389 "https://impuguke.com/sitemap_index.xml" "Mozilla/5.0 (Linux; Android 7.0;) AppleWebKit/537.36 (KHTML, like Gecko) Mobile Safari/537.36 (compatible; PetalBot;+https://webmaster.petalsearch.com/site/petalbot)"
207.180.227.180 - - [05/Nov/2025:04:02:36 +0100] "POST /wp-cron.php?doing_wp_cron=1762311756.5758180618286132812500 HTTP/1.1" 404 15727 "-" "WordPress/6.8.3; https://impuguke.com"
114.119.151.208 - - [05/Nov/2025:04:02:34 +0100] "GET /?o=38444967081620 HTTP/1.1" 200 203389 "https://impuguke.com/sitemap_index.xml" "Mozilla/5.0 (Linux; Android 7.0;) AppleWebKit/537.36 (KHTML, like Gecko) Mobile Safari/537.36 (compatible; PetalBot;+https://webmaster.petalsearch.com/site/petalbot)"
207.180.227.180 - - [05/Nov/2025:04:04:01 +0100] "POST /wp-cron.php?doing_wp_cron=1762311840.9729099273681640625000 HTTP/1.1" 404 15727 "-" "WordPress/6.8.3; https://impuguke.com"
114.119.151.208 - - [05/Nov/2025:04:03:58 +0100] "GET /?o=38442509001620 HTTP/1.1" 200 203389 "https://impuguke.com/sitemap_index.xml" "Mozilla/5.0 (Linux; Android 7.0;) AppleWebKit/537.36 (KHTML, like Gecko) Mobile Safari/537.36 (compatible; PetalBot;+https://webmaster.petalsearch.com/site/petalbot)"
207.180.227.180 - - [05/Nov/2025:04:05:19 +0100] "POST /wp-cron.php?doing_wp_cron=1762311919.2910859584808349609375 HTTP/1.1" 404 16000 "-" "WordPress/6.8.3; https://impuguke.com"
114.119.156.99 - - [05/Nov/2025:04:05:17 +0100] "GET /?o=38428069031620 HTTP/1.1" 200 203389 "https://impuguke.com/sitemap_index.xml" "Mozilla/5.0 (Linux; Android 7.0;) AppleWebKit/537.36 (KHTML, like Gecko) Mobile Safari/537.36 (compatible; PetalBot;+https://webmaster.petalsearch.com/site/petalbot)"
207.180.227.180 - - [05/Nov/2025:04:06:58 +0100] "POST /wp-cron.php?doing_wp_cron=1762312018.4768779277801513671875 HTTP/1.1" 404 16000 "-" "WordPress/6.8.3; https://impuguke.com"
114.119.129.233 - - [05/Nov/2025:04:06:52 +0100] "GET /?o=38300934001620 HTTP/1.1" 200 203389 "https://impuguke.com/sitemap_index.xml" "Mozilla/5.0 (Linux; Android 7.0;) AppleWebKit/537.36 (KHTML, like Gecko) Mobile Safari/537.36 (compatible; PetalBot;+https://webmaster.petalsearch.com/site/petalbot)"
114.119.156.99 - - [05/Nov/2025:04:07:56 +0100] "GET /?o=38090121051620 HTTP/1.1" 200 203389 "https://impuguke.com/sitemap_index.xml" "Mozilla/5.0 (Linux; Android 7.0;) AppleWebKit/537.36 (KHTML, like Gecko) Mobile Safari/537.36 (compatible; PetalBot;+https://webmaster.petalsearch.com/site/petalbot)"
207.180.227.180 - - [05/Nov/2025:04:08:03 +0100] "POST /wp-cron.php?doing_wp_cron=1762312083.6576950550079345703125 HTTP/1.1" 404 16000 "-" "WordPress/6.8.3; https://impuguke.com"
213.32.26.99 - - [05/Nov/2025:04:08:24 +0100] "POST /wp-login.php HTTP/1.1" 200 7373 "-" "Mozilla/5.0 (Windows NT 10.0; Win64; x64; rv:94.0) Gecko/20100101 Firefox/94.0"
114.119.156.99 - - [05/Nov/2025:04:09:37 +0100] "GET /?o=38065263071620 HTTP/1.1" 508 288 "https://impuguke.com/sitemap_index.xml" "Mozilla/5.0 (Linux; Android 7.0;) AppleWebKit/537.36 (KHTML, like Gecko) Mobile Safari/537.36 (compatible; PetalBot;+https://webmaster.petalsearch.com/site/petalbot)"
114.119.132.12 - - [05/Nov/2025:04:10:43 +0100] "GET /?o=38034668011620 HTTP/1.1" 200 203389 "https://impuguke.com/sitemap_index.xml" "Mozilla/5.0 (Linux; Android 7.0;) AppleWebKit/537.36 (KHTML, like Gecko) Mobile Safari/537.36 (compatible; PetalBot;+https://webmaster.petalsearch.com/site/petalbot)"
207.180.227.180 - - [05/Nov/2025:04:10:52 +0100] "POST /wp-cron.php?doing_wp_cron=1762312252.2603259086608886718750 HTTP/1.1" 404 15727 "-" "WordPress/6.8.3; https://impuguke.com"
74.7.227.127 - - [05/Nov/2025:04:10:36 +0100] "GET /sitemap_index.xml HTTP/1.1" 200 65536 "-" "Mozilla/5.0 AppleWebKit/537.36 (KHTML, like Gecko; compatible; GPTBot/1.2; +https://openai.com/gptbot)"
114.119.140.221 - - [05/Nov/2025:04:12:08 +0100] "GET /?o=37971519111620 HTTP/1.1" 200 203389 "https://impuguke.com/sitemap_index.xml" "Mozilla/5.0 (Linux; Android 7.0;) AppleWebKit/537.36 (KHTML, like Gecko) Mobile Safari/537.36 (compatible; PetalBot;+https://webmaster.petalsearch.com/site/petalbot)"
207.180.227.180 - - [05/Nov/2025:04:12:16 +0100] "POST /wp-cron.php?doing_wp_cron=1762312336.0688428878784179687500 HTTP/1.1" 404 15727 "-" "WordPress/6.8.3; https://impuguke.com"
114.119.139.148 - - [05/Nov/2025:04:13:44 +0100] "GET /?o=37896056051620 HTTP/1.1" 200 203389 "https://impuguke.com/sitemap_index.xml" "Mozilla/5.0 (Linux; Android 7.0;) AppleWebKit/537.36 (KHTML, like Gecko) Mobile Safari/537.36 (compatible; PetalBot;+https://webmaster.petalsearch.com/site/petalbot)"
114.119.156.99 - - [05/Nov/2025:04:15:07 +0100] "GET /?o=3785168071620 HTTP/1.1" 200 203386 "https://impuguke.com/sitemap_index.xml" "Mozilla/5.0 (Linux; Android 7.0;) AppleWebKit/537.36 (KHTML, like Gecko) Mobile Safari/537.36 (compatible; PetalBot;+https://webmaster.petalsearch.com/site/petalbot)"
66.249.64.110 - - [05/Nov/2025:04:15:35 +0100] "GET /?o=5017868021620 HTTP/1.1" 200 203386 "-" "Mozilla/5.0 (Linux; Android 6.0.1; Nexus 5X Build/MMB29P) AppleWebKit/537.36 (KHTML, like Gecko) Chrome/141.0.7390.122 Mobile Safari/537.36 (compatible; GoogleOther)"
114.119.129.233 - - [05/Nov/2025:04:16:36 +0100] "GET /?o=37780351021620 HTTP/1.1" 200 203389 "https://impuguke.com/sitemap_index.xml" "Mozilla/5.0 (Linux; Android 7.0;) AppleWebKit/537.36 (KHTML, like Gecko) Mobile Safari/537.36 (compatible; PetalBot;+https://webmaster.petalsearch.com/site/petalbot)"
104.210.140.143 - - [05/Nov/2025:04:17:01 +0100] "GET /robots.txt HTTP/1.1" 200 66 "-" "Mozilla/5.0 (Macintosh; Intel Mac OS X 10_15_7) AppleWebKit/537.36 (KHTML, like Gecko) Chrome/131.0.0.0 Safari/537.36; compatible; OAI-SearchBot/1.0; +https://openai.com/searchbot"
114.119.129.233 - - [05/Nov/2025:04:17:52 +0100] "GET /?o=37766484041620 HTTP/1.1" 200 203389 "https://impuguke.com/sitemap_index.xml" "Mozilla/5.0 (Linux; Android 7.0;) AppleWebKit/537.36 (KHTML, like Gecko) Mobile Safari/537.36 (compatible; PetalBot;+https://webmaster.petalsearch.com/site/petalbot)"
114.119.156.99 - - [05/Nov/2025:04:19:16 +0100] "GET /?o=37747372021620 HTTP/1.1" 200 203389 "https://impuguke.com/sitemap_index.xml" "Mozilla/5.0 (Linux; Android 7.0;) AppleWebKit/537.36 (KHTML, like Gecko) Mobile Safari/537.36 (compatible; PetalBot;+https://webmaster.petalsearch.com/site/petalbot)"
114.119.129.233 - - [05/Nov/2025:04:20:41 +0100] "GET /?o=37716417001620 HTTP/1.1" 200 203389 "https://impuguke.com/sitemap_index.xml" "Mozilla/5.0 (Linux; Android 7.0;) AppleWebKit/537.36 (KHTML, like Gecko) Mobile Safari/537.36 (compatible; PetalBot;+https://webmaster.petalsearch.com/site/petalbot)"
188.208.141.29 - - [05/Nov/2025:04:21:01 +0100] "GET /wp-login.php HTTP/1.1" 302 - "-" "Mozilla/4.0 (compatible; MSIE 7.0; Windows NT 6.3; Win64; x64; Trident/7.0; .NET4.0E; .NET4.0C)"
51.195.215.87 - - [05/Nov/2025:04:20:36 +0100] "GET /sitemap.xml HTTP/1.1" 200 47967 "-" "Mozilla/5.0 (compatible; AhrefsBot/7.0; +http://ahrefs.com/robot/)"
188.208.141.29 - - [05/Nov/2025:04:21:30 +0100] "GET /wp-login.php HTTP/1.1" 200 7136 "-" "Mozilla/4.0 (compatible; MSIE 7.0; Windows NT 6.3; Win64; x64; Trident/7.0; .NET4.0E; .NET4.0C)"
188.208.141.29 - - [05/Nov/2025:04:21:44 +0100] "POST /wp-login.php HTTP/1.1" 200 7392 "https://impuguke.com/wp-login.php" "Mozilla/4.0 (compatible; MSIE 7.0; Windows NT 6.3; Win64; x64; Trident/7.0; .NET4.0E; .NET4.0C)"
207.180.227.180 - - [05/Nov/2025:04:22:07 +0100] "POST /wp-cron.php?doing_wp_cron=1762312927.3687369823455810546875 HTTP/1.1" 508 288 "-" "WordPress/6.8.3; https://impuguke.com"
114.119.154.87 - - [05/Nov/2025:04:21:57 +0100] "GET /?o=37617285031620 HTTP/1.1" 200 196608 "https://impuguke.com/sitemap_index.xml" "Mozilla/5.0 (Linux; Android 7.0;) AppleWebKit/537.36 (KHTML, like Gecko) Mobile Safari/537.36 (compatible; PetalBot;+https://webmaster.petalsearch.com/site/petalbot)"
114.119.154.87 - - [05/Nov/2025:04:23:24 +0100] "GET /?o=37478744041620 HTTP/1.1" 200 203389 "https://impuguke.com/sitemap_index.xml" "Mozilla/5.0 (Linux; Android 7.0;) AppleWebKit/537.36 (KHTML, like Gecko) Mobile Safari/537.36 (compatible; PetalBot;+https://webmaster.petalsearch.com/site/petalbot)"
114.119.146.107 - - [05/Nov/2025:04:24:55 +0100] "GET /?o=37197163011620 HTTP/1.1" 200 203389 "https://impuguke.com/sitemap_index.xml" "Mozilla/5.0 (Linux; Android 7.0;) AppleWebKit/537.36 (KHTML, like Gecko) Mobile Safari/537.36 (compatible; PetalBot;+https://webmaster.petalsearch.com/site/petalbot)"
114.119.146.107 - - [05/Nov/2025:04:26:01 +0100] "GET /?o=37164531031620 HTTP/1.1" 200 203389 "https://impuguke.com/sitemap_index.xml" "Mozilla/5.0 (Linux; Android 7.0;) AppleWebKit/537.36 (KHTML, like Gecko) Mobile Safari/537.36 (compatible; PetalBot;+https://webmaster.petalsearch.com/site/petalbot)"
4.241.111.42 - - [05/Nov/2025:04:26:10 +0100] "GET /wp-admin/about.php HTTP/1.1" 302 - "-" "-"
207.180.227.180 - - [05/Nov/2025:04:26:18 +0100] "POST /wp-cron.php?doing_wp_cron=1762313178.4581398963928222656250 HTTP/1.1" 404 16000 "-" "WordPress/6.8.3; https://impuguke.com"
114.119.154.87 - - [05/Nov/2025:04:27:37 +0100] "GET /?o=37089852011620 HTTP/1.1" 200 203389 "https://impuguke.com/sitemap_index.xml" "Mozilla/5.0 (Linux; Android 7.0;) AppleWebKit/537.36 (KHTML, like Gecko) Mobile Safari/537.36 (compatible; PetalBot;+https://webmaster.petalsearch.com/site/petalbot)"
114.119.140.221 - - [05/Nov/2025:04:28:50 +0100] "GET /?o=37087195021620 HTTP/1.1" 200 203389 "https://impuguke.com/sitemap_index.xml" "Mozilla/5.0 (Linux; Android 7.0;) AppleWebKit/537.36 (KHTML, like Gecko) Mobile Safari/537.36 (compatible; PetalBot;+https://webmaster.petalsearch.com/site/petalbot)"
114.119.140.221 - - [05/Nov/2025:04:30:24 +0100] "GET /?o=3785168071620 HTTP/1.1" 200 203386 "https://impuguke.com/sitemap_index.xml" "Mozilla/5.0 (Linux; Android 7.0;) AppleWebKit/537.36 (KHTML, like Gecko) Mobile Safari/537.36 (compatible; PetalBot;+https://webmaster.petalsearch.com/site/petalbot)"
114.119.140.221 - - [05/Nov/2025:04:31:38 +0100] "GET /?o=37747372021620 HTTP/1.1" 200 203389 "https://impuguke.com/sitemap_index.xml" "Mozilla/5.0 (Linux; Android 7.0;) AppleWebKit/537.36 (KHTML, like Gecko) Mobile Safari/537.36 (compatible; PetalBot;+https://webmaster.petalsearch.com/site/petalbot)"
207.180.227.180 - - [05/Nov/2025:04:33:04 +0100] "POST /wp-cron.php?doing_wp_cron=1762313584.3071820735931396484375 HTTP/1.1" 404 15727 "-" "WordPress/6.8.3; https://impuguke.com"
114.119.139.148 - - [05/Nov/2025:04:33:03 +0100] "GET /?o=36926008051620 HTTP/1.1" 200 203389 "https://impuguke.com/sitemap_index.xml" "Mozilla/5.0 (Linux; Android 7.0;) AppleWebKit/537.36 (KHTML, like Gecko) Mobile Safari/537.36 (compatible; PetalBot;+https://webmaster.petalsearch.com/site/petalbot)"
114.119.132.12 - - [05/Nov/2025:04:34:36 +0100] "GET /?o=36791609091620 HTTP/1.1" 200 203389 "https://impuguke.com/sitemap_index.xml" "Mozilla/5.0 (Linux; Android 7.0;) AppleWebKit/537.36 (KHTML, like Gecko) Mobile Safari/537.36 (compatible; PetalBot;+https://webmaster.petalsearch.com/site/petalbot)"
207.180.227.180 - - [05/Nov/2025:04:35:50 +0100] "POST /wp-cron.php?doing_wp_cron=1762313750.6747479438781738281250 HTTP/1.1" 404 16000 "-" "WordPress/6.8.3; https://impuguke.com"
114.119.129.233 - - [05/Nov/2025:04:35:48 +0100] "GET /?o=36732239011620 HTTP/1.1" 200 203389 "https://impuguke.com/sitemap_index.xml" "Mozilla/5.0 (Linux; Android 7.0;) AppleWebKit/537.36 (KHTML, like Gecko) Mobile Safari/537.36 (compatible; PetalBot;+https://webmaster.petalsearch.com/site/petalbot)"
107.189.7.132 - - [05/Nov/2025:04:36:32 +0100] "GET /wp-login.php HTTP/1.1" 200 7136 "https://www.bing.com/" "Mozilla/5.0 (Windows NT 10.0; Win64; x64) AppleWebKit/537.36 (KHTML, like Gecko) Chrome/118.0.5993.90 Safari/537.36 Edg/118.0.2088.76"
207.180.227.180 - - [05/Nov/2025:04:37:22 +0100] "POST /wp-cron.php?doing_wp_cron=1762313842.2266929149627685546875 HTTP/1.1" 404 15727 "-" "WordPress/6.8.3; https://impuguke.com"
114.119.156.99 - - [05/Nov/2025:04:37:20 +0100] "GET /?o=36728970031620 HTTP/1.1" 200 203389 "https://impuguke.com/sitemap_index.xml" "Mozilla/5.0 (Linux; Android 7.0;) AppleWebKit/537.36 (KHTML, like Gecko) Mobile Safari/537.36 (compatible; PetalBot;+https://webmaster.petalsearch.com/site/petalbot)"
107.189.7.132 - - [05/Nov/2025:04:39:02 +0100] "POST /wp-login.php HTTP/1.1" 200 7392 "https://www.bing.com/" "Mozilla/5.0 (Windows NT 10.0; Win64; x64) AppleWebKit/537.36 (KHTML, like Gecko) Chrome/118.0.5993.90 Safari/537.36 Edg/118.0.2088.76"
114.119.154.87 - - [05/Nov/2025:04:38:47 +0100] "GET /?o=36687589031620 HTTP/1.1" 200 131072 "https://impuguke.com/sitemap_index.xml" "Mozilla/5.0 (Linux; Android 7.0;) AppleWebKit/537.36 (KHTML, like Gecko) Mobile Safari/537.36 (compatible; PetalBot;+https://webmaster.petalsearch.com/site/petalbot)"
207.180.227.180 - - [05/Nov/2025:04:39:19 +0100] "POST /wp-cron.php?doing_wp_cron=1762313958.8331100940704345703125 HTTP/1.1" 404 15727 "-" "WordPress/6.8.3; https://impuguke.com"
207.180.227.180 - - [05/Nov/2025:04:39:19 +0100] "POST /wp-cron.php?doing_wp_cron=1762313958.8294630050659179687500 HTTP/1.1" 404 15727 "-" "WordPress/6.8.3; https://impuguke.com"
114.119.140.221 - - [05/Nov/2025:04:39:59 +0100] "GET /?o=36678019011620 HTTP/1.1" 200 203389 "https://impuguke.com/sitemap_index.xml" "Mozilla/5.0 (Linux; Android 7.0;) AppleWebKit/537.36 (KHTML, like Gecko) Mobile Safari/537.36 (compatible; PetalBot;+https://webmaster.petalsearch.com/site/petalbot)"
198.54.114.104 - - [05/Nov/2025:04:40:30 +0100] "GET /wp-login.php HTTP/1.1" 200 7136 "-" "Mozilla/5.0 (Windows NT 6.3; WOW64) AppleWebKit/537.36 (KHTML, like Gecko) Chrome/66.0.3359.181 Safari/537.36"
207.180.227.180 - - [05/Nov/2025:04:40:32 +0100] "POST /wp-cron.php?doing_wp_cron=1762314032.3157238960266113281250 HTTP/1.1" 404 16000 "-" "WordPress/6.8.3; https://impuguke.com"
198.54.114.104 - - [05/Nov/2025:04:40:33 +0100] "POST /wp-login.php HTTP/1.1" 200 7392 "https://impuguke.com/wp-login.php" "Mozilla/5.0 (Windows NT 6.3; WOW64) AppleWebKit/537.36 (KHTML, like Gecko) Chrome/66.0.3359.181 Safari/537.36"
114.119.156.99 - - [05/Nov/2025:04:41:22 +0100] "GET /?o=36646517011620 HTTP/1.1" 200 203389 "https://impuguke.com/sitemap_index.xml" "Mozilla/5.0 (Linux; Android 7.0;) AppleWebKit/537.36 (KHTML, like Gecko) Mobile Safari/537.36 (compatible; PetalBot;+https://webmaster.petalsearch.com/site/petalbot)"
207.180.227.180 - - [05/Nov/2025:04:42:48 +0100] "POST /wp-cron.php?doing_wp_cron=1762314168.4892709255218505859375 HTTP/1.1" 404 15727 "-" "WordPress/6.8.3; https://impuguke.com"
114.119.132.12 - - [05/Nov/2025:04:42:45 +0100] "GET /?o=36577530031620 HTTP/1.1" 200 203389 "https://impuguke.com/sitemap_index.xml" "Mozilla/5.0 (Linux; Android 7.0;) AppleWebKit/537.36 (KHTML, like Gecko) Mobile Safari/537.36 (compatible; PetalBot;+https://webmaster.petalsearch.com/site/petalbot)"
207.180.227.180 - - [05/Nov/2025:04:44:24 +0100] "POST /wp-cron.php?doing_wp_cron=1762314264.2720489501953125000000 HTTP/1.1" 404 15727 "-" "WordPress/6.8.3; https://impuguke.com"
114.119.140.221 - - [05/Nov/2025:04:44:21 +0100] "GET /?o=36569949001620 HTTP/1.1" 200 203389 "https://impuguke.com/sitemap_index.xml" "Mozilla/5.0 (Linux; Android 7.0;) AppleWebKit/537.36 (KHTML, like Gecko) Mobile Safari/537.36 (compatible; PetalBot;+https://webmaster.petalsearch.com/site/petalbot)"
198.244.226.127 - - [05/Nov/2025:04:44:42 +0100] "GET /category/home/ahabanza/amakuru/page/3/ HTTP/1.1" 200 163775 "-" "Mozilla/5.0 (compatible; AhrefsBot/7.0; +http://ahrefs.com/robot/)"
185.2.4.118 - - [05/Nov/2025:04:45:05 +0100] "GET /wp-login.php HTTP/1.1" 200 7136 "http://impuguke.com/wp-login.php" "Mozilla/5.0 (Windows NT 10.0; Win64; x64; rv:144.0) Gecko/20100101 Firefox/144.0"
185.2.4.118 - - [05/Nov/2025:04:45:08 +0100] "GET /wp-json/wp/v2/users HTTP/1.1" 200 25263 "http://impuguke.com/wp-login.php" "Mozilla/5.0 (Windows NT 10.0; Win64; x64; rv:144.0) Gecko/20100101 Firefox/144.0"
185.2.4.118 - - [05/Nov/2025:04:45:12 +0100] "POST /wp-login.php HTTP/1.1" 200 7374 "https://impuguke.com/wp-login.php?redirect_to=https%3A%2F%2Fimpuguke.com%2Fwp-admin%2F" "Mozilla/5.0 (Windows NT 10.0; Win64; x64; rv:144.0) Gecko/20100101 Firefox/144.0"
185.2.4.118 - - [05/Nov/2025:04:45:15 +0100] "POST /wp-login.php HTTP/1.1" 200 7374 "https://impuguke.com/wp-login.php?redirect_to=https%3A%2F%2Fimpuguke.com%2Fwp-admin%2F" "Mozilla/5.0 (Windows NT 10.0; Win64; x64; rv:144.0) Gecko/20100101 Firefox/144.0"
185.2.4.118 - - [05/Nov/2025:04:45:17 +0100] "POST /wp-login.php HTTP/1.1" 200 7374 "https://impuguke.com/wp-login.php?redirect_to=https%3A%2F%2Fimpuguke.com%2Fwp-admin%2F" "Mozilla/5.0 (Windows NT 10.0; Win64; x64; rv:144.0) Gecko/20100101 Firefox/144.0"
185.2.4.118 - - [05/Nov/2025:04:45:21 +0100] "POST /wp-login.php HTTP/1.1" 200 7336 "https://impuguke.com/wp-login.php?redirect_to=https%3A%2F%2Fimpuguke.com%2Fwp-admin%2F" "Mozilla/5.0 (Windows NT 10.0; Win64; x64; rv:144.0) Gecko/20100101 Firefox/144.0"
207.180.227.180 - - [05/Nov/2025:04:45:25 +0100] "POST /wp-cron.php?doing_wp_cron=1762314325.8671779632568359375000 HTTP/1.1" 404 16000 "-" "WordPress/6.8.3; https://impuguke.com"
185.2.4.118 - - [05/Nov/2025:04:45:27 +0100] "POST /wp-login.php HTTP/1.1" 200 7336 "https://impuguke.com/wp-login.php?redirect_to=https%3A%2F%2Fimpuguke.com%2Fwp-admin%2F" "Mozilla/5.0 (Windows NT 10.0; Win64; x64; rv:144.0) Gecko/20100101 Firefox/144.0"
114.119.151.208 - - [05/Nov/2025:04:45:34 +0100] "GET /?o=36545696011620 HTTP/1.1" 200 203389 "https://impuguke.com/sitemap_index.xml" "Mozilla/5.0 (Linux; Android 7.0;) AppleWebKit/537.36 (KHTML, like Gecko) Mobile Safari/537.36 (compatible; PetalBot;+https://webmaster.petalsearch.com/site/petalbot)"
85.215.67.114 - - [05/Nov/2025:04:46:02 +0100] "POST /wp-login.php HTTP/1.1" 200 7373 "-" "Mozilla/5.0 (Windows NT 10.0; Win64; x64; rv:75.0) Gecko/20100101 Firefox/75.0"
45.56.222.60 - - [05/Nov/2025:04:46:17 +0100] "GET /wp-login.php HTTP/1.1" 200 7136 "-" "Mozilla/5.0 (Macintosh; Intel Mac OS X 10_13_3) AppleWebKit/537.36 (KHTML, like Gecko) Chrome/65.0.3325.162 Safari/537.36"
45.56.222.60 - - [05/Nov/2025:04:46:20 +0100] "POST /wp-login.php HTTP/1.1" 200 7392 "https://impuguke.com/wp-login.php" "Mozilla/5.0 (Macintosh; Intel Mac OS X 10_13_3) AppleWebKit/537.36 (KHTML, like Gecko) Chrome/65.0.3325.162 Safari/537.36"
207.180.227.180 - - [05/Nov/2025:04:47:08 +0100] "POST /wp-cron.php?doing_wp_cron=1762314428.2715380191802978515625 HTTP/1.1" 404 15727 "-" "WordPress/6.8.3; https://impuguke.com"
114.119.139.148 - - [05/Nov/2025:04:47:06 +0100] "GET /?o=36535954041620 HTTP/1.1" 200 203389 "https://impuguke.com/sitemap_index.xml" "Mozilla/5.0 (Linux; Android 7.0;) AppleWebKit/537.36 (KHTML, like Gecko) Mobile Safari/537.36 (compatible; PetalBot;+https://webmaster.petalsearch.com/site/petalbot)"
114.119.132.12 - - [05/Nov/2025:04:48:20 +0100] "GET /?o=3650225031620 HTTP/1.1" 200 203386 "https://impuguke.com/sitemap_index.xml" "Mozilla/5.0 (Linux; Android 7.0;) AppleWebKit/537.36 (KHTML, like Gecko) Mobile Safari/537.36 (compatible; PetalBot;+https://webmaster.petalsearch.com/site/petalbot)"
207.180.227.180 - - [05/Nov/2025:04:48:22 +0100] "POST /wp-cron.php?doing_wp_cron=1762314502.0238080024719238281250 HTTP/1.1" 404 15727 "-" "WordPress/6.8.3; https://impuguke.com"
43.166.242.189 - - [05/Nov/2025:04:48:40 +0100] "GET /2025/10/ HTTP/1.1" 200 162552 "-" "Mozilla/5.0 (iPhone; CPU iPhone OS 13_2_3 like Mac OS X) AppleWebKit/605.1.15 (KHTML, like Gecko) Version/13.0.3 Mobile/15E148 Safari/604.1"
207.180.227.180 - - [05/Nov/2025:04:49:54 +0100] "POST /wp-cron.php?doing_wp_cron=1762314594.4308381080627441406250 HTTP/1.1" 404 15727 "-" "WordPress/6.8.3; https://impuguke.com"
114.119.132.12 - - [05/Nov/2025:04:49:53 +0100] "GET /?o=36284573021620 HTTP/1.1" 200 203389 "https://impuguke.com/sitemap_index.xml" "Mozilla/5.0 (Linux; Android 7.0;) AppleWebKit/537.36 (KHTML, like Gecko) Mobile Safari/537.36 (compatible; PetalBot;+https://webmaster.petalsearch.com/site/petalbot)"
207.180.227.180 - - [05/Nov/2025:04:51:22 +0100] "POST /wp-cron.php?doing_wp_cron=1762314682.0683660507202148437500 HTTP/1.1" 404 15727 "-" "WordPress/6.8.3; https://impuguke.com"
114.119.156.99 - - [05/Nov/2025:04:51:19 +0100] "GET /?o=36243943041620 HTTP/1.1" 200 203389 "https://impuguke.com/sitemap_index.xml" "Mozilla/5.0 (Linux; Android 7.0;) AppleWebKit/537.36 (KHTML, like Gecko) Mobile Safari/537.36 (compatible; PetalBot;+https://webmaster.petalsearch.com/site/petalbot)"
54.84.147.79 - - [05/Nov/2025:04:52:20 +0100] "GET /2025/06/ HTTP/1.1" 200 131072 "-" "Mozilla/5.0 AppleWebKit/537.36 (KHTML, like Gecko; compatible; Amazonbot/0.1; +https://developer.amazon.com/support/amazonbot) Chrome/119.0.6045.214 Safari/537.36"
114.119.139.148 - - [05/Nov/2025:04:52:30 +0100] "GET /?o=36687589031620 HTTP/1.1" 200 196608 "https://impuguke.com/sitemap_index.xml" "Mozilla/5.0 (Linux; Android 7.0;) AppleWebKit/537.36 (KHTML, like Gecko) Mobile Safari/537.36 (compatible; PetalBot;+https://webmaster.petalsearch.com/site/petalbot)"
207.180.227.180 - - [05/Nov/2025:04:52:29 +0100] "POST /wp-cron.php?doing_wp_cron=1762314749.2576370239257812500000 HTTP/1.1" 404 16000 "-" "WordPress/6.8.3; https://impuguke.com"
207.180.227.180 - - [05/Nov/2025:04:52:37 +0100] "POST /wp-cron.php?doing_wp_cron=1762314757.7683219909667968750000 HTTP/1.1" 404 15727 "-" "WordPress/6.8.3; https://impuguke.com"
44.223.116.149 - - [05/Nov/2025:04:52:25 +0100] "GET /2022/11/24/nasa-to-share-first-results-of-inflatable-heat-shield-technology-test/ HTTP/1.1" 500 163231 "-" "Mozilla/5.0 AppleWebKit/537.36 (KHTML, like Gecko; compatible; Amazonbot/0.1; +https://developer.amazon.com/support/amazonbot) Chrome/119.0.6045.214 Safari/537.36"
103.216.118.237 - - [05/Nov/2025:04:52:50 +0100] "GET /wp-login.php HTTP/1.1" 200 7136 "-" "Mozilla/5.0 (Windows NT 6.1; WOW64; Trident/7.0; MALC; rv:11.0) like Gecko"
103.216.118.237 - - [05/Nov/2025:04:52:58 +0100] "POST /wp-login.php HTTP/1.1" 200 7392 "https://impuguke.com/wp-login.php" "Mozilla/5.0 (Windows NT 6.1; WOW64; Trident/7.0; MALC; rv:11.0) like Gecko"
52.72.224.69 - - [05/Nov/2025:04:53:04 +0100] "HEAD /2022/11/24/nasa-to-share-first-results-of-inflatable-heat-shield-technology-test/ HTTP/1.1" 200 - "-" "Mozilla/5.0 AppleWebKit/605.1.15 (KHTML, like Gecko) Chrome/139.0.0.0 Safari/605.1.15"
207.180.227.180 - - [05/Nov/2025:04:54:02 +0100] "POST /wp-cron.php?doing_wp_cron=1762314842.6755490303039550781250 HTTP/1.1" 404 16000 "-" "WordPress/6.8.3; https://impuguke.com"
114.119.139.148 - - [05/Nov/2025:04:53:56 +0100] "GET /?o=36194063031620 HTTP/1.1" 200 203389 "https://impuguke.com/sitemap_index.xml" "Mozilla/5.0 (Linux; Android 7.0;) AppleWebKit/537.36 (KHTML, like Gecko) Mobile Safari/537.36 (compatible; PetalBot;+https://webmaster.petalsearch.com/site/petalbot)"
54.146.134.152 - - [05/Nov/2025:04:54:16 +0100] "HEAD /2025/06/ HTTP/1.1" 200 - "-" "Mozilla/5.0 AppleWebKit/605.1.15 (KHTML, like Gecko) Chrome/139.0.0.0 Safari/605.1.15"
114.119.156.99 - - [05/Nov/2025:04:55:18 +0100] "GET /?o=35876355001620 HTTP/1.1" 200 203389 "https://impuguke.com/sitemap_index.xml" "Mozilla/5.0 (Linux; Android 7.0;) AppleWebKit/537.36 (KHTML, like Gecko) Mobile Safari/537.36 (compatible; PetalBot;+https://webmaster.petalsearch.com/site/petalbot)"
207.180.227.180 - - [05/Nov/2025:04:55:26 +0100] "POST /wp-cron.php?doing_wp_cron=1762314925.8643651008605957031250 HTTP/1.1" 404 15727 "-" "WordPress/6.8.3; https://impuguke.com"
114.119.146.107 - - [05/Nov/2025:04:56:53 +0100] "GET /?o=35866716001620 HTTP/1.1" 200 203389 "https://impuguke.com/sitemap_index.xml" "Mozilla/5.0 (Linux; Android 7.0;) AppleWebKit/537.36 (KHTML, like Gecko) Mobile Safari/537.36 (compatible; PetalBot;+https://webmaster.petalsearch.com/site/petalbot)"
207.180.227.180 - - [05/Nov/2025:04:57:01 +0100] "POST /wp-cron.php?doing_wp_cron=1762315021.2581930160522460937500 HTTP/1.1" 404 15727 "-" "WordPress/6.8.3; https://impuguke.com"
207.180.227.180 - - [05/Nov/2025:04:58:07 +0100] "POST /wp-cron.php?doing_wp_cron=1762315087.6596679687500000000000 HTTP/1.1" 404 15727 "-" "WordPress/6.8.3; https://impuguke.com"
114.119.129.233 - - [05/Nov/2025:04:58:04 +0100] "GET /?o=35831054011620 HTTP/1.1" 200 203389 "https://impuguke.com/sitemap_index.xml" "Mozilla/5.0 (Linux; Android 7.0;) AppleWebKit/537.36 (KHTML, like Gecko) Mobile Safari/537.36 (compatible; PetalBot;+https://webmaster.petalsearch.com/site/petalbot)"
148.251.67.116 - - [05/Nov/2025:04:58:21 +0100] "GET /wp-login.php HTTP/1.1" 200 7136 "-" "Mozilla/4.0 (compatible; MSIE 7.0; Windows NT 6.1; WOW64; Trident/7.0; SLCC2; .NET CLR 2.0.50727; .NET CLR 3.5.30729; .NET CLR 3.0.30729; InfoPath.2; .NET4.0C; .NET4.0E)"
148.251.67.116 - - [05/Nov/2025:04:58:24 +0100] "POST /wp-login.php HTTP/1.1" 200 7392 "https://impuguke.com/wp-login.php" "Mozilla/4.0 (compatible; MSIE 7.0; Windows NT 6.1; WOW64; Trident/7.0; SLCC2; .NET CLR 2.0.50727; .NET CLR 3.5.30729; .NET CLR 3.0.30729; InfoPath.2; .NET4.0C; .NET4.0E)"
43.131.45.213 - - [05/Nov/2025:04:59:07 +0100] "GET /author/abayisenga/ HTTP/1.1" 200 164076 "-" "Mozilla/5.0 (iPhone; CPU iPhone OS 13_2_3 like Mac OS X) AppleWebKit/605.1.15 (KHTML, like Gecko) Version/13.0.3 Mobile/15E148 Safari/604.1"
207.180.227.180 - - [05/Nov/2025:04:59:11 +0100] "POST /wp-cron.php?doing_wp_cron=1762315151.3604490756988525390625 HTTP/1.1" 404 15727 "-" "WordPress/6.8.3; https://impuguke.com"
114.119.154.87 - - [05/Nov/2025:04:59:39 +0100] "GET /?o=35828118001620 HTTP/1.1" 200 203389 "https://impuguke.com/sitemap_index.xml" "Mozilla/5.0 (Linux; Android 7.0;) AppleWebKit/537.36 (KHTML, like Gecko) Mobile Safari/537.36 (compatible; PetalBot;+https://webmaster.petalsearch.com/site/petalbot)"
207.180.227.180 - - [05/Nov/2025:05:00:56 +0100] "POST /wp-cron.php?doing_wp_cron=1762315256.2110359668731689453125 HTTP/1.1" 404 15727 "-" "WordPress/6.8.3; https://impuguke.com"
114.119.132.12 - - [05/Nov/2025:05:00:55 +0100] "GET /?o=35810019041620 HTTP/1.1" 200 203389 "https://impuguke.com/sitemap_index.xml" "Mozilla/5.0 (Linux; Android 7.0;) AppleWebKit/537.36 (KHTML, like Gecko) Mobile Safari/537.36 (compatible; PetalBot;+https://webmaster.petalsearch.com/site/petalbot)"
207.180.227.180 - - [05/Nov/2025:05:02:20 +0100] "POST /wp-cron.php?doing_wp_cron=1762315340.8864200115203857421875 HTTP/1.1" 404 15727 "-" "WordPress/6.8.3; https://impuguke.com"
114.119.151.208 - - [05/Nov/2025:05:02:17 +0100] "GET /?o=35681571091620 HTTP/1.1" 200 203389 "https://impuguke.com/sitemap_index.xml" "Mozilla/5.0 (Linux; Android 7.0;) AppleWebKit/537.36 (KHTML, like Gecko) Mobile Safari/537.36 (compatible; PetalBot;+https://webmaster.petalsearch.com/site/petalbot)"
207.180.227.180 - - [05/Nov/2025:05:03:54 +0100] "POST /wp-cron.php?doing_wp_cron=1762315434.5900280475616455078125 HTTP/1.1" 404 15727 "-" "WordPress/6.8.3; https://impuguke.com"
114.119.132.12 - - [05/Nov/2025:05:03:52 +0100] "GET /?o=35658699031620 HTTP/1.1" 200 203389 "https://impuguke.com/sitemap_index.xml" "Mozilla/5.0 (Linux; Android 7.0;) AppleWebKit/537.36 (KHTML, like Gecko) Mobile Safari/537.36 (compatible; PetalBot;+https://webmaster.petalsearch.com/site/petalbot)"
207.180.227.180 - - [05/Nov/2025:05:05:07 +0100] "POST /wp-cron.php?doing_wp_cron=1762315507.2675840854644775390625 HTTP/1.1" 404 16000 "-" "WordPress/6.8.3; https://impuguke.com"
114.119.146.107 - - [05/Nov/2025:05:05:05 +0100] "GET /?o=35658579091620 HTTP/1.1" 200 203389 "https://impuguke.com/sitemap_index.xml" "Mozilla/5.0 (Linux; Android 7.0;) AppleWebKit/537.36 (KHTML, like Gecko) Mobile Safari/537.36 (compatible; PetalBot;+https://webmaster.petalsearch.com/site/petalbot)"
78.157.49.100 - - [05/Nov/2025:05:05:15 +0100] "GET /wp-login.php HTTP/1.1" 200 7136 "-" "Mozilla/4.0 (compatible; MSIE 7.0; Windows NT 6.1; WOW64; Trident/7.0; SLCC2; .NET CLR 2.0.50727; .NET CLR 3.5.30729; .NET CLR 3.0.30729; .NET4.0C; .NET4.0E)"
78.157.49.100 - - [05/Nov/2025:05:05:18 +0100] "POST /wp-login.php HTTP/1.1" 200 7392 "https://impuguke.com/wp-login.php" "Mozilla/4.0 (compatible; MSIE 7.0; Windows NT 6.1; WOW64; Trident/7.0; SLCC2; .NET CLR 2.0.50727; .NET CLR 3.5.30729; .NET CLR 3.0.30729; .NET4.0C; .NET4.0E)"
114.119.129.233 - - [05/Nov/2025:05:06:38 +0100] "GET /?o=35598784041620 HTTP/1.1" 200 203389 "https://impuguke.com/sitemap_index.xml" "Mozilla/5.0 (Linux; Android 7.0;) AppleWebKit/537.36 (KHTML, like Gecko) Mobile Safari/537.36 (compatible; PetalBot;+https://webmaster.petalsearch.com/site/petalbot)"
207.180.227.180 - - [05/Nov/2025:05:06:40 +0100] "POST /wp-cron.php?doing_wp_cron=1762315600.8892109394073486328125 HTTP/1.1" 404 15727 "-" "WordPress/6.8.3; https://impuguke.com"
114.119.154.87 - - [05/Nov/2025:05:07:51 +0100] "GET /?o=35537269031620 HTTP/1.1" 200 203389 "https://impuguke.com/sitemap_index.xml" "Mozilla/5.0 (Linux; Android 7.0;) AppleWebKit/537.36 (KHTML, like Gecko) Mobile Safari/537.36 (compatible; PetalBot;+https://webmaster.petalsearch.com/site/petalbot)"
207.180.227.180 - - [05/Nov/2025:05:07:59 +0100] "POST /wp-cron.php?doing_wp_cron=1762315678.5730071067810058593750 HTTP/1.1" 404 16000 "-" "WordPress/6.8.3; https://impuguke.com"
51.195.183.92 - - [05/Nov/2025:05:08:16 +0100] "GET /2025/09/30/mbape-yongeye-kwandika-amateka-mu-mukino-real-madrid-yatsinzemo-ibitego-5-0/ HTTP/1.1" 200 163890 "-" "Mozilla/5.0 (compatible; AhrefsBot/7.0; +http://ahrefs.com/robot/)"
31.13.127.115 - - [05/Nov/2025:05:08:57 +0100] "GET /wp-content/uploads/2025/10/20250617_185045-2.jpg HTTP/1.1" 200 436091 "-" "facebookexternalhit/1.1 (+http://www.facebook.com/externalhit_uatext.php)"
43.130.34.74 - - [05/Nov/2025:05:09:22 +0100] "GET / HTTP/1.1" 200 203338 "-" "Mozilla/5.0 (iPhone; CPU iPhone OS 13_2_3 like Mac OS X) AppleWebKit/605.1.15 (KHTML, like Gecko) Version/13.0.3 Mobile/15E148 Safari/604.1"
114.119.154.87 - - [05/Nov/2025:05:09:21 +0100] "GET /?o=35514587041620 HTTP/1.1" 200 196608 "https://impuguke.com/sitemap_index.xml" "Mozilla/5.0 (Linux; Android 7.0;) AppleWebKit/537.36 (KHTML, like Gecko) Mobile Safari/537.36 (compatible; PetalBot;+https://webmaster.petalsearch.com/site/petalbot)"
207.180.227.180 - - [05/Nov/2025:05:09:25 +0100] "POST /wp-cron.php?doing_wp_cron=1762315765.6630909442901611328125 HTTP/1.1" 404 16000 "-" "WordPress/6.8.3; https://impuguke.com"
207.180.227.180 - - [05/Nov/2025:05:09:28 +0100] "POST /wp-cron.php?doing_wp_cron=1762315768.1598670482635498046875 HTTP/1.1" 404 16000 "-" "WordPress/6.8.3; https://impuguke.com"
114.119.146.107 - - [05/Nov/2025:05:10:39 +0100] "GET /?o=35511137021620 HTTP/1.1" 200 203389 "https://impuguke.com/sitemap_index.xml" "Mozilla/5.0 (Linux; Android 7.0;) AppleWebKit/537.36 (KHTML, like Gecko) Mobile Safari/537.36 (compatible; PetalBot;+https://webmaster.petalsearch.com/site/petalbot)"
207.180.227.180 - - [05/Nov/2025:05:10:46 +0100] "POST /wp-cron.php?doing_wp_cron=1762315846.1645898818969726562500 HTTP/1.1" 404 16000 "-" "WordPress/6.8.3; https://impuguke.com"
207.180.227.180 - - [05/Nov/2025:05:12:11 +0100] "POST /wp-cron.php?doing_wp_cron=1762315931.3633298873901367187500 HTTP/1.1" 508 288 "-" "WordPress/6.8.3; https://impuguke.com"
114.119.156.99 - - [05/Nov/2025:05:12:04 +0100] "GET /?o=35508700041620 HTTP/1.1" 200 203389 "https://impuguke.com/sitemap_index.xml" "Mozilla/5.0 (Linux; Android 7.0;) AppleWebKit/537.36 (KHTML, like Gecko) Mobile Safari/537.36 (compatible; PetalBot;+https://webmaster.petalsearch.com/site/petalbot)"
114.119.139.148 - - [05/Nov/2025:05:13:24 +0100] "GET /?o=35491492011620 HTTP/1.1" 200 203389 "https://impuguke.com/sitemap_index.xml" "Mozilla/5.0 (Linux; Android 7.0;) AppleWebKit/537.36 (KHTML, like Gecko) Mobile Safari/537.36 (compatible; PetalBot;+https://webmaster.petalsearch.com/site/petalbot)"
207.180.227.180 - - [05/Nov/2025:05:13:32 +0100] "POST /wp-cron.php?doing_wp_cron=1762316012.1645181179046630859375 HTTP/1.1" 404 16000 "-" "WordPress/6.8.3; https://impuguke.com"
114.119.129.233 - - [05/Nov/2025:05:14:50 +0100] "GET /?o=35444881061620 HTTP/1.1" 200 203389 "https://impuguke.com/sitemap_index.xml" "Mozilla/5.0 (Linux; Android 7.0;) AppleWebKit/537.36 (KHTML, like Gecko) Mobile Safari/537.36 (compatible; PetalBot;+https://webmaster.petalsearch.com/site/petalbot)"
207.180.227.180 - - [05/Nov/2025:05:14:59 +0100] "POST /wp-cron.php?doing_wp_cron=1762316098.9678659439086914062500 HTTP/1.1" 404 15727 "-" "WordPress/6.8.3; https://impuguke.com"
207.180.227.180 - - [05/Nov/2025:05:16:15 +0100] "POST /wp-cron.php?doing_wp_cron=1762316175.8634059429168701171875 HTTP/1.1" 404 15727 "-" "WordPress/6.8.3; https://impuguke.com"
114.119.139.148 - - [05/Nov/2025:05:16:13 +0100] "GET /?o=35160600031620 HTTP/1.1" 200 203389 "https://impuguke.com/sitemap_index.xml" "Mozilla/5.0 (Linux; Android 7.0;) AppleWebKit/537.36 (KHTML, like Gecko) Mobile Safari/537.36 (compatible; PetalBot;+https://webmaster.petalsearch.com/site/petalbot)"
114.119.156.99 - - [05/Nov/2025:05:17:38 +0100] "GET /?o=35057094131620 HTTP/1.1" 200 203389 "https://impuguke.com/sitemap_index.xml" "Mozilla/5.0 (Linux; Android 7.0;) AppleWebKit/537.36 (KHTML, like Gecko) Mobile Safari/537.36 (compatible; PetalBot;+https://webmaster.petalsearch.com/site/petalbot)"
207.180.227.180 - - [05/Nov/2025:05:17:41 +0100] "POST /wp-cron.php?doing_wp_cron=1762316261.0886340141296386718750 HTTP/1.1" 404 15727 "-" "WordPress/6.8.3; https://impuguke.com"
162.144.236.138 - - [05/Nov/2025:05:18:26 +0100] "GET /wp-login.php HTTP/1.1" 200 7136 "-" "Mozilla/5.0 (Windows NT 6.1; WOW64; Trident/7.0; ATT-IE11; rv:11.0) like Gecko"
162.144.236.138 - - [05/Nov/2025:05:18:29 +0100] "POST /wp-login.php HTTP/1.1" 200 7392 "https://impuguke.com/wp-login.php" "Mozilla/5.0 (Windows NT 6.1; WOW64; Trident/7.0; ATT-IE11; rv:11.0) like Gecko"
43.159.152.187 - - [05/Nov/2025:05:18:41 +0100] "GET /2025/10/21/ibinyobwa-byari-bikunzwe-byahagaritswe-kubera-bitujuje-ubuziranenge/ HTTP/1.1" 200 162661 "-" "Mozilla/5.0 (iPhone; CPU iPhone OS 13_2_3 like Mac OS X) AppleWebKit/605.1.15 (KHTML, like Gecko) Version/13.0.3 Mobile/15E148 Safari/604.1"
207.180.227.180 - - [05/Nov/2025:05:18:43 +0100] "POST /wp-cron.php?doing_wp_cron=1762316323.6784849166870117187500 HTTP/1.1" 404 16000 "-" "WordPress/6.8.3; https://impuguke.com"
114.119.146.107 - - [05/Nov/2025:05:18:59 +0100] "GET /?o=35051643051620 HTTP/1.1" 200 203389 "https://impuguke.com/sitemap_index.xml" "Mozilla/5.0 (Linux; Android 7.0;) AppleWebKit/537.36 (KHTML, like Gecko) Mobile Safari/537.36 (compatible; PetalBot;+https://webmaster.petalsearch.com/site/petalbot)"
114.119.154.87 - - [05/Nov/2025:05:20:28 +0100] "GET /?o=34992596071620 HTTP/1.1" 200 203389 "https://impuguke.com/sitemap_index.xml" "Mozilla/5.0 (Linux; Android 7.0;) AppleWebKit/537.36 (KHTML, like Gecko) Mobile Safari/537.36 (compatible; PetalBot;+https://webmaster.petalsearch.com/site/petalbot)"
207.180.227.180 - - [05/Nov/2025:05:20:31 +0100] "POST /wp-cron.php?doing_wp_cron=1762316430.8756310939788818359375 HTTP/1.1" 404 15727 "-" "WordPress/6.8.3; https://impuguke.com"
114.119.151.208 - - [05/Nov/2025:05:21:49 +0100] "GET /?o=3493144091620 HTTP/1.1" 200 203386 "https://impuguke.com/sitemap_index.xml" "Mozilla/5.0 (Linux; Android 7.0;) AppleWebKit/537.36 (KHTML, like Gecko) Mobile Safari/537.36 (compatible; PetalBot;+https://webmaster.petalsearch.com/site/petalbot)"
207.180.227.180 - - [05/Nov/2025:05:21:57 +0100] "POST /wp-cron.php?doing_wp_cron=1762316516.9632310867309570312500 HTTP/1.1" 404 15727 "-" "WordPress/6.8.3; https://impuguke.com"
114.119.154.87 - - [05/Nov/2025:05:23:14 +0100] "GET /?o=34926971001620 HTTP/1.1" 200 203389 "https://impuguke.com/sitemap_index.xml" "Mozilla/5.0 (Linux; Android 7.0;) AppleWebKit/537.36 (KHTML, like Gecko) Mobile Safari/537.36 (compatible; PetalBot;+https://webmaster.petalsearch.com/site/petalbot)"
207.180.227.180 - - [05/Nov/2025:05:23:24 +0100] "POST /wp-cron.php?doing_wp_cron=1762316604.6682689189910888671875 HTTP/1.1" 404 15727 "-" "WordPress/6.8.3; https://impuguke.com"
51.38.181.17 - - [05/Nov/2025:05:23:39 +0100] "POST /wp-login.php HTTP/1.1" 200 7373 "-" "Mozilla/5.0 (Windows NT 10.0; Win64; x64; rv:84.0) Gecko/20100101 Firefox/84.0"
114.119.129.233 - - [05/Nov/2025:05:24:35 +0100] "GET /?o=34888840051620 HTTP/1.1" 200 203389 "https://impuguke.com/sitemap_index.xml" "Mozilla/5.0 (Linux; Android 7.0;) AppleWebKit/537.36 (KHTML, like Gecko) Mobile Safari/537.36 (compatible; PetalBot;+https://webmaster.petalsearch.com/site/petalbot)"
207.180.227.180 - - [05/Nov/2025:05:24:43 +0100] "POST /wp-cron.php?doing_wp_cron=1762316683.2607278823852539062500 HTTP/1.1" 404 16000 "-" "WordPress/6.8.3; https://impuguke.com"
