114.119.139.148 - - [04/Nov/2025:23:59:36 +0100] "GET /?o=47165579101620 HTTP/1.1" 200 203390 "https://impuguke.com/sitemap_index.xml" "Mozilla/5.0 (Linux; Android 7.0;) AppleWebKit/537.36 (KHTML, like Gecko) Mobile Safari/537.36 (compatible; PetalBot;+https://webmaster.petalsearch.com/site/petalbot)"
207.180.227.180 - - [04/Nov/2025:23:59:44 +0100] "POST /wp-cron.php?doing_wp_cron=1762297184.3155109882354736328125 HTTP/1.1" 404 16000 "-" "WordPress/6.8.3; https://impuguke.com"
114.119.154.87 - - [05/Nov/2025:00:01:01 +0100] "GET /?o=47146011021620 HTTP/1.1" 200 203390 "https://impuguke.com/sitemap_index.xml" "Mozilla/5.0 (Linux; Android 7.0;) AppleWebKit/537.36 (KHTML, like Gecko) Mobile Safari/537.36 (compatible; PetalBot;+https://webmaster.petalsearch.com/site/petalbot)"
207.180.227.180 - - [05/Nov/2025:00:01:11 +0100] "POST /wp-cron.php?doing_wp_cron=1762297270.9133739471435546875000 HTTP/1.1" 404 16000 "-" "WordPress/6.8.3; https://impuguke.com"
114.119.154.87 - - [05/Nov/2025:00:02:26 +0100] "GET /?o=47124974001620 HTTP/1.1" 200 203390 "https://impuguke.com/sitemap_index.xml" "Mozilla/5.0 (Linux; Android 7.0;) AppleWebKit/537.36 (KHTML, like Gecko) Mobile Safari/537.36 (compatible; PetalBot;+https://webmaster.petalsearch.com/site/petalbot)"
207.180.227.180 - - [05/Nov/2025:00:02:33 +0100] "POST /wp-cron.php?doing_wp_cron=1762297352.9208359718322753906250 HTTP/1.1" 404 15727 "-" "WordPress/6.8.3; https://impuguke.com"
114.119.154.87 - - [05/Nov/2025:00:03:51 +0100] "GET /?o=4709925031620 HTTP/1.1" 200 203387 "https://impuguke.com/sitemap_index.xml" "Mozilla/5.0 (Linux; Android 7.0;) AppleWebKit/537.36 (KHTML, like Gecko) Mobile Safari/537.36 (compatible; PetalBot;+https://webmaster.petalsearch.com/site/petalbot)"
207.180.227.180 - - [05/Nov/2025:00:03:58 +0100] "POST /wp-cron.php?doing_wp_cron=1762297438.1148490905761718750000 HTTP/1.1" 404 15727 "-" "WordPress/6.8.3; https://impuguke.com"
107.189.14.208 - - [05/Nov/2025:00:04:16 +0100] "GET /wp-login.php HTTP/1.1" 200 7136 "-" "Mozilla/5.0 (Windows NT 5.1; rv:31.0) Gecko/20100101 Firefox/31.0"
107.189.14.208 - - [05/Nov/2025:00:04:23 +0100] "POST /wp-login.php HTTP/1.1" 200 7392 "-" "Mozilla/5.0 (Windows NT 5.1; rv:31.0) Gecko/20100101 Firefox/31.0"
207.180.227.180 - - [05/Nov/2025:00:05:15 +0100] "POST /wp-cron.php?doing_wp_cron=1762297514.9093880653381347656250 HTTP/1.1" 508 288 "-" "WordPress/6.8.3; https://impuguke.com"
57.141.0.6 - - [05/Nov/2025:00:05:04 +0100] "GET /2025/10/13/rayon-sports-ivugwamo-umutoza-mushya-yahagaritse-uwari-umutoza-wayo/ HTTP/1.1" 200 162475 "-" "meta-externalagent/1.1 (+https://developers.facebook.com/docs/sharing/webmasters/crawler)"
114.119.139.148 - - [05/Nov/2025:00:05:12 +0100] "GET /?o=47026860051620 HTTP/1.1" 200 203390 "https://impuguke.com/sitemap_index.xml" "Mozilla/5.0 (Linux; Android 7.0;) AppleWebKit/537.36 (KHTML, like Gecko) Mobile Safari/537.36 (compatible; PetalBot;+https://webmaster.petalsearch.com/site/petalbot)"
114.119.140.221 - - [05/Nov/2025:00:06:38 +0100] "GET /?o=47019150021620 HTTP/1.1" 200 203390 "https://impuguke.com/sitemap_index.xml" "Mozilla/5.0 (Linux; Android 7.0;) AppleWebKit/537.36 (KHTML, like Gecko) Mobile Safari/537.36 (compatible; PetalBot;+https://webmaster.petalsearch.com/site/petalbot)"
207.180.227.180 - - [05/Nov/2025:00:06:41 +0100] "POST /wp-cron.php?doing_wp_cron=1762297601.0282499790191650390625 HTTP/1.1" 404 15727 "-" "WordPress/6.8.3; https://impuguke.com"
143.198.232.185 - - [05/Nov/2025:00:06:51 +0100] "POST /wp-login.php HTTP/1.1" 200 7333 "-" "Mozilla/5.0"
143.198.232.185 - - [05/Nov/2025:00:06:51 +0100] "POST /wp-login.php HTTP/1.1" 302 - "-" "Mozilla/5.0"
143.198.232.185 - - [05/Nov/2025:00:06:51 +0100] "POST /wp-login.php HTTP/1.1" 302 - "-" "Mozilla/5.0"
143.198.232.185 - - [05/Nov/2025:00:06:51 +0100] "POST /wp-login.php HTTP/1.1" 302 - "-" "Mozilla/5.0"
45.61.184.55 - - [05/Nov/2025:00:07:27 +0100] "GET /wp-login.php HTTP/1.1" 200 7136 "-" "Mozilla/5.0 (iPhone; CPU iPhone OS 7_0_4 like Mac OS X) AppleWebKit/537.51.1 (KHTML, like Gecko) Version/7.0 Mobile/11B554a Safari/9537.53"
45.61.184.55 - - [05/Nov/2025:00:07:34 +0100] "POST /wp-login.php HTTP/1.1" 200 7392 "-" "Mozilla/5.0 (iPhone; CPU iPhone OS 7_0_4 like Mac OS X) AppleWebKit/537.51.1 (KHTML, like Gecko) Version/7.0 Mobile/11B554a Safari/9537.53"
207.180.227.180 - - [05/Nov/2025:00:07:41 +0100] "POST /wp-cron.php?doing_wp_cron=1762297661.3207390308380126953125 HTTP/1.1" 404 16000 "-" "WordPress/6.8.3; https://impuguke.com"
114.119.132.12 - - [05/Nov/2025:00:08:00 +0100] "GET /?o=46931030021620 HTTP/1.1" 200 203390 "https://impuguke.com/sitemap_index.xml" "Mozilla/5.0 (Linux; Android 7.0;) AppleWebKit/537.36 (KHTML, like Gecko) Mobile Safari/537.36 (compatible; PetalBot;+https://webmaster.petalsearch.com/site/petalbot)"
104.244.72.193 - - [05/Nov/2025:00:08:12 +0100] "GET /wp-login.php HTTP/1.1" 200 7136 "https://www.yahoo.com/" "Mozilla/5.0 (Windows NT 10.0; Win64; x64) AppleWebKit/537.36 (KHTML, like Gecko) Chrome/118.0.5993.90 Safari/537.36 Edg/118.0.2088.76"
104.244.72.193 - - [05/Nov/2025:00:08:16 +0100] "POST /wp-login.php HTTP/1.1" 200 7392 "https://www.yahoo.com/" "Mozilla/5.0 (Windows NT 10.0; Win64; x64) AppleWebKit/537.36 (KHTML, like Gecko) Chrome/118.0.5993.90 Safari/537.36 Edg/118.0.2088.76"
167.253.159.132 - - [05/Nov/2025:00:08:23 +0100] "GET /wp-login.php HTTP/1.1" 200 7136 "-" "Mozilla/5.0 (Windows NT 6.3; WOW64; Trident/7.0; Touch; LCJB; rv:11.0) like Gecko"
114.119.132.12 - - [05/Nov/2025:00:09:23 +0100] "GET /?o=46859291021620 HTTP/1.1" 200 203390 "https://impuguke.com/sitemap_index.xml" "Mozilla/5.0 (Linux; Android 7.0;) AppleWebKit/537.36 (KHTML, like Gecko) Mobile Safari/537.36 (compatible; PetalBot;+https://webmaster.petalsearch.com/site/petalbot)"
207.180.227.180 - - [05/Nov/2025:00:09:25 +0100] "POST /wp-cron.php?doing_wp_cron=1762297765.9063279628753662109375 HTTP/1.1" 404 15727 "-" "WordPress/6.8.3; https://impuguke.com"
114.119.156.99 - - [05/Nov/2025:00:10:49 +0100] "GET /?o=46856796041620 HTTP/1.1" 200 203390 "https://impuguke.com/sitemap_index.xml" "Mozilla/5.0 (Linux; Android 7.0;) AppleWebKit/537.36 (KHTML, like Gecko) Mobile Safari/537.36 (compatible; PetalBot;+https://webmaster.petalsearch.com/site/petalbot)"
207.180.227.180 - - [05/Nov/2025:00:10:56 +0100] "POST /wp-cron.php?doing_wp_cron=1762297855.8074960708618164062500 HTTP/1.1" 404 16000 "-" "WordPress/6.8.3; https://impuguke.com"
54.39.210.53 - - [05/Nov/2025:00:11:53 +0100] "GET /robots.txt HTTP/1.1" 200 66 "-" "Mozilla/5.0 (compatible; AhrefsBot/7.0; +http://ahrefs.com/robot/)"
51.89.129.28 - - [05/Nov/2025:00:11:58 +0100] "GET /2020/03/01/top-5-most-overrated-players-in-the-premier-league-2019-20/ HTTP/1.1" 200 163280 "-" "Mozilla/5.0 (compatible; AhrefsBot/7.0; +http://ahrefs.com/robot/)"
207.180.227.180 - - [05/Nov/2025:00:12:05 +0100] "POST /wp-cron.php?doing_wp_cron=1762297925.7096829414367675781250 HTTP/1.1" 404 16000 "-" "WordPress/6.8.3; https://impuguke.com"
114.119.156.99 - - [05/Nov/2025:00:12:11 +0100] "GET /?o=46735097141620 HTTP/1.1" 200 203390 "https://impuguke.com/sitemap_index.xml" "Mozilla/5.0 (Linux; Android 7.0;) AppleWebKit/537.36 (KHTML, like Gecko) Mobile Safari/537.36 (compatible; PetalBot;+https://webmaster.petalsearch.com/site/petalbot)"
213.209.157.81 - - [05/Nov/2025:00:12:28 +0100] "GET /.env HTTP/1.1" 301 - "-" "Mozilla/5.0 (Windows NT 6.1; Win64; x64) AppleWebKit/537.36 (KHTML, like Gecko) Chrome/72.0.3626.119 Safari/537.36"
104.244.74.116 - - [05/Nov/2025:00:12:46 +0100] "GET /wp-login.php HTTP/1.1" 200 7136 "https://www.google.com/" "Mozilla/5.0 (Windows NT 10.0; Win64; x64; rv:120.0) Gecko/20100101 Firefox/120.0"
104.244.74.116 - - [05/Nov/2025:00:13:19 +0100] "POST /wp-login.php HTTP/1.1" 200 7392 "https://www.google.com/" "Mozilla/5.0 (Windows NT 10.0; Win64; x64; rv:120.0) Gecko/20100101 Firefox/120.0"
207.180.227.180 - - [05/Nov/2025:00:13:27 +0100] "POST /wp-cron.php?doing_wp_cron=1762298006.7121028900146484375000 HTTP/1.1" 404 16000 "-" "WordPress/6.8.3; https://impuguke.com"
114.119.156.99 - - [05/Nov/2025:00:13:35 +0100] "GET /?o=46728091041620 HTTP/1.1" 200 203390 "https://impuguke.com/sitemap_index.xml" "Mozilla/5.0 (Linux; Android 7.0;) AppleWebKit/537.36 (KHTML, like Gecko) Mobile Safari/537.36 (compatible; PetalBot;+https://webmaster.petalsearch.com/site/petalbot)"
114.119.139.148 - - [05/Nov/2025:00:14:59 +0100] "GET /?o=46617449001620 HTTP/1.1" 200 203390 "https://impuguke.com/sitemap_index.xml" "Mozilla/5.0 (Linux; Android 7.0;) AppleWebKit/537.36 (KHTML, like Gecko) Mobile Safari/537.36 (compatible; PetalBot;+https://webmaster.petalsearch.com/site/petalbot)"
207.180.227.180 - - [05/Nov/2025:00:15:06 +0100] "POST /wp-cron.php?doing_wp_cron=1762298106.1239991188049316406250 HTTP/1.1" 404 15727 "-" "WordPress/6.8.3; https://impuguke.com"
114.119.156.99 - - [05/Nov/2025:00:16:22 +0100] "GET /?o=46556328021620 HTTP/1.1" 200 203390 "https://impuguke.com/sitemap_index.xml" "Mozilla/5.0 (Linux; Android 7.0;) AppleWebKit/537.36 (KHTML, like Gecko) Mobile Safari/537.36 (compatible; PetalBot;+https://webmaster.petalsearch.com/site/petalbot)"
207.180.227.180 - - [05/Nov/2025:00:16:25 +0100] "POST /wp-cron.php?doing_wp_cron=1762298185.7164630889892578125000 HTTP/1.1" 404 15727 "-" "WordPress/6.8.3; https://impuguke.com"
114.119.151.208 - - [05/Nov/2025:00:17:47 +0100] "GET /?o=46541266021620 HTTP/1.1" 200 203390 "https://impuguke.com/sitemap_index.xml" "Mozilla/5.0 (Linux; Android 7.0;) AppleWebKit/537.36 (KHTML, like Gecko) Mobile Safari/537.36 (compatible; PetalBot;+https://webmaster.petalsearch.com/site/petalbot)"
207.180.227.180 - - [05/Nov/2025:00:17:57 +0100] "POST /wp-cron.php?doing_wp_cron=1762298276.9072101116180419921875 HTTP/1.1" 404 15727 "-" "WordPress/6.8.3; https://impuguke.com"
114.119.140.221 - - [05/Nov/2025:00:19:10 +0100] "GET /?o=46528638081620 HTTP/1.1" 200 203390 "https://impuguke.com/sitemap_index.xml" "Mozilla/5.0 (Linux; Android 7.0;) AppleWebKit/537.36 (KHTML, like Gecko) Mobile Safari/537.36 (compatible; PetalBot;+https://webmaster.petalsearch.com/site/petalbot)"
207.180.227.180 - - [05/Nov/2025:00:19:19 +0100] "POST /wp-cron.php?doing_wp_cron=1762298359.7128970623016357421875 HTTP/1.1" 404 15748 "-" "WordPress/6.8.3; https://impuguke.com"
98.158.94.112 - - [05/Nov/2025:00:19:52 +0100] "POST /wp-login.php HTTP/1.1" 200 7373 "-" "Mozilla/5.0 (Windows NT 10.0; Win64; x64; rv:99.0) Gecko/20100101 Firefox/99.0"
114.119.129.233 - - [05/Nov/2025:00:20:34 +0100] "GET /?o=46457881021620 HTTP/1.1" 200 203390 "https://impuguke.com/sitemap_index.xml" "Mozilla/5.0 (Linux; Android 7.0;) AppleWebKit/537.36 (KHTML, like Gecko) Mobile Safari/537.36 (compatible; PetalBot;+https://webmaster.petalsearch.com/site/petalbot)"
207.180.227.180 - - [05/Nov/2025:00:20:36 +0100] "POST /wp-cron.php?doing_wp_cron=1762298436.3426449298858642578125 HTTP/1.1" 404 16000 "-" "WordPress/6.8.3; https://impuguke.com"
114.119.132.12 - - [05/Nov/2025:00:22:02 +0100] "GET /?o=46328860021620 HTTP/1.1" 200 203390 "https://impuguke.com/sitemap_index.xml" "Mozilla/5.0 (Linux; Android 7.0;) AppleWebKit/537.36 (KHTML, like Gecko) Mobile Safari/537.36 (compatible; PetalBot;+https://webmaster.petalsearch.com/site/petalbot)"
207.180.227.180 - - [05/Nov/2025:00:22:05 +0100] "POST /wp-cron.php?doing_wp_cron=1762298525.6215009689331054687500 HTTP/1.1" 404 15727 "-" "WordPress/6.8.3; https://impuguke.com"
114.119.139.148 - - [05/Nov/2025:00:23:23 +0100] "GET /?o=46176698051620 HTTP/1.1" 200 203390 "https://impuguke.com/sitemap_index.xml" "Mozilla/5.0 (Linux; Android 7.0;) AppleWebKit/537.36 (KHTML, like Gecko) Mobile Safari/537.36 (compatible; PetalBot;+https://webmaster.petalsearch.com/site/petalbot)"
207.180.227.180 - - [05/Nov/2025:00:23:26 +0100] "POST /wp-cron.php?doing_wp_cron=1762298606.3067510128021240234375 HTTP/1.1" 404 15727 "-" "WordPress/6.8.3; https://impuguke.com"
114.119.156.99 - - [05/Nov/2025:00:24:47 +0100] "GET /?o=46106431031620 HTTP/1.1" 200 203390 "https://impuguke.com/sitemap_index.xml" "Mozilla/5.0 (Linux; Android 7.0;) AppleWebKit/537.36 (KHTML, like Gecko) Mobile Safari/537.36 (compatible; PetalBot;+https://webmaster.petalsearch.com/site/petalbot)"
207.180.227.180 - - [05/Nov/2025:00:24:50 +0100] "POST /wp-cron.php?doing_wp_cron=1762298690.1229031085968017578125 HTTP/1.1" 404 15727 "-" "WordPress/6.8.3; https://impuguke.com"
114.119.129.233 - - [05/Nov/2025:00:26:10 +0100] "GET /?o=4594683081620 HTTP/1.1" 200 203387 "https://impuguke.com/sitemap_index.xml" "Mozilla/5.0 (Linux; Android 7.0;) AppleWebKit/537.36 (KHTML, like Gecko) Mobile Safari/537.36 (compatible; PetalBot;+https://webmaster.petalsearch.com/site/petalbot)"
207.180.227.180 - - [05/Nov/2025:00:26:17 +0100] "POST /wp-cron.php?doing_wp_cron=1762298776.9215989112854003906250 HTTP/1.1" 404 15727 "-" "WordPress/6.8.3; https://impuguke.com"
207.180.227.180 - - [05/Nov/2025:00:27:39 +0100] "POST /wp-cron.php?doing_wp_cron=1762298859.4140861034393310546875 HTTP/1.1" 508 288 "-" "WordPress/6.8.3; https://impuguke.com"
50.63.134.83 - - [05/Nov/2025:00:27:32 +0100] "GET /wp-login.php HTTP/1.1" 200 7136 "-" "Mozilla/5.0 (Macintosh; Intel Mac OS X 10_13_1) AppleWebKit/537.36 (KHTML, like Gecko) Chrome/65.0.3325.162 Safari/537.36"
207.180.227.180 - - [05/Nov/2025:00:27:45 +0100] "POST /wp-cron.php?doing_wp_cron=1762298865.3194110393524169921875 HTTP/1.1" 508 288 "-" "WordPress/6.8.3; https://impuguke.com"
114.119.132.12 - - [05/Nov/2025:00:27:35 +0100] "GET /?o=45919385011620 HTTP/1.1" 200 203390 "https://impuguke.com/sitemap_index.xml" "Mozilla/5.0 (Linux; Android 7.0;) AppleWebKit/537.36 (KHTML, like Gecko) Mobile Safari/537.36 (compatible; PetalBot;+https://webmaster.petalsearch.com/site/petalbot)"
50.63.134.83 - - [05/Nov/2025:00:27:42 +0100] "POST /wp-login.php HTTP/1.1" 200 7392 "https://impuguke.com/wp-login.php" "Mozilla/5.0 (Macintosh; Intel Mac OS X 10_13_1) AppleWebKit/537.36 (KHTML, like Gecko) Chrome/65.0.3325.162 Safari/537.36"
114.119.151.208 - - [05/Nov/2025:00:28:58 +0100] "GET /?o=45839161081620 HTTP/1.1" 200 203390 "https://impuguke.com/sitemap_index.xml" "Mozilla/5.0 (Linux; Android 7.0;) AppleWebKit/537.36 (KHTML, like Gecko) Mobile Safari/537.36 (compatible; PetalBot;+https://webmaster.petalsearch.com/site/petalbot)"
207.180.227.180 - - [05/Nov/2025:00:29:05 +0100] "POST /wp-cron.php?doing_wp_cron=1762298945.0228919982910156250000 HTTP/1.1" 404 15727 "-" "WordPress/6.8.3; https://impuguke.com"
114.119.140.221 - - [05/Nov/2025:00:30:21 +0100] "GET /?o=4576529131620 HTTP/1.1" 200 203387 "https://impuguke.com/sitemap_index.xml" "Mozilla/5.0 (Linux; Android 7.0;) AppleWebKit/537.36 (KHTML, like Gecko) Mobile Safari/537.36 (compatible; PetalBot;+https://webmaster.petalsearch.com/site/petalbot)"
207.180.227.180 - - [05/Nov/2025:00:31:53 +0100] "POST /wp-cron.php?doing_wp_cron=1762299112.9092381000518798828125 HTTP/1.1" 508 288 "-" "WordPress/6.8.3; https://impuguke.com"
114.119.151.208 - - [05/Nov/2025:00:31:45 +0100] "GET /?o=45701532031620 HTTP/1.1" 200 203390 "https://impuguke.com/sitemap_index.xml" "Mozilla/5.0 (Linux; Android 7.0;) AppleWebKit/537.36 (KHTML, like Gecko) Mobile Safari/537.36 (compatible; PetalBot;+https://webmaster.petalsearch.com/site/petalbot)"
207.180.227.180 - - [05/Nov/2025:00:33:21 +0100] "POST /wp-cron.php?doing_wp_cron=1762299201.7078869342803955078125 HTTP/1.1" 508 288 "-" "WordPress/6.8.3; https://impuguke.com"
114.119.129.233 - - [05/Nov/2025:00:33:14 +0100] "GET /?o=45640062021620 HTTP/1.1" 200 203390 "https://impuguke.com/sitemap_index.xml" "Mozilla/5.0 (Linux; Android 7.0;) AppleWebKit/537.36 (KHTML, like Gecko) Mobile Safari/537.36 (compatible; PetalBot;+https://webmaster.petalsearch.com/site/petalbot)"
114.119.129.233 - - [05/Nov/2025:00:34:32 +0100] "GET /?o=45446358051620 HTTP/1.1" 200 203390 "https://impuguke.com/sitemap_index.xml" "Mozilla/5.0 (Linux; Android 7.0;) AppleWebKit/537.36 (KHTML, like Gecko) Mobile Safari/537.36 (compatible; PetalBot;+https://webmaster.petalsearch.com/site/petalbot)"
207.180.227.180 - - [05/Nov/2025:00:34:39 +0100] "POST /wp-cron.php?doing_wp_cron=1762299279.6150829792022705078125 HTTP/1.1" 404 15727 "-" "WordPress/6.8.3; https://impuguke.com"
207.180.227.180 - - [05/Nov/2025:00:36:04 +0100] "POST /wp-cron.php?doing_wp_cron=1762299363.5149250030517578125000 HTTP/1.1" 508 288 "-" "WordPress/6.8.3; https://impuguke.com"
114.119.156.99 - - [05/Nov/2025:00:35:55 +0100] "GET /?o=4543700041620 HTTP/1.1" 200 203387 "https://impuguke.com/sitemap_index.xml" "Mozilla/5.0 (Linux; Android 7.0;) AppleWebKit/537.36 (KHTML, like Gecko) Mobile Safari/537.36 (compatible; PetalBot;+https://webmaster.petalsearch.com/site/petalbot)"
51.195.183.21 - - [05/Nov/2025:00:35:59 +0100] "GET /category/home/ahabanza/amakuru/page/3/ HTTP/1.1" 200 163776 "-" "Mozilla/5.0 (compatible; AhrefsBot/7.0; +http://ahrefs.com/robot/)"
207.180.227.180 - - [05/Nov/2025:00:36:09 +0100] "POST /wp-cron.php?doing_wp_cron=1762299368.9067389965057373046875 HTTP/1.1" 404 16000 "-" "WordPress/6.8.3; https://impuguke.com"
104.244.74.116 - - [05/Nov/2025:00:37:18 +0100] "GET /wp-login.php HTTP/1.1" 200 7136 "https://www.google.com/" "Mozilla/5.0 (iPhone; CPU iPhone OS 17_0 like Mac OS X) AppleWebKit/605.1.15 (KHTML, like Gecko) Version/17.0 Mobile/15E148 Safari/604.1"
207.180.227.180 - - [05/Nov/2025:00:37:20 +0100] "POST /wp-cron.php?doing_wp_cron=1762299440.0068490505218505859375 HTTP/1.1" 404 15727 "-" "WordPress/6.8.3; https://impuguke.com"
114.119.132.12 - - [05/Nov/2025:00:37:19 +0100] "GET /?o=45396989091620 HTTP/1.1" 200 203390 "https://impuguke.com/sitemap_index.xml" "Mozilla/5.0 (Linux; Android 7.0;) AppleWebKit/537.36 (KHTML, like Gecko) Mobile Safari/537.36 (compatible; PetalBot;+https://webmaster.petalsearch.com/site/petalbot)"
104.244.74.116 - - [05/Nov/2025:00:37:57 +0100] "POST /wp-login.php HTTP/1.1" 200 7392 "https://www.google.com/" "Mozilla/5.0 (iPhone; CPU iPhone OS 17_0 like Mac OS X) AppleWebKit/605.1.15 (KHTML, like Gecko) Version/17.0 Mobile/15E148 Safari/604.1"
209.141.57.89 - - [05/Nov/2025:00:38:40 +0100] "GET /wp-login.php HTTP/1.1" 200 7136 "-" "Mozilla/5.0 (Macintosh; Intel Mac OS X 10_9_0) AppleWebKit/537.36 (KHTML, like Gecko) Chrome/36.0.1985.125 Safari/537.36"
207.180.227.180 - - [05/Nov/2025:00:39:20 +0100] "POST /wp-cron.php?doing_wp_cron=1762299560.0095739364624023437500 HTTP/1.1" 500 - "-" "WordPress/6.8.3; https://impuguke.com"
207.180.227.180 - - [05/Nov/2025:00:39:20 +0100] "POST /wp-cron.php?doing_wp_cron=1762299560.0084149837493896484375 HTTP/1.1" 404 16000 "-" "WordPress/6.8.3; https://impuguke.com"
114.119.151.208 - - [05/Nov/2025:00:38:43 +0100] "GET /?o=45282700001620 HTTP/1.1" 500 203390 "https://impuguke.com/sitemap_index.xml" "Mozilla/5.0 (Linux; Android 7.0;) AppleWebKit/537.36 (KHTML, like Gecko) Mobile Safari/537.36 (compatible; PetalBot;+https://webmaster.petalsearch.com/site/petalbot)"
34.238.126.90 - - [05/Nov/2025:00:39:31 +0100] "GET / HTTP/1.1" 200 131072 "-" "Mozilla/5.0 (Windows NT 10.0; Win64; x64) AppleWebKit/537.36 (KHTML, like Gecko) Chrome/58.0.3029.110 Safari/537.3"
114.119.151.208 - - [05/Nov/2025:00:40:10 +0100] "GET /?o=45248593031620 HTTP/1.1" 200 203390 "https://impuguke.com/sitemap_index.xml" "Mozilla/5.0 (Linux; Android 7.0;) AppleWebKit/537.36 (KHTML, like Gecko) Mobile Safari/537.36 (compatible; PetalBot;+https://webmaster.petalsearch.com/site/petalbot)"
114.119.132.12 - - [05/Nov/2025:00:41:29 +0100] "GET /?o=45235451071620 HTTP/1.1" 200 203390 "https://impuguke.com/sitemap_index.xml" "Mozilla/5.0 (Linux; Android 7.0;) AppleWebKit/537.36 (KHTML, like Gecko) Mobile Safari/537.36 (compatible; PetalBot;+https://webmaster.petalsearch.com/site/petalbot)"
207.180.227.180 - - [05/Nov/2025:00:41:32 +0100] "POST /wp-cron.php?doing_wp_cron=1762299692.6321630477905273437500 HTTP/1.1" 404 15727 "-" "WordPress/6.8.3; https://impuguke.com"
114.119.146.107 - - [05/Nov/2025:00:42:57 +0100] "GET /?o=45228645041620 HTTP/1.1" 200 203390 "https://impuguke.com/sitemap_index.xml" "Mozilla/5.0 (Linux; Android 7.0;) AppleWebKit/537.36 (KHTML, like Gecko) Mobile Safari/537.36 (compatible; PetalBot;+https://webmaster.petalsearch.com/site/petalbot)"
207.180.227.180 - - [05/Nov/2025:00:43:00 +0100] "POST /wp-cron.php?doing_wp_cron=1762299780.4134449958801269531250 HTTP/1.1" 404 15727 "-" "WordPress/6.8.3; https://impuguke.com"
114.119.151.208 - - [05/Nov/2025:00:44:17 +0100] "GET /?o=45202515011620 HTTP/1.1" 200 203390 "https://impuguke.com/sitemap_index.xml" "Mozilla/5.0 (Linux; Android 7.0;) AppleWebKit/537.36 (KHTML, like Gecko) Mobile Safari/537.36 (compatible; PetalBot;+https://webmaster.petalsearch.com/site/petalbot)"
207.180.227.180 - - [05/Nov/2025:00:44:23 +0100] "POST /wp-cron.php?doing_wp_cron=1762299862.8654839992523193359375 HTTP/1.1" 404 15727 "-" "WordPress/6.8.3; https://impuguke.com"
114.119.140.221 - - [05/Nov/2025:00:45:41 +0100] "GET /?o=45153437021620 HTTP/1.1" 200 203390 "https://impuguke.com/sitemap_index.xml" "Mozilla/5.0 (Linux; Android 7.0;) AppleWebKit/537.36 (KHTML, like Gecko) Mobile Safari/537.36 (compatible; PetalBot;+https://webmaster.petalsearch.com/site/petalbot)"
207.180.227.180 - - [05/Nov/2025:00:45:49 +0100] "POST /wp-cron.php?doing_wp_cron=1762299949.3595728874206542968750 HTTP/1.1" 404 16000 "-" "WordPress/6.8.3; https://impuguke.com"
45.61.184.55 - - [05/Nov/2025:00:46:26 +0100] "GET /wp-login.php HTTP/1.1" 200 7136 "-" "Mozilla/5.0 (Windows NT 5.1) AppleWebKit/537.36 (KHTML, like Gecko) Chrome/36.0.1985.125 Safari/537.36"
45.61.184.55 - - [05/Nov/2025:00:46:38 +0100] "POST /wp-login.php HTTP/1.1" 200 7392 "-" "Mozilla/5.0 (Windows NT 5.1) AppleWebKit/537.36 (KHTML, like Gecko) Chrome/36.0.1985.125 Safari/537.36"
207.180.227.180 - - [05/Nov/2025:00:47:14 +0100] "POST /wp-cron.php?doing_wp_cron=1762300034.6880950927734375000000 HTTP/1.1" 508 288 "-" "WordPress/6.8.3; https://impuguke.com"
114.119.140.221 - - [05/Nov/2025:00:47:05 +0100] "GET /?o=48093698011620 HTTP/1.1" 200 203390 "https://impuguke.com/sitemap_index.xml" "Mozilla/5.0 (Linux; Android 7.0;) AppleWebKit/537.36 (KHTML, like Gecko) Mobile Safari/537.36 (compatible; PetalBot;+https://webmaster.petalsearch.com/site/petalbot)"
114.119.151.208 - - [05/Nov/2025:00:48:31 +0100] "GET /?o=47935005101620 HTTP/1.1" 200 203390 "https://impuguke.com/sitemap_index.xml" "Mozilla/5.0 (Linux; Android 7.0;) AppleWebKit/537.36 (KHTML, like Gecko) Mobile Safari/537.36 (compatible; PetalBot;+https://webmaster.petalsearch.com/site/petalbot)"
207.180.227.180 - - [05/Nov/2025:00:48:36 +0100] "POST /wp-cron.php?doing_wp_cron=1762300116.2637579441070556640625 HTTP/1.1" 404 16000 "-" "WordPress/6.8.3; https://impuguke.com"
114.119.140.221 - - [05/Nov/2025:00:49:55 +0100] "GET /?o=45282700001620 HTTP/1.1" 200 203390 "https://impuguke.com/sitemap_index.xml" "Mozilla/5.0 (Linux; Android 7.0;) AppleWebKit/537.36 (KHTML, like Gecko) Mobile Safari/537.36 (compatible; PetalBot;+https://webmaster.petalsearch.com/site/petalbot)"
207.180.227.180 - - [05/Nov/2025:00:49:57 +0100] "POST /wp-cron.php?doing_wp_cron=1762300197.6621479988098144531250 HTTP/1.1" 404 15727 "-" "WordPress/6.8.3; https://impuguke.com"
128.199.157.207 - - [05/Nov/2025:00:50:05 +0100] "GET /wp-login.php HTTP/1.1" 200 7136 "-" "Mozilla/5.0 (Windows NT 6.1; WOW64) AppleWebKit/537.36 (KHTML, like Gecko) Chrome/65.0.3325.146 Safari/537.36"
128.199.157.207 - - [05/Nov/2025:00:50:17 +0100] "POST /wp-login.php HTTP/1.1" 200 7392 "https://impuguke.com/wp-login.php" "Mozilla/5.0 (Windows NT 6.1; WOW64) AppleWebKit/537.36 (KHTML, like Gecko) Chrome/65.0.3325.146 Safari/537.36"
114.119.132.12 - - [05/Nov/2025:00:51:18 +0100] "GET /?o=45085603131620 HTTP/1.1" 200 203390 "https://impuguke.com/sitemap_index.xml" "Mozilla/5.0 (Linux; Android 7.0;) AppleWebKit/537.36 (KHTML, like Gecko) Mobile Safari/537.36 (compatible; PetalBot;+https://webmaster.petalsearch.com/site/petalbot)"
207.180.227.180 - - [05/Nov/2025:00:51:27 +0100] "POST /wp-cron.php?doing_wp_cron=1762300287.1680281162261962890625 HTTP/1.1" 404 15727 "-" "WordPress/6.8.3; https://impuguke.com"
114.119.146.107 - - [05/Nov/2025:00:52:42 +0100] "GET /?o=45076223001620 HTTP/1.1" 200 203390 "https://impuguke.com/sitemap_index.xml" "Mozilla/5.0 (Linux; Android 7.0;) AppleWebKit/537.36 (KHTML, like Gecko) Mobile Safari/537.36 (compatible; PetalBot;+https://webmaster.petalsearch.com/site/petalbot)"
207.180.227.180 - - [05/Nov/2025:00:52:50 +0100] "POST /wp-cron.php?doing_wp_cron=1762300370.3623759746551513671875 HTTP/1.1" 404 15727 "-" "WordPress/6.8.3; https://impuguke.com"
114.119.151.208 - - [05/Nov/2025:00:54:06 +0100] "GET /?o=45011225021620 HTTP/1.1" 200 203390 "https://impuguke.com/sitemap_index.xml" "Mozilla/5.0 (Linux; Android 7.0;) AppleWebKit/537.36 (KHTML, like Gecko) Mobile Safari/537.36 (compatible; PetalBot;+https://webmaster.petalsearch.com/site/petalbot)"
207.180.227.180 - - [05/Nov/2025:00:54:12 +0100] "POST /wp-cron.php?doing_wp_cron=1762300452.1603710651397705078125 HTTP/1.1" 404 15727 "-" "WordPress/6.8.3; https://impuguke.com"
178.254.39.80 - - [05/Nov/2025:00:54:28 +0100] "POST /wp-login.php HTTP/1.1" 200 7373 "-" "Mozilla/5.0 (Windows NT 10.0; Win64; x64; rv:87.0) Gecko/20100101 Firefox/87.0"
114.119.140.221 - - [05/Nov/2025:00:55:29 +0100] "GET /?o=44992292001620 HTTP/1.1" 200 203390 "https://impuguke.com/sitemap_index.xml" "Mozilla/5.0 (Linux; Android 7.0;) AppleWebKit/537.36 (KHTML, like Gecko) Mobile Safari/537.36 (compatible; PetalBot;+https://webmaster.petalsearch.com/site/petalbot)"
207.180.227.180 - - [05/Nov/2025:00:55:31 +0100] "POST /wp-cron.php?doing_wp_cron=1762300531.5784699916839599609375 HTTP/1.1" 404 15727 "-" "WordPress/6.8.3; https://impuguke.com"
114.119.139.148 - - [05/Nov/2025:00:56:54 +0100] "GET /?o=44960065041620 HTTP/1.1" 200 203390 "https://impuguke.com/sitemap_index.xml" "Mozilla/5.0 (Linux; Android 7.0;) AppleWebKit/537.36 (KHTML, like Gecko) Mobile Safari/537.36 (compatible; PetalBot;+https://webmaster.petalsearch.com/site/petalbot)"
207.180.227.180 - - [05/Nov/2025:00:57:01 +0100] "POST /wp-cron.php?doing_wp_cron=1762300621.2824831008911132812500 HTTP/1.1" 404 15727 "-" "WordPress/6.8.3; https://impuguke.com"
114.119.151.208 - - [05/Nov/2025:00:58:17 +0100] "GET /?o=44887214001620 HTTP/1.1" 200 203390 "https://impuguke.com/sitemap_index.xml" "Mozilla/5.0 (Linux; Android 7.0;) AppleWebKit/537.36 (KHTML, like Gecko) Mobile Safari/537.36 (compatible; PetalBot;+https://webmaster.petalsearch.com/site/petalbot)"
207.180.227.180 - - [05/Nov/2025:00:58:25 +0100] "POST /wp-cron.php?doing_wp_cron=1762300705.6609570980072021484375 HTTP/1.1" 404 15727 "-" "WordPress/6.8.3; https://impuguke.com"
198.244.168.120 - - [05/Nov/2025:00:59:19 +0100] "GET /2025/09/30/mbape-yongeye-kwandika-amateka-mu-mukino-real-madrid-yatsinzemo-ibitego-5-0/ HTTP/1.1" 200 163891 "-" "Mozilla/5.0 (compatible; AhrefsBot/7.0; +http://ahrefs.com/robot/)"
207.180.227.180 - - [05/Nov/2025:00:59:28 +0100] "POST /wp-cron.php?doing_wp_cron=1762300767.9565570354461669921875 HTTP/1.1" 404 16000 "-" "WordPress/6.8.3; https://impuguke.com"
114.119.129.233 - - [05/Nov/2025:00:59:42 +0100] "GET /?o=44762155081620 HTTP/1.1" 200 203390 "https://impuguke.com/sitemap_index.xml" "Mozilla/5.0 (Linux; Android 7.0;) AppleWebKit/537.36 (KHTML, like Gecko) Mobile Safari/537.36 (compatible; PetalBot;+https://webmaster.petalsearch.com/site/petalbot)"
114.119.132.12 - - [05/Nov/2025:01:01:04 +0100] "GET /?o=44727352021620 HTTP/1.1" 200 203390 "https://impuguke.com/sitemap_index.xml" "Mozilla/5.0 (Linux; Android 7.0;) AppleWebKit/537.36 (KHTML, like Gecko) Mobile Safari/537.36 (compatible; PetalBot;+https://webmaster.petalsearch.com/site/petalbot)"
207.180.227.180 - - [05/Nov/2025:01:01:12 +0100] "POST /wp-cron.php?doing_wp_cron=1762300872.5619840621948242187500 HTTP/1.1" 404 16000 "-" "WordPress/6.8.3; https://impuguke.com"
209.141.61.56 - - [05/Nov/2025:01:01:21 +0100] "GET /wp-login.php HTTP/1.1" 200 7136 "https://www.bing.com/" "Mozilla/5.0 (Windows NT 10.0; Win64; x64) AppleWebKit/537.36 (KHTML, like Gecko) Chrome/118.0.5993.117 Safari/537.36"
184.94.213.64 - - [05/Nov/2025:01:01:30 +0100] "GET /wp-login.php HTTP/1.1" 200 7136 "-" "Mozilla/5.0 (Windows NT 10.0; WOW64) AppleWebKit/537.36 (KHTML, like Gecko) Chrome/66.0.3359.170 Safari/537.36 OPR/53.0.2907.99"
184.94.213.64 - - [05/Nov/2025:01:01:38 +0100] "POST /wp-login.php HTTP/1.1" 200 7392 "https://impuguke.com/wp-login.php" "Mozilla/5.0 (Windows NT 10.0; WOW64) AppleWebKit/537.36 (KHTML, like Gecko) Chrome/66.0.3359.170 Safari/537.36 OPR/53.0.2907.99"
114.119.146.107 - - [05/Nov/2025:01:02:28 +0100] "GET /?o=44585331021620 HTTP/1.1" 200 203390 "https://impuguke.com/sitemap_index.xml" "Mozilla/5.0 (Linux; Android 7.0;) AppleWebKit/537.36 (KHTML, like Gecko) Mobile Safari/537.36 (compatible; PetalBot;+https://webmaster.petalsearch.com/site/petalbot)"
207.180.227.180 - - [05/Nov/2025:01:02:30 +0100] "POST /wp-cron.php?doing_wp_cron=1762300950.4640429019927978515625 HTTP/1.1" 404 15727 "-" "WordPress/6.8.3; https://impuguke.com"
114.119.129.233 - - [05/Nov/2025:01:03:52 +0100] "GET /?o=44560777071620 HTTP/1.1" 200 203390 "https://impuguke.com/sitemap_index.xml" "Mozilla/5.0 (Linux; Android 7.0;) AppleWebKit/537.36 (KHTML, like Gecko) Mobile Safari/537.36 (compatible; PetalBot;+https://webmaster.petalsearch.com/site/petalbot)"
207.180.227.180 - - [05/Nov/2025:01:03:57 +0100] "POST /wp-cron.php?doing_wp_cron=1762301037.6649100780487060546875 HTTP/1.1" 404 15727 "-" "WordPress/6.8.3; https://impuguke.com"
209.141.61.56 - - [05/Nov/2025:01:04:50 +0100] "POST /wp-login.php HTTP/1.1" 200 7392 "https://www.bing.com/" "Mozilla/5.0 (Windows NT 10.0; Win64; x64) AppleWebKit/537.36 (KHTML, like Gecko) Chrome/118.0.5993.117 Safari/537.36"
114.119.154.87 - - [05/Nov/2025:01:05:15 +0100] "GET /?o=44527746011620 HTTP/1.1" 200 203390 "https://impuguke.com/sitemap_index.xml" "Mozilla/5.0 (Linux; Android 7.0;) AppleWebKit/537.36 (KHTML, like Gecko) Mobile Safari/537.36 (compatible; PetalBot;+https://webmaster.petalsearch.com/site/petalbot)"
207.180.227.180 - - [05/Nov/2025:01:05:22 +0100] "POST /wp-cron.php?doing_wp_cron=1762301122.1694800853729248046875 HTTP/1.1" 404 16000 "-" "WordPress/6.8.3; https://impuguke.com"
114.119.156.99 - - [05/Nov/2025:01:06:39 +0100] "GET /?o=44513685021620 HTTP/1.1" 200 203390 "https://impuguke.com/sitemap_index.xml" "Mozilla/5.0 (Linux; Android 7.0;) AppleWebKit/537.36 (KHTML, like Gecko) Mobile Safari/537.36 (compatible; PetalBot;+https://webmaster.petalsearch.com/site/petalbot)"
207.180.227.180 - - [05/Nov/2025:01:06:46 +0100] "POST /wp-cron.php?doing_wp_cron=1762301206.6713099479675292968750 HTTP/1.1" 404 15727 "-" "WordPress/6.8.3; https://impuguke.com"
185.191.171.14 - - [05/Nov/2025:01:07:55 +0100] "GET /robots.txt HTTP/1.1" 200 170 "-" "Mozilla/5.0 (compatible; SemrushBot/7~bl; +http://www.semrush.com/bot.html)"
114.119.132.12 - - [05/Nov/2025:01:08:02 +0100] "GET /?o=44464300071620 HTTP/1.1" 200 203390 "https://impuguke.com/sitemap_index.xml" "Mozilla/5.0 (Linux; Android 7.0;) AppleWebKit/537.36 (KHTML, like Gecko) Mobile Safari/537.36 (compatible; PetalBot;+https://webmaster.petalsearch.com/site/petalbot)"
207.180.227.180 - - [05/Nov/2025:01:08:03 +0100] "POST /wp-cron.php?doing_wp_cron=1762301283.5588779449462890625000 HTTP/1.1" 404 16000 "-" "WordPress/6.8.3; https://impuguke.com"
85.208.96.205 - - [05/Nov/2025:01:08:05 +0100] "GET /category/home/ahabanza/page/6/ HTTP/1.1" 200 146262 "-" "Mozilla/5.0 (compatible; SemrushBot/7~bl; +http://www.semrush.com/bot.html)"
207.180.227.180 - - [05/Nov/2025:01:09:37 +0100] "POST /wp-cron.php?doing_wp_cron=1762301377.4600090980529785156250 HTTP/1.1" 508 288 "-" "WordPress/6.8.3; https://impuguke.com"
114.119.139.148 - - [05/Nov/2025:01:09:26 +0100] "GET /?o=44441481051620 HTTP/1.1" 200 203390 "https://impuguke.com/sitemap_index.xml" "Mozilla/5.0 (Linux; Android 7.0;) AppleWebKit/537.36 (KHTML, like Gecko) Mobile Safari/537.36 (compatible; PetalBot;+https://webmaster.petalsearch.com/site/petalbot)"
114.119.146.107 - - [05/Nov/2025:01:10:50 +0100] "GET /?o=44437895011620 HTTP/1.1" 200 203390 "https://impuguke.com/sitemap_index.xml" "Mozilla/5.0 (Linux; Android 7.0;) AppleWebKit/537.36 (KHTML, like Gecko) Mobile Safari/537.36 (compatible; PetalBot;+https://webmaster.petalsearch.com/site/petalbot)"
207.180.227.180 - - [05/Nov/2025:01:10:57 +0100] "POST /wp-cron.php?doing_wp_cron=1762301457.5689160823822021484375 HTTP/1.1" 404 15748 "-" "WordPress/6.8.3; https://impuguke.com"
114.119.140.221 - - [05/Nov/2025:01:12:13 +0100] "GET /?o=44382231021620 HTTP/1.1" 200 203390 "https://impuguke.com/sitemap_index.xml" "Mozilla/5.0 (Linux; Android 7.0;) AppleWebKit/537.36 (KHTML, like Gecko) Mobile Safari/537.36 (compatible; PetalBot;+https://webmaster.petalsearch.com/site/petalbot)"
207.180.227.180 - - [05/Nov/2025:01:12:15 +0100] "POST /wp-cron.php?doing_wp_cron=1762301535.4575140476226806640625 HTTP/1.1" 404 16000 "-" "WordPress/6.8.3; https://impuguke.com"
114.119.139.148 - - [05/Nov/2025:01:13:37 +0100] "GET /?o=44333581021620 HTTP/1.1" 200 203390 "https://impuguke.com/sitemap_index.xml" "Mozilla/5.0 (Linux; Android 7.0;) AppleWebKit/537.36 (KHTML, like Gecko) Mobile Safari/537.36 (compatible; PetalBot;+https://webmaster.petalsearch.com/site/petalbot)"
207.180.227.180 - - [05/Nov/2025:01:13:39 +0100] "POST /wp-cron.php?doing_wp_cron=1762301619.6811380386352539062500 HTTP/1.1" 404 16000 "-" "WordPress/6.8.3; https://impuguke.com"
114.119.146.107 - - [05/Nov/2025:01:15:01 +0100] "GET /?o=44284451021620 HTTP/1.1" 200 203390 "https://impuguke.com/sitemap_index.xml" "Mozilla/5.0 (Linux; Android 7.0;) AppleWebKit/537.36 (KHTML, like Gecko) Mobile Safari/537.36 (compatible; PetalBot;+https://webmaster.petalsearch.com/site/petalbot)"
207.180.227.180 - - [05/Nov/2025:01:15:05 +0100] "POST /wp-cron.php?doing_wp_cron=1762301704.8949499130249023437500 HTTP/1.1" 404 15727 "-" "WordPress/6.8.3; https://impuguke.com"
207.180.227.180 - - [05/Nov/2025:01:16:32 +0100] "POST /wp-cron.php?doing_wp_cron=1762301792.1582520008087158203125 HTTP/1.1" 508 288 "-" "WordPress/6.8.3; https://impuguke.com"
114.119.156.99 - - [05/Nov/2025:01:16:24 +0100] "GET /?o=44274209061620 HTTP/1.1" 200 203390 "https://impuguke.com/sitemap_index.xml" "Mozilla/5.0 (Linux; Android 7.0;) AppleWebKit/537.36 (KHTML, like Gecko) Mobile Safari/537.36 (compatible; PetalBot;+https://webmaster.petalsearch.com/site/petalbot)"
45.61.187.69 - - [05/Nov/2025:01:17:31 +0100] "GET /wp-login.php HTTP/1.1" 200 7136 "https://www.google.com/" "Mozilla/5.0 (Windows NT 10.0; Win64; x64) AppleWebKit/537.36 (KHTML, like Gecko) Chrome/118.0.5993.117 Safari/537.36"
207.180.227.180 - - [05/Nov/2025:01:17:38 +0100] "POST /wp-cron.php?doing_wp_cron=1762301858.3615300655364990234375 HTTP/1.1" 404 16000 "-" "WordPress/6.8.3; https://impuguke.com"
114.119.139.148 - - [05/Nov/2025:01:17:47 +0100] "GET /?o=44258190011620 HTTP/1.1" 200 203390 "https://impuguke.com/sitemap_index.xml" "Mozilla/5.0 (Linux; Android 7.0;) AppleWebKit/537.36 (KHTML, like Gecko) Mobile Safari/537.36 (compatible; PetalBot;+https://webmaster.petalsearch.com/site/petalbot)"
114.119.129.233 - - [05/Nov/2025:01:19:17 +0100] "GET /?o=44242875001620 HTTP/1.1" 200 203390 "https://impuguke.com/sitemap_index.xml" "Mozilla/5.0 (Linux; Android 7.0;) AppleWebKit/537.36 (KHTML, like Gecko) Mobile Safari/537.36 (compatible; PetalBot;+https://webmaster.petalsearch.com/site/petalbot)"
207.180.227.180 - - [05/Nov/2025:01:19:19 +0100] "POST /wp-cron.php?doing_wp_cron=1762301959.6776111125946044921875 HTTP/1.1" 404 15727 "-" "WordPress/6.8.3; https://impuguke.com"
45.61.187.69 - - [05/Nov/2025:01:19:40 +0100] "POST /wp-login.php HTTP/1.1" 200 7392 "https://www.google.com/" "Mozilla/5.0 (Windows NT 10.0; Win64; x64) AppleWebKit/537.36 (KHTML, like Gecko) Chrome/118.0.5993.117 Safari/537.36"
114.119.151.208 - - [05/Nov/2025:01:20:36 +0100] "GET /?o=44179072061620 HTTP/1.1" 200 203390 "https://impuguke.com/sitemap_index.xml" "Mozilla/5.0 (Linux; Android 7.0;) AppleWebKit/537.36 (KHTML, like Gecko) Mobile Safari/537.36 (compatible; PetalBot;+https://webmaster.petalsearch.com/site/petalbot)"
207.180.227.180 - - [05/Nov/2025:01:20:40 +0100] "POST /wp-cron.php?doing_wp_cron=1762302040.0633990764617919921875 HTTP/1.1" 404 15727 "-" "WordPress/6.8.3; https://impuguke.com"
114.119.156.99 - - [05/Nov/2025:01:21:58 +0100] "GET /?o=43868799041620 HTTP/1.1" 200 203390 "https://impuguke.com/sitemap_index.xml" "Mozilla/5.0 (Linux; Android 7.0;) AppleWebKit/537.36 (KHTML, like Gecko) Mobile Safari/537.36 (compatible; PetalBot;+https://webmaster.petalsearch.com/site/petalbot)"
207.180.227.180 - - [05/Nov/2025:01:22:02 +0100] "POST /wp-cron.php?doing_wp_cron=1762302122.3593978881835937500000 HTTP/1.1" 404 15727 "-" "WordPress/6.8.3; https://impuguke.com"
54.38.147.174 - - [05/Nov/2025:01:22:13 +0100] "GET /2025/10/10/ikipe-ya-apr-fc-ifatiye-ibihano-bamwe-mu-bakinnyi-bayo-bagaragaje-imyitwarire-idahwitse-ubwo-bari-mu-misiri/ HTTP/1.1" 200 163611 "-" "Mozilla/5.0 (compatible; AhrefsBot/7.0; +http://ahrefs.com/robot/)"
114.119.132.12 - - [05/Nov/2025:01:23:24 +0100] "GET /?o=43747831021620 HTTP/1.1" 200 203390 "https://impuguke.com/sitemap_index.xml" "Mozilla/5.0 (Linux; Android 7.0;) AppleWebKit/537.36 (KHTML, like Gecko) Mobile Safari/537.36 (compatible; PetalBot;+https://webmaster.petalsearch.com/site/petalbot)"
207.180.227.180 - - [05/Nov/2025:01:23:33 +0100] "POST /wp-cron.php?doing_wp_cron=1762302212.8610649108886718750000 HTTP/1.1" 404 16000 "-" "WordPress/6.8.3; https://impuguke.com"
114.119.156.99 - - [05/Nov/2025:01:24:46 +0100] "GET /?o=43725831011620 HTTP/1.1" 200 203390 "https://impuguke.com/sitemap_index.xml" "Mozilla/5.0 (Linux; Android 7.0;) AppleWebKit/537.36 (KHTML, like Gecko) Mobile Safari/537.36 (compatible; PetalBot;+https://webmaster.petalsearch.com/site/petalbot)"
207.180.227.180 - - [05/Nov/2025:01:24:54 +0100] "POST /wp-cron.php?doing_wp_cron=1762302294.0627570152282714843750 HTTP/1.1" 404 16000 "-" "WordPress/6.8.3; https://impuguke.com"
198.244.226.112 - - [05/Nov/2025:01:25:37 +0100] "GET /wp-content/uploads/2025/10/1760085763258-225x300.jpg HTTP/1.1" 200 17358 "-" "Mozilla/5.0 (compatible; AhrefsBot/7.0; +http://ahrefs.com/robot/)"
114.119.129.233 - - [05/Nov/2025:01:26:15 +0100] "GET /?o=4371206021620 HTTP/1.1" 200 203387 "https://impuguke.com/sitemap_index.xml" "Mozilla/5.0 (Linux; Android 7.0;) AppleWebKit/537.36 (KHTML, like Gecko) Mobile Safari/537.36 (compatible; PetalBot;+https://webmaster.petalsearch.com/site/petalbot)"
207.180.227.180 - - [05/Nov/2025:01:26:17 +0100] "POST /wp-cron.php?doing_wp_cron=1762302377.5751359462738037109375 HTTP/1.1" 404 15727 "-" "WordPress/6.8.3; https://impuguke.com"
66.249.64.108 - - [05/Nov/2025:01:26:35 +0100] "GET /sitemap_index.xml HTTP/1.1" 200 305019 "-" "Mozilla/5.0 (compatible; Googlebot/2.1; +http://www.google.com/bot.html)"
185.191.171.11 - - [05/Nov/2025:01:27:00 +0100] "GET /author/abayisenga/page/2/ HTTP/1.1" 200 159801 "-" "Mozilla/5.0 (compatible; SemrushBot/7~bl; +http://www.semrush.com/bot.html)"
114.119.140.221 - - [05/Nov/2025:01:27:33 +0100] "GET /?o=4369367021620 HTTP/1.1" 200 203387 "https://impuguke.com/sitemap_index.xml" "Mozilla/5.0 (Linux; Android 7.0;) AppleWebKit/537.36 (KHTML, like Gecko) Mobile Safari/537.36 (compatible; PetalBot;+https://webmaster.petalsearch.com/site/petalbot)"
207.180.227.180 - - [05/Nov/2025:01:27:39 +0100] "POST /wp-cron.php?doing_wp_cron=1762302458.8653481006622314453125 HTTP/1.1" 404 16000 "-" "WordPress/6.8.3; https://impuguke.com"
114.119.140.221 - - [05/Nov/2025:01:28:57 +0100] "GET /?o=43649105051620 HTTP/1.1" 200 203390 "https://impuguke.com/sitemap_index.xml" "Mozilla/5.0 (Linux; Android 7.0;) AppleWebKit/537.36 (KHTML, like Gecko) Mobile Safari/537.36 (compatible; PetalBot;+https://webmaster.petalsearch.com/site/petalbot)"
207.180.227.180 - - [05/Nov/2025:01:29:00 +0100] "POST /wp-cron.php?doing_wp_cron=1762302540.3756570816040039062500 HTTP/1.1" 404 15727 "-" "WordPress/6.8.3; https://impuguke.com"
114.119.156.99 - - [05/Nov/2025:01:30:26 +0100] "GET /?o=43606021011620 HTTP/1.1" 200 203390 "https://impuguke.com/sitemap_index.xml" "Mozilla/5.0 (Linux; Android 7.0;) AppleWebKit/537.36 (KHTML, like Gecko) Mobile Safari/537.36 (compatible; PetalBot;+https://webmaster.petalsearch.com/site/petalbot)"
207.180.227.180 - - [05/Nov/2025:01:30:33 +0100] "POST /wp-cron.php?doing_wp_cron=1762302633.5714359283447265625000 HTTP/1.1" 404 15727 "-" "WordPress/6.8.3; https://impuguke.com"
187.45.187.88 - - [05/Nov/2025:01:30:45 +0100] "GET /wp-login.php HTTP/1.1" 200 7136 "-" "Mozilla/5.0 (Windows NT 6.3; Win64; x64; Trident/7.0; MATBJS; rv:11.0) like Gecko"
187.45.187.88 - - [05/Nov/2025:01:30:56 +0100] "POST /wp-login.php HTTP/1.1" 200 7392 "https://impuguke.com/wp-login.php" "Mozilla/5.0 (Windows NT 6.3; Win64; x64; Trident/7.0; MATBJS; rv:11.0) like Gecko"
114.119.146.107 - - [05/Nov/2025:01:31:44 +0100] "GET /?o=43487434091620 HTTP/1.1" 200 203390 "https://impuguke.com/sitemap_index.xml" "Mozilla/5.0 (Linux; Android 7.0;) AppleWebKit/537.36 (KHTML, like Gecko) Mobile Safari/537.36 (compatible; PetalBot;+https://webmaster.petalsearch.com/site/petalbot)"
207.180.227.180 - - [05/Nov/2025:01:31:52 +0100] "POST /wp-cron.php?doing_wp_cron=1762302712.5704851150512695312500 HTTP/1.1" 404 16000 "-" "WordPress/6.8.3; https://impuguke.com"
114.119.151.208 - - [05/Nov/2025:01:33:08 +0100] "GET /?o=43403770021620 HTTP/1.1" 508 288 "https://impuguke.com/sitemap_index.xml" "Mozilla/5.0 (Linux; Android 7.0;) AppleWebKit/537.36 (KHTML, like Gecko) Mobile Safari/537.36 (compatible; PetalBot;+https://webmaster.petalsearch.com/site/petalbot)"
37.120.176.221 - - [05/Nov/2025:01:33:40 +0100] "POST /wp-login.php HTTP/1.1" 200 7373 "-" "Mozilla/5.0 (Windows NT 10.0; Win64; x64; rv:99.0) Gecko/20100101 Firefox/99.0"
114.119.129.233 - - [05/Nov/2025:01:34:31 +0100] "GET /?o=43386217001620 HTTP/1.1" 200 203390 "https://impuguke.com/sitemap_index.xml" "Mozilla/5.0 (Linux; Android 7.0;) AppleWebKit/537.36 (KHTML, like Gecko) Mobile Safari/537.36 (compatible; PetalBot;+https://webmaster.petalsearch.com/site/petalbot)"
207.180.227.180 - - [05/Nov/2025:01:34:33 +0100] "POST /wp-cron.php?doing_wp_cron=1762302873.8579568862915039062500 HTTP/1.1" 404 15727 "-" "WordPress/6.8.3; https://impuguke.com"
114.119.151.208 - - [05/Nov/2025:01:35:57 +0100] "GET /?o=43259409051620 HTTP/1.1" 200 203390 "https://impuguke.com/sitemap_index.xml" "Mozilla/5.0 (Linux; Android 7.0;) AppleWebKit/537.36 (KHTML, like Gecko) Mobile Safari/537.36 (compatible; PetalBot;+https://webmaster.petalsearch.com/site/petalbot)"
207.180.227.180 - - [05/Nov/2025:01:36:00 +0100] "POST /wp-cron.php?doing_wp_cron=1762302960.2613151073455810546875 HTTP/1.1" 404 15727 "-" "WordPress/6.8.3; https://impuguke.com"
184.94.213.100 - - [05/Nov/2025:01:37:03 +0100] "GET /wp-login.php HTTP/1.1" 200 7136 "-" "Mozilla/5.0 (Windows NT 6.2; Win64; x64) AppleWebKit/537.36 (KHTML, like Gecko) Chrome/52.0.2743.116 Safari/537.36 Edge/15.15063"
207.180.227.180 - - [05/Nov/2025:01:37:05 +0100] "POST /wp-cron.php?doing_wp_cron=1762303025.2845339775085449218750 HTTP/1.1" 404 15727 "-" "WordPress/6.8.3; https://impuguke.com"
184.94.213.100 - - [05/Nov/2025:01:37:06 +0100] "POST /wp-login.php HTTP/1.1" 200 7392 "https://impuguke.com/wp-login.php" "Mozilla/5.0 (Windows NT 6.2; Win64; x64) AppleWebKit/537.36 (KHTML, like Gecko) Chrome/52.0.2743.116 Safari/537.36 Edge/15.15063"
114.119.140.221 - - [05/Nov/2025:01:37:24 +0100] "GET /?o=43256229051620 HTTP/1.1" 200 203390 "https://impuguke.com/sitemap_index.xml" "Mozilla/5.0 (Linux; Android 7.0;) AppleWebKit/537.36 (KHTML, like Gecko) Mobile Safari/537.36 (compatible; PetalBot;+https://webmaster.petalsearch.com/site/petalbot)"
114.119.146.107 - - [05/Nov/2025:01:38:42 +0100] "GET /?o=43222098031620 HTTP/1.1" 200 129662 "https://impuguke.com/sitemap_index.xml" "Mozilla/5.0 (Linux; Android 7.0;) AppleWebKit/537.36 (KHTML, like Gecko) Mobile Safari/537.36 (compatible; PetalBot;+https://webmaster.petalsearch.com/site/petalbot)"
207.180.227.180 - - [05/Nov/2025:01:39:12 +0100] "POST /wp-cron.php?doing_wp_cron=1762303152.1656670570373535156250 HTTP/1.1" 404 16000 "-" "WordPress/6.8.3; https://impuguke.com"
114.119.146.107 - - [05/Nov/2025:01:40:06 +0100] "GET /?o=43204273041620 HTTP/1.1" 200 203390 "https://impuguke.com/sitemap_index.xml" "Mozilla/5.0 (Linux; Android 7.0;) AppleWebKit/537.36 (KHTML, like Gecko) Mobile Safari/537.36 (compatible; PetalBot;+https://webmaster.petalsearch.com/site/petalbot)"
162.0.216.102 - - [05/Nov/2025:01:41:23 +0100] "GET /wp-login.php HTTP/1.1" 200 7136 "-" "Mozilla/4.0 (compatible; MSIE 7.0; Windows NT 6.1; Win64; x64; Trident/7.0; .NET CLR 2.0.50727; SLCC2; .NET4.0C; .NET4.0E; .NET CLR 3.5.30729; .NET CLR 3.0.30729)"
207.180.227.180 - - [05/Nov/2025:01:41:33 +0100] "POST /wp-cron.php?doing_wp_cron=1762303293.0611360073089599609375 HTTP/1.1" 404 16000 "-" "WordPress/6.8.3; https://impuguke.com"
162.0.216.102 - - [05/Nov/2025:01:41:35 +0100] "POST /wp-login.php HTTP/1.1" 200 7392 "https://impuguke.com/wp-login.php" "Mozilla/4.0 (compatible; MSIE 7.0; Windows NT 6.1; Win64; x64; Trident/7.0; .NET CLR 2.0.50727; SLCC2; .NET4.0C; .NET4.0E; .NET CLR 3.5.30729; .NET CLR 3.0.30729)"
207.180.227.180 - - [05/Nov/2025:01:41:41 +0100] "POST /wp-cron.php?doing_wp_cron=1762303301.5775001049041748046875 HTTP/1.1" 404 15727 "-" "WordPress/6.8.3; https://impuguke.com"
114.119.139.148 - - [05/Nov/2025:01:41:30 +0100] "GET /?o=43152472011620 HTTP/1.1" 500 203390 "https://impuguke.com/sitemap_index.xml" "Mozilla/5.0 (Linux; Android 7.0;) AppleWebKit/537.36 (KHTML, like Gecko) Mobile Safari/537.36 (compatible; PetalBot;+https://webmaster.petalsearch.com/site/petalbot)"
114.119.154.87 - - [05/Nov/2025:01:42:53 +0100] "GET /?o=43103800021620 HTTP/1.1" 200 203390 "https://impuguke.com/sitemap_index.xml" "Mozilla/5.0 (Linux; Android 7.0;) AppleWebKit/537.36 (KHTML, like Gecko) Mobile Safari/537.36 (compatible; PetalBot;+https://webmaster.petalsearch.com/site/petalbot)"
207.180.227.180 - - [05/Nov/2025:01:43:00 +0100] "POST /wp-cron.php?doing_wp_cron=1762303380.5602979660034179687500 HTTP/1.1" 404 16000 "-" "WordPress/6.8.3; https://impuguke.com"
114.119.139.148 - - [05/Nov/2025:01:44:20 +0100] "GET /?o=4308746041620 HTTP/1.1" 200 203387 "https://impuguke.com/sitemap_index.xml" "Mozilla/5.0 (Linux; Android 7.0;) AppleWebKit/537.36 (KHTML, like Gecko) Mobile Safari/537.36 (compatible; PetalBot;+https://webmaster.petalsearch.com/site/petalbot)"
207.180.227.180 - - [05/Nov/2025:01:44:23 +0100] "POST /wp-cron.php?doing_wp_cron=1762303463.5806410312652587890625 HTTP/1.1" 404 15727 "-" "WordPress/6.8.3; https://impuguke.com"
114.119.140.221 - - [05/Nov/2025:01:45:40 +0100] "GET /?o=4300364031620 HTTP/1.1" 200 203387 "https://impuguke.com/sitemap_index.xml" "Mozilla/5.0 (Linux; Android 7.0;) AppleWebKit/537.36 (KHTML, like Gecko) Mobile Safari/537.36 (compatible; PetalBot;+https://webmaster.petalsearch.com/site/petalbot)"
207.180.227.180 - - [05/Nov/2025:01:45:48 +0100] "POST /wp-cron.php?doing_wp_cron=1762303547.9592509269714355468750 HTTP/1.1" 404 15727 "-" "WordPress/6.8.3; https://impuguke.com"
114.119.146.107 - - [05/Nov/2025:01:47:04 +0100] "GET /?o=42974259051620 HTTP/1.1" 200 203390 "https://impuguke.com/sitemap_index.xml" "Mozilla/5.0 (Linux; Android 7.0;) AppleWebKit/537.36 (KHTML, like Gecko) Mobile Safari/537.36 (compatible; PetalBot;+https://webmaster.petalsearch.com/site/petalbot)"
207.180.227.180 - - [05/Nov/2025:01:47:07 +0100] "POST /wp-cron.php?doing_wp_cron=1762303626.9777619838714599609375 HTTP/1.1" 404 15727 "-" "WordPress/6.8.3; https://impuguke.com"
198.244.226.106 - - [05/Nov/2025:01:47:39 +0100] "GET / HTTP/1.1" 200 203339 "-" "Mozilla/5.0 (compatible; AhrefsBot/7.0; +http://ahrefs.com/robot/)"
114.119.146.107 - - [05/Nov/2025:01:48:29 +0100] "GET /?o=42940441051620 HTTP/1.1" 200 203390 "https://impuguke.com/sitemap_index.xml" "Mozilla/5.0 (Linux; Android 7.0;) AppleWebKit/537.36 (KHTML, like Gecko) Mobile Safari/537.36 (compatible; PetalBot;+https://webmaster.petalsearch.com/site/petalbot)"
207.180.227.180 - - [05/Nov/2025:01:48:31 +0100] "POST /wp-cron.php?doing_wp_cron=1762303711.9672179222106933593750 HTTP/1.1" 404 15727 "-" "WordPress/6.8.3; https://impuguke.com"
114.119.154.87 - - [05/Nov/2025:01:49:51 +0100] "GET /?o=4287897041620 HTTP/1.1" 200 203387 "https://impuguke.com/sitemap_index.xml" "Mozilla/5.0 (Linux; Android 7.0;) AppleWebKit/537.36 (KHTML, like Gecko) Mobile Safari/537.36 (compatible; PetalBot;+https://webmaster.petalsearch.com/site/petalbot)"
207.180.227.180 - - [05/Nov/2025:01:49:53 +0100] "POST /wp-cron.php?doing_wp_cron=1762303793.7730860710144042968750 HTTP/1.1" 404 15727 "-" "WordPress/6.8.3; https://impuguke.com"
114.119.154.87 - - [05/Nov/2025:01:51:15 +0100] "GET /?o=42856477011620 HTTP/1.1" 200 203390 "https://impuguke.com/sitemap_index.xml" "Mozilla/5.0 (Linux; Android 7.0;) AppleWebKit/537.36 (KHTML, like Gecko) Mobile Safari/537.36 (compatible; PetalBot;+https://webmaster.petalsearch.com/site/petalbot)"
207.180.227.180 - - [05/Nov/2025:01:51:22 +0100] "POST /wp-cron.php?doing_wp_cron=1762303882.5631101131439208984375 HTTP/1.1" 404 16000 "-" "WordPress/6.8.3; https://impuguke.com"
3.94.156.104 - - [05/Nov/2025:01:52:28 +0100] "GET /2023/09/18/mali-niger-and-burkina-faso-agree-to-a-mutual-defense-treaty/ HTTP/1.1" 200 131072 "-" "Mozilla/5.0 AppleWebKit/537.36 (KHTML, like Gecko; compatible; Amazonbot/0.1; +https://developer.amazon.com/support/amazonbot) Chrome/119.0.6045.214 Safari/537.36"
207.180.227.180 - - [05/Nov/2025:01:52:37 +0100] "POST /wp-cron.php?doing_wp_cron=1762303956.9614310264587402343750 HTTP/1.1" 404 16000 "-" "WordPress/6.8.3; https://impuguke.com"
