114.119.146.107 - - [05/Nov/2025:07:00:49 +0100] "GET /?o=31229533091620 HTTP/1.1" 200 203389 "https://impuguke.com/sitemap_index.xml" "Mozilla/5.0 (Linux; Android 7.0;) AppleWebKit/537.36 (KHTML, like Gecko) Mobile Safari/537.36 (compatible; PetalBot;+https://webmaster.petalsearch.com/site/petalbot)"
31.13.127.7 - - [05/Nov/2025:07:01:16 +0100] "GET /wp-content/uploads/2025/10/20250617_185045-2.jpg HTTP/1.1" 200 436091 "-" "facebookexternalhit/1.1 (+http://www.facebook.com/externalhit_uatext.php)"
107.189.5.134 - - [05/Nov/2025:07:01:27 +0100] "GET /wp-login.php HTTP/1.1" 200 7136 "https://www.yahoo.com/" "Mozilla/5.0 (Windows NT 10.0; Win64; x64) AppleWebKit/537.36 (KHTML, like Gecko) Chrome/118.0.5993.90 Safari/537.36 Edg/118.0.2088.76"
207.180.227.180 - - [05/Nov/2025:07:01:29 +0100] "POST /wp-cron.php?doing_wp_cron=1762322489.8651790618896484375000 HTTP/1.1" 404 16000 "-" "WordPress/6.8.3; https://impuguke.com"
107.189.5.134 - - [05/Nov/2025:07:01:33 +0100] "POST /wp-login.php HTTP/1.1" 200 7392 "https://www.yahoo.com/" "Mozilla/5.0 (Windows NT 10.0; Win64; x64) AppleWebKit/537.36 (KHTML, like Gecko) Chrome/118.0.5993.90 Safari/537.36 Edg/118.0.2088.76"
114.119.146.107 - - [05/Nov/2025:07:02:09 +0100] "GET /?o=31158098061620 HTTP/1.1" 200 203389 "https://impuguke.com/sitemap_index.xml" "Mozilla/5.0 (Linux; Android 7.0;) AppleWebKit/537.36 (KHTML, like Gecko) Mobile Safari/537.36 (compatible; PetalBot;+https://webmaster.petalsearch.com/site/petalbot)"
104.244.74.116 - - [05/Nov/2025:07:02:24 +0100] "GET /wp-login.php HTTP/1.1" 200 7136 "-" "Mozilla/5.0 (Windows NT 10.0; Win64; x64) AppleWebKit/537.36 (KHTML, like Gecko) Chrome/118.0.5993.117 Safari/537.36"
104.244.74.116 - - [05/Nov/2025:07:02:58 +0100] "POST /wp-login.php HTTP/1.1" 200 7392 "-" "Mozilla/5.0 (Windows NT 10.0; Win64; x64) AppleWebKit/537.36 (KHTML, like Gecko) Chrome/118.0.5993.117 Safari/537.36"
207.180.227.180 - - [05/Nov/2025:07:03:01 +0100] "POST /wp-cron.php?doing_wp_cron=1762322581.1838910579681396484375 HTTP/1.1" 404 15727 "-" "WordPress/6.8.3; https://impuguke.com"
114.119.140.221 - - [05/Nov/2025:07:03:34 +0100] "GET /?o=31042046021620 HTTP/1.1" 200 203389 "https://impuguke.com/sitemap_index.xml" "Mozilla/5.0 (Linux; Android 7.0;) AppleWebKit/537.36 (KHTML, like Gecko) Mobile Safari/537.36 (compatible; PetalBot;+https://webmaster.petalsearch.com/site/petalbot)"
114.119.140.221 - - [05/Nov/2025:07:04:57 +0100] "GET /?o=30941690041620 HTTP/1.1" 200 203389 "https://impuguke.com/sitemap_index.xml" "Mozilla/5.0 (Linux; Android 7.0;) AppleWebKit/537.36 (KHTML, like Gecko) Mobile Safari/537.36 (compatible; PetalBot;+https://webmaster.petalsearch.com/site/petalbot)"
207.180.227.180 - - [05/Nov/2025:07:04:59 +0100] "POST /wp-cron.php?doing_wp_cron=1762322699.5609591007232666015625 HTTP/1.1" 404 15727 "-" "WordPress/6.8.3; https://impuguke.com"
173.252.127.3 - - [05/Nov/2025:07:05:41 +0100] "GET /2025/10/22/nshobora-kuzapfa-ntaramubabarira-micky-ambwira-captain-regis-bahoze-mu-rukundo/ HTTP/1.1" 500 - "-" "facebookexternalhit/1.1 (+http://www.facebook.com/externalhit_uatext.php)"
173.252.127.8 - - [05/Nov/2025:07:05:41 +0100] "GET /2025/10/22/nshobora-kuzapfa-ntaramubabarira-micky-ambwira-captain-regis-bahoze-mu-rukundo/ HTTP/1.1" 500 - "-" "facebookexternalhit/1.1 (+http://www.facebook.com/externalhit_uatext.php)"
207.180.227.180 - - [05/Nov/2025:07:06:07 +0100] "POST /wp-cron.php?doing_wp_cron=1762322766.9644460678100585937500 HTTP/1.1" 508 288 "-" "WordPress/6.8.3; https://impuguke.com"
173.252.127.11 - - [05/Nov/2025:07:05:41 +0100] "GET /2025/10/22/nshobora-kuzapfa-ntaramubabarira-micky-ambwira-captain-regis-bahoze-mu-rukundo/ HTTP/1.1" 500 - "-" "facebookexternalhit/1.1 (+http://www.facebook.com/externalhit_uatext.php)"
173.252.127.8 - - [05/Nov/2025:07:05:41 +0100] "GET /2025/10/22/nshobora-kuzapfa-ntaramubabarira-micky-ambwira-captain-regis-bahoze-mu-rukundo/ HTTP/1.1" 500 - "-" "facebookexternalhit/1.1 (+http://www.facebook.com/externalhit_uatext.php)"
207.180.227.180 - - [05/Nov/2025:07:06:02 +0100] "POST /wp-cron.php?doing_wp_cron=1762322762.1825520992279052734375 HTTP/1.1" 404 16000 "-" "WordPress/6.8.3; https://impuguke.com"
178.20.42.76 - - [05/Nov/2025:07:05:43 +0100] "GET /2025/07/29/gicumbi-from-isolation-to-rebuilding-hope-in-life/ HTTP/1.0" 500 173769 "https://impuguke.com/2025/07/29/gicumbi-from-isolation-to-rebuilding-hope-in-life/" "Mozilla/5.0 (Windows NT 10.0; Win64; x64) AppleWebKit/537.36 (KHTML, like Gecko) Chrome/130.0.0.0 Safari/537.36 CCleaner/130.0.0.0"
207.180.227.180 - - [05/Nov/2025:07:06:10 +0100] "POST /wp-cron.php?doing_wp_cron=1762322770.4686579704284667968750 HTTP/1.1" 404 15727 "-" "WordPress/6.8.3; https://impuguke.com"
178.20.42.76 - - [05/Nov/2025:07:06:12 +0100] "GET / HTTP/1.0" 200 203338 "https://impuguke.com/" "Mozilla/5.0 (Windows NT 10.0; Win64; x64) AppleWebKit/537.36 (KHTML, like Gecko) Chrome/130.0.0.0 Safari/537.36 CCleaner/130.0.0.0"
114.119.132.12 - - [05/Nov/2025:07:06:20 +0100] "GET /?o=30805376011620 HTTP/1.1" 200 203389 "https://impuguke.com/sitemap_index.xml" "Mozilla/5.0 (Linux; Android 7.0;) AppleWebKit/537.36 (KHTML, like Gecko) Mobile Safari/537.36 (compatible; PetalBot;+https://webmaster.petalsearch.com/site/petalbot)"
188.208.141.29 - - [05/Nov/2025:07:07:12 +0100] "GET /wp-login.php HTTP/1.1" 200 7136 "-" "Mozilla/5.0 (Windows NT 6.2; Win64; x64) AppleWebKit/537.36 (KHTML, like Gecko) Chrome/52.0.2743.116 Safari/537.36 Edge/15.15063"
207.180.227.180 - - [05/Nov/2025:07:07:20 +0100] "POST /wp-cron.php?doing_wp_cron=1762322839.9706139564514160156250 HTTP/1.1" 404 15727 "-" "WordPress/6.8.3; https://impuguke.com"
188.208.141.29 - - [05/Nov/2025:07:07:23 +0100] "POST /wp-login.php HTTP/1.1" 200 7392 "https://impuguke.com/wp-login.php" "Mozilla/5.0 (Windows NT 6.2; Win64; x64) AppleWebKit/537.36 (KHTML, like Gecko) Chrome/52.0.2743.116 Safari/537.36 Edge/15.15063"
114.119.132.12 - - [05/Nov/2025:07:07:43 +0100] "GET /?o=30531977041620 HTTP/1.1" 200 203389 "https://impuguke.com/sitemap_index.xml" "Mozilla/5.0 (Linux; Android 7.0;) AppleWebKit/537.36 (KHTML, like Gecko) Mobile Safari/537.36 (compatible; PetalBot;+https://webmaster.petalsearch.com/site/petalbot)"
43.153.123.4 - - [05/Nov/2025:07:08:59 +0100] "GET /category/home/ahabanza/amakuru/imyidagaduro/ HTTP/1.1" 200 147036 "-" "Mozilla/5.0 (iPhone; CPU iPhone OS 13_2_3 like Mac OS X) AppleWebKit/605.1.15 (KHTML, like Gecko) Version/13.0.3 Mobile/15E148 Safari/604.1"
207.180.227.180 - - [05/Nov/2025:07:09:00 +0100] "POST /wp-cron.php?doing_wp_cron=1762322940.6791400909423828125000 HTTP/1.1" 404 15727 "-" "WordPress/6.8.3; https://impuguke.com"
114.119.132.12 - - [05/Nov/2025:07:09:12 +0100] "GET /?o=30393762011620 HTTP/1.1" 200 203389 "https://impuguke.com/sitemap_index.xml" "Mozilla/5.0 (Linux; Android 7.0;) AppleWebKit/537.36 (KHTML, like Gecko) Mobile Safari/537.36 (compatible; PetalBot;+https://webmaster.petalsearch.com/site/petalbot)"
114.119.151.208 - - [05/Nov/2025:07:10:32 +0100] "GET /?o=3029838001620 HTTP/1.1" 200 203386 "https://impuguke.com/sitemap_index.xml" "Mozilla/5.0 (Linux; Android 7.0;) AppleWebKit/537.36 (KHTML, like Gecko) Mobile Safari/537.36 (compatible; PetalBot;+https://webmaster.petalsearch.com/site/petalbot)"
198.244.183.167 - - [05/Nov/2025:07:10:34 +0100] "GET /category/home/page/4/ HTTP/1.1" 200 164795 "-" "Mozilla/5.0 (compatible; AhrefsBot/7.0; +http://ahrefs.com/robot/)"
207.180.227.180 - - [05/Nov/2025:07:10:39 +0100] "POST /wp-cron.php?doing_wp_cron=1762323039.4728929996490478515625 HTTP/1.1" 404 15727 "-" "WordPress/6.8.3; https://impuguke.com"
207.180.227.180 - - [05/Nov/2025:07:10:43 +0100] "POST /wp-cron.php?doing_wp_cron=1762323043.4849720001220703125000 HTTP/1.1" 404 15727 "-" "WordPress/6.8.3; https://impuguke.com"
114.119.132.12 - - [05/Nov/2025:07:11:55 +0100] "GET /?o=3017859031620 HTTP/1.1" 200 203386 "https://impuguke.com/sitemap_index.xml" "Mozilla/5.0 (Linux; Android 7.0;) AppleWebKit/537.36 (KHTML, like Gecko) Mobile Safari/537.36 (compatible; PetalBot;+https://webmaster.petalsearch.com/site/petalbot)"
207.180.227.180 - - [05/Nov/2025:07:12:03 +0100] "POST /wp-cron.php?doing_wp_cron=1762323123.3723330497741699218750 HTTP/1.1" 404 16000 "-" "WordPress/6.8.3; https://impuguke.com"
114.119.140.221 - - [05/Nov/2025:07:13:22 +0100] "GET /?o=30171743061620 HTTP/1.1" 200 203389 "https://impuguke.com/sitemap_index.xml" "Mozilla/5.0 (Linux; Android 7.0;) AppleWebKit/537.36 (KHTML, like Gecko) Mobile Safari/537.36 (compatible; PetalBot;+https://webmaster.petalsearch.com/site/petalbot)"
207.180.227.180 - - [05/Nov/2025:07:13:24 +0100] "POST /wp-cron.php?doing_wp_cron=1762323204.5674929618835449218750 HTTP/1.1" 404 16000 "-" "WordPress/6.8.3; https://impuguke.com"
35.195.201.3 - - [05/Nov/2025:07:13:53 +0100] "GET /wp-login.php HTTP/1.1" 200 7136 "-" "Mozilla/4.0 (compatible; MSIE 7.0; Windows NT 6.1; Win64; x64; Trident/7.0; .NET CLR 2.0.50727; SLCC2; .NET4.0C; .NET4.0E; .NET CLR 3.5.30729; .NET CLR 3.0.30729)"
35.195.201.3 - - [05/Nov/2025:07:13:56 +0100] "POST /wp-login.php HTTP/1.1" 200 7392 "https://impuguke.com/wp-login.php" "Mozilla/4.0 (compatible; MSIE 7.0; Windows NT 6.1; Win64; x64; Trident/7.0; .NET CLR 2.0.50727; SLCC2; .NET4.0C; .NET4.0E; .NET CLR 3.5.30729; .NET CLR 3.0.30729)"
114.119.140.221 - - [05/Nov/2025:07:14:45 +0100] "GET /?o=3013298061620 HTTP/1.1" 200 203386 "https://impuguke.com/sitemap_index.xml" "Mozilla/5.0 (Linux; Android 7.0;) AppleWebKit/537.36 (KHTML, like Gecko) Mobile Safari/537.36 (compatible; PetalBot;+https://webmaster.petalsearch.com/site/petalbot)"
207.180.227.180 - - [05/Nov/2025:07:14:55 +0100] "POST /wp-cron.php?doing_wp_cron=1762323294.9574229717254638671875 HTTP/1.1" 404 16000 "-" "WordPress/6.8.3; https://impuguke.com"
114.119.132.12 - - [05/Nov/2025:07:16:06 +0100] "GET /?o=30078725011620 HTTP/1.1" 200 203389 "https://impuguke.com/sitemap_index.xml" "Mozilla/5.0 (Linux; Android 7.0;) AppleWebKit/537.36 (KHTML, like Gecko) Mobile Safari/537.36 (compatible; PetalBot;+https://webmaster.petalsearch.com/site/petalbot)"
207.180.227.180 - - [05/Nov/2025:07:16:08 +0100] "POST /wp-cron.php?doing_wp_cron=1762323368.6683359146118164062500 HTTP/1.1" 404 15727 "-" "WordPress/6.8.3; https://impuguke.com"
43.167.241.46 - - [05/Nov/2025:07:17:27 +0100] "GET /2025/10/21/ibinyobwa-byari-bikunzwe-byahagaritswe-kubera-bitujuje-ubuziranenge/embed/ HTTP/1.1" 200 23027 "-" "Mozilla/5.0 (iPhone; CPU iPhone OS 13_2_3 like Mac OS X) AppleWebKit/605.1.15 (KHTML, like Gecko) Version/13.0.3 Mobile/15E148 Safari/604.1"
114.119.132.12 - - [05/Nov/2025:07:17:30 +0100] "GET /?o=30067314011620 HTTP/1.1" 200 203389 "https://impuguke.com/sitemap_index.xml" "Mozilla/5.0 (Linux; Android 7.0;) AppleWebKit/537.36 (KHTML, like Gecko) Mobile Safari/537.36 (compatible; PetalBot;+https://webmaster.petalsearch.com/site/petalbot)"
207.180.227.180 - - [05/Nov/2025:07:17:32 +0100] "POST /wp-cron.php?doing_wp_cron=1762323452.2666380405426025390625 HTTP/1.1" 404 16000 "-" "WordPress/6.8.3; https://impuguke.com"
114.119.129.233 - - [05/Nov/2025:07:18:53 +0100] "GET /?o=3006070011620 HTTP/1.1" 200 203386 "https://impuguke.com/sitemap_index.xml" "Mozilla/5.0 (Linux; Android 7.0;) AppleWebKit/537.36 (KHTML, like Gecko) Mobile Safari/537.36 (compatible; PetalBot;+https://webmaster.petalsearch.com/site/petalbot)"
207.180.227.180 - - [05/Nov/2025:07:18:57 +0100] "POST /wp-cron.php?doing_wp_cron=1762323537.3768661022186279296875 HTTP/1.1" 404 16000 "-" "WordPress/6.8.3; https://impuguke.com"
114.119.154.87 - - [05/Nov/2025:07:20:17 +0100] "GET /?o=3005380111620 HTTP/1.1" 200 203386 "https://impuguke.com/sitemap_index.xml" "Mozilla/5.0 (Linux; Android 7.0;) AppleWebKit/537.36 (KHTML, like Gecko) Mobile Safari/537.36 (compatible; PetalBot;+https://webmaster.petalsearch.com/site/petalbot)"
207.180.227.180 - - [05/Nov/2025:07:20:24 +0100] "POST /wp-cron.php?doing_wp_cron=1762323624.7649419307708740234375 HTTP/1.1" 404 16000 "-" "WordPress/6.8.3; https://impuguke.com"
66.42.61.4 - - [05/Nov/2025:07:20:35 +0100] "GET /wp-login.php HTTP/1.1" 200 7136 "-" "Mozilla/5.0 (Windows NT 6.1; Trident/7.0; EIE10;ENUSWOL; rv:11.0) like Gecko"
66.42.61.4 - - [05/Nov/2025:07:20:44 +0100] "POST /wp-login.php HTTP/1.1" 200 7392 "https://impuguke.com/wp-login.php" "Mozilla/5.0 (Windows NT 6.1; Trident/7.0; EIE10;ENUSWOL; rv:11.0) like Gecko"
114.119.146.107 - - [05/Nov/2025:07:21:43 +0100] "GET /?o=30038866021620 HTTP/1.1" 200 203389 "https://impuguke.com/sitemap_index.xml" "Mozilla/5.0 (Linux; Android 7.0;) AppleWebKit/537.36 (KHTML, like Gecko) Mobile Safari/537.36 (compatible; PetalBot;+https://webmaster.petalsearch.com/site/petalbot)"
207.180.227.180 - - [05/Nov/2025:07:21:52 +0100] "POST /wp-cron.php?doing_wp_cron=1762323712.4614720344543457031250 HTTP/1.1" 404 16000 "-" "WordPress/6.8.3; https://impuguke.com"
207.180.227.180 - - [05/Nov/2025:07:23:15 +0100] "POST /wp-cron.php?doing_wp_cron=1762323795.4627110958099365234375 HTTP/1.1" 508 288 "-" "WordPress/6.8.3; https://impuguke.com"
114.119.132.12 - - [05/Nov/2025:07:23:06 +0100] "GET /?o=30019622071620 HTTP/1.1" 200 203389 "https://impuguke.com/sitemap_index.xml" "Mozilla/5.0 (Linux; Android 7.0;) AppleWebKit/537.36 (KHTML, like Gecko) Mobile Safari/537.36 (compatible; PetalBot;+https://webmaster.petalsearch.com/site/petalbot)"
114.119.139.148 - - [05/Nov/2025:07:24:28 +0100] "GET /?o=30017174091620 HTTP/1.1" 200 203389 "https://impuguke.com/sitemap_index.xml" "Mozilla/5.0 (Linux; Android 7.0;) AppleWebKit/537.36 (KHTML, like Gecko) Mobile Safari/537.36 (compatible; PetalBot;+https://webmaster.petalsearch.com/site/petalbot)"
207.180.227.180 - - [05/Nov/2025:07:24:35 +0100] "POST /wp-cron.php?doing_wp_cron=1762323875.5611081123352050781250 HTTP/1.1" 404 15727 "-" "WordPress/6.8.3; https://impuguke.com"
178.33.40.189 - - [05/Nov/2025:07:24:47 +0100] "POST /wp-login.php HTTP/1.1" 200 7373 "-" "Mozilla/5.0 (Windows NT 10.0; Win64; x64; rv:54.0) Gecko/20100101 Firefox/54.0"
114.119.132.12 - - [05/Nov/2025:07:25:50 +0100] "GET /?o=29927515021620 HTTP/1.1" 200 203389 "https://impuguke.com/sitemap_index.xml" "Mozilla/5.0 (Linux; Android 7.0;) AppleWebKit/537.36 (KHTML, like Gecko) Mobile Safari/537.36 (compatible; PetalBot;+https://webmaster.petalsearch.com/site/petalbot)"
207.180.227.180 - - [05/Nov/2025:07:25:59 +0100] "POST /wp-cron.php?doing_wp_cron=1762323959.3687639236450195312500 HTTP/1.1" 404 15727 "-" "WordPress/6.8.3; https://impuguke.com"
114.119.151.208 - - [05/Nov/2025:07:27:18 +0100] "GET /?o=29885017091620 HTTP/1.1" 200 203389 "https://impuguke.com/sitemap_index.xml" "Mozilla/5.0 (Linux; Android 7.0;) AppleWebKit/537.36 (KHTML, like Gecko) Mobile Safari/537.36 (compatible; PetalBot;+https://webmaster.petalsearch.com/site/petalbot)"
207.180.227.180 - - [05/Nov/2025:07:27:20 +0100] "POST /wp-cron.php?doing_wp_cron=1762324040.6593608856201171875000 HTTP/1.1" 404 15727 "-" "WordPress/6.8.3; https://impuguke.com"
43.134.141.244 - - [05/Nov/2025:07:27:36 +0100] "GET /2025/08/12/gen-mubarakh-muganga-emphasizes-the-rdfs-contribution-to-addressing-africas-challenges/ HTTP/1.1" 200 163370 "-" "Mozilla/5.0 (iPhone; CPU iPhone OS 13_2_3 like Mac OS X) AppleWebKit/605.1.15 (KHTML, like Gecko) Version/13.0.3 Mobile/15E148 Safari/604.1"
114.119.156.99 - - [05/Nov/2025:07:28:39 +0100] "GET /?o=29762939021620 HTTP/1.1" 200 203389 "https://impuguke.com/sitemap_index.xml" "Mozilla/5.0 (Linux; Android 7.0;) AppleWebKit/537.36 (KHTML, like Gecko) Mobile Safari/537.36 (compatible; PetalBot;+https://webmaster.petalsearch.com/site/petalbot)"
207.180.227.180 - - [05/Nov/2025:07:28:42 +0100] "POST /wp-cron.php?doing_wp_cron=1762324122.3813250064849853515625 HTTP/1.1" 404 16000 "-" "WordPress/6.8.3; https://impuguke.com"
114.119.146.107 - - [05/Nov/2025:07:30:08 +0100] "GET /?o=29750168051620 HTTP/1.1" 200 203389 "https://impuguke.com/sitemap_index.xml" "Mozilla/5.0 (Linux; Android 7.0;) AppleWebKit/537.36 (KHTML, like Gecko) Mobile Safari/537.36 (compatible; PetalBot;+https://webmaster.petalsearch.com/site/petalbot)"
207.180.227.180 - - [05/Nov/2025:07:30:12 +0100] "POST /wp-cron.php?doing_wp_cron=1762324212.4739909172058105468750 HTTP/1.1" 404 16000 "-" "WordPress/6.8.3; https://impuguke.com"
114.119.140.221 - - [05/Nov/2025:07:31:26 +0100] "GET /?o=29740387061620 HTTP/1.1" 200 203389 "https://impuguke.com/sitemap_index.xml" "Mozilla/5.0 (Linux; Android 7.0;) AppleWebKit/537.36 (KHTML, like Gecko) Mobile Safari/537.36 (compatible; PetalBot;+https://webmaster.petalsearch.com/site/petalbot)"
207.180.227.180 - - [05/Nov/2025:07:31:32 +0100] "POST /wp-cron.php?doing_wp_cron=1762324292.7580239772796630859375 HTTP/1.1" 404 15727 "-" "WordPress/6.8.3; https://impuguke.com"
51.91.161.235 - - [05/Nov/2025:07:31:43 +0100] "GET /wp-login.php HTTP/1.1" 200 7136 "-" "Mozilla/5.0 (Macintosh; Intel Mac OS X 10_13_5) AppleWebKit/605.1.15 (KHTML, like Gecko) Version/11.1.1 Safari/605.1.15"
51.91.161.235 - - [05/Nov/2025:07:31:50 +0100] "POST /wp-login.php HTTP/1.1" 200 7392 "https://impuguke.com/wp-login.php" "Mozilla/5.0 (Macintosh; Intel Mac OS X 10_13_5) AppleWebKit/605.1.15 (KHTML, like Gecko) Version/11.1.1 Safari/605.1.15"
114.119.156.99 - - [05/Nov/2025:07:32:53 +0100] "GET /?o=296795001620 HTTP/1.1" 200 203383 "https://impuguke.com/sitemap_index.xml" "Mozilla/5.0 (Linux; Android 7.0;) AppleWebKit/537.36 (KHTML, like Gecko) Mobile Safari/537.36 (compatible; PetalBot;+https://webmaster.petalsearch.com/site/petalbot)"
207.180.227.180 - - [05/Nov/2025:07:33:02 +0100] "POST /wp-cron.php?doing_wp_cron=1762324382.3960099220275878906250 HTTP/1.1" 404 15727 "-" "WordPress/6.8.3; https://impuguke.com"
54.38.147.37 - - [05/Nov/2025:07:33:50 +0100] "GET /author/impuguke/page/4/ HTTP/1.1" 200 161565 "-" "Mozilla/5.0 (compatible; AhrefsBot/7.0; +http://ahrefs.com/robot/)"
114.119.154.87 - - [05/Nov/2025:07:34:14 +0100] "GET /?o=29548499051620 HTTP/1.1" 200 203389 "https://impuguke.com/sitemap_index.xml" "Mozilla/5.0 (Linux; Android 7.0;) AppleWebKit/537.36 (KHTML, like Gecko) Mobile Safari/537.36 (compatible; PetalBot;+https://webmaster.petalsearch.com/site/petalbot)"
207.180.227.180 - - [05/Nov/2025:07:34:22 +0100] "POST /wp-cron.php?doing_wp_cron=1762324462.6605880260467529296875 HTTP/1.1" 404 15727 "-" "WordPress/6.8.3; https://impuguke.com"
114.119.139.148 - - [05/Nov/2025:07:35:39 +0100] "GET /?o=29444937061620 HTTP/1.1" 200 203389 "https://impuguke.com/sitemap_index.xml" "Mozilla/5.0 (Linux; Android 7.0;) AppleWebKit/537.36 (KHTML, like Gecko) Mobile Safari/537.36 (compatible; PetalBot;+https://webmaster.petalsearch.com/site/petalbot)"
207.180.227.180 - - [05/Nov/2025:07:35:47 +0100] "POST /wp-cron.php?doing_wp_cron=1762324546.9578399658203125000000 HTTP/1.1" 404 15727 "-" "WordPress/6.8.3; https://impuguke.com"
114.119.129.233 - - [05/Nov/2025:07:37:01 +0100] "GET /?o=29425032041620 HTTP/1.1" 200 203389 "https://impuguke.com/sitemap_index.xml" "Mozilla/5.0 (Linux; Android 7.0;) AppleWebKit/537.36 (KHTML, like Gecko) Mobile Safari/537.36 (compatible; PetalBot;+https://webmaster.petalsearch.com/site/petalbot)"
207.180.227.180 - - [05/Nov/2025:07:37:04 +0100] "POST /wp-cron.php?doing_wp_cron=1762324623.9786210060119628906250 HTTP/1.1" 404 15727 "-" "WordPress/6.8.3; https://impuguke.com"
114.119.156.99 - - [05/Nov/2025:07:38:25 +0100] "GET /?o=29369564011620 HTTP/1.1" 508 288 "https://impuguke.com/sitemap_index.xml" "Mozilla/5.0 (Linux; Android 7.0;) AppleWebKit/537.36 (KHTML, like Gecko) Mobile Safari/537.36 (compatible; PetalBot;+https://webmaster.petalsearch.com/site/petalbot)"
194.164.126.55 - - [05/Nov/2025:07:38:45 +0100] "GET /wp-login.php HTTP/1.1" 200 7136 "-" "Mozilla/5.0 (Windows NT 6.1; WOW64; Trident/7.0; MAARJS; rv:11.0) like Gecko"
194.164.126.55 - - [05/Nov/2025:07:38:16 +0100] "GET /wp-login.php HTTP/1.1" 200 7136 "-" "Mozilla/5.0 (Windows NT 6.1; WOW64; Trident/7.0; MAARJS; rv:11.0) like Gecko"
207.180.227.180 - - [05/Nov/2025:07:38:58 +0100] "POST /wp-cron.php?doing_wp_cron=1762324737.6632480621337890625000 HTTP/1.1" 500 - "-" "WordPress/6.8.3; https://impuguke.com"
207.180.227.180 - - [05/Nov/2025:07:38:58 +0100] "POST /wp-cron.php?doing_wp_cron=1762324737.6594109535217285156250 HTTP/1.1" 404 16000 "-" "WordPress/6.8.3; https://impuguke.com"
194.164.126.55 - - [05/Nov/2025:07:38:59 +0100] "POST /wp-login.php HTTP/1.1" 200 7392 "https://impuguke.com/wp-login.php" "Mozilla/5.0 (Windows NT 6.1; WOW64; Trident/7.0; MAARJS; rv:11.0) like Gecko"
198.98.55.213 - - [05/Nov/2025:07:39:35 +0100] "GET /wp-login.php HTTP/1.1" 200 7136 "https://www.google.com/" "Mozilla/5.0 (iPhone; CPU iPhone OS 17_0 like Mac OS X) AppleWebKit/605.1.15 (KHTML, like Gecko) Version/17.0 Mobile/15E148 Safari/604.1"
198.98.55.213 - - [05/Nov/2025:07:39:39 +0100] "POST /wp-login.php HTTP/1.1" 200 7392 "https://www.google.com/" "Mozilla/5.0 (iPhone; CPU iPhone OS 17_0 like Mac OS X) AppleWebKit/605.1.15 (KHTML, like Gecko) Version/17.0 Mobile/15E148 Safari/604.1"
114.119.140.221 - - [05/Nov/2025:07:39:52 +0100] "GET /?o=2936485011620 HTTP/1.1" 200 203386 "https://impuguke.com/sitemap_index.xml" "Mozilla/5.0 (Linux; Android 7.0;) AppleWebKit/537.36 (KHTML, like Gecko) Mobile Safari/537.36 (compatible; PetalBot;+https://webmaster.petalsearch.com/site/petalbot)"
114.119.132.12 - - [05/Nov/2025:07:41:16 +0100] "GET /?o=29300714031620 HTTP/1.1" 200 203389 "https://impuguke.com/sitemap_index.xml" "Mozilla/5.0 (Linux; Android 7.0;) AppleWebKit/537.36 (KHTML, like Gecko) Mobile Safari/537.36 (compatible; PetalBot;+https://webmaster.petalsearch.com/site/petalbot)"
207.180.227.180 - - [05/Nov/2025:07:41:19 +0100] "POST /wp-cron.php?doing_wp_cron=1762324879.1783049106597900390625 HTTP/1.1" 404 15727 "-" "WordPress/6.8.3; https://impuguke.com"
114.119.139.148 - - [05/Nov/2025:07:42:36 +0100] "GET /?o=29299604001620 HTTP/1.1" 200 203389 "https://impuguke.com/sitemap_index.xml" "Mozilla/5.0 (Linux; Android 7.0;) AppleWebKit/537.36 (KHTML, like Gecko) Mobile Safari/537.36 (compatible; PetalBot;+https://webmaster.petalsearch.com/site/petalbot)"
207.180.227.180 - - [05/Nov/2025:07:42:40 +0100] "POST /wp-cron.php?doing_wp_cron=1762324959.9923930168151855468750 HTTP/1.1" 404 16000 "-" "WordPress/6.8.3; https://impuguke.com"
113.37.75.100 - - [05/Nov/2025:07:42:44 +0100] "GET /wp-login.php HTTP/1.1" 200 7136 "http://impuguke.com/wp-login.php" "Mozilla/5.0 (Windows NT 10.0; Win64; x64; rv:144.0) Gecko/20100101 Firefox/144.0"
85.194.44.225 - - [05/Nov/2025:07:42:48 +0100] "GET /wp-login.php HTTP/1.1" 200 7136 "http://impuguke.com/wp-login.php" "Mozilla/5.0 (Windows NT 10.0; Win64; x64; rv:144.0) Gecko/20100101 Firefox/144.0"
113.37.75.100 - - [05/Nov/2025:07:42:49 +0100] "GET /wp-json/wp/v2/users HTTP/1.1" 200 25263 "http://impuguke.com/wp-login.php" "Mozilla/5.0 (Windows NT 10.0; Win64; x64; rv:144.0) Gecko/20100101 Firefox/144.0"
85.194.44.225 - - [05/Nov/2025:07:42:51 +0100] "GET /wp-json/wp/v2/users HTTP/1.1" 200 25263 "http://impuguke.com/wp-login.php" "Mozilla/5.0 (Windows NT 10.0; Win64; x64; rv:144.0) Gecko/20100101 Firefox/144.0"
113.37.75.100 - - [05/Nov/2025:07:42:55 +0100] "POST /wp-login.php HTTP/1.1" 200 7374 "https://impuguke.com/wp-login.php?redirect_to=https%3A%2F%2Fimpuguke.com%2Fwp-admin%2F" "Mozilla/5.0 (Windows NT 10.0; Win64; x64; rv:144.0) Gecko/20100101 Firefox/144.0"
85.194.44.225 - - [05/Nov/2025:07:42:56 +0100] "POST /wp-login.php HTTP/1.1" 200 7374 "https://impuguke.com/wp-login.php?redirect_to=https%3A%2F%2Fimpuguke.com%2Fwp-admin%2F" "Mozilla/5.0 (Windows NT 10.0; Win64; x64; rv:144.0) Gecko/20100101 Firefox/144.0"
85.194.44.225 - - [05/Nov/2025:07:43:00 +0100] "POST /wp-login.php HTTP/1.1" 200 7374 "https://impuguke.com/wp-login.php?redirect_to=https%3A%2F%2Fimpuguke.com%2Fwp-admin%2F" "Mozilla/5.0 (Windows NT 10.0; Win64; x64; rv:144.0) Gecko/20100101 Firefox/144.0"
113.37.75.100 - - [05/Nov/2025:07:43:00 +0100] "POST /wp-login.php HTTP/1.1" 200 7374 "https://impuguke.com/wp-login.php?redirect_to=https%3A%2F%2Fimpuguke.com%2Fwp-admin%2F" "Mozilla/5.0 (Windows NT 10.0; Win64; x64; rv:144.0) Gecko/20100101 Firefox/144.0"
85.194.44.225 - - [05/Nov/2025:07:43:06 +0100] "POST /wp-login.php HTTP/1.1" 200 7374 "https://impuguke.com/wp-login.php?redirect_to=https%3A%2F%2Fimpuguke.com%2Fwp-admin%2F" "Mozilla/5.0 (Windows NT 10.0; Win64; x64; rv:144.0) Gecko/20100101 Firefox/144.0"
113.37.75.100 - - [05/Nov/2025:07:43:06 +0100] "POST /wp-login.php HTTP/1.1" 200 7374 "https://impuguke.com/wp-login.php?redirect_to=https%3A%2F%2Fimpuguke.com%2Fwp-admin%2F" "Mozilla/5.0 (Windows NT 10.0; Win64; x64; rv:144.0) Gecko/20100101 Firefox/144.0"
85.194.44.225 - - [05/Nov/2025:07:43:10 +0100] "POST /wp-login.php HTTP/1.1" 200 7336 "https://impuguke.com/wp-login.php?redirect_to=https%3A%2F%2Fimpuguke.com%2Fwp-admin%2F" "Mozilla/5.0 (Windows NT 10.0; Win64; x64; rv:144.0) Gecko/20100101 Firefox/144.0"
113.37.75.100 - - [05/Nov/2025:07:43:12 +0100] "POST /wp-login.php HTTP/1.1" 200 7336 "https://impuguke.com/wp-login.php?redirect_to=https%3A%2F%2Fimpuguke.com%2Fwp-admin%2F" "Mozilla/5.0 (Windows NT 10.0; Win64; x64; rv:144.0) Gecko/20100101 Firefox/144.0"
85.194.44.225 - - [05/Nov/2025:07:43:15 +0100] "POST /wp-login.php HTTP/1.1" 200 7336 "https://impuguke.com/wp-login.php?redirect_to=https%3A%2F%2Fimpuguke.com%2Fwp-admin%2F" "Mozilla/5.0 (Windows NT 10.0; Win64; x64; rv:144.0) Gecko/20100101 Firefox/144.0"
113.37.75.100 - - [05/Nov/2025:07:43:17 +0100] "POST /wp-login.php HTTP/1.1" 200 7336 "https://impuguke.com/wp-login.php?redirect_to=https%3A%2F%2Fimpuguke.com%2Fwp-admin%2F" "Mozilla/5.0 (Windows NT 10.0; Win64; x64; rv:144.0) Gecko/20100101 Firefox/144.0"
114.119.140.221 - - [05/Nov/2025:07:44:01 +0100] "GET /?o=29208994001620 HTTP/1.1" 200 203389 "https://impuguke.com/sitemap_index.xml" "Mozilla/5.0 (Linux; Android 7.0;) AppleWebKit/537.36 (KHTML, like Gecko) Mobile Safari/537.36 (compatible; PetalBot;+https://webmaster.petalsearch.com/site/petalbot)"
207.180.227.180 - - [05/Nov/2025:07:44:04 +0100] "POST /wp-cron.php?doing_wp_cron=1762325044.3879890441894531250000 HTTP/1.1" 404 15727 "-" "WordPress/6.8.3; https://impuguke.com"
160.30.160.240 - - [05/Nov/2025:07:44:31 +0100] "GET /wp-login.php HTTP/1.1" 200 7136 "-" "Mozilla/5.0 (Windows NT 10.0) AppleWebKit/537.36 (KHTML, like Gecko) Chrome/66.0.3359.117 Safari/537.36"
160.30.160.240 - - [05/Nov/2025:07:44:32 +0100] "POST /wp-login.php HTTP/1.1" 200 7392 "https://impuguke.com/wp-login.php" "Mozilla/5.0 (Windows NT 10.0) AppleWebKit/537.36 (KHTML, like Gecko) Chrome/66.0.3359.117 Safari/537.36"
114.119.139.148 - - [05/Nov/2025:07:45:27 +0100] "GET /?o=29172930041620 HTTP/1.1" 200 203389 "https://impuguke.com/sitemap_index.xml" "Mozilla/5.0 (Linux; Android 7.0;) AppleWebKit/537.36 (KHTML, like Gecko) Mobile Safari/537.36 (compatible; PetalBot;+https://webmaster.petalsearch.com/site/petalbot)"
207.180.227.180 - - [05/Nov/2025:07:45:29 +0100] "POST /wp-cron.php?doing_wp_cron=1762325129.3012158870697021484375 HTTP/1.1" 404 15727 "-" "WordPress/6.8.3; https://impuguke.com"
114.119.129.233 - - [05/Nov/2025:07:46:52 +0100] "GET /?o=29071181041620 HTTP/1.1" 200 203389 "https://impuguke.com/sitemap_index.xml" "Mozilla/5.0 (Linux; Android 7.0;) AppleWebKit/537.36 (KHTML, like Gecko) Mobile Safari/537.36 (compatible; PetalBot;+https://webmaster.petalsearch.com/site/petalbot)"
207.180.227.180 - - [05/Nov/2025:07:46:57 +0100] "POST /wp-cron.php?doing_wp_cron=1762325217.0741369724273681640625 HTTP/1.1" 404 16000 "-" "WordPress/6.8.3; https://impuguke.com"
114.119.132.12 - - [05/Nov/2025:07:48:15 +0100] "GET /?o=2906979001620 HTTP/1.1" 200 203386 "https://impuguke.com/sitemap_index.xml" "Mozilla/5.0 (Linux; Android 7.0;) AppleWebKit/537.36 (KHTML, like Gecko) Mobile Safari/537.36 (compatible; PetalBot;+https://webmaster.petalsearch.com/site/petalbot)"
207.180.227.180 - - [05/Nov/2025:07:48:18 +0100] "POST /wp-cron.php?doing_wp_cron=1762325297.9655370712280273437500 HTTP/1.1" 404 15727 "-" "WordPress/6.8.3; https://impuguke.com"
114.119.156.99 - - [05/Nov/2025:07:49:35 +0100] "GET /?o=29035163011620 HTTP/1.1" 200 203389 "https://impuguke.com/sitemap_index.xml" "Mozilla/5.0 (Linux; Android 7.0;) AppleWebKit/537.36 (KHTML, like Gecko) Mobile Safari/537.36 (compatible; PetalBot;+https://webmaster.petalsearch.com/site/petalbot)"
207.180.227.180 - - [05/Nov/2025:07:49:36 +0100] "POST /wp-cron.php?doing_wp_cron=1762325376.6701459884643554687500 HTTP/1.1" 404 15727 "-" "WordPress/6.8.3; https://impuguke.com"
114.119.132.12 - - [05/Nov/2025:07:51:01 +0100] "GET /?o=29369564011620 HTTP/1.1" 200 203389 "https://impuguke.com/sitemap_index.xml" "Mozilla/5.0 (Linux; Android 7.0;) AppleWebKit/537.36 (KHTML, like Gecko) Mobile Safari/537.36 (compatible; PetalBot;+https://webmaster.petalsearch.com/site/petalbot)"
207.180.227.180 - - [05/Nov/2025:07:51:04 +0100] "POST /wp-cron.php?doing_wp_cron=1762325464.3781919479370117187500 HTTP/1.1" 404 15727 "-" "WordPress/6.8.3; https://impuguke.com"
118.139.182.231 - - [05/Nov/2025:07:51:13 +0100] "GET /wp-login.php HTTP/1.1" 200 7136 "-" "Mozilla/5.0 (Windows NT 6.1; WOW64; Trident/7.0; MAFSJS; rv:11.0) like Gecko"
118.139.182.231 - - [05/Nov/2025:07:51:16 +0100] "POST /wp-login.php HTTP/1.1" 200 7392 "https://impuguke.com/wp-login.php" "Mozilla/5.0 (Windows NT 6.1; WOW64; Trident/7.0; MAFSJS; rv:11.0) like Gecko"
114.119.154.87 - - [05/Nov/2025:07:52:21 +0100] "GET /?o=29024454001620 HTTP/1.1" 200 203389 "https://impuguke.com/sitemap_index.xml" "Mozilla/5.0 (Linux; Android 7.0;) AppleWebKit/537.36 (KHTML, like Gecko) Mobile Safari/537.36 (compatible; PetalBot;+https://webmaster.petalsearch.com/site/petalbot)"
207.180.227.180 - - [05/Nov/2025:07:52:23 +0100] "POST /wp-cron.php?doing_wp_cron=1762325543.5640571117401123046875 HTTP/1.1" 404 16000 "-" "WordPress/6.8.3; https://impuguke.com"
114.119.156.99 - - [05/Nov/2025:07:53:45 +0100] "GET /?o=28947078071620 HTTP/1.1" 200 203389 "https://impuguke.com/sitemap_index.xml" "Mozilla/5.0 (Linux; Android 7.0;) AppleWebKit/537.36 (KHTML, like Gecko) Mobile Safari/537.36 (compatible; PetalBot;+https://webmaster.petalsearch.com/site/petalbot)"
207.180.227.180 - - [05/Nov/2025:07:53:48 +0100] "POST /wp-cron.php?doing_wp_cron=1762325628.7686619758605957031250 HTTP/1.1" 404 15727 "-" "WordPress/6.8.3; https://impuguke.com"
66.249.64.107 - - [05/Nov/2025:07:54:23 +0100] "GET /?o=42277451041620 HTTP/1.1" 200 179822 "-" "Mozilla/5.0 (Linux; Android 6.0.1; Nexus 5X Build/MMB29P) AppleWebKit/537.36 (KHTML, like Gecko) Chrome/141.0.7390.122 Mobile Safari/537.36 (compatible; Googlebot/2.1; +http://www.google.com/bot.html)"
66.249.64.109 - - [05/Nov/2025:07:54:24 +0100] "GET /?o=33696768051620 HTTP/1.1" 200 168688 "-" "Mozilla/5.0 (Linux; Android 6.0.1; Nexus 5X Build/MMB29P) AppleWebKit/537.36 (KHTML, like Gecko) Chrome/141.0.7390.122 Mobile Safari/537.36 (compatible; Googlebot/2.1; +http://www.google.com/bot.html)"
66.249.64.108 - - [05/Nov/2025:07:54:30 +0100] "GET /?o=22245367021620 HTTP/1.1" 200 175255 "-" "Mozilla/5.0 (Linux; Android 6.0.1; Nexus 5X Build/MMB29P) AppleWebKit/537.36 (KHTML, like Gecko) Chrome/141.0.7390.122 Mobile Safari/537.36 (compatible; Googlebot/2.1; +http://www.google.com/bot.html)"
66.249.64.108 - - [05/Nov/2025:07:54:29 +0100] "GET /?o=105488428071620 HTTP/1.1" 200 170622 "-" "Mozilla/5.0 (Linux; Android 6.0.1; Nexus 5X Build/MMB29P) AppleWebKit/537.36 (KHTML, like Gecko) Chrome/141.0.7390.122 Mobile Safari/537.36 (compatible; Googlebot/2.1; +http://www.google.com/bot.html)"
66.249.64.107 - - [05/Nov/2025:07:54:32 +0100] "GET /?o=87666606041620 HTTP/1.1" 200 178792 "-" "Mozilla/5.0 (Linux; Android 6.0.1; Nexus 5X Build/MMB29P) AppleWebKit/537.36 (KHTML, like Gecko) Chrome/141.0.7390.122 Mobile Safari/537.36 (compatible; Googlebot/2.1; +http://www.google.com/bot.html)"
66.249.64.107 - - [05/Nov/2025:07:54:34 +0100] "GET /?o=39198300031620 HTTP/1.1" 200 170621 "-" "Mozilla/5.0 (Linux; Android 6.0.1; Nexus 5X Build/MMB29P) AppleWebKit/537.36 (KHTML, like Gecko) Chrome/141.0.7390.122 Mobile Safari/537.36 (compatible; Googlebot/2.1; +http://www.google.com/bot.html)"
66.249.64.107 - - [05/Nov/2025:07:54:37 +0100] "GET /?o=117232617021620 HTTP/1.1" 200 177932 "-" "Mozilla/5.0 (Linux; Android 6.0.1; Nexus 5X Build/MMB29P) AppleWebKit/537.36 (KHTML, like Gecko) Chrome/141.0.7390.122 Mobile Safari/537.36 (compatible; Googlebot/2.1; +http://www.google.com/bot.html)"
114.119.154.87 - - [05/Nov/2025:07:55:08 +0100] "GET /?o=28876477091620 HTTP/1.1" 200 203389 "https://impuguke.com/sitemap_index.xml" "Mozilla/5.0 (Linux; Android 7.0;) AppleWebKit/537.36 (KHTML, like Gecko) Mobile Safari/537.36 (compatible; PetalBot;+https://webmaster.petalsearch.com/site/petalbot)"
207.180.227.180 - - [05/Nov/2025:07:55:10 +0100] "POST /wp-cron.php?doing_wp_cron=1762325710.9585969448089599609375 HTTP/1.1" 404 15727 "-" "WordPress/6.8.3; https://impuguke.com"
66.249.64.107 - - [05/Nov/2025:07:55:52 +0100] "GET /?o=57808928011620 HTTP/1.1" 200 176231 "-" "Mozilla/5.0 (Linux; Android 6.0.1; Nexus 5X Build/MMB29P) AppleWebKit/537.36 (KHTML, like Gecko) Chrome/141.0.7390.122 Mobile Safari/537.36 (compatible; Googlebot/2.1; +http://www.google.com/bot.html)"
66.249.64.109 - - [05/Nov/2025:07:55:54 +0100] "GET /?o=101107469041620 HTTP/1.1" 200 176636 "-" "Mozilla/5.0 (Linux; Android 6.0.1; Nexus 5X Build/MMB29P) AppleWebKit/537.36 (KHTML, like Gecko) Chrome/141.0.7390.122 Mobile Safari/537.36 (compatible; Googlebot/2.1; +http://www.google.com/bot.html)"
114.119.146.107 - - [05/Nov/2025:07:56:32 +0100] "GET /?o=28691391001620 HTTP/1.1" 200 203389 "https://impuguke.com/sitemap_index.xml" "Mozilla/5.0 (Linux; Android 7.0;) AppleWebKit/537.36 (KHTML, like Gecko) Mobile Safari/537.36 (compatible; PetalBot;+https://webmaster.petalsearch.com/site/petalbot)"
207.180.227.180 - - [05/Nov/2025:07:56:38 +0100] "POST /wp-cron.php?doing_wp_cron=1762325798.1617190837860107421875 HTTP/1.1" 404 16000 "-" "WordPress/6.8.3; https://impuguke.com"
114.119.151.208 - - [05/Nov/2025:07:57:56 +0100] "GET /?o=28680637061620 HTTP/1.1" 200 203389 "https://impuguke.com/sitemap_index.xml" "Mozilla/5.0 (Linux; Android 7.0;) AppleWebKit/537.36 (KHTML, like Gecko) Mobile Safari/537.36 (compatible; PetalBot;+https://webmaster.petalsearch.com/site/petalbot)"
207.180.227.180 - - [05/Nov/2025:07:58:00 +0100] "POST /wp-cron.php?doing_wp_cron=1762325880.3587958812713623046875 HTTP/1.1" 404 16000 "-" "WordPress/6.8.3; https://impuguke.com"
114.119.146.107 - - [05/Nov/2025:07:59:21 +0100] "GET /?o=28669821061620 HTTP/1.1" 200 203389 "https://impuguke.com/sitemap_index.xml" "Mozilla/5.0 (Linux; Android 7.0;) AppleWebKit/537.36 (KHTML, like Gecko) Mobile Safari/537.36 (compatible; PetalBot;+https://webmaster.petalsearch.com/site/petalbot)"
207.180.227.180 - - [05/Nov/2025:07:59:27 +0100] "POST /wp-cron.php?doing_wp_cron=1762325967.5625360012054443359375 HTTP/1.1" 404 15727 "-" "WordPress/6.8.3; https://impuguke.com"
114.119.151.208 - - [05/Nov/2025:08:00:43 +0100] "GET /?o=2859713041620 HTTP/1.1" 200 203386 "https://impuguke.com/sitemap_index.xml" "Mozilla/5.0 (Linux; Android 7.0;) AppleWebKit/537.36 (KHTML, like Gecko) Mobile Safari/537.36 (compatible; PetalBot;+https://webmaster.petalsearch.com/site/petalbot)"
207.180.227.180 - - [05/Nov/2025:08:00:51 +0100] "POST /wp-cron.php?doing_wp_cron=1762326050.9673130512237548828125 HTTP/1.1" 404 16000 "-" "WordPress/6.8.3; https://impuguke.com"
198.244.240.140 - - [05/Nov/2025:08:01:09 +0100] "GET / HTTP/1.1" 200 203338 "-" "Mozilla/5.0 (compatible; AhrefsBot/7.0; +http://ahrefs.com/robot/)"
157.66.46.84 - - [05/Nov/2025:08:02:06 +0100] "GET /wp-login.php HTTP/1.1" 200 7136 "-" "Mozilla/5.0 (Windows NT 6.1; Trident/7.0; BOIE9;ENUS; rv:11.0) like Gecko"
114.119.139.148 - - [05/Nov/2025:08:02:06 +0100] "GET /?o=28531043001620 HTTP/1.1" 200 203389 "https://impuguke.com/sitemap_index.xml" "Mozilla/5.0 (Linux; Android 7.0;) AppleWebKit/537.36 (KHTML, like Gecko) Mobile Safari/537.36 (compatible; PetalBot;+https://webmaster.petalsearch.com/site/petalbot)"
207.180.227.180 - - [05/Nov/2025:08:02:14 +0100] "POST /wp-cron.php?doing_wp_cron=1762326134.3663480281829833984375 HTTP/1.1" 500 - "-" "WordPress/6.8.3; https://impuguke.com"
207.180.227.180 - - [05/Nov/2025:08:02:14 +0100] "POST /wp-cron.php?doing_wp_cron=1762326134.4568979740142822265625 HTTP/1.1" 404 16000 "-" "WordPress/6.8.3; https://impuguke.com"
157.66.46.84 - - [05/Nov/2025:08:02:17 +0100] "POST /wp-login.php HTTP/1.1" 200 7392 "https://impuguke.com/wp-login.php" "Mozilla/5.0 (Windows NT 6.1; Trident/7.0; BOIE9;ENUS; rv:11.0) like Gecko"
114.119.154.87 - - [05/Nov/2025:08:03:33 +0100] "GET /?o=28529067001620 HTTP/1.1" 200 203389 "https://impuguke.com/sitemap_index.xml" "Mozilla/5.0 (Linux; Android 7.0;) AppleWebKit/537.36 (KHTML, like Gecko) Mobile Safari/537.36 (compatible; PetalBot;+https://webmaster.petalsearch.com/site/petalbot)"
207.180.227.180 - - [05/Nov/2025:08:03:42 +0100] "POST /wp-cron.php?doing_wp_cron=1762326222.4609830379486083984375 HTTP/1.1" 404 16000 "-" "WordPress/6.8.3; https://impuguke.com"
114.119.132.12 - - [05/Nov/2025:08:04:55 +0100] "GET /?o=28502902031620 HTTP/1.1" 200 203389 "https://impuguke.com/sitemap_index.xml" "Mozilla/5.0 (Linux; Android 7.0;) AppleWebKit/537.36 (KHTML, like Gecko) Mobile Safari/537.36 (compatible; PetalBot;+https://webmaster.petalsearch.com/site/petalbot)"
207.180.227.180 - - [05/Nov/2025:08:05:03 +0100] "POST /wp-cron.php?doing_wp_cron=1762326303.7780439853668212890625 HTTP/1.1" 404 15727 "-" "WordPress/6.8.3; https://impuguke.com"
114.119.151.208 - - [05/Nov/2025:08:06:17 +0100] "GET /?o=28442274021620 HTTP/1.1" 200 203389 "https://impuguke.com/sitemap_index.xml" "Mozilla/5.0 (Linux; Android 7.0;) AppleWebKit/537.36 (KHTML, like Gecko) Mobile Safari/537.36 (compatible; PetalBot;+https://webmaster.petalsearch.com/site/petalbot)"
212.63.143.142 - - [05/Nov/2025:08:06:21 +0100] "POST /wp-login.php HTTP/1.1" 200 7373 "-" "Mozilla/5.0 (Windows NT 10.0; Win64; x64; rv:48.0) Gecko/20100101 Firefox/48.0"
207.180.227.180 - - [05/Nov/2025:08:06:27 +0100] "POST /wp-cron.php?doing_wp_cron=1762326386.9635400772094726562500 HTTP/1.1" 404 16000 "-" "WordPress/6.8.3; https://impuguke.com"
207.180.227.180 - - [05/Nov/2025:08:06:31 +0100] "POST /wp-cron.php?doing_wp_cron=1762326390.5604670047760009765625 HTTP/1.1" 404 15727 "-" "WordPress/6.8.3; https://impuguke.com"
114.119.129.233 - - [05/Nov/2025:08:07:41 +0100] "GET /?o=28420200121620 HTTP/1.1" 200 203389 "https://impuguke.com/sitemap_index.xml" "Mozilla/5.0 (Linux; Android 7.0;) AppleWebKit/537.36 (KHTML, like Gecko) Mobile Safari/537.36 (compatible; PetalBot;+https://webmaster.petalsearch.com/site/petalbot)"
207.180.227.180 - - [05/Nov/2025:08:07:49 +0100] "POST /wp-cron.php?doing_wp_cron=1762326469.4677200317382812500000 HTTP/1.1" 404 15727 "-" "WordPress/6.8.3; https://impuguke.com"
184.168.97.145 - - [05/Nov/2025:08:08:18 +0100] "GET /wp-login.php HTTP/1.1" 200 7136 "-" "Mozilla/5.0 (Windows NT 6.1; WOW64; Trident/7.0; MDDCJS; rv:11.0) like Gecko"
184.168.97.145 - - [05/Nov/2025:08:08:28 +0100] "POST /wp-login.php HTTP/1.1" 200 7392 "https://impuguke.com/wp-login.php" "Mozilla/5.0 (Windows NT 6.1; WOW64; Trident/7.0; MDDCJS; rv:11.0) like Gecko"
17.246.15.104 - - [05/Nov/2025:08:09:06 +0100] "GET /robots.txt HTTP/1.1" 200 66 "-" "Mozilla/5.0 (Macintosh; Intel Mac OS X 10_15_7) AppleWebKit/605.1.15 (KHTML, like Gecko) Version/17.4 Safari/605.1.15 (Applebot/0.1; +http://www.apple.com/go/applebot)"
17.246.15.104 - - [05/Nov/2025:08:09:07 +0100] "GET /category/home/ahabanza/amakuru/feed/ HTTP/1.1" 200 51113 "-" "Mozilla/5.0 (Macintosh; Intel Mac OS X 10_15_7) AppleWebKit/605.1.15 (KHTML, like Gecko) Version/17.4 Safari/605.1.15 (Applebot/0.1; +http://www.apple.com/go/applebot)"
114.119.156.99 - - [05/Nov/2025:08:09:09 +0100] "GET /?o=28342251011620 HTTP/1.1" 200 203389 "https://impuguke.com/sitemap_index.xml" "Mozilla/5.0 (Linux; Android 7.0;) AppleWebKit/537.36 (KHTML, like Gecko) Mobile Safari/537.36 (compatible; PetalBot;+https://webmaster.petalsearch.com/site/petalbot)"
207.180.227.180 - - [05/Nov/2025:08:09:15 +0100] "POST /wp-cron.php?doing_wp_cron=1762326555.4584910869598388671875 HTTP/1.1" 404 15727 "-" "WordPress/6.8.3; https://impuguke.com"
207.180.227.180 - - [05/Nov/2025:08:09:18 +0100] "POST /wp-cron.php?doing_wp_cron=1762326558.4685831069946289062500 HTTP/1.1" 404 16000 "-" "WordPress/6.8.3; https://impuguke.com"
114.119.140.221 - - [05/Nov/2025:08:10:31 +0100] "GET /?o=2828510061620 HTTP/1.1" 200 203386 "https://impuguke.com/sitemap_index.xml" "Mozilla/5.0 (Linux; Android 7.0;) AppleWebKit/537.36 (KHTML, like Gecko) Mobile Safari/537.36 (compatible; PetalBot;+https://webmaster.petalsearch.com/site/petalbot)"
207.180.227.180 - - [05/Nov/2025:08:10:33 +0100] "POST /wp-cron.php?doing_wp_cron=1762326633.7803919315338134765625 HTTP/1.1" 404 15727 "-" "WordPress/6.8.3; https://impuguke.com"
41.186.139.218 - - [05/Nov/2025:08:11:44 +0100] "GET / HTTP/1.1" 200 65536 "-" "Mozilla/5.0 (Windows NT 10.0; Win64; x64) AppleWebKit/537.36 (KHTML, like Gecko) Chrome/141.0.0.0 Safari/537.36"
41.186.139.218 - - [05/Nov/2025:08:11:53 +0100] "GET /wp-content/uploads/2025/11/gyudostxkaaados-4d97a.jpg HTTP/1.1" 304 - "https://impuguke.com/" "Mozilla/5.0 (Windows NT 10.0; Win64; x64) AppleWebKit/537.36 (KHTML, like Gecko) Chrome/141.0.0.0 Safari/537.36"
41.186.139.218 - - [05/Nov/2025:08:11:45 +0100] "GET / HTTP/1.1" 200 203338 "-" "Mozilla/5.0 (Windows NT 10.0; Win64; x64) AppleWebKit/537.36 (KHTML, like Gecko) Chrome/141.0.0.0 Safari/537.36"
41.186.139.218 - - [05/Nov/2025:08:11:54 +0100] "GET /wp-content/uploads/2025/10/image_870x580_6902fc725d3ab-150x150.jpg HTTP/1.1" 304 - "https://impuguke.com/" "Mozilla/5.0 (Windows NT 10.0; Win64; x64) AppleWebKit/537.36 (KHTML, like Gecko) Chrome/141.0.0.0 Safari/537.36"
41.186.139.218 - - [05/Nov/2025:08:11:54 +0100] "GET /wp-content/uploads/2025/11/gyudostxkaaados-4d97a-150x150.jpg HTTP/1.1" 304 - "https://impuguke.com/" "Mozilla/5.0 (Windows NT 10.0; Win64; x64) AppleWebKit/537.36 (KHTML, like Gecko) Chrome/141.0.0.0 Safari/537.36"
41.186.139.218 - - [05/Nov/2025:08:11:54 +0100] "GET /wp-content/uploads/2025/10/image_870x580_6902fc725d3ab.jpg HTTP/1.1" 304 - "https://impuguke.com/" "Mozilla/5.0 (Windows NT 10.0; Win64; x64) AppleWebKit/537.36 (KHTML, like Gecko) Chrome/141.0.0.0 Safari/537.36"
41.186.139.218 - - [05/Nov/2025:08:11:54 +0100] "GET /wp-content/uploads/2025/10/G31y5s6XcAAUR-Q-150x150.jpeg HTTP/1.1" 304 - "https://impuguke.com/" "Mozilla/5.0 (Windows NT 10.0; Win64; x64) AppleWebKit/537.36 (KHTML, like Gecko) Chrome/141.0.0.0 Safari/537.36"
41.186.139.218 - - [05/Nov/2025:08:11:54 +0100] "GET /wp-content/uploads/2025/10/maxresdefault.jpg HTTP/1.1" 304 - "https://impuguke.com/" "Mozilla/5.0 (Windows NT 10.0; Win64; x64) AppleWebKit/537.36 (KHTML, like Gecko) Chrome/141.0.0.0 Safari/537.36"
41.186.139.218 - - [05/Nov/2025:08:11:54 +0100] "GET /wp-content/uploads/2025/10/InShot_20251022_085145336-150x150.jpg HTTP/1.1" 304 - "https://impuguke.com/" "Mozilla/5.0 (Windows NT 10.0; Win64; x64) AppleWebKit/537.36 (KHTML, like Gecko) Chrome/141.0.0.0 Safari/537.36"
41.186.139.218 - - [05/Nov/2025:08:11:54 +0100] "GET /wp-content/uploads/2025/10/WhatsApp-Image-2025-10-20-at-23.26.03-150x150.jpeg HTTP/1.1" 304 - "https://impuguke.com/" "Mozilla/5.0 (Windows NT 10.0; Win64; x64) AppleWebKit/537.36 (KHTML, like Gecko) Chrome/141.0.0.0 Safari/537.36"
41.186.139.218 - - [05/Nov/2025:08:11:54 +0100] "GET /wp-content/uploads/2025/10/G31y5s6XcAAUR-Q.jpeg HTTP/1.1" 304 - "https://impuguke.com/" "Mozilla/5.0 (Windows NT 10.0; Win64; x64) AppleWebKit/537.36 (KHTML, like Gecko) Chrome/141.0.0.0 Safari/537.36"
41.186.139.218 - - [05/Nov/2025:08:11:54 +0100] "GET /wp-content/uploads/2025/10/WhatsApp-Image-2025-10-20-at-23.26.03.jpeg HTTP/1.1" 304 - "https://impuguke.com/" "Mozilla/5.0 (Windows NT 10.0; Win64; x64) AppleWebKit/537.36 (KHTML, like Gecko) Chrome/141.0.0.0 Safari/537.36"
41.186.139.218 - - [05/Nov/2025:08:11:54 +0100] "GET /wp-content/uploads/2025/10/InShot_20251022_085145336-scaled.jpg HTTP/1.1" 304 - "https://impuguke.com/" "Mozilla/5.0 (Windows NT 10.0; Win64; x64) AppleWebKit/537.36 (KHTML, like Gecko) Chrome/141.0.0.0 Safari/537.36"
207.180.227.180 - - [05/Nov/2025:08:11:47 +0100] "POST /wp-cron.php?doing_wp_cron=1762326707.0596849918365478515625 HTTP/1.1" 404 15727 "-" "WordPress/6.8.3; https://impuguke.com"
207.180.227.180 - - [05/Nov/2025:08:11:50 +0100] "POST /wp-cron.php?doing_wp_cron=1762326710.3645579814910888671875 HTTP/1.1" 404 16000 "-" "WordPress/6.8.3; https://impuguke.com"
114.119.154.87 - - [05/Nov/2025:08:11:53 +0100] "GET /?o=28260153031620 HTTP/1.1" 200 203389 "https://impuguke.com/sitemap_index.xml" "Mozilla/5.0 (Linux; Android 7.0;) AppleWebKit/537.36 (KHTML, like Gecko) Mobile Safari/537.36 (compatible; PetalBot;+https://webmaster.petalsearch.com/site/petalbot)"
114.119.146.107 - - [05/Nov/2025:08:13:16 +0100] "GET /?o=28252419031620 HTTP/1.1" 200 203389 "https://impuguke.com/sitemap_index.xml" "Mozilla/5.0 (Linux; Android 7.0;) AppleWebKit/537.36 (KHTML, like Gecko) Mobile Safari/537.36 (compatible; PetalBot;+https://webmaster.petalsearch.com/site/petalbot)"
207.180.227.180 - - [05/Nov/2025:08:13:25 +0100] "POST /wp-cron.php?doing_wp_cron=1762326805.1691761016845703125000 HTTP/1.1" 404 15727 "-" "WordPress/6.8.3; https://impuguke.com"
184.168.97.145 - - [05/Nov/2025:08:13:49 +0100] "GET /wp-login.php HTTP/1.1" 200 7336 "-" "Mozilla/5.0 (Windows NT 10.0; WOW64; Trident/7.0; MALCJS; rv:11.0) like Gecko"
184.168.97.145 - - [05/Nov/2025:08:13:56 +0100] "POST /wp-login.php HTTP/1.1" 200 7354 "https://impuguke.com/wp-login.php" "Mozilla/5.0 (Windows NT 10.0; WOW64; Trident/7.0; MALCJS; rv:11.0) like Gecko"
114.119.146.107 - - [05/Nov/2025:08:14:39 +0100] "GET /?o=28177631021620 HTTP/1.1" 200 203389 "https://impuguke.com/sitemap_index.xml" "Mozilla/5.0 (Linux; Android 7.0;) AppleWebKit/537.36 (KHTML, like Gecko) Mobile Safari/537.36 (compatible; PetalBot;+https://webmaster.petalsearch.com/site/petalbot)"
207.180.227.180 - - [05/Nov/2025:08:14:49 +0100] "POST /wp-cron.php?doing_wp_cron=1762326888.8626739978790283203125 HTTP/1.1" 404 16000 "-" "WordPress/6.8.3; https://impuguke.com"
114.119.154.87 - - [05/Nov/2025:08:16:08 +0100] "GET /?o=28172965011620 HTTP/1.1" 200 203389 "https://impuguke.com/sitemap_index.xml" "Mozilla/5.0 (Linux; Android 7.0;) AppleWebKit/537.36 (KHTML, like Gecko) Mobile Safari/537.36 (compatible; PetalBot;+https://webmaster.petalsearch.com/site/petalbot)"
207.180.227.180 - - [05/Nov/2025:08:16:17 +0100] "POST /wp-cron.php?doing_wp_cron=1762326977.0770928859710693359375 HTTP/1.1" 404 15727 "-" "WordPress/6.8.3; https://impuguke.com"
114.119.139.148 - - [05/Nov/2025:08:17:26 +0100] "GET /?o=28123728081620 HTTP/1.1" 200 203389 "https://impuguke.com/sitemap_index.xml" "Mozilla/5.0 (Linux; Android 7.0;) AppleWebKit/537.36 (KHTML, like Gecko) Mobile Safari/537.36 (compatible; PetalBot;+https://webmaster.petalsearch.com/site/petalbot)"
207.180.227.180 - - [05/Nov/2025:08:17:33 +0100] "POST /wp-cron.php?doing_wp_cron=1762327053.4694249629974365234375 HTTP/1.1" 404 16000 "-" "WordPress/6.8.3; https://impuguke.com"
114.119.156.99 - - [05/Nov/2025:08:18:51 +0100] "GET /?o=28109672091620 HTTP/1.1" 200 203389 "https://impuguke.com/sitemap_index.xml" "Mozilla/5.0 (Linux; Android 7.0;) AppleWebKit/537.36 (KHTML, like Gecko) Mobile Safari/537.36 (compatible; PetalBot;+https://webmaster.petalsearch.com/site/petalbot)"
207.180.227.180 - - [05/Nov/2025:08:18:58 +0100] "POST /wp-cron.php?doing_wp_cron=1762327138.1762380599975585937500 HTTP/1.1" 404 15727 "-" "WordPress/6.8.3; https://impuguke.com"
66.240.236.13 - - [05/Nov/2025:08:20:12 +0100] "GET /wp-login.php HTTP/1.1" 200 7136 "-" "Mozilla/5.0 (X11; Linux x86_64; rv:60.0) Gecko/20100101 Firefox/60.0"
207.180.227.180 - - [05/Nov/2025:08:20:16 +0100] "POST /wp-cron.php?doing_wp_cron=1762327216.6750500202178955078125 HTTP/1.1" 404 16000 "-" "WordPress/6.8.3; https://impuguke.com"
66.240.236.13 - - [05/Nov/2025:08:20:18 +0100] "POST /wp-login.php HTTP/1.1" 200 7392 "https://impuguke.com/wp-login.php" "Mozilla/5.0 (X11; Linux x86_64; rv:60.0) Gecko/20100101 Firefox/60.0"
207.180.227.180 - - [05/Nov/2025:08:20:21 +0100] "POST /wp-cron.php?doing_wp_cron=1762327220.8674330711364746093750 HTTP/1.1" 404 15727 "-" "WordPress/6.8.3; https://impuguke.com"
114.119.129.233 - - [05/Nov/2025:08:20:15 +0100] "GET /?o=28092892071620 HTTP/1.1" 500 203389 "https://impuguke.com/sitemap_index.xml" "Mozilla/5.0 (Linux; Android 7.0;) AppleWebKit/537.36 (KHTML, like Gecko) Mobile Safari/537.36 (compatible; PetalBot;+https://webmaster.petalsearch.com/site/petalbot)"
114.119.139.148 - - [05/Nov/2025:08:21:41 +0100] "GET /?o=27882733071620 HTTP/1.1" 200 203389 "https://impuguke.com/sitemap_index.xml" "Mozilla/5.0 (Linux; Android 7.0;) AppleWebKit/537.36 (KHTML, like Gecko) Mobile Safari/537.36 (compatible; PetalBot;+https://webmaster.petalsearch.com/site/petalbot)"
207.180.227.180 - - [05/Nov/2025:08:21:43 +0100] "POST /wp-cron.php?doing_wp_cron=1762327302.9778261184692382812500 HTTP/1.1" 404 15727 "-" "WordPress/6.8.3; https://impuguke.com"
52.167.144.142 - - [05/Nov/2025:08:22:10 +0100] "GET /?s=2025 HTTP/1.1" 200 173604 "-" "Mozilla/5.0 AppleWebKit/537.36 (KHTML, like Gecko; compatible; bingbot/2.0; +http://www.bing.com/bingbot.htm) Chrome/116.0.1938.76 Safari/537.36"
114.119.140.221 - - [05/Nov/2025:08:23:01 +0100] "GET /?o=27844828081620 HTTP/1.1" 200 203389 "https://impuguke.com/sitemap_index.xml" "Mozilla/5.0 (Linux; Android 7.0;) AppleWebKit/537.36 (KHTML, like Gecko) Mobile Safari/537.36 (compatible; PetalBot;+https://webmaster.petalsearch.com/site/petalbot)"
207.180.227.180 - - [05/Nov/2025:08:23:04 +0100] "POST /wp-cron.php?doing_wp_cron=1762327384.5909709930419921875000 HTTP/1.1" 404 16000 "-" "WordPress/6.8.3; https://impuguke.com"
