43.152.189.26 - - [04/Nov/2025:19:22:56 +0100] "GET /wp-content/plugins/ultimate-social-media-icons/js/shuffle/jquery.shuffle.min.js?ver=6.8.3 HTTP/1.1" 200 11484 "https://impuguke.com/2025/06/05/kagame-signs-important-agreements-and-opens-new-embassy-in-algeria/" "Mozilla/5.0 (Windows NT 10.0; Win64; x64) AppleWebKit/537.36 (KHTML, like Gecko) Chrome/134.0.0.0 Safari/537.36"
43.152.189.26 - - [04/Nov/2025:19:22:56 +0100] "GET /wp-content/plugins/ultimate-social-media-icons/js/shuffle/random-shuffle-min.js?ver=6.8.3 HTTP/1.1" 200 1472 "https://impuguke.com/2025/06/05/kagame-signs-important-agreements-and-opens-new-embassy-in-algeria/" "Mozilla/5.0 (Windows NT 10.0; Win64; x64) AppleWebKit/537.36 (KHTML, like Gecko) Chrome/134.0.0.0 Safari/537.36"
43.152.189.26 - - [04/Nov/2025:19:22:56 +0100] "GET /wp-content/plugins/ultimate-social-media-icons/js/custom.js?ver=2.9.5 HTTP/1.1" 200 33932 "https://impuguke.com/2025/06/05/kagame-signs-important-agreements-and-opens-new-embassy-in-algeria/" "Mozilla/5.0 (Windows NT 10.0; Win64; x64) AppleWebKit/537.36 (KHTML, like Gecko) Chrome/134.0.0.0 Safari/537.36"
43.152.189.26 - - [04/Nov/2025:19:22:56 +0100] "GET /wp-content/themes/newses/js/custom.js?ver=6.8.3 HTTP/1.1" 200 3481 "https://impuguke.com/2025/06/05/kagame-signs-important-agreements-and-opens-new-embassy-in-algeria/" "Mozilla/5.0 (Windows NT 10.0; Win64; x64) AppleWebKit/537.36 (KHTML, like Gecko) Chrome/134.0.0.0 Safari/537.36"
43.152.189.26 - - [04/Nov/2025:19:22:56 +0100] "GET /wp-includes/js/comment-reply.min.js?ver=6.8.3 HTTP/1.1" 200 3026 "https://impuguke.com/2025/06/05/kagame-signs-important-agreements-and-opens-new-embassy-in-algeria/" "Mozilla/5.0 (Windows NT 10.0; Win64; x64) AppleWebKit/537.36 (KHTML, like Gecko) Chrome/134.0.0.0 Safari/537.36"
43.152.189.26 - - [04/Nov/2025:19:22:56 +0100] "GET /wp-content/uploads/2023/09/cropped-dark-green-color-solid-background-1920x1080-1.png HTTP/1.1" 200 212 "https://impuguke.com/2025/06/05/kagame-signs-important-agreements-and-opens-new-embassy-in-algeria/" "Mozilla/5.0 (Windows NT 10.0; Win64; x64) AppleWebKit/537.36 (KHTML, like Gecko) Chrome/134.0.0.0 Safari/537.36"
43.152.189.26 - - [04/Nov/2025:19:22:56 +0100] "GET /wp-content/themes/newses/webfonts/fa-regular-400.woff2 HTTP/1.1" 200 25452 "https://impuguke.com/wp-content/themes/newses/css/font-awesome.css?ver=6.8.3" "Mozilla/5.0 (Windows NT 10.0; Win64; x64) AppleWebKit/537.36 (KHTML, like Gecko) Chrome/134.0.0.0 Safari/537.36"
43.152.189.26 - - [04/Nov/2025:19:22:56 +0100] "GET /wp-content/themes/newses/webfonts/fa-solid-900.woff2 HTTP/1.1" 200 156496 "https://impuguke.com/wp-content/themes/newses/css/font-awesome.css?ver=6.8.3" "Mozilla/5.0 (Windows NT 10.0; Win64; x64) AppleWebKit/537.36 (KHTML, like Gecko) Chrome/134.0.0.0 Safari/537.36"
43.152.189.26 - - [04/Nov/2025:19:22:57 +0100] "GET /wp-content/uploads/2025/11/gyudostxkaaados-4d97a.jpg HTTP/1.1" 200 84504 "https://impuguke.com/2025/06/05/kagame-signs-important-agreements-and-opens-new-embassy-in-algeria/" "Mozilla/5.0 (Windows NT 10.0; Win64; x64) AppleWebKit/537.36 (KHTML, like Gecko) Chrome/134.0.0.0 Safari/537.36"
43.152.189.26 - - [04/Nov/2025:19:22:57 +0100] "GET /wp-content/uploads/2025/10/image_870x580_6902fc725d3ab.jpg HTTP/1.1" 200 124737 "https://impuguke.com/2025/06/05/kagame-signs-important-agreements-and-opens-new-embassy-in-algeria/" "Mozilla/5.0 (Windows NT 10.0; Win64; x64) AppleWebKit/537.36 (KHTML, like Gecko) Chrome/134.0.0.0 Safari/537.36"
43.152.189.26 - - [04/Nov/2025:19:22:57 +0100] "GET /wp-content/uploads/2025/10/20250617_185045-2.jpg HTTP/1.1" 200 436091 "https://impuguke.com/2025/06/05/kagame-signs-important-agreements-and-opens-new-embassy-in-algeria/" "Mozilla/5.0 (Windows NT 10.0; Win64; x64) AppleWebKit/537.36 (KHTML, like Gecko) Chrome/134.0.0.0 Safari/537.36"
43.152.189.26 - - [04/Nov/2025:19:22:57 +0100] "GET /wp-content/uploads/2025/10/field_19803_25102516470029831.jpg HTTP/1.1" 200 236484 "https://impuguke.com/2025/06/05/kagame-signs-important-agreements-and-opens-new-embassy-in-algeria/" "Mozilla/5.0 (Windows NT 10.0; Win64; x64) AppleWebKit/537.36 (KHTML, like Gecko) Chrome/134.0.0.0 Safari/537.36"
43.152.189.26 - - [04/Nov/2025:19:22:57 +0100] "GET /wp-content/themes/newses/webfonts/fa-brands-400.woff2 HTTP/1.1" 200 117372 "https://impuguke.com/wp-content/themes/newses/css/font-awesome.css?ver=6.8.3" "Mozilla/5.0 (Windows NT 10.0; Win64; x64) AppleWebKit/537.36 (KHTML, like Gecko) Chrome/134.0.0.0 Safari/537.36"
43.152.189.26 - - [04/Nov/2025:19:22:57 +0100] "GET /wp-content/uploads/2025/06/FB_IMG_1748988202865-1024x681.jpg HTTP/1.1" 200 145149 "https://impuguke.com/2025/06/05/kagame-signs-important-agreements-and-opens-new-embassy-in-algeria/" "Mozilla/5.0 (Windows NT 10.0; Win64; x64) AppleWebKit/537.36 (KHTML, like Gecko) Chrome/134.0.0.0 Safari/537.36"
43.152.189.26 - - [04/Nov/2025:19:22:58 +0100] "GET /wp-includes/js/wp-emoji-release.min.js?ver=6.8.3 HTTP/1.1" 200 19251 "https://impuguke.com/2025/06/05/kagame-signs-important-agreements-and-opens-new-embassy-in-algeria/" "Mozilla/5.0 (Windows NT 10.0; Win64; x64) AppleWebKit/537.36 (KHTML, like Gecko) Chrome/134.0.0.0 Safari/537.36"
43.152.189.26 - - [04/Nov/2025:19:23:02 +0100] "GET /wp-content/uploads/2025/10/cropped-GridArt_20251017_011119953-32x32.jpg HTTP/1.1" 200 1071 "https://impuguke.com/2025/06/05/kagame-signs-important-agreements-and-opens-new-embassy-in-algeria/" "Mozilla/5.0 (Windows NT 10.0; Win64; x64) AppleWebKit/537.36 (KHTML, like Gecko) Chrome/134.0.0.0 Safari/537.36"
114.119.156.99 - - [04/Nov/2025:19:23:31 +0100] "GET /?o=59709313061620 HTTP/1.1" 200 203389 "https://impuguke.com/sitemap_index.xml" "Mozilla/5.0 (Linux; Android 7.0;) AppleWebKit/537.36 (KHTML, like Gecko) Mobile Safari/537.36 (compatible; PetalBot;+https://webmaster.petalsearch.com/site/petalbot)"
207.180.227.180 - - [04/Nov/2025:19:23:37 +0100] "POST /wp-cron.php?doing_wp_cron=1762280617.1179189682006835937500 HTTP/1.1" 404 15727 "-" "WordPress/6.8.3; https://impuguke.com"
114.119.146.107 - - [04/Nov/2025:19:24:55 +0100] "GET /?o=58412214001620 HTTP/1.1" 200 203389 "https://impuguke.com/sitemap_index.xml" "Mozilla/5.0 (Linux; Android 7.0;) AppleWebKit/537.36 (KHTML, like Gecko) Mobile Safari/537.36 (compatible; PetalBot;+https://webmaster.petalsearch.com/site/petalbot)"
108.181.226.195 - - [04/Nov/2025:19:24:57 +0100] "POST /wp-login.php HTTP/1.1" 200 7373 "-" "Mozilla/5.0 (Windows NT 10.0; Win64; x64; rv:55.0) Gecko/20100101 Firefox/55.0"
207.180.227.180 - - [04/Nov/2025:19:24:57 +0100] "POST /wp-cron.php?doing_wp_cron=1762280697.8335130214691162109375 HTTP/1.1" 404 16000 "-" "WordPress/6.8.3; https://impuguke.com"
207.180.227.180 - - [04/Nov/2025:19:25:02 +0100] "POST /wp-cron.php?doing_wp_cron=1762280702.3096690177917480468750 HTTP/1.1" 500 - "-" "WordPress/6.8.3; https://impuguke.com"
114.119.146.107 - - [04/Nov/2025:19:26:19 +0100] "GET /?o=58030572001620 HTTP/1.1" 200 203389 "https://impuguke.com/sitemap_index.xml" "Mozilla/5.0 (Linux; Android 7.0;) AppleWebKit/537.36 (KHTML, like Gecko) Mobile Safari/537.36 (compatible; PetalBot;+https://webmaster.petalsearch.com/site/petalbot)"
207.180.227.180 - - [04/Nov/2025:19:26:23 +0100] "POST /wp-cron.php?doing_wp_cron=1762280783.0172469615936279296875 HTTP/1.1" 404 15727 "-" "WordPress/6.8.3; https://impuguke.com"
176.65.148.212 - - [04/Nov/2025:19:27:50 +0100] "GET /.env HTTP/1.1" 401 36 "-" "Mozilla/5.0 (Windows NT 10.0; Win64; x64) AppleWebKit/537.36 (KHTML, like Gecko) Chrome/134.0.0.0 Safari/537.3"
114.119.146.107 - - [04/Nov/2025:19:27:42 +0100] "GET /?o=57203795001620 HTTP/1.1" 200 203389 "https://impuguke.com/sitemap_index.xml" "Mozilla/5.0 (Linux; Android 7.0;) AppleWebKit/537.36 (KHTML, like Gecko) Mobile Safari/537.36 (compatible; PetalBot;+https://webmaster.petalsearch.com/site/petalbot)"
207.180.227.180 - - [04/Nov/2025:19:27:49 +0100] "POST /wp-cron.php?doing_wp_cron=1762280869.5088210105895996093750 HTTP/1.1" 404 15727 "-" "WordPress/6.8.3; https://impuguke.com"
108.167.132.89 - - [04/Nov/2025:19:28:46 +0100] "GET /wp-login.php HTTP/1.1" 200 7136 "-" "Mozilla/5.0 (Windows NT 6.1; Win64; x64; rv:61.0) Gecko/20100101 Firefox/61.0"
207.180.227.180 - - [04/Nov/2025:19:28:54 +0100] "POST /wp-cron.php?doing_wp_cron=1762280934.0136630535125732421875 HTTP/1.1" 404 15727 "-" "WordPress/6.8.3; https://impuguke.com"
114.119.146.107 - - [04/Nov/2025:19:29:05 +0100] "GET /?o=56939910031620 HTTP/1.1" 200 203389 "https://impuguke.com/sitemap_index.xml" "Mozilla/5.0 (Linux; Android 7.0;) AppleWebKit/537.36 (KHTML, like Gecko) Mobile Safari/537.36 (compatible; PetalBot;+https://webmaster.petalsearch.com/site/petalbot)"
114.119.129.233 - - [04/Nov/2025:19:30:30 +0100] "GET /?o=56890111061620 HTTP/1.1" 200 203389 "https://impuguke.com/sitemap_index.xml" "Mozilla/5.0 (Linux; Android 7.0;) AppleWebKit/537.36 (KHTML, like Gecko) Mobile Safari/537.36 (compatible; PetalBot;+https://webmaster.petalsearch.com/site/petalbot)"
207.180.227.180 - - [04/Nov/2025:19:30:40 +0100] "POST /wp-cron.php?doing_wp_cron=1762281039.9153239727020263671875 HTTP/1.1" 404 16000 "-" "WordPress/6.8.3; https://impuguke.com"
185.191.171.11 - - [04/Nov/2025:19:31:15 +0100] "GET /category/home/ahabanza/amakuru/ubukungu/ HTTP/1.1" 200 153424 "-" "Mozilla/5.0 (compatible; SemrushBot/7~bl; +http://www.semrush.com/bot.html)"
114.119.151.208 - - [04/Nov/2025:19:31:52 +0100] "GET /?o=56882282011620 HTTP/1.1" 200 203389 "https://impuguke.com/sitemap_index.xml" "Mozilla/5.0 (Linux; Android 7.0;) AppleWebKit/537.36 (KHTML, like Gecko) Mobile Safari/537.36 (compatible; PetalBot;+https://webmaster.petalsearch.com/site/petalbot)"
207.180.227.180 - - [04/Nov/2025:19:32:00 +0100] "POST /wp-cron.php?doing_wp_cron=1762281120.1175301074981689453125 HTTP/1.1" 404 16000 "-" "WordPress/6.8.3; https://impuguke.com"
198.244.242.213 - - [04/Nov/2025:19:33:08 +0100] "GET /2020/03/01/top-5-most-overrated-players-in-the-premier-league-2019-20/ HTTP/1.1" 200 163279 "-" "Mozilla/5.0 (compatible; AhrefsBot/7.0; +http://ahrefs.com/robot/)"
207.180.227.180 - - [04/Nov/2025:19:33:12 +0100] "POST /wp-cron.php?doing_wp_cron=1762281192.6228690147399902343750 HTTP/1.1" 404 15727 "-" "WordPress/6.8.3; https://impuguke.com"
114.119.132.12 - - [04/Nov/2025:19:33:18 +0100] "GET /?o=56760151031620 HTTP/1.1" 200 203389 "https://impuguke.com/sitemap_index.xml" "Mozilla/5.0 (Linux; Android 7.0;) AppleWebKit/537.36 (KHTML, like Gecko) Mobile Safari/537.36 (compatible; PetalBot;+https://webmaster.petalsearch.com/site/petalbot)"
114.119.154.87 - - [04/Nov/2025:19:34:39 +0100] "GET /?o=56732862131620 HTTP/1.1" 200 203389 "https://impuguke.com/sitemap_index.xml" "Mozilla/5.0 (Linux; Android 7.0;) AppleWebKit/537.36 (KHTML, like Gecko) Mobile Safari/537.36 (compatible; PetalBot;+https://webmaster.petalsearch.com/site/petalbot)"
207.180.227.180 - - [04/Nov/2025:19:34:47 +0100] "POST /wp-cron.php?doing_wp_cron=1762281287.0086638927459716796875 HTTP/1.1" 404 15727 "-" "WordPress/6.8.3; https://impuguke.com"
114.119.154.87 - - [04/Nov/2025:19:36:03 +0100] "GET /?o=56467934081620 HTTP/1.1" 200 203389 "https://impuguke.com/sitemap_index.xml" "Mozilla/5.0 (Linux; Android 7.0;) AppleWebKit/537.36 (KHTML, like Gecko) Mobile Safari/537.36 (compatible; PetalBot;+https://webmaster.petalsearch.com/site/petalbot)"
207.180.227.180 - - [04/Nov/2025:19:36:11 +0100] "POST /wp-cron.php?doing_wp_cron=1762281370.8235321044921875000000 HTTP/1.1" 404 16000 "-" "WordPress/6.8.3; https://impuguke.com"
114.119.156.99 - - [04/Nov/2025:19:37:26 +0100] "GET /?o=56199162011620 HTTP/1.1" 200 203389 "https://impuguke.com/sitemap_index.xml" "Mozilla/5.0 (Linux; Android 7.0;) AppleWebKit/537.36 (KHTML, like Gecko) Mobile Safari/537.36 (compatible; PetalBot;+https://webmaster.petalsearch.com/site/petalbot)"
207.180.227.180 - - [04/Nov/2025:19:37:36 +0100] "POST /wp-cron.php?doing_wp_cron=1762281455.8095149993896484375000 HTTP/1.1" 404 15727 "-" "WordPress/6.8.3; https://impuguke.com"
66.42.61.4 - - [04/Nov/2025:19:38:43 +0100] "GET /wp-login.php HTTP/1.1" 500 - "-" "Mozilla/5.0 (Windows NT 6.3; WOW64; Trident/7.0; Touch; MATBJS; rv:11.0) like Gecko"
207.180.227.180 - - [04/Nov/2025:19:39:13 +0100] "POST /wp-cron.php?doing_wp_cron=1762281551.9157910346984863281250 HTTP/1.1" 500 - "-" "WordPress/6.8.3; https://impuguke.com"
114.119.154.87 - - [04/Nov/2025:19:38:54 +0100] "GET /?o=56144814031620 HTTP/1.1" 500 - "https://impuguke.com/sitemap_index.xml" "Mozilla/5.0 (Linux; Android 7.0;) AppleWebKit/537.36 (KHTML, like Gecko) Mobile Safari/537.36 (compatible; PetalBot;+https://webmaster.petalsearch.com/site/petalbot)"
45.61.188.132 - - [04/Nov/2025:19:40:11 +0100] "GET /wp-login.php HTTP/1.1" 200 7136 "-" "Mozilla/5.0 (X11; Linux x86_64) AppleWebKit/537.36 (KHTML, like Gecko) Chrome/36.0.1985.125 Safari/537.36"
114.119.132.12 - - [04/Nov/2025:19:40:13 +0100] "GET /?o=56030244011620 HTTP/1.1" 200 203389 "https://impuguke.com/sitemap_index.xml" "Mozilla/5.0 (Linux; Android 7.0;) AppleWebKit/537.36 (KHTML, like Gecko) Mobile Safari/537.36 (compatible; PetalBot;+https://webmaster.petalsearch.com/site/petalbot)"
45.61.188.132 - - [04/Nov/2025:19:40:14 +0100] "POST /wp-login.php HTTP/1.1" 200 7392 "-" "Mozilla/5.0 (X11; Linux x86_64) AppleWebKit/537.36 (KHTML, like Gecko) Chrome/36.0.1985.125 Safari/537.36"
207.180.227.180 - - [04/Nov/2025:19:40:16 +0100] "POST /wp-cron.php?doing_wp_cron=1762281616.6248450279235839843750 HTTP/1.1" 404 16000 "-" "WordPress/6.8.3; https://impuguke.com"
207.180.227.180 - - [04/Nov/2025:19:40:17 +0100] "POST /wp-cron.php?doing_wp_cron=1762281617.7161390781402587890625 HTTP/1.1" 404 16000 "-" "WordPress/6.8.3; https://impuguke.com"
114.119.154.87 - - [04/Nov/2025:19:41:36 +0100] "GET /?o=55938631011620 HTTP/1.1" 200 203389 "https://impuguke.com/sitemap_index.xml" "Mozilla/5.0 (Linux; Android 7.0;) AppleWebKit/537.36 (KHTML, like Gecko) Mobile Safari/537.36 (compatible; PetalBot;+https://webmaster.petalsearch.com/site/petalbot)"
20.39.203.102 - - [04/Nov/2025:19:42:46 +0100] "GET /wp-admin/about.php HTTP/1.1" 302 - "-" "-"
20.39.203.102 - - [04/Nov/2025:19:42:47 +0100] "GET /wp-login.php?redirect_to=https%3A%2F%2Fimpuguke.com%2Fwp-admin%2Fabout.php&reauth=1 HTTP/1.1" 200 7145 "-" "-"
114.119.132.12 - - [04/Nov/2025:19:43:00 +0100] "GET /?o=55923211091620 HTTP/1.1" 200 203389 "https://impuguke.com/sitemap_index.xml" "Mozilla/5.0 (Linux; Android 7.0;) AppleWebKit/537.36 (KHTML, like Gecko) Mobile Safari/537.36 (compatible; PetalBot;+https://webmaster.petalsearch.com/site/petalbot)"
66.249.64.107 - - [04/Nov/2025:19:43:34 +0100] "GET / HTTP/1.1" 200 170155 "-" "Mozilla/5.0 (compatible; Googlebot/2.1; +http://www.google.com/bot.html)"
143.198.232.185 - - [04/Nov/2025:19:44:12 +0100] "POST /wp-login.php HTTP/1.1" 200 7334 "-" "Mozilla/5.0"
143.198.232.185 - - [04/Nov/2025:19:44:12 +0100] "POST /wp-login.php HTTP/1.1" 500 - "-" "Mozilla/5.0"
143.198.232.185 - - [04/Nov/2025:19:44:12 +0100] "POST /wp-login.php HTTP/1.1" 500 - "-" "Mozilla/5.0"
207.180.227.180 - - [04/Nov/2025:19:44:20 +0100] "POST /wp-cron.php?doing_wp_cron=1762281860.2108929157257080078125 HTTP/1.1" 500 - "-" "WordPress/6.8.3; https://impuguke.com"
143.198.232.185 - - [04/Nov/2025:19:44:12 +0100] "POST /wp-login.php HTTP/1.1" 500 - "-" "Mozilla/5.0"
207.180.227.180 - - [04/Nov/2025:19:44:21 +0100] "POST /wp-cron.php?doing_wp_cron=1762281861.5192980766296386718750 HTTP/1.1" 500 - "-" "WordPress/6.8.3; https://impuguke.com"
114.119.151.208 - - [04/Nov/2025:19:44:24 +0100] "GET /?o=55893129011620 HTTP/1.1" 500 203389 "https://impuguke.com/sitemap_index.xml" "Mozilla/5.0 (Linux; Android 7.0;) AppleWebKit/537.36 (KHTML, like Gecko) Mobile Safari/537.36 (compatible; PetalBot;+https://webmaster.petalsearch.com/site/petalbot)"
114.119.140.221 - - [04/Nov/2025:19:45:51 +0100] "GET /?o=55884031051620 HTTP/1.1" 200 203389 "https://impuguke.com/sitemap_index.xml" "Mozilla/5.0 (Linux; Android 7.0;) AppleWebKit/537.36 (KHTML, like Gecko) Mobile Safari/537.36 (compatible; PetalBot;+https://webmaster.petalsearch.com/site/petalbot)"
207.180.227.180 - - [04/Nov/2025:19:45:53 +0100] "POST /wp-cron.php?doing_wp_cron=1762281953.8213000297546386718750 HTTP/1.1" 404 15727 "-" "WordPress/6.8.3; https://impuguke.com"
114.119.156.99 - - [04/Nov/2025:19:47:12 +0100] "GET /?o=55824678011620 HTTP/1.1" 200 203389 "https://impuguke.com/sitemap_index.xml" "Mozilla/5.0 (Linux; Android 7.0;) AppleWebKit/537.36 (KHTML, like Gecko) Mobile Safari/537.36 (compatible; PetalBot;+https://webmaster.petalsearch.com/site/petalbot)"
207.180.227.180 - - [04/Nov/2025:19:47:15 +0100] "POST /wp-cron.php?doing_wp_cron=1762282035.2352950572967529296875 HTTP/1.1" 404 15727 "-" "WordPress/6.8.3; https://impuguke.com"
114.119.132.12 - - [04/Nov/2025:19:48:36 +0100] "GET /?o=5580851001620 HTTP/1.1" 200 203386 "https://impuguke.com/sitemap_index.xml" "Mozilla/5.0 (Linux; Android 7.0;) AppleWebKit/537.36 (KHTML, like Gecko) Mobile Safari/537.36 (compatible; PetalBot;+https://webmaster.petalsearch.com/site/petalbot)"
207.180.227.180 - - [04/Nov/2025:19:48:41 +0100] "POST /wp-cron.php?doing_wp_cron=1762282121.1139841079711914062500 HTTP/1.1" 404 15727 "-" "WordPress/6.8.3; https://impuguke.com"
114.119.140.221 - - [04/Nov/2025:19:49:59 +0100] "GET /?o=55759249001620 HTTP/1.1" 200 203389 "https://impuguke.com/sitemap_index.xml" "Mozilla/5.0 (Linux; Android 7.0;) AppleWebKit/537.36 (KHTML, like Gecko) Mobile Safari/537.36 (compatible; PetalBot;+https://webmaster.petalsearch.com/site/petalbot)"
207.180.227.180 - - [04/Nov/2025:19:50:01 +0100] "POST /wp-cron.php?doing_wp_cron=1762282201.4434089660644531250000 HTTP/1.1" 404 15727 "-" "WordPress/6.8.3; https://impuguke.com"
207.180.227.180 - - [04/Nov/2025:19:51:24 +0100] "POST /wp-cron.php?doing_wp_cron=1762282284.4086809158325195312500 HTTP/1.1" 404 15727 "-" "WordPress/6.8.3; https://impuguke.com"
114.119.154.87 - - [04/Nov/2025:19:51:23 +0100] "GET /?o=55691338051620 HTTP/1.1" 200 203389 "https://impuguke.com/sitemap_index.xml" "Mozilla/5.0 (Linux; Android 7.0;) AppleWebKit/537.36 (KHTML, like Gecko) Mobile Safari/537.36 (compatible; PetalBot;+https://webmaster.petalsearch.com/site/petalbot)"
114.119.132.12 - - [04/Nov/2025:19:52:46 +0100] "GET /?o=55683328091620 HTTP/1.1" 200 203389 "https://impuguke.com/sitemap_index.xml" "Mozilla/5.0 (Linux; Android 7.0;) AppleWebKit/537.36 (KHTML, like Gecko) Mobile Safari/537.36 (compatible; PetalBot;+https://webmaster.petalsearch.com/site/petalbot)"
207.180.227.180 - - [04/Nov/2025:19:52:51 +0100] "POST /wp-cron.php?doing_wp_cron=1762282371.4118859767913818359375 HTTP/1.1" 404 16000 "-" "WordPress/6.8.3; https://impuguke.com"
52.167.144.233 - - [04/Nov/2025:19:52:59 +0100] "GET /?s= HTTP/1.1" 200 169148 "-" "Mozilla/5.0 AppleWebKit/537.36 (KHTML, like Gecko; compatible; bingbot/2.0; +http://www.bing.com/bingbot.htm) Chrome/116.0.1938.76 Safari/537.36"
114.119.132.12 - - [04/Nov/2025:19:54:15 +0100] "GET /?o=55643689021620 HTTP/1.1" 200 203389 "https://impuguke.com/sitemap_index.xml" "Mozilla/5.0 (Linux; Android 7.0;) AppleWebKit/537.36 (KHTML, like Gecko) Mobile Safari/537.36 (compatible; PetalBot;+https://webmaster.petalsearch.com/site/petalbot)"
207.180.227.180 - - [04/Nov/2025:19:54:24 +0100] "POST /wp-cron.php?doing_wp_cron=1762282464.3379099369049072265625 HTTP/1.1" 500 - "-" "WordPress/6.8.3; https://impuguke.com"
85.208.96.198 - - [04/Nov/2025:19:55:24 +0100] "GET /robots.txt HTTP/1.1" 200 66 "-" "Mozilla/5.0 (compatible; SemrushBot/7~bl; +http://www.semrush.com/bot.html)"
185.191.171.13 - - [04/Nov/2025:19:55:27 +0100] "GET /2025/11/01/samia-suluhu-hassan-yatorewe-kuyobora-tanzania/ HTTP/1.1" 200 162909 "-" "Mozilla/5.0 (compatible; SemrushBot/7~bl; +http://www.semrush.com/bot.html)"
207.180.227.180 - - [04/Nov/2025:19:55:30 +0100] "POST /wp-cron.php?doing_wp_cron=1762282530.3249089717864990234375 HTTP/1.1" 404 15727 "-" "WordPress/6.8.3; https://impuguke.com"
114.119.140.221 - - [04/Nov/2025:19:55:34 +0100] "GET /?o=55625195091620 HTTP/1.1" 200 203389 "https://impuguke.com/sitemap_index.xml" "Mozilla/5.0 (Linux; Android 7.0;) AppleWebKit/537.36 (KHTML, like Gecko) Mobile Safari/537.36 (compatible; PetalBot;+https://webmaster.petalsearch.com/site/petalbot)"
185.191.171.3 - - [04/Nov/2025:19:55:42 +0100] "GET /?p=1514 HTTP/1.1" 301 - "-" "Mozilla/5.0 (compatible; SemrushBot/7~bl; +http://www.semrush.com/bot.html)"
34.238.126.90 - - [04/Nov/2025:19:56:46 +0100] "GET / HTTP/1.1" 301 - "-" "Mozilla/5.0 (Windows NT 10.0; Win64; x64) AppleWebKit/537.36 (KHTML, like Gecko) Chrome/58.0.3029.110 Safari/537.3"
207.180.227.180 - - [04/Nov/2025:19:56:49 +0100] "POST /wp-cron.php?doing_wp_cron=1762282609.2120730876922607421875 HTTP/1.1" 500 - "-" "WordPress/6.8.3; https://impuguke.com"
34.238.126.90 - - [04/Nov/2025:19:56:50 +0100] "GET / HTTP/1.1" 200 131072 "-" "Mozilla/5.0 (Windows NT 10.0; Win64; x64) AppleWebKit/537.36 (KHTML, like Gecko) Chrome/58.0.3029.110 Safari/537.3"
114.119.146.107 - - [04/Nov/2025:19:56:57 +0100] "GET /?o=55616940011620 HTTP/1.1" 200 203389 "https://impuguke.com/sitemap_index.xml" "Mozilla/5.0 (Linux; Android 7.0;) AppleWebKit/537.36 (KHTML, like Gecko) Mobile Safari/537.36 (compatible; PetalBot;+https://webmaster.petalsearch.com/site/petalbot)"
114.119.146.107 - - [04/Nov/2025:19:58:23 +0100] "GET /?o=55574314041620 HTTP/1.1" 200 203389 "https://impuguke.com/sitemap_index.xml" "Mozilla/5.0 (Linux; Android 7.0;) AppleWebKit/537.36 (KHTML, like Gecko) Mobile Safari/537.36 (compatible; PetalBot;+https://webmaster.petalsearch.com/site/petalbot)"
207.180.227.180 - - [04/Nov/2025:19:58:34 +0100] "POST /wp-cron.php?doing_wp_cron=1762282714.5209538936614990234375 HTTP/1.1" 404 16000 "-" "WordPress/6.8.3; https://impuguke.com"
114.119.154.87 - - [04/Nov/2025:19:59:53 +0100] "GET /?o=55542569021620 HTTP/1.1" 200 203389 "https://impuguke.com/sitemap_index.xml" "Mozilla/5.0 (Linux; Android 7.0;) AppleWebKit/537.36 (KHTML, like Gecko) Mobile Safari/537.36 (compatible; PetalBot;+https://webmaster.petalsearch.com/site/petalbot)"
207.180.227.180 - - [04/Nov/2025:19:59:55 +0100] "POST /wp-cron.php?doing_wp_cron=1762282795.1387810707092285156250 HTTP/1.1" 404 15727 "-" "WordPress/6.8.3; https://impuguke.com"
43.173.177.237 - - [04/Nov/2025:20:00:13 +0100] "GET /xmlrpc.php HTTP/1.1" 404 138451 "-" "Mozilla/5.0 (Windows NT 6.1; Win64; x64) AppleWebKit/537.36 (KHTML, like Gecko) Chrome/126.0.6478.114 Safari/537.36"
114.119.151.208 - - [04/Nov/2025:20:01:09 +0100] "GET /?o=55531703001620 HTTP/1.1" 200 203389 "https://impuguke.com/sitemap_index.xml" "Mozilla/5.0 (Linux; Android 7.0;) AppleWebKit/537.36 (KHTML, like Gecko) Mobile Safari/537.36 (compatible; PetalBot;+https://webmaster.petalsearch.com/site/petalbot)"
207.180.227.180 - - [04/Nov/2025:20:01:11 +0100] "POST /wp-cron.php?doing_wp_cron=1762282871.0103290081024169921875 HTTP/1.1" 404 16000 "-" "WordPress/6.8.3; https://impuguke.com"
114.119.151.208 - - [04/Nov/2025:20:02:31 +0100] "GET /?o=55379348021620 HTTP/1.1" 200 203389 "https://impuguke.com/sitemap_index.xml" "Mozilla/5.0 (Linux; Android 7.0;) AppleWebKit/537.36 (KHTML, like Gecko) Mobile Safari/537.36 (compatible; PetalBot;+https://webmaster.petalsearch.com/site/petalbot)"
207.180.227.180 - - [04/Nov/2025:20:02:34 +0100] "POST /wp-cron.php?doing_wp_cron=1762282953.9291040897369384765625 HTTP/1.1" 404 15727 "-" "WordPress/6.8.3; https://impuguke.com"
31.13.127.1 - - [04/Nov/2025:20:02:52 +0100] "GET /wp-content/uploads/2025/10/20250617_185045-2.jpg HTTP/1.1" 200 436091 "-" "facebookexternalhit/1.1 (+http://www.facebook.com/externalhit_uatext.php)"
198.244.183.23 - - [04/Nov/2025:20:03:18 +0100] "GET / HTTP/1.1" 200 203338 "-" "Mozilla/5.0 (compatible; AhrefsBot/7.0; +http://ahrefs.com/robot/)"
131.0.66.106 - - [04/Nov/2025:20:03:31 +0100] "GET /xmlrpc.php HTTP/1.1" 404 138451 "-" "Mozilla/5.0 (Windows NT 6.1; Win64; x64) AppleWebKit/537.36 (KHTML, like Gecko) Chrome/126.0.6478.114 Safari/537.36"
207.180.227.180 - - [04/Nov/2025:20:03:34 +0100] "POST /wp-cron.php?doing_wp_cron=1762283014.1144120693206787109375 HTTP/1.1" 404 15727 "-" "WordPress/6.8.3; https://impuguke.com"
45.171.242.221 - - [04/Nov/2025:20:03:39 +0100] "GET /wp-includes/js/jquery/jquery-migrate.min.js?ver=3.4.1 HTTP/1.1" 200 13577 "https://impuguke.com/xmlrpc.php" "Mozilla/5.0 (Windows NT 6.1; Win64; x64) AppleWebKit/537.36 (KHTML, like Gecko) Chrome/126.0.6478.114 Safari/537.36"
201.219.167.28 - - [04/Nov/2025:20:03:39 +0100] "GET /wp-includes/js/jquery/jquery.min.js?ver=3.7.1 HTTP/1.1" 200 87553 "https://impuguke.com/xmlrpc.php" "Mozilla/5.0 (Windows NT 6.1; Win64; x64) AppleWebKit/537.36 (KHTML, like Gecko) Chrome/126.0.6478.114 Safari/537.36"
191.177.138.4 - - [04/Nov/2025:20:03:39 +0100] "GET /wp-content/plugins/ultimate-social-media-icons/js/shuffle/random-shuffle-min.js?ver=6.8.3 HTTP/1.1" 200 1472 "https://impuguke.com/xmlrpc.php" "Mozilla/5.0 (Windows NT 6.1; Win64; x64) AppleWebKit/537.36 (KHTML, like Gecko) Chrome/126.0.6478.114 Safari/537.36"
179.213.163.197 - - [04/Nov/2025:20:03:39 +0100] "GET /wp-content/plugins/ultimate-social-media-icons/js/custom.js?ver=2.9.5 HTTP/1.1" 200 33932 "https://impuguke.com/xmlrpc.php" "Mozilla/5.0 (Windows NT 6.1; Win64; x64) AppleWebKit/537.36 (KHTML, like Gecko) Chrome/126.0.6478.114 Safari/537.36"
149.19.164.179 - - [04/Nov/2025:20:03:39 +0100] "GET /wp-content/themes/newses/js/custom.js?ver=6.8.3 HTTP/1.1" 200 3481 "https://impuguke.com/xmlrpc.php" "Mozilla/5.0 (Windows NT 6.1; Win64; x64) AppleWebKit/537.36 (KHTML, like Gecko) Chrome/126.0.6478.114 Safari/537.36"
190.6.50.179 - - [04/Nov/2025:20:03:39 +0100] "GET /wp-content/themes/newses/js/jquery.marquee.js?ver=6.8.3 HTTP/1.1" 200 23985 "https://impuguke.com/xmlrpc.php" "Mozilla/5.0 (Windows NT 6.1; Win64; x64) AppleWebKit/537.36 (KHTML, like Gecko) Chrome/126.0.6478.114 Safari/537.36"
190.89.157.190 - - [04/Nov/2025:20:03:40 +0100] "GET /wp-includes/js/jquery/ui/core.min.js?ver=1.13.3 HTTP/1.1" 200 21464 "https://impuguke.com/xmlrpc.php" "Mozilla/5.0 (Windows NT 6.1; Win64; x64) AppleWebKit/537.36 (KHTML, like Gecko) Chrome/126.0.6478.114 Safari/537.36"
160.119.184.15 - - [04/Nov/2025:20:03:40 +0100] "GET /wp-content/plugins/ultimate-social-media-icons/js/shuffle/jquery.shuffle.min.js?ver=6.8.3 HTTP/1.1" 200 11484 "https://impuguke.com/xmlrpc.php" "Mozilla/5.0 (Windows NT 6.1; Win64; x64) AppleWebKit/537.36 (KHTML, like Gecko) Chrome/126.0.6478.114 Safari/537.36"
143.255.242.150 - - [04/Nov/2025:20:03:40 +0100] "GET /wp-content/themes/newses/js/bootstrap.js?ver=6.8.3 HTTP/1.1" 200 139561 "https://impuguke.com/xmlrpc.php" "Mozilla/5.0 (Windows NT 6.1; Win64; x64) AppleWebKit/537.36 (KHTML, like Gecko) Chrome/126.0.6478.114 Safari/537.36"
181.122.98.39 - - [04/Nov/2025:20:03:41 +0100] "GET /wp-content/themes/newses/js/bootstrap-smartmenus.js?ver=6.8.3 HTTP/1.1" 200 6010 "https://impuguke.com/xmlrpc.php" "Mozilla/5.0 (Windows NT 6.1; Win64; x64) AppleWebKit/537.36 (KHTML, like Gecko) Chrome/126.0.6478.114 Safari/537.36"
179.37.78.6 - - [04/Nov/2025:20:03:41 +0100] "GET /wp-content/plugins/ultimate-social-media-icons/js/shuffle/modernizr.custom.min.js?ver=6.8.3 HTTP/1.1" 200 3089 "https://impuguke.com/xmlrpc.php" "Mozilla/5.0 (Windows NT 6.1; Win64; x64) AppleWebKit/537.36 (KHTML, like Gecko) Chrome/126.0.6478.114 Safari/537.36"
179.99.53.235 - - [04/Nov/2025:20:03:41 +0100] "GET /wp-content/themes/newses/js/swiper.min.js?ver=6.8.3 HTTP/1.1" 200 139797 "https://impuguke.com/xmlrpc.php" "Mozilla/5.0 (Windows NT 6.1; Win64; x64) AppleWebKit/537.36 (KHTML, like Gecko) Chrome/126.0.6478.114 Safari/537.36"
45.235.14.101 - - [04/Nov/2025:20:03:42 +0100] "GET /wp-content/themes/newses/js/navigation.js?ver=6.8.3 HTTP/1.1" 200 3075 "https://impuguke.com/xmlrpc.php" "Mozilla/5.0 (Windows NT 6.1; Win64; x64) AppleWebKit/537.36 (KHTML, like Gecko) Chrome/126.0.6478.114 Safari/537.36"
181.94.225.140 - - [04/Nov/2025:20:03:50 +0100] "GET /wp-includes/js/wp-emoji-release.min.js?ver=6.8.3 HTTP/1.1" 200 19251 "https://impuguke.com/xmlrpc.php" "Mozilla/5.0 (Windows NT 6.1; Win64; x64) AppleWebKit/537.36 (KHTML, like Gecko) Chrome/126.0.6478.114 Safari/537.36"
114.119.129.233 - - [04/Nov/2025:20:03:55 +0100] "GET /?o=55366238071620 HTTP/1.1" 200 203389 "https://impuguke.com/sitemap_index.xml" "Mozilla/5.0 (Linux; Android 7.0;) AppleWebKit/537.36 (KHTML, like Gecko) Mobile Safari/537.36 (compatible; PetalBot;+https://webmaster.petalsearch.com/site/petalbot)"
114.119.129.233 - - [04/Nov/2025:20:05:29 +0100] "GET /?o=55352824031620 HTTP/1.1" 200 203389 "https://impuguke.com/sitemap_index.xml" "Mozilla/5.0 (Linux; Android 7.0;) AppleWebKit/537.36 (KHTML, like Gecko) Mobile Safari/537.36 (compatible; PetalBot;+https://webmaster.petalsearch.com/site/petalbot)"
207.180.227.180 - - [04/Nov/2025:20:05:32 +0100] "POST /wp-cron.php?doing_wp_cron=1762283132.0126359462738037109375 HTTP/1.1" 404 16000 "-" "WordPress/6.8.3; https://impuguke.com"
94.130.237.27 - - [04/Nov/2025:20:05:40 +0100] "POST /wp-login.php HTTP/1.1" 200 7373 "-" "Mozilla/5.0 (Windows NT 10.0; Win64; x64; rv:97.0) Gecko/20100101 Firefox/97.0"
114.119.154.87 - - [04/Nov/2025:20:06:44 +0100] "GET /?o=55352734001620 HTTP/1.1" 200 203389 "https://impuguke.com/sitemap_index.xml" "Mozilla/5.0 (Linux; Android 7.0;) AppleWebKit/537.36 (KHTML, like Gecko) Mobile Safari/537.36 (compatible; PetalBot;+https://webmaster.petalsearch.com/site/petalbot)"
207.180.227.180 - - [04/Nov/2025:20:06:48 +0100] "POST /wp-cron.php?doing_wp_cron=1762283208.1209568977355957031250 HTTP/1.1" 404 15727 "-" "WordPress/6.8.3; https://impuguke.com"
114.119.140.221 - - [04/Nov/2025:20:08:06 +0100] "GET /?o=55297701041620 HTTP/1.1" 200 203389 "https://impuguke.com/sitemap_index.xml" "Mozilla/5.0 (Linux; Android 7.0;) AppleWebKit/537.36 (KHTML, like Gecko) Mobile Safari/537.36 (compatible; PetalBot;+https://webmaster.petalsearch.com/site/petalbot)"
207.180.227.180 - - [04/Nov/2025:20:08:09 +0100] "POST /wp-cron.php?doing_wp_cron=1762283288.9368638992309570312500 HTTP/1.1" 404 15727 "-" "WordPress/6.8.3; https://impuguke.com"
114.119.151.208 - - [04/Nov/2025:20:09:30 +0100] "GET /?o=55254769031620 HTTP/1.1" 200 203389 "https://impuguke.com/sitemap_index.xml" "Mozilla/5.0 (Linux; Android 7.0;) AppleWebKit/537.36 (KHTML, like Gecko) Mobile Safari/537.36 (compatible; PetalBot;+https://webmaster.petalsearch.com/site/petalbot)"
207.180.227.180 - - [04/Nov/2025:20:09:32 +0100] "POST /wp-cron.php?doing_wp_cron=1762283372.5232288837432861328125 HTTP/1.1" 404 16000 "-" "WordPress/6.8.3; https://impuguke.com"
114.119.146.107 - - [04/Nov/2025:20:11:00 +0100] "GET /?o=5515999111620 HTTP/1.1" 200 203386 "https://impuguke.com/sitemap_index.xml" "Mozilla/5.0 (Linux; Android 7.0;) AppleWebKit/537.36 (KHTML, like Gecko) Mobile Safari/537.36 (compatible; PetalBot;+https://webmaster.petalsearch.com/site/petalbot)"
207.180.227.180 - - [04/Nov/2025:20:11:07 +0100] "POST /wp-cron.php?doing_wp_cron=1762283467.6117870807647705078125 HTTP/1.1" 404 16000 "-" "WordPress/6.8.3; https://impuguke.com"
114.119.132.12 - - [04/Nov/2025:20:12:20 +0100] "GET /?o=55084177031620 HTTP/1.1" 200 203389 "https://impuguke.com/sitemap_index.xml" "Mozilla/5.0 (Linux; Android 7.0;) AppleWebKit/537.36 (KHTML, like Gecko) Mobile Safari/537.36 (compatible; PetalBot;+https://webmaster.petalsearch.com/site/petalbot)"
207.180.227.180 - - [04/Nov/2025:20:12:27 +0100] "POST /wp-cron.php?doing_wp_cron=1762283546.8151750564575195312500 HTTP/1.1" 404 15727 "-" "WordPress/6.8.3; https://impuguke.com"
43.173.176.57 - - [04/Nov/2025:20:13:18 +0100] "GET /2025/06/05/kagame-signs-important-agreements-and-opens-new-embassy-in-algeria/feed/ HTTP/1.1" 200 953 "-" "Mozilla/5.0 (Windows NT 10.0; Win64; x64) AppleWebKit/537.36 (KHTML, like Gecko) Chrome/133.0.0.0 Safari/537.36"
207.180.227.180 - - [04/Nov/2025:20:13:28 +0100] "POST /wp-cron.php?doing_wp_cron=1762283608.2061519622802734375000 HTTP/1.1" 404 15727 "-" "WordPress/6.8.3; https://impuguke.com"
114.119.140.221 - - [04/Nov/2025:20:13:46 +0100] "GET /?o=55079167041620 HTTP/1.1" 200 203389 "https://impuguke.com/sitemap_index.xml" "Mozilla/5.0 (Linux; Android 7.0;) AppleWebKit/537.36 (KHTML, like Gecko) Mobile Safari/537.36 (compatible; PetalBot;+https://webmaster.petalsearch.com/site/petalbot)"
207.180.227.180 - - [04/Nov/2025:20:15:12 +0100] "POST /wp-cron.php?doing_wp_cron=1762283712.4258530139923095703125 HTTP/1.1" 404 16000 "-" "WordPress/6.8.3; https://impuguke.com"
114.119.140.221 - - [04/Nov/2025:20:15:09 +0100] "GET /?o=55052479031620 HTTP/1.1" 200 203389 "https://impuguke.com/sitemap_index.xml" "Mozilla/5.0 (Linux; Android 7.0;) AppleWebKit/537.36 (KHTML, like Gecko) Mobile Safari/537.36 (compatible; PetalBot;+https://webmaster.petalsearch.com/site/petalbot)"
207.180.227.180 - - [04/Nov/2025:20:16:31 +0100] "POST /wp-cron.php?doing_wp_cron=1762283791.9169309139251708984375 HTTP/1.1" 404 15727 "-" "WordPress/6.8.3; https://impuguke.com"
114.119.140.221 - - [04/Nov/2025:20:16:30 +0100] "GET /?o=54991191021620 HTTP/1.1" 200 203389 "https://impuguke.com/sitemap_index.xml" "Mozilla/5.0 (Linux; Android 7.0;) AppleWebKit/537.36 (KHTML, like Gecko) Mobile Safari/537.36 (compatible; PetalBot;+https://webmaster.petalsearch.com/site/petalbot)"
114.119.140.221 - - [04/Nov/2025:20:17:54 +0100] "GET /?o=54986966011620 HTTP/1.1" 200 203389 "https://impuguke.com/sitemap_index.xml" "Mozilla/5.0 (Linux; Android 7.0;) AppleWebKit/537.36 (KHTML, like Gecko) Mobile Safari/537.36 (compatible; PetalBot;+https://webmaster.petalsearch.com/site/petalbot)"
207.180.227.180 - - [04/Nov/2025:20:17:58 +0100] "POST /wp-cron.php?doing_wp_cron=1762283878.5071489810943603515625 HTTP/1.1" 404 15727 "-" "WordPress/6.8.3; https://impuguke.com"
114.119.151.208 - - [04/Nov/2025:20:19:18 +0100] "GET /?o=54909528001620 HTTP/1.1" 200 203389 "https://impuguke.com/sitemap_index.xml" "Mozilla/5.0 (Linux; Android 7.0;) AppleWebKit/537.36 (KHTML, like Gecko) Mobile Safari/537.36 (compatible; PetalBot;+https://webmaster.petalsearch.com/site/petalbot)"
207.180.227.180 - - [04/Nov/2025:20:19:24 +0100] "POST /wp-cron.php?doing_wp_cron=1762283964.7093260288238525390625 HTTP/1.1" 404 15727 "-" "WordPress/6.8.3; https://impuguke.com"
114.119.140.221 - - [04/Nov/2025:20:20:43 +0100] "GET /?o=54815302051620 HTTP/1.1" 200 203389 "https://impuguke.com/sitemap_index.xml" "Mozilla/5.0 (Linux; Android 7.0;) AppleWebKit/537.36 (KHTML, like Gecko) Mobile Safari/537.36 (compatible; PetalBot;+https://webmaster.petalsearch.com/site/petalbot)"
207.180.227.180 - - [04/Nov/2025:20:20:49 +0100] "POST /wp-cron.php?doing_wp_cron=1762284048.9170870780944824218750 HTTP/1.1" 404 16000 "-" "WordPress/6.8.3; https://impuguke.com"
143.198.232.185 - - [04/Nov/2025:20:21:04 +0100] "POST /wp-login.php HTTP/1.1" 200 7334 "-" "Mozilla/5.0"
143.198.232.185 - - [04/Nov/2025:20:21:04 +0100] "POST /wp-login.php HTTP/1.1" 302 - "-" "Mozilla/5.0"
143.198.232.185 - - [04/Nov/2025:20:21:04 +0100] "POST /wp-login.php HTTP/1.1" 302 - "-" "Mozilla/5.0"
143.198.232.185 - - [04/Nov/2025:20:21:04 +0100] "POST /wp-login.php HTTP/1.1" 302 - "-" "Mozilla/5.0"
207.180.227.180 - - [04/Nov/2025:20:22:05 +0100] "POST /wp-cron.php?doing_wp_cron=1762284125.4501581192016601562500 HTTP/1.1" 404 15748 "-" "WordPress/6.8.3; https://impuguke.com"
114.119.139.148 - - [04/Nov/2025:20:22:03 +0100] "GET /?o=54811968001620 HTTP/1.1" 200 203389 "https://impuguke.com/sitemap_index.xml" "Mozilla/5.0 (Linux; Android 7.0;) AppleWebKit/537.36 (KHTML, like Gecko) Mobile Safari/537.36 (compatible; PetalBot;+https://webmaster.petalsearch.com/site/petalbot)"
207.180.227.180 - - [04/Nov/2025:20:23:42 +0100] "POST /wp-cron.php?doing_wp_cron=1762284222.4404540061950683593750 HTTP/1.1" 404 15727 "-" "WordPress/6.8.3; https://impuguke.com"
114.119.139.148 - - [04/Nov/2025:20:23:40 +0100] "GET /?o=54796240041620 HTTP/1.1" 200 203389 "https://impuguke.com/sitemap_index.xml" "Mozilla/5.0 (Linux; Android 7.0;) AppleWebKit/537.36 (KHTML, like Gecko) Mobile Safari/537.36 (compatible; PetalBot;+https://webmaster.petalsearch.com/site/petalbot)"
207.180.227.180 - - [04/Nov/2025:20:24:54 +0100] "POST /wp-cron.php?doing_wp_cron=1762284294.0083200931549072265625 HTTP/1.1" 404 15727 "-" "WordPress/6.8.3; https://impuguke.com"
114.119.146.107 - - [04/Nov/2025:20:24:51 +0100] "GET /?o=54725720041620 HTTP/1.1" 200 203389 "https://impuguke.com/sitemap_index.xml" "Mozilla/5.0 (Linux; Android 7.0;) AppleWebKit/537.36 (KHTML, like Gecko) Mobile Safari/537.36 (compatible; PetalBot;+https://webmaster.petalsearch.com/site/petalbot)"
207.180.227.180 - - [04/Nov/2025:20:26:21 +0100] "POST /wp-cron.php?doing_wp_cron=1762284381.4063320159912109375000 HTTP/1.1" 404 15727 "-" "WordPress/6.8.3; https://impuguke.com"
114.119.154.87 - - [04/Nov/2025:20:26:17 +0100] "GET /?o=54717925041620 HTTP/1.1" 200 203389 "https://impuguke.com/sitemap_index.xml" "Mozilla/5.0 (Linux; Android 7.0;) AppleWebKit/537.36 (KHTML, like Gecko) Mobile Safari/537.36 (compatible; PetalBot;+https://webmaster.petalsearch.com/site/petalbot)"
52.167.144.66 - - [04/Nov/2025:20:27:18 +0100] "GET /robots.txt HTTP/1.1" 200 70 "-" "Mozilla/5.0 AppleWebKit/537.36 (KHTML, like Gecko; compatible; bingbot/2.0; +http://www.bing.com/bingbot.htm) Chrome/116.0.1938.76 Safari/537.36"
40.77.167.0 - - [04/Nov/2025:20:27:26 +0100] "GET /contact/ HTTP/1.1" 200 171368 "-" "Mozilla/5.0 AppleWebKit/537.36 (KHTML, like Gecko; compatible; bingbot/2.0; +http://www.bing.com/bingbot.htm) Chrome/116.0.1938.76 Safari/537.36"
207.180.227.180 - - [04/Nov/2025:20:27:42 +0100] "POST /wp-cron.php?doing_wp_cron=1762284462.2326049804687500000000 HTTP/1.1" 404 15727 "-" "WordPress/6.8.3; https://impuguke.com"
114.119.140.221 - - [04/Nov/2025:20:27:40 +0100] "GET /?o=54713189041620 HTTP/1.1" 200 203389 "https://impuguke.com/sitemap_index.xml" "Mozilla/5.0 (Linux; Android 7.0;) AppleWebKit/537.36 (KHTML, like Gecko) Mobile Safari/537.36 (compatible; PetalBot;+https://webmaster.petalsearch.com/site/petalbot)"
51.195.183.239 - - [04/Nov/2025:20:28:37 +0100] "GET /2025/10/30/ikipe-imwe-yo-muri-sudan-yamaze-kwikura-muri-rwanda-primier-league-itarakina/ HTTP/1.1" 200 166673 "-" "Mozilla/5.0 (compatible; AhrefsBot/7.0; +http://ahrefs.com/robot/)"
173.252.107.1 - - [04/Nov/2025:20:28:50 +0100] "GET /2025/10/22/nshobora-kuzapfa-ntaramubabarira-micky-ambwira-captain-regis-bahoze-mu-rukundo/ HTTP/1.1" 200 - "-" "facebookexternalhit/1.1 (+http://www.facebook.com/externalhit_uatext.php)"
173.252.107.8 - - [04/Nov/2025:20:28:49 +0100] "GET /2025/10/22/nshobora-kuzapfa-ntaramubabarira-micky-ambwira-captain-regis-bahoze-mu-rukundo/ HTTP/1.1" 500 - "-" "facebookexternalhit/1.1 (+http://www.facebook.com/externalhit_uatext.php)"
207.180.227.180 - - [04/Nov/2025:20:28:58 +0100] "POST /wp-cron.php?doing_wp_cron=1762284538.0296521186828613281250 HTTP/1.1" 500 - "-" "WordPress/6.8.3; https://impuguke.com"
173.252.107.27 - - [04/Nov/2025:20:28:50 +0100] "GET /2025/10/22/nshobora-kuzapfa-ntaramubabarira-micky-ambwira-captain-regis-bahoze-mu-rukundo/ HTTP/1.1" 500 - "-" "facebookexternalhit/1.1 (+http://www.facebook.com/externalhit_uatext.php)"
207.180.227.180 - - [04/Nov/2025:20:28:58 +0100] "POST /wp-cron.php?doing_wp_cron=1762284537.5290439128875732421875 HTTP/1.1" 500 - "-" "WordPress/6.8.3; https://impuguke.com"
173.252.107.16 - - [04/Nov/2025:20:28:51 +0100] "GET /2025/10/22/nshobora-kuzapfa-ntaramubabarira-micky-ambwira-captain-regis-bahoze-mu-rukundo/ HTTP/1.1" 500 15557 "-" "facebookexternalhit/1.1 (+http://www.facebook.com/externalhit_uatext.php)"
114.119.129.233 - - [04/Nov/2025:20:29:02 +0100] "GET /?o=5470047051620 HTTP/1.1" 200 203386 "https://impuguke.com/sitemap_index.xml" "Mozilla/5.0 (Linux; Android 7.0;) AppleWebKit/537.36 (KHTML, like Gecko) Mobile Safari/537.36 (compatible; PetalBot;+https://webmaster.petalsearch.com/site/petalbot)"
207.180.227.180 - - [04/Nov/2025:20:30:15 +0100] "POST /wp-cron.php?doing_wp_cron=1762284615.1084671020507812500000 HTTP/1.1" 508 288 "-" "WordPress/6.8.3; https://impuguke.com"
31.13.115.114 - - [04/Nov/2025:20:30:02 +0100] "GET /2025/10/22/rurageretse-hagati-ya-knc-numusifuzikazi-umutoni-aline/ HTTP/1.1" 200 - "-" "facebookexternalhit/1.1 (+http://www.facebook.com/externalhit_uatext.php)"
31.13.115.116 - - [04/Nov/2025:20:30:02 +0100] "GET /2025/10/22/rurageretse-hagati-ya-knc-numusifuzikazi-umutoni-aline/ HTTP/1.1" 200 - "-" "facebookexternalhit/1.1 (+http://www.facebook.com/externalhit_uatext.php)"
31.13.115.6 - - [04/Nov/2025:20:30:00 +0100] "GET /2025/10/22/rurageretse-hagati-ya-knc-numusifuzikazi-umutoni-aline/ HTTP/1.1" 500 - "-" "facebookexternalhit/1.1 (+http://www.facebook.com/externalhit_uatext.php)"
31.13.115.6 - - [04/Nov/2025:20:30:02 +0100] "GET /2025/10/22/rurageretse-hagati-ya-knc-numusifuzikazi-umutoni-aline/ HTTP/1.1" 500 - "-" "facebookexternalhit/1.1 (+http://www.facebook.com/externalhit_uatext.php)"
207.180.227.180 - - [04/Nov/2025:20:30:14 +0100] "POST /wp-cron.php?doing_wp_cron=1762284613.8082849979400634765625 HTTP/1.1" 404 16000 "-" "WordPress/6.8.3; https://impuguke.com"
207.180.227.180 - - [04/Nov/2025:20:30:16 +0100] "POST /wp-cron.php?doing_wp_cron=1762284616.6261029243469238281250 HTTP/1.1" 404 15727 "-" "WordPress/6.8.3; https://impuguke.com"
114.119.154.87 - - [04/Nov/2025:20:30:31 +0100] "GET /?o=54661751091620 HTTP/1.1" 200 203389 "https://impuguke.com/sitemap_index.xml" "Mozilla/5.0 (Linux; Android 7.0;) AppleWebKit/537.36 (KHTML, like Gecko) Mobile Safari/537.36 (compatible; PetalBot;+https://webmaster.petalsearch.com/site/petalbot)"
114.119.151.208 - - [04/Nov/2025:20:31:59 +0100] "GET /?o=54504166141620 HTTP/1.1" 200 203389 "https://impuguke.com/sitemap_index.xml" "Mozilla/5.0 (Linux; Android 7.0;) AppleWebKit/537.36 (KHTML, like Gecko) Mobile Safari/537.36 (compatible; PetalBot;+https://webmaster.petalsearch.com/site/petalbot)"
207.180.227.180 - - [04/Nov/2025:20:32:04 +0100] "POST /wp-cron.php?doing_wp_cron=1762284724.8248240947723388671875 HTTP/1.1" 404 15727 "-" "WordPress/6.8.3; https://impuguke.com"
122.114.59.75 - - [04/Nov/2025:20:32:38 +0100] "GET /wp-login.php HTTP/1.1" 200 7136 "http://impuguke.com/wp-login.php" "Mozilla/5.0 (Windows NT 10.0; Win64; x64; rv:144.0) Gecko/20100101 Firefox/144.0"
122.114.59.75 - - [04/Nov/2025:20:32:42 +0100] "GET /wp-json/wp/v2/users HTTP/1.1" 200 25263 "http://impuguke.com/wp-login.php" "Mozilla/5.0 (Windows NT 10.0; Win64; x64; rv:144.0) Gecko/20100101 Firefox/144.0"
31.13.115.112 - - [04/Nov/2025:20:32:45 +0100] "GET /wp-content/uploads/2025/10/img-20251022-wa0081-6b279.jpg HTTP/1.1" 200 171572 "-" "facebookexternalhit/1.1 (+http://www.facebook.com/externalhit_uatext.php)"
122.114.59.75 - - [04/Nov/2025:20:32:45 +0100] "POST /wp-login.php HTTP/1.1" 200 7374 "https://impuguke.com/wp-login.php?redirect_to=https%3A%2F%2Fimpuguke.com%2Fwp-admin%2F" "Mozilla/5.0 (Windows NT 10.0; Win64; x64; rv:144.0) Gecko/20100101 Firefox/144.0"
122.114.59.75 - - [04/Nov/2025:20:32:49 +0100] "POST /wp-login.php HTTP/1.1" 200 7374 "https://impuguke.com/wp-login.php?redirect_to=https%3A%2F%2Fimpuguke.com%2Fwp-admin%2F" "Mozilla/5.0 (Windows NT 10.0; Win64; x64; rv:144.0) Gecko/20100101 Firefox/144.0"
122.114.59.75 - - [04/Nov/2025:20:32:56 +0100] "POST /wp-login.php HTTP/1.1" 200 7374 "https://impuguke.com/wp-login.php?redirect_to=https%3A%2F%2Fimpuguke.com%2Fwp-admin%2F" "Mozilla/5.0 (Windows NT 10.0; Win64; x64; rv:144.0) Gecko/20100101 Firefox/144.0"
122.114.59.75 - - [04/Nov/2025:20:33:03 +0100] "POST /wp-login.php HTTP/1.1" 200 7336 "https://impuguke.com/wp-login.php?redirect_to=https%3A%2F%2Fimpuguke.com%2Fwp-admin%2F" "Mozilla/5.0 (Windows NT 10.0; Win64; x64; rv:144.0) Gecko/20100101 Firefox/144.0"
207.180.227.180 - - [04/Nov/2025:20:33:10 +0100] "POST /wp-cron.php?doing_wp_cron=1762284789.9181249141693115234375 HTTP/1.1" 404 16000 "-" "WordPress/6.8.3; https://impuguke.com"
122.114.59.75 - - [04/Nov/2025:20:33:11 +0100] "POST /wp-login.php HTTP/1.1" 200 7336 "https://impuguke.com/wp-login.php?redirect_to=https%3A%2F%2Fimpuguke.com%2Fwp-admin%2F" "Mozilla/5.0 (Windows NT 10.0; Win64; x64; rv:144.0) Gecko/20100101 Firefox/144.0"
114.119.129.233 - - [04/Nov/2025:20:33:24 +0100] "GET /?o=54491183081620 HTTP/1.1" 200 203389 "https://impuguke.com/sitemap_index.xml" "Mozilla/5.0 (Linux; Android 7.0;) AppleWebKit/537.36 (KHTML, like Gecko) Mobile Safari/537.36 (compatible; PetalBot;+https://webmaster.petalsearch.com/site/petalbot)"
114.119.140.221 - - [04/Nov/2025:20:34:44 +0100] "GET /?o=5446869021620 HTTP/1.1" 200 203386 "https://impuguke.com/sitemap_index.xml" "Mozilla/5.0 (Linux; Android 7.0;) AppleWebKit/537.36 (KHTML, like Gecko) Mobile Safari/537.36 (compatible; PetalBot;+https://webmaster.petalsearch.com/site/petalbot)"
207.180.227.180 - - [04/Nov/2025:20:34:53 +0100] "POST /wp-cron.php?doing_wp_cron=1762284893.0111510753631591796875 HTTP/1.1" 404 15727 "-" "WordPress/6.8.3; https://impuguke.com"
207.180.227.180 - - [04/Nov/2025:20:36:07 +0100] "POST /wp-cron.php?doing_wp_cron=1762284967.6129400730133056640625 HTTP/1.1" 404 15727 "-" "WordPress/6.8.3; https://impuguke.com"
114.119.140.221 - - [04/Nov/2025:20:36:05 +0100] "GET /?o=5442369031620 HTTP/1.1" 200 203386 "https://impuguke.com/sitemap_index.xml" "Mozilla/5.0 (Linux; Android 7.0;) AppleWebKit/537.36 (KHTML, like Gecko) Mobile Safari/537.36 (compatible; PetalBot;+https://webmaster.petalsearch.com/site/petalbot)"
114.119.139.148 - - [04/Nov/2025:20:37:27 +0100] "GET /?o=54414830001620 HTTP/1.1" 200 203389 "https://impuguke.com/sitemap_index.xml" "Mozilla/5.0 (Linux; Android 7.0;) AppleWebKit/537.36 (KHTML, like Gecko) Mobile Safari/537.36 (compatible; PetalBot;+https://webmaster.petalsearch.com/site/petalbot)"
207.180.227.180 - - [04/Nov/2025:20:37:32 +0100] "POST /wp-cron.php?doing_wp_cron=1762285052.7147738933563232421875 HTTP/1.1" 404 16000 "-" "WordPress/6.8.3; https://impuguke.com"
114.119.156.99 - - [04/Nov/2025:20:39:04 +0100] "GET /?o=54323110091620 HTTP/1.1" 200 158333 "https://impuguke.com/sitemap_index.xml" "Mozilla/5.0 (Linux; Android 7.0;) AppleWebKit/537.36 (KHTML, like Gecko) Mobile Safari/537.36 (compatible; PetalBot;+https://webmaster.petalsearch.com/site/petalbot)"
207.180.227.180 - - [04/Nov/2025:20:39:31 +0100] "POST /wp-cron.php?doing_wp_cron=1762285171.3566620349884033203125 HTTP/1.1" 404 15727 "-" "WordPress/6.8.3; https://impuguke.com"
114.119.156.99 - - [04/Nov/2025:20:40:19 +0100] "GET /?o=56144814031620 HTTP/1.1" 200 203389 "https://impuguke.com/sitemap_index.xml" "Mozilla/5.0 (Linux; Android 7.0;) AppleWebKit/537.36 (KHTML, like Gecko) Mobile Safari/537.36 (compatible; PetalBot;+https://webmaster.petalsearch.com/site/petalbot)"
114.119.146.107 - - [04/Nov/2025:20:41:35 +0100] "GET /?o=55893129011620 HTTP/1.1" 200 203389 "https://impuguke.com/sitemap_index.xml" "Mozilla/5.0 (Linux; Android 7.0;) AppleWebKit/537.36 (KHTML, like Gecko) Mobile Safari/537.36 (compatible; PetalBot;+https://webmaster.petalsearch.com/site/petalbot)"
207.180.227.180 - - [04/Nov/2025:20:41:37 +0100] "POST /wp-cron.php?doing_wp_cron=1762285297.1126739978790283203125 HTTP/1.1" 404 15727 "-" "WordPress/6.8.3; https://impuguke.com"
173.252.95.14 - - [04/Nov/2025:20:41:49 +0100] "GET /robots.txt HTTP/1.1" 200 66 "-" "facebookexternalhit/1.1 (+http://www.facebook.com/externalhit_uatext.php)"
66.249.64.109 - - [04/Nov/2025:20:41:47 +0100] "GET /shop/storeSearch/KeepCriteriaInput.aspx?&transition=top5034784092620 HTTP/1.1" 301 - "-" "Mozilla/5.0 (Linux; Android 6.0.1; Nexus 5X Build/MMB29P) AppleWebKit/537.36 (KHTML, like Gecko) Chrome/141.0.7390.122 Mobile Safari/537.36 (compatible; GoogleOther)"
66.249.64.108 - - [04/Nov/2025:20:42:09 +0100] "GET /shop/storeSearch/KeepCriteriaInput.aspx?transition=top5034784092620 HTTP/1.1" 404 138451 "-" "Mozilla/5.0 (Linux; Android 6.0.1; Nexus 5X Build/MMB29P) AppleWebKit/537.36 (KHTML, like Gecko) Chrome/141.0.7390.122 Mobile Safari/537.36 (compatible; GoogleOther)"
207.180.227.180 - - [04/Nov/2025:20:43:00 +0100] "POST /wp-cron.php?doing_wp_cron=1762285380.8063209056854248046875 HTTP/1.1" 404 15727 "-" "WordPress/6.8.3; https://impuguke.com"
114.119.140.221 - - [04/Nov/2025:20:42:59 +0100] "GET /?o=54301656021620 HTTP/1.1" 200 203389 "https://impuguke.com/sitemap_index.xml" "Mozilla/5.0 (Linux; Android 7.0;) AppleWebKit/537.36 (KHTML, like Gecko) Mobile Safari/537.36 (compatible; PetalBot;+https://webmaster.petalsearch.com/site/petalbot)"
45.130.104.138 - - [04/Nov/2025:20:43:18 +0100] "POST /wp-login.php HTTP/1.1" 200 7373 "-" "Mozilla/5.0 (Windows NT 10.0; Win64; x64; rv:60.0) Gecko/20100101 Firefox/60.0"
114.119.151.208 - - [04/Nov/2025:20:44:23 +0100] "GET /?o=54221630021620 HTTP/1.1" 200 203389 "https://impuguke.com/sitemap_index.xml" "Mozilla/5.0 (Linux; Android 7.0;) AppleWebKit/537.36 (KHTML, like Gecko) Mobile Safari/537.36 (compatible; PetalBot;+https://webmaster.petalsearch.com/site/petalbot)"
207.180.227.180 - - [04/Nov/2025:20:44:25 +0100] "POST /wp-cron.php?doing_wp_cron=1762285465.4340989589691162109375 HTTP/1.1" 404 15727 "-" "WordPress/6.8.3; https://impuguke.com"
31.13.103.1 - - [04/Nov/2025:20:44:31 +0100] "GET /wp-content/uploads/2025/10/20250617_185045-2.jpg HTTP/1.1" 200 436091 "-" "facebookexternalhit/1.1 (+http://www.facebook.com/externalhit_uatext.php)"
207.180.227.180 - - [04/Nov/2025:20:46:00 +0100] "POST /wp-cron.php?doing_wp_cron=1762285560.5123550891876220703125 HTTP/1.1" 404 15727 "-" "WordPress/6.8.3; https://impuguke.com"
114.119.154.87 - - [04/Nov/2025:20:45:57 +0100] "GET /?o=54177345051620 HTTP/1.1" 200 203389 "https://impuguke.com/sitemap_index.xml" "Mozilla/5.0 (Linux; Android 7.0;) AppleWebKit/537.36 (KHTML, like Gecko) Mobile Safari/537.36 (compatible; PetalBot;+https://webmaster.petalsearch.com/site/petalbot)"
207.180.227.180 - - [04/Nov/2025:20:47:14 +0100] "POST /wp-cron.php?doing_wp_cron=1762285633.9309639930725097656250 HTTP/1.1" 404 15727 "-" "WordPress/6.8.3; https://impuguke.com"
