114.119.140.221 - - [05/Nov/2025:08:24:25 +0100] "GET /?o=27817708041620 HTTP/1.1" 200 203389 "https://impuguke.com/sitemap_index.xml" "Mozilla/5.0 (Linux; Android 7.0;) AppleWebKit/537.36 (KHTML, like Gecko) Mobile Safari/537.36 (compatible; PetalBot;+https://webmaster.petalsearch.com/site/petalbot)"
207.180.227.180 - - [05/Nov/2025:08:24:32 +0100] "POST /wp-cron.php?doing_wp_cron=1762327472.2623190879821777343750 HTTP/1.1" 404 16000 "-" "WordPress/6.8.3; https://impuguke.com"
172.104.233.211 - - [05/Nov/2025:08:25:15 +0100] "POST /wp-login.php HTTP/1.1" 200 7373 "-" "Mozilla/5.0 (Windows NT 10.0; Win64; x64; rv:92.0) Gecko/20100101 Firefox/92.0"
213.32.26.99 - - [05/Nov/2025:08:25:26 +0100] "POST /wp-login.php HTTP/1.1" 200 7373 "-" "Mozilla/5.0 (Windows NT 10.0; Win64; x64; rv:77.0) Gecko/20100101 Firefox/77.0"
54.37.118.85 - - [05/Nov/2025:08:25:31 +0100] "GET /robots.txt HTTP/1.1" 200 66 "-" "Mozilla/5.0 (compatible; AhrefsBot/7.0; +http://ahrefs.com/robot/)"
114.119.140.221 - - [05/Nov/2025:08:25:48 +0100] "GET /?o=27657933001620 HTTP/1.1" 200 203389 "https://impuguke.com/sitemap_index.xml" "Mozilla/5.0 (Linux; Android 7.0;) AppleWebKit/537.36 (KHTML, like Gecko) Mobile Safari/537.36 (compatible; PetalBot;+https://webmaster.petalsearch.com/site/petalbot)"
51.195.183.57 - - [05/Nov/2025:08:25:36 +0100] "GET /sitemap.xml HTTP/1.1" 200 305011 "-" "Mozilla/5.0 (compatible; AhrefsBot/7.0; +http://ahrefs.com/robot/)"
207.180.227.180 - - [05/Nov/2025:08:25:57 +0100] "POST /wp-cron.php?doing_wp_cron=1762327557.3598389625549316406250 HTTP/1.1" 404 16000 "-" "WordPress/6.8.3; https://impuguke.com"
202.131.96.220 - - [05/Nov/2025:08:26:20 +0100] "GET /wp-login.php HTTP/1.1" 200 7136 "-" "Mozilla/5.0 (Windows NT 6.3; WOW64; Trident/7.0; MASEJS; rv:11.0) like Gecko"
51.68.153.131 - - [05/Nov/2025:08:26:26 +0100] "POST /wp-login.php HTTP/1.1" 200 7373 "-" "Mozilla/5.0 (Windows NT 10.0; Win64; x64; rv:60.0) Gecko/20100101 Firefox/60.0"
202.131.96.220 - - [05/Nov/2025:08:26:28 +0100] "POST /wp-login.php HTTP/1.1" 200 7392 "https://impuguke.com/wp-login.php" "Mozilla/5.0 (Windows NT 6.3; WOW64; Trident/7.0; MASEJS; rv:11.0) like Gecko"
114.119.151.208 - - [05/Nov/2025:08:27:15 +0100] "GET /?o=27642429041620 HTTP/1.1" 200 203389 "https://impuguke.com/sitemap_index.xml" "Mozilla/5.0 (Linux; Android 7.0;) AppleWebKit/537.36 (KHTML, like Gecko) Mobile Safari/537.36 (compatible; PetalBot;+https://webmaster.petalsearch.com/site/petalbot)"
207.180.227.180 - - [05/Nov/2025:08:27:24 +0100] "POST /wp-cron.php?doing_wp_cron=1762327643.8708119392395019531250 HTTP/1.1" 404 15727 "-" "WordPress/6.8.3; https://impuguke.com"
114.119.129.233 - - [05/Nov/2025:08:28:37 +0100] "GET /?o=27640030131620 HTTP/1.1" 200 203389 "https://impuguke.com/sitemap_index.xml" "Mozilla/5.0 (Linux; Android 7.0;) AppleWebKit/537.36 (KHTML, like Gecko) Mobile Safari/537.36 (compatible; PetalBot;+https://webmaster.petalsearch.com/site/petalbot)"
207.180.227.180 - - [05/Nov/2025:08:28:47 +0100] "POST /wp-cron.php?doing_wp_cron=1762327727.4618039131164550781250 HTTP/1.1" 404 16000 "-" "WordPress/6.8.3; https://impuguke.com"
114.119.139.148 - - [05/Nov/2025:08:30:01 +0100] "GET /?o=27638530111620 HTTP/1.1" 200 203389 "https://impuguke.com/sitemap_index.xml" "Mozilla/5.0 (Linux; Android 7.0;) AppleWebKit/537.36 (KHTML, like Gecko) Mobile Safari/537.36 (compatible; PetalBot;+https://webmaster.petalsearch.com/site/petalbot)"
207.180.227.180 - - [05/Nov/2025:08:30:10 +0100] "POST /wp-cron.php?doing_wp_cron=1762327809.9828860759735107421875 HTTP/1.1" 404 16000 "-" "WordPress/6.8.3; https://impuguke.com"
114.119.139.148 - - [05/Nov/2025:08:31:24 +0100] "GET /?o=27608887041620 HTTP/1.1" 200 203389 "https://impuguke.com/sitemap_index.xml" "Mozilla/5.0 (Linux; Android 7.0;) AppleWebKit/537.36 (KHTML, like Gecko) Mobile Safari/537.36 (compatible; PetalBot;+https://webmaster.petalsearch.com/site/petalbot)"
207.180.227.180 - - [05/Nov/2025:08:31:31 +0100] "POST /wp-cron.php?doing_wp_cron=1762327891.2725949287414550781250 HTTP/1.1" 404 16000 "-" "WordPress/6.8.3; https://impuguke.com"
209.38.73.139 - - [05/Nov/2025:08:32:08 +0100] "GET /wp-login.php HTTP/1.1" 200 7136 "-" "Mozilla/5.0 (Windows NT 6.1; WOW64; Trident/7.0; yie11; rv:11.0) like Gecko"
209.38.73.139 - - [05/Nov/2025:08:32:17 +0100] "POST /wp-login.php HTTP/1.1" 200 7392 "https://impuguke.com/wp-login.php" "Mozilla/5.0 (Windows NT 6.1; WOW64; Trident/7.0; yie11; rv:11.0) like Gecko"
114.119.139.148 - - [05/Nov/2025:08:32:47 +0100] "GET /?o=27606149061620 HTTP/1.1" 200 203389 "https://impuguke.com/sitemap_index.xml" "Mozilla/5.0 (Linux; Android 7.0;) AppleWebKit/537.36 (KHTML, like Gecko) Mobile Safari/537.36 (compatible; PetalBot;+https://webmaster.petalsearch.com/site/petalbot)"
207.180.227.180 - - [05/Nov/2025:08:32:55 +0100] "POST /wp-cron.php?doing_wp_cron=1762327975.4655148983001708984375 HTTP/1.1" 404 15727 "-" "WordPress/6.8.3; https://impuguke.com"
114.119.129.233 - - [05/Nov/2025:08:34:14 +0100] "GET /?o=27579947021620 HTTP/1.1" 200 203389 "https://impuguke.com/sitemap_index.xml" "Mozilla/5.0 (Linux; Android 7.0;) AppleWebKit/537.36 (KHTML, like Gecko) Mobile Safari/537.36 (compatible; PetalBot;+https://webmaster.petalsearch.com/site/petalbot)"
207.180.227.180 - - [05/Nov/2025:08:34:22 +0100] "POST /wp-cron.php?doing_wp_cron=1762328062.0582859516143798828125 HTTP/1.1" 404 16000 "-" "WordPress/6.8.3; https://impuguke.com"
114.119.140.221 - - [05/Nov/2025:08:35:34 +0100] "GET /?o=28092892071620 HTTP/1.1" 200 203389 "https://impuguke.com/sitemap_index.xml" "Mozilla/5.0 (Linux; Android 7.0;) AppleWebKit/537.36 (KHTML, like Gecko) Mobile Safari/537.36 (compatible; PetalBot;+https://webmaster.petalsearch.com/site/petalbot)"
207.180.227.180 - - [05/Nov/2025:08:35:41 +0100] "POST /wp-cron.php?doing_wp_cron=1762328141.3572669029235839843750 HTTP/1.1" 404 16000 "-" "WordPress/6.8.3; https://impuguke.com"
85.208.96.203 - - [05/Nov/2025:08:36:12 +0100] "GET /robots.txt HTTP/1.1" 200 66 "-" "Mozilla/5.0 (compatible; SemrushBot/7~bl; +http://www.semrush.com/bot.html)"
185.191.171.3 - - [05/Nov/2025:08:36:13 +0100] "GET /2025/10/03/umuhungu-wa-perezida-kagame-ari-muba-ofisiye-bagiye-kwinjira-muri-rdf/ HTTP/1.1" 200 162111 "-" "Mozilla/5.0 (compatible; SemrushBot/7~bl; +http://www.semrush.com/bot.html)"
114.119.154.87 - - [05/Nov/2025:08:36:58 +0100] "GET /?o=27542005031620 HTTP/1.1" 200 203389 "https://impuguke.com/sitemap_index.xml" "Mozilla/5.0 (Linux; Android 7.0;) AppleWebKit/537.36 (KHTML, like Gecko) Mobile Safari/537.36 (compatible; PetalBot;+https://webmaster.petalsearch.com/site/petalbot)"
207.180.227.180 - - [05/Nov/2025:08:37:07 +0100] "POST /wp-cron.php?doing_wp_cron=1762328227.6638629436492919921875 HTTP/1.1" 404 15727 "-" "WordPress/6.8.3; https://impuguke.com"
114.119.140.221 - - [05/Nov/2025:08:38:25 +0100] "GET /?o=27495886001620 HTTP/1.1" 200 159893 "https://impuguke.com/sitemap_index.xml" "Mozilla/5.0 (Linux; Android 7.0;) AppleWebKit/537.36 (KHTML, like Gecko) Mobile Safari/537.36 (compatible; PetalBot;+https://webmaster.petalsearch.com/site/petalbot)"
207.180.227.180 - - [05/Nov/2025:08:38:57 +0100] "POST /wp-cron.php?doing_wp_cron=1762328337.0570499897003173828125 HTTP/1.1" 404 15727 "-" "WordPress/6.8.3; https://impuguke.com"
114.119.154.87 - - [05/Nov/2025:08:39:47 +0100] "GET /?o=27494146021620 HTTP/1.1" 200 203389 "https://impuguke.com/sitemap_index.xml" "Mozilla/5.0 (Linux; Android 7.0;) AppleWebKit/537.36 (KHTML, like Gecko) Mobile Safari/537.36 (compatible; PetalBot;+https://webmaster.petalsearch.com/site/petalbot)"
207.180.227.180 - - [05/Nov/2025:08:41:10 +0100] "POST /wp-cron.php?doing_wp_cron=1762328470.8021199703216552734375 HTTP/1.1" 404 15727 "-" "WordPress/6.8.3; https://impuguke.com"
114.119.140.221 - - [05/Nov/2025:08:41:09 +0100] "GET /?o=27484304021620 HTTP/1.1" 200 203389 "https://impuguke.com/sitemap_index.xml" "Mozilla/5.0 (Linux; Android 7.0;) AppleWebKit/537.36 (KHTML, like Gecko) Mobile Safari/537.36 (compatible; PetalBot;+https://webmaster.petalsearch.com/site/petalbot)"
114.119.146.107 - - [05/Nov/2025:08:42:32 +0100] "GET /?o=27453014001620 HTTP/1.1" 200 203389 "https://impuguke.com/sitemap_index.xml" "Mozilla/5.0 (Linux; Android 7.0;) AppleWebKit/537.36 (KHTML, like Gecko) Mobile Safari/537.36 (compatible; PetalBot;+https://webmaster.petalsearch.com/site/petalbot)"
207.180.227.180 - - [05/Nov/2025:08:42:35 +0100] "POST /wp-cron.php?doing_wp_cron=1762328554.9580700397491455078125 HTTP/1.1" 404 15727 "-" "WordPress/6.8.3; https://impuguke.com"
198.98.53.242 - - [05/Nov/2025:08:42:41 +0100] "GET /wp-login.php HTTP/1.1" 200 7136 "-" "Mozilla/5.0 (Windows NT 5.1) AppleWebKit/537.36 (KHTML, like Gecko) Chrome/36.0.1985.125 Safari/537.36"
198.98.53.242 - - [05/Nov/2025:08:42:44 +0100] "POST /wp-login.php HTTP/1.1" 200 7392 "-" "Mozilla/5.0 (Windows NT 5.1) AppleWebKit/537.36 (KHTML, like Gecko) Chrome/36.0.1985.125 Safari/537.36"
13.201.230.71 - - [05/Nov/2025:08:43:03 +0100] "GET /wp-login.php HTTP/1.1" 200 7136 "-" "Mozilla/5.0 (Windows NT 10.0; WOW64; Trident/7.0; ASJB; rv:11.0) like Gecko"
13.201.230.71 - - [05/Nov/2025:08:43:06 +0100] "POST /wp-login.php HTTP/1.1" 200 7392 "https://impuguke.com/wp-login.php" "Mozilla/5.0 (Windows NT 10.0; WOW64; Trident/7.0; ASJB; rv:11.0) like Gecko"
114.119.132.12 - - [05/Nov/2025:08:43:56 +0100] "GET /?o=27433274051620 HTTP/1.1" 200 203389 "https://impuguke.com/sitemap_index.xml" "Mozilla/5.0 (Linux; Android 7.0;) AppleWebKit/537.36 (KHTML, like Gecko) Mobile Safari/537.36 (compatible; PetalBot;+https://webmaster.petalsearch.com/site/petalbot)"
207.180.227.180 - - [05/Nov/2025:08:43:57 +0100] "POST /wp-cron.php?doing_wp_cron=1762328637.8860230445861816406250 HTTP/1.1" 404 15727 "-" "WordPress/6.8.3; https://impuguke.com"
45.61.188.54 - - [05/Nov/2025:08:44:56 +0100] "GET /wp-login.php HTTP/1.1" 200 7136 "https://duckduckgo.com/" "Mozilla/5.0 (Windows NT 10.0; Win64; x64) AppleWebKit/537.36 (KHTML, like Gecko) Chrome/118.0.5993.117 Safari/537.36"
207.180.227.180 - - [05/Nov/2025:08:44:58 +0100] "POST /wp-cron.php?doing_wp_cron=1762328698.5942590236663818359375 HTTP/1.1" 404 16000 "-" "WordPress/6.8.3; https://impuguke.com"
114.119.156.99 - - [05/Nov/2025:08:45:21 +0100] "GET /?o=27372880121620 HTTP/1.1" 200 203389 "https://impuguke.com/sitemap_index.xml" "Mozilla/5.0 (Linux; Android 7.0;) AppleWebKit/537.36 (KHTML, like Gecko) Mobile Safari/537.36 (compatible; PetalBot;+https://webmaster.petalsearch.com/site/petalbot)"
85.239.234.122 - - [05/Nov/2025:08:45:49 +0100] "POST /wp-login.php HTTP/1.1" 200 7373 "-" "Mozilla/5.0 (Windows NT 10.0; Win64; x64; rv:50.0) Gecko/20100101 Firefox/50.0"
18.97.9.101 - - [05/Nov/2025:08:46:46 +0100] "GET /robots.txt HTTP/1.1" 200 66 "-" "Mozilla/5.0 AppleWebKit/537.36 (KHTML, like Gecko; compatible; PerplexityBot/1.0; +https://perplexity.ai/perplexitybot)"
114.119.151.208 - - [05/Nov/2025:08:46:44 +0100] "GET /?o=27230195021620 HTTP/1.1" 200 203389 "https://impuguke.com/sitemap_index.xml" "Mozilla/5.0 (Linux; Android 7.0;) AppleWebKit/537.36 (KHTML, like Gecko) Mobile Safari/537.36 (compatible; PetalBot;+https://webmaster.petalsearch.com/site/petalbot)"
207.180.227.180 - - [05/Nov/2025:08:46:47 +0100] "POST /wp-cron.php?doing_wp_cron=1762328807.4583880901336669921875 HTTP/1.1" 404 16000 "-" "WordPress/6.8.3; https://impuguke.com"
18.97.9.98 - - [05/Nov/2025:08:46:47 +0100] "GET /shop/pg/1005024010/ HTTP/1.1" 404 138451 "-" "Mozilla/5.0 AppleWebKit/537.36 (KHTML, like Gecko; compatible; PerplexityBot/1.0; +https://perplexity.ai/perplexitybot)"
66.249.64.107 - - [05/Nov/2025:08:47:09 +0100] "GET /?o=87666606041620 HTTP/1.1" 200 203389 "-" "Mozilla/5.0 (Linux; Android 6.0.1; Nexus 5X Build/MMB29P) AppleWebKit/537.36 (KHTML, like Gecko) Chrome/141.0.7390.122 Mobile Safari/537.36 (compatible; GoogleOther)"
45.61.188.54 - - [05/Nov/2025:08:47:15 +0100] "POST /wp-login.php HTTP/1.1" 200 7392 "https://duckduckgo.com/" "Mozilla/5.0 (Windows NT 10.0; Win64; x64) AppleWebKit/537.36 (KHTML, like Gecko) Chrome/118.0.5993.117 Safari/537.36"
114.119.154.87 - - [05/Nov/2025:08:48:09 +0100] "GET /?o=27182556031620 HTTP/1.1" 200 203389 "https://impuguke.com/sitemap_index.xml" "Mozilla/5.0 (Linux; Android 7.0;) AppleWebKit/537.36 (KHTML, like Gecko) Mobile Safari/537.36 (compatible; PetalBot;+https://webmaster.petalsearch.com/site/petalbot)"
207.180.227.180 - - [05/Nov/2025:08:48:11 +0100] "POST /wp-cron.php?doing_wp_cron=1762328891.4735329151153564453125 HTTP/1.1" 404 15727 "-" "WordPress/6.8.3; https://impuguke.com"
66.249.64.97 - - [05/Nov/2025:08:48:45 +0100] "GET /?o=22245367021620 HTTP/1.1" 200 203389 "-" "Mozilla/5.0 (Linux; Android 6.0.1; Nexus 5X Build/MMB29P) AppleWebKit/537.36 (KHTML, like Gecko) Chrome/141.0.7390.122 Mobile Safari/537.36 (compatible; GoogleOther)"
192.163.201.55 - - [05/Nov/2025:08:49:24 +0100] "GET /wp-login.php HTTP/1.1" 200 7136 "-" "Mozilla/5.0 (Windows NT 6.1; Win64; x64) AppleWebKit/537.36 (KHTML, like Gecko) Chrome/67.0.3396.62 Safari/537.36"
207.180.227.180 - - [05/Nov/2025:08:49:26 +0100] "POST /wp-cron.php?doing_wp_cron=1762328966.0966761112213134765625 HTTP/1.1" 404 15727 "-" "WordPress/6.8.3; https://impuguke.com"
192.163.201.55 - - [05/Nov/2025:08:49:27 +0100] "POST /wp-login.php HTTP/1.1" 200 7392 "https://impuguke.com/wp-login.php" "Mozilla/5.0 (Windows NT 6.1; Win64; x64) AppleWebKit/537.36 (KHTML, like Gecko) Chrome/67.0.3396.62 Safari/537.36"
198.244.226.156 - - [05/Nov/2025:08:49:28 +0100] "GET /category/home/ahabanza/amakuru/page/3/ HTTP/1.1" 200 163775 "-" "Mozilla/5.0 (compatible; AhrefsBot/7.0; +http://ahrefs.com/robot/)"
114.119.139.148 - - [05/Nov/2025:08:49:31 +0100] "GET /?o=27092750071620 HTTP/1.1" 200 203389 "https://impuguke.com/sitemap_index.xml" "Mozilla/5.0 (Linux; Android 7.0;) AppleWebKit/537.36 (KHTML, like Gecko) Mobile Safari/537.36 (compatible; PetalBot;+https://webmaster.petalsearch.com/site/petalbot)"
66.249.64.97 - - [05/Nov/2025:08:50:02 +0100] "GET /?o=57808928011620 HTTP/1.1" 200 203389 "-" "Mozilla/5.0 (Linux; Android 6.0.1; Nexus 5X Build/MMB29P) AppleWebKit/537.36 (KHTML, like Gecko) Chrome/141.0.7390.122 Mobile Safari/537.36 (compatible; GoogleOther)"
114.119.129.233 - - [05/Nov/2025:08:50:54 +0100] "GET /?o=27034459041620 HTTP/1.1" 200 203389 "https://impuguke.com/sitemap_index.xml" "Mozilla/5.0 (Linux; Android 7.0;) AppleWebKit/537.36 (KHTML, like Gecko) Mobile Safari/537.36 (compatible; PetalBot;+https://webmaster.petalsearch.com/site/petalbot)"
207.180.227.180 - - [05/Nov/2025:08:50:56 +0100] "POST /wp-cron.php?doing_wp_cron=1762329056.7751860618591308593750 HTTP/1.1" 404 16000 "-" "WordPress/6.8.3; https://impuguke.com"
66.249.64.97 - - [05/Nov/2025:08:51:23 +0100] "GET /?o=42277451041620 HTTP/1.1" 200 203389 "-" "Mozilla/5.0 (Linux; Android 6.0.1; Nexus 5X Build/MMB29P) AppleWebKit/537.36 (KHTML, like Gecko) Chrome/141.0.7390.122 Mobile Safari/537.36 (compatible; GoogleOther)"
114.119.151.208 - - [05/Nov/2025:08:52:17 +0100] "GET /?o=26969194101620 HTTP/1.1" 200 203389 "https://impuguke.com/sitemap_index.xml" "Mozilla/5.0 (Linux; Android 7.0;) AppleWebKit/537.36 (KHTML, like Gecko) Mobile Safari/537.36 (compatible; PetalBot;+https://webmaster.petalsearch.com/site/petalbot)"
207.180.227.180 - - [05/Nov/2025:08:52:20 +0100] "POST /wp-cron.php?doing_wp_cron=1762329140.2845931053161621093750 HTTP/1.1" 404 15727 "-" "WordPress/6.8.3; https://impuguke.com"
66.249.64.110 - - [05/Nov/2025:08:53:40 +0100] "GET /?o=101107469041620 HTTP/1.1" 200 203392 "-" "Mozilla/5.0 (Linux; Android 6.0.1; Nexus 5X Build/MMB29P) AppleWebKit/537.36 (KHTML, like Gecko) Chrome/141.0.7390.122 Mobile Safari/537.36 (compatible; GoogleOther)"
207.180.227.180 - - [05/Nov/2025:08:53:41 +0100] "POST /wp-cron.php?doing_wp_cron=1762329221.6180911064147949218750 HTTP/1.1" 404 15727 "-" "WordPress/6.8.3; https://impuguke.com"
114.119.156.99 - - [05/Nov/2025:08:53:45 +0100] "GET /?o=26459584031620 HTTP/1.1" 200 203389 "https://impuguke.com/sitemap_index.xml" "Mozilla/5.0 (Linux; Android 7.0;) AppleWebKit/537.36 (KHTML, like Gecko) Mobile Safari/537.36 (compatible; PetalBot;+https://webmaster.petalsearch.com/site/petalbot)"
66.249.64.110 - - [05/Nov/2025:08:55:05 +0100] "GET /robots.txt HTTP/1.1" 200 66 "-" "Mozilla/5.0 (compatible; Googlebot/2.1; +http://www.google.com/bot.html)"
114.119.146.107 - - [05/Nov/2025:08:55:07 +0100] "GET /?o=26446946011620 HTTP/1.1" 200 203389 "https://impuguke.com/sitemap_index.xml" "Mozilla/5.0 (Linux; Android 7.0;) AppleWebKit/537.36 (KHTML, like Gecko) Mobile Safari/537.36 (compatible; PetalBot;+https://webmaster.petalsearch.com/site/petalbot)"
207.180.227.180 - - [05/Nov/2025:08:55:10 +0100] "POST /wp-cron.php?doing_wp_cron=1762329310.1695699691772460937500 HTTP/1.1" 404 15727 "-" "WordPress/6.8.3; https://impuguke.com"
109.234.164.79 - - [05/Nov/2025:08:55:43 +0100] "GET /wp-login.php HTTP/1.1" 200 7136 "-" "Mozilla/4.0 (compatible; MSIE 7.0; Windows NT 6.2; Win64; x64; Trident/7.0; .NET4.0E; .NET4.0C; .NET CLR 3.5.30729; .NET CLR 2.0.50727; .NET CLR 3.0.30729)"
109.234.164.79 - - [05/Nov/2025:08:55:45 +0100] "POST /wp-login.php HTTP/1.1" 200 7392 "https://impuguke.com/wp-login.php" "Mozilla/4.0 (compatible; MSIE 7.0; Windows NT 6.2; Win64; x64; Trident/7.0; .NET4.0E; .NET4.0C; .NET CLR 3.5.30729; .NET CLR 2.0.50727; .NET CLR 3.0.30729)"
66.249.64.110 - - [05/Nov/2025:08:55:53 +0100] "GET /?o=39198300031620 HTTP/1.1" 200 203389 "-" "Mozilla/5.0 (Linux; Android 6.0.1; Nexus 5X Build/MMB29P) AppleWebKit/537.36 (KHTML, like Gecko) Chrome/141.0.7390.122 Mobile Safari/537.36 (compatible; GoogleOther)"
66.249.64.110 - - [05/Nov/2025:08:56:12 +0100] "GET /wp-content/themes/newses/js/jquery.marquee.js?ver=6.8.3 HTTP/1.1" 200 23985 "https://impuguke.com/?o=39198300031620" "Mozilla/5.0 (Linux; Android 6.0.1; Nexus 5X Build/MMB29P) AppleWebKit/537.36 (KHTML, like Gecko) Chrome/141.0.7390.122 Mobile Safari/537.36 (compatible; Googlebot/2.1; +http://www.google.com/bot.html)"
66.249.64.110 - - [05/Nov/2025:08:56:12 +0100] "GET /robots.txt HTTP/1.1" 200 66 "-" "Mozilla/5.0 (compatible; Googlebot/2.1; +http://www.google.com/bot.html)"
114.119.146.107 - - [05/Nov/2025:08:56:32 +0100] "GET /?o=26444126011620 HTTP/1.1" 200 203389 "https://impuguke.com/sitemap_index.xml" "Mozilla/5.0 (Linux; Android 7.0;) AppleWebKit/537.36 (KHTML, like Gecko) Mobile Safari/537.36 (compatible; PetalBot;+https://webmaster.petalsearch.com/site/petalbot)"
207.180.227.180 - - [05/Nov/2025:08:56:40 +0100] "POST /wp-cron.php?doing_wp_cron=1762329399.8683459758758544921875 HTTP/1.1" 404 16000 "-" "WordPress/6.8.3; https://impuguke.com"
66.249.64.97 - - [05/Nov/2025:08:57:25 +0100] "GET /?o=117232617021620 HTTP/1.1" 508 288 "-" "Mozilla/5.0 (Linux; Android 6.0.1; Nexus 5X Build/MMB29P) AppleWebKit/537.36 (KHTML, like Gecko) Chrome/141.0.7390.122 Mobile Safari/537.36 (compatible; GoogleOther)"
114.119.129.233 - - [05/Nov/2025:08:57:56 +0100] "GET /?o=27495886001620 HTTP/1.1" 200 203389 "https://impuguke.com/sitemap_index.xml" "Mozilla/5.0 (Linux; Android 7.0;) AppleWebKit/537.36 (KHTML, like Gecko) Mobile Safari/537.36 (compatible; PetalBot;+https://webmaster.petalsearch.com/site/petalbot)"
207.180.227.180 - - [05/Nov/2025:08:58:05 +0100] "POST /wp-cron.php?doing_wp_cron=1762329485.1648180484771728515625 HTTP/1.1" 404 15727 "-" "WordPress/6.8.3; https://impuguke.com"
198.98.55.213 - - [05/Nov/2025:08:58:24 +0100] "GET /wp-login.php HTTP/1.1" 200 7136 "https://www.google.com/" "Mozilla/5.0 (Macintosh; Intel Mac OS X 10_15_7) AppleWebKit/605.1.15 (KHTML, like Gecko) Version/16.6 Safari/605.1.15"
114.119.156.99 - - [05/Nov/2025:08:59:15 +0100] "GET /?o=26432906041620 HTTP/1.1" 200 203389 "https://impuguke.com/sitemap_index.xml" "Mozilla/5.0 (Linux; Android 7.0;) AppleWebKit/537.36 (KHTML, like Gecko) Mobile Safari/537.36 (compatible; PetalBot;+https://webmaster.petalsearch.com/site/petalbot)"
207.180.227.180 - - [05/Nov/2025:08:59:24 +0100] "POST /wp-cron.php?doing_wp_cron=1762329564.1607339382171630859375 HTTP/1.1" 404 15727 "-" "WordPress/6.8.3; https://impuguke.com"
207.180.227.180 - - [05/Nov/2025:09:00:45 +0100] "POST /wp-cron.php?doing_wp_cron=1762329644.8657410144805908203125 HTTP/1.1" 508 288 "-" "WordPress/6.8.3; https://impuguke.com"
144.91.107.147 - - [05/Nov/2025:09:00:35 +0100] "HEAD / HTTP/1.1" 200 - "-" "python-requests/2.32.5"
114.119.132.12 - - [05/Nov/2025:09:00:41 +0100] "GET /?o=26384973011620 HTTP/1.1" 200 203389 "https://impuguke.com/sitemap_index.xml" "Mozilla/5.0 (Linux; Android 7.0;) AppleWebKit/537.36 (KHTML, like Gecko) Mobile Safari/537.36 (compatible; PetalBot;+https://webmaster.petalsearch.com/site/petalbot)"
207.180.227.180 - - [05/Nov/2025:09:00:50 +0100] "POST /wp-cron.php?doing_wp_cron=1762329649.9723520278930664062500 HTTP/1.1" 404 16000 "-" "WordPress/6.8.3; https://impuguke.com"
198.98.55.213 - - [05/Nov/2025:09:01:27 +0100] "POST /wp-login.php HTTP/1.1" 508 288 "https://www.google.com/" "Mozilla/5.0 (Macintosh; Intel Mac OS X 10_15_7) AppleWebKit/605.1.15 (KHTML, like Gecko) Version/16.6 Safari/605.1.15"
45.61.184.55 - - [05/Nov/2025:09:01:25 +0100] "GET /wp-login.php HTTP/1.1" 200 7136 "-" "Mozilla/5.0 (Windows NT 6.1; Trident/7.0; rv:11.0) like Gecko"
45.61.184.55 - - [05/Nov/2025:09:01:33 +0100] "POST /wp-login.php HTTP/1.1" 200 7392 "-" "Mozilla/5.0 (Windows NT 6.1; Trident/7.0; rv:11.0) like Gecko"
114.119.140.221 - - [05/Nov/2025:09:02:02 +0100] "GET /?o=26326329091620 HTTP/1.1" 200 203389 "https://impuguke.com/sitemap_index.xml" "Mozilla/5.0 (Linux; Android 7.0;) AppleWebKit/537.36 (KHTML, like Gecko) Mobile Safari/537.36 (compatible; PetalBot;+https://webmaster.petalsearch.com/site/petalbot)"
207.180.227.180 - - [05/Nov/2025:09:02:11 +0100] "POST /wp-cron.php?doing_wp_cron=1762329731.6658370494842529296875 HTTP/1.1" 404 15727 "-" "WordPress/6.8.3; https://impuguke.com"
205.185.127.199 - - [05/Nov/2025:09:02:29 +0100] "GET /wp-login.php HTTP/1.1" 200 7136 "https://duckduckgo.com/" "Mozilla/5.0 (Windows NT 10.0; Win64; x64) AppleWebKit/537.36 (KHTML, like Gecko) Chrome/118.0.5993.117 Safari/537.36"
8.219.147.213 - - [05/Nov/2025:09:02:37 +0100] "GET /wp-login.php HTTP/1.1" 200 7136 "-" "Mozilla/4.0 (compatible; MSIE 7.0; Windows NT 6.2; WOW64; Trident/7.0; .NET4.0E; .NET4.0C; .NET CLR 3.5.30729; .NET CLR 2.0.50727; .NET CLR 3.0.30729; InfoPath.3)"
205.185.127.199 - - [05/Nov/2025:09:02:39 +0100] "POST /wp-login.php HTTP/1.1" 200 7392 "https://duckduckgo.com/" "Mozilla/5.0 (Windows NT 10.0; Win64; x64) AppleWebKit/537.36 (KHTML, like Gecko) Chrome/118.0.5993.117 Safari/537.36"
8.219.147.213 - - [05/Nov/2025:09:02:55 +0100] "GET /wp-login.php HTTP/1.1" 200 7136 "-" "Mozilla/4.0 (compatible; MSIE 7.0; Windows NT 6.2; WOW64; Trident/7.0; .NET4.0E; .NET4.0C; .NET CLR 3.5.30729; .NET CLR 2.0.50727; .NET CLR 3.0.30729; InfoPath.3)"
8.219.147.213 - - [05/Nov/2025:09:03:05 +0100] "POST /wp-login.php HTTP/1.1" 200 7392 "https://impuguke.com/wp-login.php" "Mozilla/4.0 (compatible; MSIE 7.0; Windows NT 6.2; WOW64; Trident/7.0; .NET4.0E; .NET4.0C; .NET CLR 3.5.30729; .NET CLR 2.0.50727; .NET CLR 3.0.30729; InfoPath.3)"
207.180.227.180 - - [05/Nov/2025:09:03:12 +0100] "POST /wp-cron.php?doing_wp_cron=1762329792.6605188846588134765625 HTTP/1.1" 404 16000 "-" "WordPress/6.8.3; https://impuguke.com"
114.119.154.87 - - [05/Nov/2025:09:03:26 +0100] "GET /?o=26227676011620 HTTP/1.1" 200 203389 "https://impuguke.com/sitemap_index.xml" "Mozilla/5.0 (Linux; Android 7.0;) AppleWebKit/537.36 (KHTML, like Gecko) Mobile Safari/537.36 (compatible; PetalBot;+https://webmaster.petalsearch.com/site/petalbot)"
198.98.55.213 - - [05/Nov/2025:09:03:49 +0100] "GET /wp-admin/themes.php HTTP/1.1" 404 138451 "https://www.google.com/" "Mozilla/5.0 (Macintosh; Intel Mac OS X 10_15_7) AppleWebKit/605.1.15 (KHTML, like Gecko) Version/16.6 Safari/605.1.15"
198.98.55.213 - - [05/Nov/2025:09:04:00 +0100] "GET /wp-admin/plugin-install.php?tab=upload HTTP/1.1" 404 138451 "https://www.google.com/" "Mozilla/5.0 (Macintosh; Intel Mac OS X 10_15_7) AppleWebKit/605.1.15 (KHTML, like Gecko) Version/16.6 Safari/605.1.15"
114.119.139.148 - - [05/Nov/2025:09:04:54 +0100] "GET /?o=26187625041620 HTTP/1.1" 200 203389 "https://impuguke.com/sitemap_index.xml" "Mozilla/5.0 (Linux; Android 7.0;) AppleWebKit/537.36 (KHTML, like Gecko) Mobile Safari/537.36 (compatible; PetalBot;+https://webmaster.petalsearch.com/site/petalbot)"
207.180.227.180 - - [05/Nov/2025:09:05:00 +0100] "POST /wp-cron.php?doing_wp_cron=1762329900.5605421066284179687500 HTTP/1.1" 404 16000 "-" "WordPress/6.8.3; https://impuguke.com"
104.244.74.116 - - [05/Nov/2025:09:05:39 +0100] "GET /wp-login.php HTTP/1.1" 200 7136 "https://www.bing.com/" "Mozilla/5.0 (iPhone; CPU iPhone OS 17_0 like Mac OS X) AppleWebKit/605.1.15 (KHTML, like Gecko) Version/17.0 Mobile/15E148 Safari/604.1"
31.13.127.15 - - [05/Nov/2025:09:06:18 +0100] "GET /wp-content/uploads/2025/10/img-20251022-wa0081-6b279.jpg HTTP/1.1" 200 171572 "-" "facebookexternalhit/1.1 (+http://www.facebook.com/externalhit_uatext.php)"
114.119.132.12 - - [05/Nov/2025:09:06:12 +0100] "GET /?o=26093160041620 HTTP/1.1" 200 203389 "https://impuguke.com/sitemap_index.xml" "Mozilla/5.0 (Linux; Android 7.0;) AppleWebKit/537.36 (KHTML, like Gecko) Mobile Safari/537.36 (compatible; PetalBot;+https://webmaster.petalsearch.com/site/petalbot)"
207.180.227.180 - - [05/Nov/2025:09:06:16 +0100] "POST /wp-cron.php?doing_wp_cron=1762329976.3911828994750976562500 HTTP/1.1" 404 15727 "-" "WordPress/6.8.3; https://impuguke.com"
104.244.74.116 - - [05/Nov/2025:09:06:25 +0100] "POST /wp-login.php HTTP/1.1" 200 7392 "https://www.bing.com/" "Mozilla/5.0 (iPhone; CPU iPhone OS 17_0 like Mac OS X) AppleWebKit/605.1.15 (KHTML, like Gecko) Version/17.0 Mobile/15E148 Safari/604.1"
107.189.6.47 - - [05/Nov/2025:09:06:33 +0100] "GET /wp-login.php HTTP/1.1" 200 7136 "https://www.bing.com/" "Mozilla/5.0 (Macintosh; Intel Mac OS X 10_15_7) AppleWebKit/605.1.15 (KHTML, like Gecko) Version/16.6 Safari/605.1.15"
107.189.6.47 - - [05/Nov/2025:09:06:40 +0100] "POST /wp-login.php HTTP/1.1" 200 7392 "https://www.bing.com/" "Mozilla/5.0 (Macintosh; Intel Mac OS X 10_15_7) AppleWebKit/605.1.15 (KHTML, like Gecko) Version/16.6 Safari/605.1.15"
50.225.46.13 - - [05/Nov/2025:09:07:11 +0100] "GET /wp-login.php HTTP/1.1" 200 7136 "" "Mozilla/5.0 (Windows NT 10.0; Win64; x64; rv:144.0) Gecko/20100101 Firefox/144.0"
50.225.46.13 - - [05/Nov/2025:09:07:18 +0100] "GET /wp-login.php HTTP/1.1" 200 7136 "" "Mozilla/5.0 (Windows NT 10.0; Win64; x64; rv:144.0) Gecko/20100101 Firefox/144.0"
207.180.227.180 - - [05/Nov/2025:09:07:20 +0100] "POST /wp-cron.php?doing_wp_cron=1762330040.4646220207214355468750 HTTP/1.1" 404 15727 "-" "WordPress/6.8.3; https://impuguke.com"
114.119.151.208 - - [05/Nov/2025:09:07:44 +0100] "GET /?o=26077051001620 HTTP/1.1" 200 203389 "https://impuguke.com/sitemap_index.xml" "Mozilla/5.0 (Linux; Android 7.0;) AppleWebKit/537.36 (KHTML, like Gecko) Mobile Safari/537.36 (compatible; PetalBot;+https://webmaster.petalsearch.com/site/petalbot)"
69.163.137.216 - - [05/Nov/2025:09:07:54 +0100] "GET /wp-login.php HTTP/1.1" 200 7136 "-" "Mozilla/4.0 (compatible; MSIE 7.0; Windows NT 6.1; WOW64; Trident/7.0; SLCC2; .NET CLR 2.0.50727; .NET4.0C; .NET4.0E)"
69.163.137.216 - - [05/Nov/2025:09:08:03 +0100] "POST /wp-login.php HTTP/1.1" 200 7392 "https://impuguke.com/wp-login.php" "Mozilla/4.0 (compatible; MSIE 7.0; Windows NT 6.1; WOW64; Trident/7.0; SLCC2; .NET CLR 2.0.50727; .NET4.0C; .NET4.0E)"
114.119.139.148 - - [05/Nov/2025:09:09:00 +0100] "GET /?o=26066924051620 HTTP/1.1" 200 203389 "https://impuguke.com/sitemap_index.xml" "Mozilla/5.0 (Linux; Android 7.0;) AppleWebKit/537.36 (KHTML, like Gecko) Mobile Safari/537.36 (compatible; PetalBot;+https://webmaster.petalsearch.com/site/petalbot)"
207.180.227.180 - - [05/Nov/2025:09:09:08 +0100] "POST /wp-cron.php?doing_wp_cron=1762330148.1652839183807373046875 HTTP/1.1" 404 16000 "-" "WordPress/6.8.3; https://impuguke.com"
114.119.140.221 - - [05/Nov/2025:09:10:27 +0100] "GET /?o=26031704091620 HTTP/1.1" 200 203389 "https://impuguke.com/sitemap_index.xml" "Mozilla/5.0 (Linux; Android 7.0;) AppleWebKit/537.36 (KHTML, like Gecko) Mobile Safari/537.36 (compatible; PetalBot;+https://webmaster.petalsearch.com/site/petalbot)"
207.180.227.180 - - [05/Nov/2025:09:10:29 +0100] "POST /wp-cron.php?doing_wp_cron=1762330229.0637440681457519531250 HTTP/1.1" 404 15727 "-" "WordPress/6.8.3; https://impuguke.com"
114.119.156.99 - - [05/Nov/2025:09:11:48 +0100] "GET /?o=26016380011620 HTTP/1.1" 200 203389 "https://impuguke.com/sitemap_index.xml" "Mozilla/5.0 (Linux; Android 7.0;) AppleWebKit/537.36 (KHTML, like Gecko) Mobile Safari/537.36 (compatible; PetalBot;+https://webmaster.petalsearch.com/site/petalbot)"
207.180.227.180 - - [05/Nov/2025:09:11:49 +0100] "POST /wp-cron.php?doing_wp_cron=1762330309.8813860416412353515625 HTTP/1.1" 404 16000 "-" "WordPress/6.8.3; https://impuguke.com"
51.195.183.174 - - [05/Nov/2025:09:12:23 +0100] "GET /2025/09/30/mbape-yongeye-kwandika-amateka-mu-mukino-real-madrid-yatsinzemo-ibitego-5-0/ HTTP/1.1" 200 163891 "-" "Mozilla/5.0 (compatible; AhrefsBot/7.0; +http://ahrefs.com/robot/)"
114.119.146.107 - - [05/Nov/2025:09:13:14 +0100] "GET /?o=25891639031620 HTTP/1.1" 200 203389 "https://impuguke.com/sitemap_index.xml" "Mozilla/5.0 (Linux; Android 7.0;) AppleWebKit/537.36 (KHTML, like Gecko) Mobile Safari/537.36 (compatible; PetalBot;+https://webmaster.petalsearch.com/site/petalbot)"
207.180.227.180 - - [05/Nov/2025:09:13:23 +0100] "POST /wp-cron.php?doing_wp_cron=1762330403.5649940967559814453125 HTTP/1.1" 404 16000 "-" "WordPress/6.8.3; https://impuguke.com"
114.119.140.221 - - [05/Nov/2025:09:14:36 +0100] "GET /?o=25879167011620 HTTP/1.1" 200 203389 "https://impuguke.com/sitemap_index.xml" "Mozilla/5.0 (Linux; Android 7.0;) AppleWebKit/537.36 (KHTML, like Gecko) Mobile Safari/537.36 (compatible; PetalBot;+https://webmaster.petalsearch.com/site/petalbot)"
207.180.227.180 - - [05/Nov/2025:09:14:43 +0100] "POST /wp-cron.php?doing_wp_cron=1762330483.6628808975219726562500 HTTP/1.1" 404 16000 "-" "WordPress/6.8.3; https://impuguke.com"
114.119.154.87 - - [05/Nov/2025:09:16:03 +0100] "GET /?o=25619067021620 HTTP/1.1" 200 203389 "https://impuguke.com/sitemap_index.xml" "Mozilla/5.0 (Linux; Android 7.0;) AppleWebKit/537.36 (KHTML, like Gecko) Mobile Safari/537.36 (compatible; PetalBot;+https://webmaster.petalsearch.com/site/petalbot)"
207.180.227.180 - - [05/Nov/2025:09:16:06 +0100] "POST /wp-cron.php?doing_wp_cron=1762330566.2890350818634033203125 HTTP/1.1" 404 15727 "-" "WordPress/6.8.3; https://impuguke.com"
114.119.140.221 - - [05/Nov/2025:09:17:29 +0100] "GET /?o=25606498061620 HTTP/1.1" 200 203389 "https://impuguke.com/sitemap_index.xml" "Mozilla/5.0 (Linux; Android 7.0;) AppleWebKit/537.36 (KHTML, like Gecko) Mobile Safari/537.36 (compatible; PetalBot;+https://webmaster.petalsearch.com/site/petalbot)"
207.180.227.180 - - [05/Nov/2025:09:17:38 +0100] "POST /wp-cron.php?doing_wp_cron=1762330657.8624730110168457031250 HTTP/1.1" 404 16000 "-" "WordPress/6.8.3; https://impuguke.com"
114.119.151.208 - - [05/Nov/2025:09:18:46 +0100] "GET /?o=2555390041620 HTTP/1.1" 200 203386 "https://impuguke.com/sitemap_index.xml" "Mozilla/5.0 (Linux; Android 7.0;) AppleWebKit/537.36 (KHTML, like Gecko) Mobile Safari/537.36 (compatible; PetalBot;+https://webmaster.petalsearch.com/site/petalbot)"
207.180.227.180 - - [05/Nov/2025:09:18:54 +0100] "POST /wp-cron.php?doing_wp_cron=1762330734.1593859195709228515625 HTTP/1.1" 404 15727 "-" "WordPress/6.8.3; https://impuguke.com"
114.119.140.221 - - [05/Nov/2025:09:20:08 +0100] "GET /?o=25550082031620 HTTP/1.1" 200 203389 "https://impuguke.com/sitemap_index.xml" "Mozilla/5.0 (Linux; Android 7.0;) AppleWebKit/537.36 (KHTML, like Gecko) Mobile Safari/537.36 (compatible; PetalBot;+https://webmaster.petalsearch.com/site/petalbot)"
207.180.227.180 - - [05/Nov/2025:09:20:12 +0100] "POST /wp-cron.php?doing_wp_cron=1762330812.5905649662017822265625 HTTP/1.1" 404 15727 "-" "WordPress/6.8.3; https://impuguke.com"
114.119.129.233 - - [05/Nov/2025:09:21:37 +0100] "GET /?o=25548342001620 HTTP/1.1" 200 203389 "https://impuguke.com/sitemap_index.xml" "Mozilla/5.0 (Linux; Android 7.0;) AppleWebKit/537.36 (KHTML, like Gecko) Mobile Safari/537.36 (compatible; PetalBot;+https://webmaster.petalsearch.com/site/petalbot)"
207.180.227.180 - - [05/Nov/2025:09:21:39 +0100] "POST /wp-cron.php?doing_wp_cron=1762330899.9661478996276855468750 HTTP/1.1" 404 15727 "-" "WordPress/6.8.3; https://impuguke.com"
114.119.129.233 - - [05/Nov/2025:09:22:55 +0100] "GET /?o=25529982011620 HTTP/1.1" 200 203389 "https://impuguke.com/sitemap_index.xml" "Mozilla/5.0 (Linux; Android 7.0;) AppleWebKit/537.36 (KHTML, like Gecko) Mobile Safari/537.36 (compatible; PetalBot;+https://webmaster.petalsearch.com/site/petalbot)"
207.180.227.180 - - [05/Nov/2025:09:23:01 +0100] "POST /wp-cron.php?doing_wp_cron=1762330981.1590640544891357421875 HTTP/1.1" 404 16000 "-" "WordPress/6.8.3; https://impuguke.com"
114.119.129.233 - - [05/Nov/2025:09:24:18 +0100] "GET /?o=25300373011620 HTTP/1.1" 200 203389 "https://impuguke.com/sitemap_index.xml" "Mozilla/5.0 (Linux; Android 7.0;) AppleWebKit/537.36 (KHTML, like Gecko) Mobile Safari/537.36 (compatible; PetalBot;+https://webmaster.petalsearch.com/site/petalbot)"
207.180.227.180 - - [05/Nov/2025:09:24:27 +0100] "POST /wp-cron.php?doing_wp_cron=1762331067.1582610607147216796875 HTTP/1.1" 404 15727 "-" "WordPress/6.8.3; https://impuguke.com"
66.249.64.109 - - [05/Nov/2025:09:25:12 +0100] "GET /?o=116248474041620 HTTP/1.1" 508 288 "-" "Mozilla/5.0 (Linux; Android 6.0.1; Nexus 5X Build/MMB29P) AppleWebKit/537.36 (KHTML, like Gecko) Chrome/141.0.7390.122 Mobile Safari/537.36 (compatible; Googlebot/2.1; +http://www.google.com/bot.html)"
109.234.162.139 - - [05/Nov/2025:09:25:25 +0100] "GET /wp-login.php HTTP/1.1" 200 7136 "-" "Mozilla/5.0 (Windows NT 10.0; WOW64; Trident/7.0; MDDSJS; rv:11.0) like Gecko"
207.180.227.180 - - [05/Nov/2025:09:25:33 +0100] "POST /wp-cron.php?doing_wp_cron=1762331133.6643450260162353515625 HTTP/1.1" 404 16000 "-" "WordPress/6.8.3; https://impuguke.com"
109.234.162.139 - - [05/Nov/2025:09:25:35 +0100] "POST /wp-login.php HTTP/1.1" 200 7392 "https://impuguke.com/wp-login.php" "Mozilla/5.0 (Windows NT 10.0; WOW64; Trident/7.0; MDDSJS; rv:11.0) like Gecko"
114.119.151.208 - - [05/Nov/2025:09:25:44 +0100] "GET /?o=25289414051620 HTTP/1.1" 200 203389 "https://impuguke.com/sitemap_index.xml" "Mozilla/5.0 (Linux; Android 7.0;) AppleWebKit/537.36 (KHTML, like Gecko) Mobile Safari/537.36 (compatible; PetalBot;+https://webmaster.petalsearch.com/site/petalbot)"
66.249.64.108 - - [05/Nov/2025:09:26:42 +0100] "GET /?o=18336450011620 HTTP/1.1" 200 172601 "-" "Mozilla/5.0 (Linux; Android 6.0.1; Nexus 5X Build/MMB29P) AppleWebKit/537.36 (KHTML, like Gecko) Chrome/141.0.7390.122 Mobile Safari/537.36 (compatible; Googlebot/2.1; +http://www.google.com/bot.html)"
66.249.64.107 - - [05/Nov/2025:09:26:51 +0100] "GET /wp-content/plugins/ultimate-social-media-icons/js/shuffle/jquery.shuffle.min.js?ver=6.8.3 HTTP/1.1" 200 11484 "https://impuguke.com/?o=42277451041620" "Mozilla/5.0 (Linux; Android 6.0.1; Nexus 5X Build/MMB29P) AppleWebKit/537.36 (KHTML, like Gecko) Chrome/141.0.7390.122 Mobile Safari/537.36 (compatible; Googlebot/2.1; +http://www.google.com/bot.html)"
114.119.156.99 - - [05/Nov/2025:09:27:07 +0100] "GET /?o=25253454031620 HTTP/1.1" 200 203389 "https://impuguke.com/sitemap_index.xml" "Mozilla/5.0 (Linux; Android 7.0;) AppleWebKit/537.36 (KHTML, like Gecko) Mobile Safari/537.36 (compatible; PetalBot;+https://webmaster.petalsearch.com/site/petalbot)"
207.180.227.180 - - [05/Nov/2025:09:27:09 +0100] "POST /wp-cron.php?doing_wp_cron=1762331229.0618040561676025390625 HTTP/1.1" 404 15727 "-" "WordPress/6.8.3; https://impuguke.com"
66.249.64.108 - - [05/Nov/2025:09:28:04 +0100] "GET /?o=112438328011620 HTTP/1.1" 200 172079 "-" "Mozilla/5.0 (Linux; Android 6.0.1; Nexus 5X Build/MMB29P) AppleWebKit/537.36 (KHTML, like Gecko) Chrome/141.0.7390.122 Mobile Safari/537.36 (compatible; Googlebot/2.1; +http://www.google.com/bot.html)"
114.119.140.221 - - [05/Nov/2025:09:28:36 +0100] "GET /?o=25126129101620 HTTP/1.1" 200 203389 "https://impuguke.com/sitemap_index.xml" "Mozilla/5.0 (Linux; Android 7.0;) AppleWebKit/537.36 (KHTML, like Gecko) Mobile Safari/537.36 (compatible; PetalBot;+https://webmaster.petalsearch.com/site/petalbot)"
207.180.227.180 - - [05/Nov/2025:09:28:40 +0100] "POST /wp-cron.php?doing_wp_cron=1762331320.0734829902648925781250 HTTP/1.1" 404 15727 "-" "WordPress/6.8.3; https://impuguke.com"
66.249.64.109 - - [05/Nov/2025:09:29:12 +0100] "GET /?o=99531576081620 HTTP/1.1" 200 168472 "-" "Mozilla/5.0 (Linux; Android 6.0.1; Nexus 5X Build/MMB29P) AppleWebKit/537.36 (KHTML, like Gecko) Chrome/141.0.7390.122 Mobile Safari/537.36 (compatible; Googlebot/2.1; +http://www.google.com/bot.html)"
66.249.64.108 - - [05/Nov/2025:09:29:47 +0100] "GET /?o=16917603031620 HTTP/1.1" 200 178583 "-" "Mozilla/5.0 (Linux; Android 6.0.1; Nexus 5X Build/MMB29P) AppleWebKit/537.36 (KHTML, like Gecko) Chrome/141.0.7390.122 Mobile Safari/537.36 (compatible; Googlebot/2.1; +http://www.google.com/bot.html)"
66.249.64.107 - - [05/Nov/2025:09:29:53 +0100] "GET /?o=17488398131620 HTTP/1.1" 200 168689 "-" "Mozilla/5.0 (Linux; Android 6.0.1; Nexus 5X Build/MMB29P) AppleWebKit/537.36 (KHTML, like Gecko) Chrome/141.0.7390.122 Mobile Safari/537.36 (compatible; Googlebot/2.1; +http://www.google.com/bot.html)"
114.119.132.12 - - [05/Nov/2025:09:29:54 +0100] "GET /?o=25047553041620 HTTP/1.1" 200 203389 "https://impuguke.com/sitemap_index.xml" "Mozilla/5.0 (Linux; Android 7.0;) AppleWebKit/537.36 (KHTML, like Gecko) Mobile Safari/537.36 (compatible; PetalBot;+https://webmaster.petalsearch.com/site/petalbot)"
207.180.227.180 - - [05/Nov/2025:09:29:57 +0100] "POST /wp-cron.php?doing_wp_cron=1762331397.3920190334320068359375 HTTP/1.1" 404 16000 "-" "WordPress/6.8.3; https://impuguke.com"
163.172.106.185 - - [05/Nov/2025:09:30:25 +0100] "GET /wp-login.php HTTP/1.1" 200 7136 "http://impuguke.com/wp-login.php" "Mozilla/5.0 (Windows NT 10.0; Win64; x64; rv:144.0) Gecko/20100101 Firefox/144.0"
5.161.103.140 - - [05/Nov/2025:09:30:25 +0100] "POST /wp-login.php HTTP/1.1" 200 7373 "-" "Mozilla/5.0 (Windows NT 10.0; Win64; x64; rv:65.0) Gecko/20100101 Firefox/65.0"
163.172.106.185 - - [05/Nov/2025:09:30:29 +0100] "GET /wp-json/wp/v2/users HTTP/1.1" 200 25263 "http://impuguke.com/wp-login.php" "Mozilla/5.0 (Windows NT 10.0; Win64; x64; rv:144.0) Gecko/20100101 Firefox/144.0"
163.172.106.185 - - [05/Nov/2025:09:30:36 +0100] "POST /wp-login.php HTTP/1.1" 200 7374 "https://impuguke.com/wp-login.php?redirect_to=https%3A%2F%2Fimpuguke.com%2Fwp-admin%2F" "Mozilla/5.0 (Windows NT 10.0; Win64; x64; rv:144.0) Gecko/20100101 Firefox/144.0"
66.249.64.108 - - [05/Nov/2025:09:30:43 +0100] "GET /?o=78896973061620 HTTP/1.1" 200 174781 "-" "Mozilla/5.0 (Linux; Android 6.0.1; Nexus 5X Build/MMB29P) AppleWebKit/537.36 (KHTML, like Gecko) Chrome/141.0.7390.122 Mobile Safari/537.36 (compatible; Googlebot/2.1; +http://www.google.com/bot.html)"
66.249.64.107 - - [05/Nov/2025:09:31:03 +0100] "GET /?o=74010669061620 HTTP/1.1" 200 173316 "-" "Mozilla/5.0 (Linux; Android 6.0.1; Nexus 5X Build/MMB29P) AppleWebKit/537.36 (KHTML, like Gecko) Chrome/141.0.7390.122 Mobile Safari/537.36 (compatible; Googlebot/2.1; +http://www.google.com/bot.html)"
66.249.64.107 - - [05/Nov/2025:09:31:15 +0100] "GET /?o=82626318061620 HTTP/1.1" 200 169637 "-" "Mozilla/5.0 (Linux; Android 6.0.1; Nexus 5X Build/MMB29P) AppleWebKit/537.36 (KHTML, like Gecko) Chrome/141.0.7390.122 Mobile Safari/537.36 (compatible; Googlebot/2.1; +http://www.google.com/bot.html)"
114.119.129.233 - - [05/Nov/2025:09:31:17 +0100] "GET /?o=25040143001620 HTTP/1.1" 200 203389 "https://impuguke.com/sitemap_index.xml" "Mozilla/5.0 (Linux; Android 7.0;) AppleWebKit/537.36 (KHTML, like Gecko) Mobile Safari/537.36 (compatible; PetalBot;+https://webmaster.petalsearch.com/site/petalbot)"
207.180.227.180 - - [05/Nov/2025:09:31:19 +0100] "POST /wp-cron.php?doing_wp_cron=1762331479.5718069076538085937500 HTTP/1.1" 404 15727 "-" "WordPress/6.8.3; https://impuguke.com"
66.249.64.107 - - [05/Nov/2025:09:31:43 +0100] "GET /?o=63551611071620 HTTP/1.1" 200 168304 "-" "Mozilla/5.0 (Linux; Android 6.0.1; Nexus 5X Build/MMB29P) AppleWebKit/537.36 (KHTML, like Gecko) Chrome/141.0.7390.122 Mobile Safari/537.36 (compatible; Googlebot/2.1; +http://www.google.com/bot.html)"
103.109.180.104 - - [05/Nov/2025:09:31:56 +0100] "GET /wp-login.php HTTP/1.1" 200 7136 "-" "Mozilla/5.0 (Windows NT 6.3; WOW64; Trident/7.0; AS; rv:11.0) like Gecko"
103.109.180.104 - - [05/Nov/2025:09:32:00 +0100] "POST /wp-login.php HTTP/1.1" 200 7392 "https://impuguke.com/wp-login.php" "Mozilla/5.0 (Windows NT 6.3; WOW64; Trident/7.0; AS; rv:11.0) like Gecko"
66.249.64.107 - - [05/Nov/2025:09:32:19 +0100] "GET /?o=32460409021620 HTTP/1.1" 200 170722 "-" "Mozilla/5.0 (Linux; Android 6.0.1; Nexus 5X Build/MMB29P) AppleWebKit/537.36 (KHTML, like Gecko) Chrome/141.0.7390.122 Mobile Safari/537.36 (compatible; Googlebot/2.1; +http://www.google.com/bot.html)"
66.249.64.107 - - [05/Nov/2025:09:32:26 +0100] "GET /?o=21396731001620 HTTP/1.1" 200 171359 "-" "Mozilla/5.0 (Linux; Android 6.0.1; Nexus 5X Build/MMB29P) AppleWebKit/537.36 (KHTML, like Gecko) Chrome/141.0.7390.122 Mobile Safari/537.36 (compatible; Googlebot/2.1; +http://www.google.com/bot.html)"
66.249.64.107 - - [05/Nov/2025:09:32:42 +0100] "GET /?o=68246843001620 HTTP/1.1" 200 170463 "-" "Mozilla/5.0 (Linux; Android 6.0.1; Nexus 5X Build/MMB29P) AppleWebKit/537.36 (KHTML, like Gecko) Chrome/141.0.7390.122 Mobile Safari/537.36 (compatible; Googlebot/2.1; +http://www.google.com/bot.html)"
114.119.139.148 - - [05/Nov/2025:09:32:41 +0100] "GET /?o=24916488051620 HTTP/1.1" 200 203389 "https://impuguke.com/sitemap_index.xml" "Mozilla/5.0 (Linux; Android 7.0;) AppleWebKit/537.36 (KHTML, like Gecko) Mobile Safari/537.36 (compatible; PetalBot;+https://webmaster.petalsearch.com/site/petalbot)"
207.180.227.180 - - [05/Nov/2025:09:32:45 +0100] "POST /wp-cron.php?doing_wp_cron=1762331565.2704839706420898437500 HTTP/1.1" 404 16000 "-" "WordPress/6.8.3; https://impuguke.com"
66.249.64.107 - - [05/Nov/2025:09:33:16 +0100] "GET /?o=112593823011620 HTTP/1.1" 200 171660 "-" "Mozilla/5.0 (Linux; Android 6.0.1; Nexus 5X Build/MMB29P) AppleWebKit/537.36 (KHTML, like Gecko) Chrome/141.0.7390.122 Mobile Safari/537.36 (compatible; Googlebot/2.1; +http://www.google.com/bot.html)"
66.249.64.107 - - [05/Nov/2025:09:33:22 +0100] "GET /?o=75518385041620 HTTP/1.1" 200 179749 "-" "Mozilla/5.0 (Linux; Android 6.0.1; Nexus 5X Build/MMB29P) AppleWebKit/537.36 (KHTML, like Gecko) Chrome/141.0.7390.122 Mobile Safari/537.36 (compatible; Googlebot/2.1; +http://www.google.com/bot.html)"
66.249.64.107 - - [05/Nov/2025:09:33:28 +0100] "GET /?o=98104105041620 HTTP/1.1" 200 175417 "-" "Mozilla/5.0 (Linux; Android 6.0.1; Nexus 5X Build/MMB29P) AppleWebKit/537.36 (KHTML, like Gecko) Chrome/141.0.7390.122 Mobile Safari/537.36 (compatible; Googlebot/2.1; +http://www.google.com/bot.html)"
66.249.64.107 - - [05/Nov/2025:09:33:35 +0100] "GET /?o=93028592061620 HTTP/1.1" 200 171890 "-" "Mozilla/5.0 (Linux; Android 6.0.1; Nexus 5X Build/MMB29P) AppleWebKit/537.36 (KHTML, like Gecko) Chrome/141.0.7390.122 Mobile Safari/537.36 (compatible; Googlebot/2.1; +http://www.google.com/bot.html)"
66.249.64.108 - - [05/Nov/2025:09:34:04 +0100] "GET /?o=22980434001620 HTTP/1.1" 200 173624 "-" "Mozilla/5.0 (Linux; Android 6.0.1; Nexus 5X Build/MMB29P) AppleWebKit/537.36 (KHTML, like Gecko) Chrome/141.0.7390.122 Mobile Safari/537.36 (compatible; Googlebot/2.1; +http://www.google.com/bot.html)"
114.119.139.148 - - [05/Nov/2025:09:34:04 +0100] "GET /?o=24895336021620 HTTP/1.1" 200 203389 "https://impuguke.com/sitemap_index.xml" "Mozilla/5.0 (Linux; Android 7.0;) AppleWebKit/537.36 (KHTML, like Gecko) Mobile Safari/537.36 (compatible; PetalBot;+https://webmaster.petalsearch.com/site/petalbot)"
207.180.227.180 - - [05/Nov/2025:09:34:07 +0100] "POST /wp-cron.php?doing_wp_cron=1762331647.5815570354461669921875 HTTP/1.1" 404 15727 "-" "WordPress/6.8.3; https://impuguke.com"
45.61.184.55 - - [05/Nov/2025:09:34:32 +0100] "GET /wp-login.php HTTP/1.1" 200 7136 "-" "Mozilla/5.0 (Windows NT 6.1; WOW64) AppleWebKit/537.36 (KHTML, like Gecko) Chrome/35.0.1916.114 Safari/537.36"
66.249.64.107 - - [05/Nov/2025:09:34:38 +0100] "GET /?o=82998810051620 HTTP/1.1" 200 177051 "-" "Mozilla/5.0 (Linux; Android 6.0.1; Nexus 5X Build/MMB29P) AppleWebKit/537.36 (KHTML, like Gecko) Chrome/141.0.7390.122 Mobile Safari/537.36 (compatible; Googlebot/2.1; +http://www.google.com/bot.html)"
45.61.184.55 - - [05/Nov/2025:09:34:42 +0100] "POST /wp-login.php HTTP/1.1" 200 7392 "-" "Mozilla/5.0 (Windows NT 6.1; WOW64) AppleWebKit/537.36 (KHTML, like Gecko) Chrome/35.0.1916.114 Safari/537.36"
51.195.183.137 - - [05/Nov/2025:09:34:50 +0100] "GET /category/home/ahabanza/feed/ HTTP/1.1" 200 51091 "-" "Mozilla/5.0 (compatible; AhrefsBot/7.0; +http://ahrefs.com/robot/)"
45.61.188.132 - - [05/Nov/2025:09:34:55 +0100] "GET /wp-login.php HTTP/1.1" 200 7136 "-" "Mozilla/5.0 (Windows NT 6.1; WOW64; Trident/7.0; rv:11.0) like Gecko"
207.180.227.180 - - [05/Nov/2025:09:35:10 +0100] "POST /wp-cron.php?doing_wp_cron=1762331710.3684189319610595703125 HTTP/1.1" 508 288 "-" "WordPress/6.8.3; https://impuguke.com"
45.61.188.132 - - [05/Nov/2025:09:35:04 +0100] "POST /wp-login.php HTTP/1.1" 200 7392 "-" "Mozilla/5.0 (Windows NT 6.1; WOW64; Trident/7.0; rv:11.0) like Gecko"
66.249.64.107 - - [05/Nov/2025:09:35:29 +0100] "GET /?o=37521606071620 HTTP/1.1" 200 170822 "-" "Mozilla/5.0 (Linux; Android 6.0.1; Nexus 5X Build/MMB29P) AppleWebKit/537.36 (KHTML, like Gecko) Chrome/141.0.7390.122 Mobile Safari/537.36 (compatible; Googlebot/2.1; +http://www.google.com/bot.html)"
114.119.140.221 - - [05/Nov/2025:09:35:33 +0100] "GET /?o=248853071620 HTTP/1.1" 200 203383 "https://impuguke.com/sitemap_index.xml" "Mozilla/5.0 (Linux; Android 7.0;) AppleWebKit/537.36 (KHTML, like Gecko) Mobile Safari/537.36 (compatible; PetalBot;+https://webmaster.petalsearch.com/site/petalbot)"
66.249.64.108 - - [05/Nov/2025:09:36:25 +0100] "GET /?o=1359020051620 HTTP/1.1" 200 170190 "-" "Mozilla/5.0 (Linux; Android 6.0.1; Nexus 5X Build/MMB29P) AppleWebKit/537.36 (KHTML, like Gecko) Chrome/141.0.7390.122 Mobile Safari/537.36 (compatible; Googlebot/2.1; +http://www.google.com/bot.html)"
66.249.64.108 - - [05/Nov/2025:09:36:27 +0100] "GET /?o=8631654021620 HTTP/1.1" 200 168318 "-" "Mozilla/5.0 (Linux; Android 6.0.1; Nexus 5X Build/MMB29P) AppleWebKit/537.36 (KHTML, like Gecko) Chrome/141.0.7390.122 Mobile Safari/537.36 (compatible; Googlebot/2.1; +http://www.google.com/bot.html)"
114.119.146.107 - - [05/Nov/2025:09:36:53 +0100] "GET /?o=24879219071620 HTTP/1.1" 200 203389 "https://impuguke.com/sitemap_index.xml" "Mozilla/5.0 (Linux; Android 7.0;) AppleWebKit/537.36 (KHTML, like Gecko) Mobile Safari/537.36 (compatible; PetalBot;+https://webmaster.petalsearch.com/site/petalbot)"
207.180.227.180 - - [05/Nov/2025:09:36:54 +0100] "POST /wp-cron.php?doing_wp_cron=1762331814.6644799709320068359375 HTTP/1.1" 404 15727 "-" "WordPress/6.8.3; https://impuguke.com"
82.165.60.30 - - [05/Nov/2025:09:37:51 +0100] "GET /wp-login.php HTTP/1.1" 200 7136 "-" "Mozilla/5.0 (Macintosh; Intel Mac OS X 10_13_4) AppleWebKit/537.36 (KHTML, like Gecko) Chrome/67.0.3396.62 Safari/537.36"
82.165.60.30 - - [05/Nov/2025:09:37:53 +0100] "POST /wp-login.php HTTP/1.1" 200 7392 "https://impuguke.com/wp-login.php" "Mozilla/5.0 (Macintosh; Intel Mac OS X 10_13_4) AppleWebKit/537.36 (KHTML, like Gecko) Chrome/67.0.3396.62 Safari/537.36"
207.180.227.180 - - [05/Nov/2025:09:37:55 +0100] "POST /wp-cron.php?doing_wp_cron=1762331875.7815639972686767578125 HTTP/1.1" 404 15727 "-" "WordPress/6.8.3; https://impuguke.com"
114.119.156.99 - - [05/Nov/2025:09:38:17 +0100] "GET /?o=24871383091620 HTTP/1.1" 200 159893 "https://impuguke.com/sitemap_index.xml" "Mozilla/5.0 (Linux; Android 7.0;) AppleWebKit/537.36 (KHTML, like Gecko) Mobile Safari/537.36 (compatible; PetalBot;+https://webmaster.petalsearch.com/site/petalbot)"
207.180.227.180 - - [05/Nov/2025:09:39:10 +0100] "POST /wp-cron.php?doing_wp_cron=1762331949.9608080387115478515625 HTTP/1.1" 404 16000 "-" "WordPress/6.8.3; https://impuguke.com"
66.249.64.107 - - [05/Nov/2025:09:39:24 +0100] "GET /?o=47150451061620 HTTP/1.1" 200 169958 "-" "Mozilla/5.0 (Linux; Android 6.0.1; Nexus 5X Build/MMB29P) AppleWebKit/537.36 (KHTML, like Gecko) Chrome/141.0.7390.122 Mobile Safari/537.36 (compatible; Googlebot/2.1; +http://www.google.com/bot.html)"
66.249.64.108 - - [05/Nov/2025:09:39:29 +0100] "GET /?o=20143977031620 HTTP/1.1" 200 179332 "-" "Mozilla/5.0 (Linux; Android 6.0.1; Nexus 5X Build/MMB29P) AppleWebKit/537.36 (KHTML, like Gecko) Chrome/141.0.7390.122 Mobile Safari/537.36 (compatible; Googlebot/2.1; +http://www.google.com/bot.html)"
66.249.64.107 - - [05/Nov/2025:09:39:33 +0100] "GET /?o=7348432031620 HTTP/1.1" 200 172298 "-" "Mozilla/5.0 (Linux; Android 6.0.1; Nexus 5X Build/MMB29P) AppleWebKit/537.36 (KHTML, like Gecko) Chrome/141.0.7390.122 Mobile Safari/537.36 (compatible; Googlebot/2.1; +http://www.google.com/bot.html)"
114.119.146.107 - - [05/Nov/2025:09:39:39 +0100] "GET /?o=24854385041620 HTTP/1.1" 200 203389 "https://impuguke.com/sitemap_index.xml" "Mozilla/5.0 (Linux; Android 7.0;) AppleWebKit/537.36 (KHTML, like Gecko) Mobile Safari/537.36 (compatible; PetalBot;+https://webmaster.petalsearch.com/site/petalbot)"
66.249.64.107 - - [05/Nov/2025:09:39:42 +0100] "GET /?o=90143357051620 HTTP/1.1" 200 170815 "-" "Mozilla/5.0 (Linux; Android 6.0.1; Nexus 5X Build/MMB29P) AppleWebKit/537.36 (KHTML, like Gecko) Chrome/141.0.7390.122 Mobile Safari/537.36 (compatible; Googlebot/2.1; +http://www.google.com/bot.html)"
