114.119.156.99 - - [04/Nov/2025:20:47:11 +0100] "GET /?o=54078169011620 HTTP/1.1" 200 203389 "https://impuguke.com/sitemap_index.xml" "Mozilla/5.0 (Linux; Android 7.0;) AppleWebKit/537.36 (KHTML, like Gecko) Mobile Safari/537.36 (compatible; PetalBot;+https://webmaster.petalsearch.com/site/petalbot)"
207.180.227.180 - - [04/Nov/2025:20:48:38 +0100] "POST /wp-cron.php?doing_wp_cron=1762285718.4461319446563720703125 HTTP/1.1" 404 16000 "-" "WordPress/6.8.3; https://impuguke.com"
114.119.139.148 - - [04/Nov/2025:20:48:36 +0100] "GET /?o=54076641071620 HTTP/1.1" 200 203389 "https://impuguke.com/sitemap_index.xml" "Mozilla/5.0 (Linux; Android 7.0;) AppleWebKit/537.36 (KHTML, like Gecko) Mobile Safari/537.36 (compatible; PetalBot;+https://webmaster.petalsearch.com/site/petalbot)"
114.119.139.148 - - [04/Nov/2025:20:49:56 +0100] "GET /?o=53959259001620 HTTP/1.1" 200 203389 "https://impuguke.com/sitemap_index.xml" "Mozilla/5.0 (Linux; Android 7.0;) AppleWebKit/537.36 (KHTML, like Gecko) Mobile Safari/537.36 (compatible; PetalBot;+https://webmaster.petalsearch.com/site/petalbot)"
207.180.227.180 - - [04/Nov/2025:20:50:00 +0100] "POST /wp-cron.php?doing_wp_cron=1762285800.3144919872283935546875 HTTP/1.1" 404 16000 "-" "WordPress/6.8.3; https://impuguke.com"
114.119.129.233 - - [04/Nov/2025:20:51:24 +0100] "GET /?o=53882351071620 HTTP/1.1" 200 203389 "https://impuguke.com/sitemap_index.xml" "Mozilla/5.0 (Linux; Android 7.0;) AppleWebKit/537.36 (KHTML, like Gecko) Mobile Safari/537.36 (compatible; PetalBot;+https://webmaster.petalsearch.com/site/petalbot)"
207.180.227.180 - - [04/Nov/2025:20:51:30 +0100] "POST /wp-cron.php?doing_wp_cron=1762285890.3125400543212890625000 HTTP/1.1" 404 15727 "-" "WordPress/6.8.3; https://impuguke.com"
207.180.227.180 - - [04/Nov/2025:20:52:51 +0100] "POST /wp-cron.php?doing_wp_cron=1762285970.7203900814056396484375 HTTP/1.1" 404 16000 "-" "WordPress/6.8.3; https://impuguke.com"
114.119.132.12 - - [04/Nov/2025:20:52:46 +0100] "GET /?o=5386267011620 HTTP/1.1" 200 203386 "https://impuguke.com/sitemap_index.xml" "Mozilla/5.0 (Linux; Android 7.0;) AppleWebKit/537.36 (KHTML, like Gecko) Mobile Safari/537.36 (compatible; PetalBot;+https://webmaster.petalsearch.com/site/petalbot)"
51.89.129.232 - - [04/Nov/2025:20:53:38 +0100] "GET /category/home/ahabanza/amakuru/page/3/ HTTP/1.1" 200 163775 "-" "Mozilla/5.0 (compatible; AhrefsBot/7.0; +http://ahrefs.com/robot/)"
173.252.107.4 - - [04/Nov/2025:20:54:16 +0100] "GET /wp-content/uploads/2025/10/20250617_185045-2.jpg HTTP/1.1" 200 436091 "-" "facebookexternalhit/1.1 (+http://www.facebook.com/externalhit_uatext.php)"
207.180.227.180 - - [04/Nov/2025:20:54:20 +0100] "POST /wp-cron.php?doing_wp_cron=1762286060.6193881034851074218750 HTTP/1.1" 404 15727 "-" "WordPress/6.8.3; https://impuguke.com"
114.119.146.107 - - [04/Nov/2025:20:54:18 +0100] "GET /?o=53837389001620 HTTP/1.1" 200 203389 "https://impuguke.com/sitemap_index.xml" "Mozilla/5.0 (Linux; Android 7.0;) AppleWebKit/537.36 (KHTML, like Gecko) Mobile Safari/537.36 (compatible; PetalBot;+https://webmaster.petalsearch.com/site/petalbot)"
104.244.72.193 - - [04/Nov/2025:20:55:40 +0100] "GET /wp-login.php HTTP/1.1" 200 7136 "https://duckduckgo.com/" "Mozilla/5.0 (Windows NT 10.0; Win64; x64; rv:120.0) Gecko/20100101 Firefox/120.0"
114.119.129.233 - - [04/Nov/2025:20:55:37 +0100] "GET /?o=53721138011620 HTTP/1.1" 200 203389 "https://impuguke.com/sitemap_index.xml" "Mozilla/5.0 (Linux; Android 7.0;) AppleWebKit/537.36 (KHTML, like Gecko) Mobile Safari/537.36 (compatible; PetalBot;+https://webmaster.petalsearch.com/site/petalbot)"
207.180.227.180 - - [04/Nov/2025:20:55:44 +0100] "POST /wp-cron.php?doing_wp_cron=1762286144.7247209548950195312500 HTTP/1.1" 404 16000 "-" "WordPress/6.8.3; https://impuguke.com"
207.180.227.180 - - [04/Nov/2025:20:55:48 +0100] "POST /wp-cron.php?doing_wp_cron=1762286148.4147210121154785156250 HTTP/1.1" 404 15727 "-" "WordPress/6.8.3; https://impuguke.com"
104.244.72.193 - - [04/Nov/2025:20:55:53 +0100] "POST /wp-login.php HTTP/1.1" 200 7392 "https://duckduckgo.com/" "Mozilla/5.0 (Windows NT 10.0; Win64; x64; rv:120.0) Gecko/20100101 Firefox/120.0"
114.119.129.233 - - [04/Nov/2025:20:56:56 +0100] "GET /?o=53712575011620 HTTP/1.1" 200 203389 "https://impuguke.com/sitemap_index.xml" "Mozilla/5.0 (Linux; Android 7.0;) AppleWebKit/537.36 (KHTML, like Gecko) Mobile Safari/537.36 (compatible; PetalBot;+https://webmaster.petalsearch.com/site/petalbot)"
207.180.227.180 - - [04/Nov/2025:20:57:03 +0100] "POST /wp-cron.php?doing_wp_cron=1762286223.0212690830230712890625 HTTP/1.1" 404 16000 "-" "WordPress/6.8.3; https://impuguke.com"
114.119.146.107 - - [04/Nov/2025:20:58:20 +0100] "GET /?o=53608455051620 HTTP/1.1" 508 288 "https://impuguke.com/sitemap_index.xml" "Mozilla/5.0 (Linux; Android 7.0;) AppleWebKit/537.36 (KHTML, like Gecko) Mobile Safari/537.36 (compatible; PetalBot;+https://webmaster.petalsearch.com/site/petalbot)"
207.180.227.180 - - [04/Nov/2025:20:58:20 +0100] "POST /wp-cron.php?doing_wp_cron=1762286300.5137128829956054687500 HTTP/1.1" 508 288 "-" "WordPress/6.8.3; https://impuguke.com"
143.198.232.185 - - [04/Nov/2025:20:58:06 +0100] "POST /wp-login.php HTTP/1.1" 200 7334 "-" "Mozilla/5.0"
143.198.232.185 - - [04/Nov/2025:20:58:06 +0100] "POST /wp-login.php HTTP/1.1" 200 7334 "-" "Mozilla/5.0"
143.198.232.185 - - [04/Nov/2025:20:58:06 +0100] "POST /wp-login.php HTTP/1.1" 302 - "-" "Mozilla/5.0"
143.198.232.185 - - [04/Nov/2025:20:58:06 +0100] "POST /wp-login.php HTTP/1.1" 302 - "-" "Mozilla/5.0"
207.180.227.180 - - [04/Nov/2025:20:58:19 +0100] "POST /wp-cron.php?doing_wp_cron=1762286299.5176200866699218750000 HTTP/1.1" 404 15727 "-" "WordPress/6.8.3; https://impuguke.com"
114.119.146.107 - - [04/Nov/2025:20:59:46 +0100] "GET /?o=53586831011620 HTTP/1.1" 200 203389 "https://impuguke.com/sitemap_index.xml" "Mozilla/5.0 (Linux; Android 7.0;) AppleWebKit/537.36 (KHTML, like Gecko) Mobile Safari/537.36 (compatible; PetalBot;+https://webmaster.petalsearch.com/site/petalbot)"
207.180.227.180 - - [04/Nov/2025:20:59:49 +0100] "POST /wp-cron.php?doing_wp_cron=1762286389.1072869300842285156250 HTTP/1.1" 404 16000 "-" "WordPress/6.8.3; https://impuguke.com"
114.119.156.99 - - [04/Nov/2025:21:01:15 +0100] "GET /?o=5356625011620 HTTP/1.1" 200 203386 "https://impuguke.com/sitemap_index.xml" "Mozilla/5.0 (Linux; Android 7.0;) AppleWebKit/537.36 (KHTML, like Gecko) Mobile Safari/537.36 (compatible; PetalBot;+https://webmaster.petalsearch.com/site/petalbot)"
207.180.227.180 - - [04/Nov/2025:21:01:23 +0100] "POST /wp-cron.php?doing_wp_cron=1762286483.1108400821685791015625 HTTP/1.1" 404 15727 "-" "WordPress/6.8.3; https://impuguke.com"
114.119.132.12 - - [04/Nov/2025:21:02:30 +0100] "GET /?o=54323110091620 HTTP/1.1" 200 203389 "https://impuguke.com/sitemap_index.xml" "Mozilla/5.0 (Linux; Android 7.0;) AppleWebKit/537.36 (KHTML, like Gecko) Mobile Safari/537.36 (compatible; PetalBot;+https://webmaster.petalsearch.com/site/petalbot)"
207.180.227.180 - - [04/Nov/2025:21:02:35 +0100] "POST /wp-cron.php?doing_wp_cron=1762286555.2078340053558349609375 HTTP/1.1" 404 15727 "-" "WordPress/6.8.3; https://impuguke.com"
114.119.132.12 - - [04/Nov/2025:21:03:56 +0100] "GET /?o=53608455051620 HTTP/1.1" 200 203389 "https://impuguke.com/sitemap_index.xml" "Mozilla/5.0 (Linux; Android 7.0;) AppleWebKit/537.36 (KHTML, like Gecko) Mobile Safari/537.36 (compatible; PetalBot;+https://webmaster.petalsearch.com/site/petalbot)"
207.180.227.180 - - [04/Nov/2025:21:04:04 +0100] "POST /wp-cron.php?doing_wp_cron=1762286643.7183499336242675781250 HTTP/1.1" 404 16000 "-" "WordPress/6.8.3; https://impuguke.com"
207.180.227.180 - - [04/Nov/2025:21:05:26 +0100] "POST /wp-cron.php?doing_wp_cron=1762286725.8184590339660644531250 HTTP/1.1" 404 16000 "-" "WordPress/6.8.3; https://impuguke.com"
114.119.132.12 - - [04/Nov/2025:21:05:19 +0100] "GET /?o=534354001620 HTTP/1.1" 200 203383 "https://impuguke.com/sitemap_index.xml" "Mozilla/5.0 (Linux; Android 7.0;) AppleWebKit/537.36 (KHTML, like Gecko) Mobile Safari/537.36 (compatible; PetalBot;+https://webmaster.petalsearch.com/site/petalbot)"
191.235.99.86 - - [04/Nov/2025:21:06:09 +0100] "GET / HTTP/1.1" 200 175893 "-" "Mozilla/5.0 AppleWebKit/537.36 (KHTML, like Gecko); compatible; ChatGPT-User/1.0; +https://openai.com/bot"
207.180.227.180 - - [04/Nov/2025:21:06:52 +0100] "POST /wp-cron.php?doing_wp_cron=1762286812.3339378833770751953125 HTTP/1.1" 404 15727 "-" "WordPress/6.8.3; https://impuguke.com"
114.119.139.148 - - [04/Nov/2025:21:06:49 +0100] "GET /?o=53433795011620 HTTP/1.1" 200 203389 "https://impuguke.com/sitemap_index.xml" "Mozilla/5.0 (Linux; Android 7.0;) AppleWebKit/537.36 (KHTML, like Gecko) Mobile Safari/537.36 (compatible; PetalBot;+https://webmaster.petalsearch.com/site/petalbot)"
69.63.184.114 - - [04/Nov/2025:21:07:18 +0100] "GET /wp-content/uploads/2025/10/20250617_185045-2.jpg HTTP/1.1" 200 436091 "-" "facebookexternalhit/1.1 (+http://www.facebook.com/externalhit_uatext.php)"
191.235.99.87 - - [04/Nov/2025:21:02:50 +0100] "GET / HTTP/1.1" 200 145994 "-" "Mozilla/5.0 AppleWebKit/537.36 (KHTML, like Gecko); compatible; ChatGPT-User/1.0; +https://openai.com/bot"
114.119.139.148 - - [04/Nov/2025:21:08:10 +0100] "GET /?o=53428554061620 HTTP/1.1" 200 203389 "https://impuguke.com/sitemap_index.xml" "Mozilla/5.0 (Linux; Android 7.0;) AppleWebKit/537.36 (KHTML, like Gecko) Mobile Safari/537.36 (compatible; PetalBot;+https://webmaster.petalsearch.com/site/petalbot)"
207.180.227.180 - - [04/Nov/2025:21:08:13 +0100] "POST /wp-cron.php?doing_wp_cron=1762286893.7202920913696289062500 HTTP/1.1" 404 15727 "-" "WordPress/6.8.3; https://impuguke.com"
107.189.12.178 - - [04/Nov/2025:21:09:33 +0100] "GET /wp-login.php HTTP/1.1" 200 7136 "https://duckduckgo.com/" "Mozilla/5.0 (Windows NT 10.0; Win64; x64) AppleWebKit/537.36 (KHTML, like Gecko) Chrome/118.0.5993.90 Safari/537.36 Edg/118.0.2088.76"
114.119.146.107 - - [04/Nov/2025:21:09:36 +0100] "GET /?o=53334440021620 HTTP/1.1" 200 203389 "https://impuguke.com/sitemap_index.xml" "Mozilla/5.0 (Linux; Android 7.0;) AppleWebKit/537.36 (KHTML, like Gecko) Mobile Safari/537.36 (compatible; PetalBot;+https://webmaster.petalsearch.com/site/petalbot)"
207.180.227.180 - - [04/Nov/2025:21:09:40 +0100] "POST /wp-cron.php?doing_wp_cron=1762286980.2207350730895996093750 HTTP/1.1" 404 15748 "-" "WordPress/6.8.3; https://impuguke.com"
207.180.227.180 - - [04/Nov/2025:21:09:43 +0100] "POST /wp-cron.php?doing_wp_cron=1762286983.4088809490203857421875 HTTP/1.1" 404 15727 "-" "WordPress/6.8.3; https://impuguke.com"
114.119.129.233 - - [04/Nov/2025:21:10:51 +0100] "GET /?o=53325334031620 HTTP/1.1" 200 203389 "https://impuguke.com/sitemap_index.xml" "Mozilla/5.0 (Linux; Android 7.0;) AppleWebKit/537.36 (KHTML, like Gecko) Mobile Safari/537.36 (compatible; PetalBot;+https://webmaster.petalsearch.com/site/petalbot)"
207.180.227.180 - - [04/Nov/2025:21:10:57 +0100] "POST /wp-cron.php?doing_wp_cron=1762287057.5117189884185791015625 HTTP/1.1" 404 16000 "-" "WordPress/6.8.3; https://impuguke.com"
114.119.151.208 - - [04/Nov/2025:21:12:23 +0100] "GET /?o=53289060021620 HTTP/1.1" 200 203389 "https://impuguke.com/sitemap_index.xml" "Mozilla/5.0 (Linux; Android 7.0;) AppleWebKit/537.36 (KHTML, like Gecko) Mobile Safari/537.36 (compatible; PetalBot;+https://webmaster.petalsearch.com/site/petalbot)"
207.180.227.180 - - [04/Nov/2025:21:12:31 +0100] "POST /wp-cron.php?doing_wp_cron=1762287151.5111548900604248046875 HTTP/1.1" 404 15727 "-" "WordPress/6.8.3; https://impuguke.com"
114.119.139.148 - - [04/Nov/2025:21:13:41 +0100] "GET /?o=53282839001620 HTTP/1.1" 200 203389 "https://impuguke.com/sitemap_index.xml" "Mozilla/5.0 (Linux; Android 7.0;) AppleWebKit/537.36 (KHTML, like Gecko) Mobile Safari/537.36 (compatible; PetalBot;+https://webmaster.petalsearch.com/site/petalbot)"
207.180.227.180 - - [04/Nov/2025:21:13:48 +0100] "POST /wp-cron.php?doing_wp_cron=1762287228.3150939941406250000000 HTTP/1.1" 404 15727 "-" "WordPress/6.8.3; https://impuguke.com"
207.180.227.180 - - [04/Nov/2025:21:15:13 +0100] "POST /wp-cron.php?doing_wp_cron=1762287313.3087298870086669921875 HTTP/1.1" 508 288 "-" "WordPress/6.8.3; https://impuguke.com"
114.119.154.87 - - [04/Nov/2025:21:15:05 +0100] "GET /?o=53252407031620 HTTP/1.1" 200 203389 "https://impuguke.com/sitemap_index.xml" "Mozilla/5.0 (Linux; Android 7.0;) AppleWebKit/537.36 (KHTML, like Gecko) Mobile Safari/537.36 (compatible; PetalBot;+https://webmaster.petalsearch.com/site/petalbot)"
114.119.146.107 - - [04/Nov/2025:21:16:33 +0100] "GET /?o=53209908081620 HTTP/1.1" 200 203389 "https://impuguke.com/sitemap_index.xml" "Mozilla/5.0 (Linux; Android 7.0;) AppleWebKit/537.36 (KHTML, like Gecko) Mobile Safari/537.36 (compatible; PetalBot;+https://webmaster.petalsearch.com/site/petalbot)"
207.180.227.180 - - [04/Nov/2025:21:16:35 +0100] "POST /wp-cron.php?doing_wp_cron=1762287395.4213941097259521484375 HTTP/1.1" 404 15727 "-" "WordPress/6.8.3; https://impuguke.com"
51.195.183.63 - - [04/Nov/2025:21:17:13 +0100] "GET /2025/10/10/sina-gerard-fc-iresurana-sunrise-kuri-nyirangarama-ku-munsi-wa-mbere-wa-shampiyona-yicyiciro-cya-2/ HTTP/1.1" 200 164887 "-" "Mozilla/5.0 (compatible; AhrefsBot/7.0; +http://ahrefs.com/robot/)"
41.186.139.198 - - [04/Nov/2025:21:17:22 +0100] "GET /2025/10/30/ikipe-imwe-yo-muri-sudan-yamaze-kwikura-muri-rwanda-primier-league-itarakina/ HTTP/1.1" 200 166673 "-" "Mozilla/5.0 (Linux; Android 10; K) AppleWebKit/537.36 (KHTML, like Gecko) Chrome/141.0.0.0 Mobile Safari/537.36"
41.186.139.198 - - [04/Nov/2025:21:17:31 +0100] "GET /wp-content/plugins/post-views-counter/css/frontend.min.css?ver=1.5.5 HTTP/1.1" 200 1058 "https://impuguke.com/2025/10/30/ikipe-imwe-yo-muri-sudan-yamaze-kwikura-muri-rwanda-primier-league-itarakina/" "Mozilla/5.0 (Linux; Android 10; K) AppleWebKit/537.36 (KHTML, like Gecko) Chrome/141.0.0.0 Mobile Safari/537.36"
41.186.139.198 - - [04/Nov/2025:21:17:31 +0100] "GET /wp-content/themes/newses/style.css?ver=6.8.3 HTTP/1.1" 200 75429 "https://impuguke.com/2025/10/30/ikipe-imwe-yo-muri-sudan-yamaze-kwikura-muri-rwanda-primier-league-itarakina/" "Mozilla/5.0 (Linux; Android 10; K) AppleWebKit/537.36 (KHTML, like Gecko) Chrome/141.0.0.0 Mobile Safari/537.36"
41.186.139.198 - - [04/Nov/2025:21:17:31 +0100] "GET /wp-content/plugins/ultimate-social-media-icons/css/sfsi-style.css?ver=2.9.5 HTTP/1.1" 200 78420 "https://impuguke.com/2025/10/30/ikipe-imwe-yo-muri-sudan-yamaze-kwikura-muri-rwanda-primier-league-itarakina/" "Mozilla/5.0 (Linux; Android 10; K) AppleWebKit/537.36 (KHTML, like Gecko) Chrome/141.0.0.0 Mobile Safari/537.36"
41.186.139.198 - - [04/Nov/2025:21:17:31 +0100] "GET /wp-content/themes/newses/css/colors/default.css?ver=6.8.3 HTTP/1.1" 200 29129 "https://impuguke.com/2025/10/30/ikipe-imwe-yo-muri-sudan-yamaze-kwikura-muri-rwanda-primier-league-itarakina/" "Mozilla/5.0 (Linux; Android 10; K) AppleWebKit/537.36 (KHTML, like Gecko) Chrome/141.0.0.0 Mobile Safari/537.36"
41.186.139.198 - - [04/Nov/2025:21:17:31 +0100] "GET /wp-includes/css/dashicons.min.css?ver=6.8.3 HTTP/1.1" 200 59016 "https://impuguke.com/2025/10/30/ikipe-imwe-yo-muri-sudan-yamaze-kwikura-muri-rwanda-primier-league-itarakina/" "Mozilla/5.0 (Linux; Android 10; K) AppleWebKit/537.36 (KHTML, like Gecko) Chrome/141.0.0.0 Mobile Safari/537.36"
41.186.139.198 - - [04/Nov/2025:21:17:31 +0100] "GET /wp-includes/css/dist/block-library/style.min.css?ver=6.8.3 HTTP/1.1" 200 116345 "https://impuguke.com/2025/10/30/ikipe-imwe-yo-muri-sudan-yamaze-kwikura-muri-rwanda-primier-league-itarakina/" "Mozilla/5.0 (Linux; Android 10; K) AppleWebKit/537.36 (KHTML, like Gecko) Chrome/141.0.0.0 Mobile Safari/537.36"
41.186.139.198 - - [04/Nov/2025:21:17:31 +0100] "GET /wp-content/themes/newses/css/font-awesome.css?ver=6.8.3 HTTP/1.1" 200 148802 "https://impuguke.com/2025/10/30/ikipe-imwe-yo-muri-sudan-yamaze-kwikura-muri-rwanda-primier-league-itarakina/" "Mozilla/5.0 (Linux; Android 10; K) AppleWebKit/537.36 (KHTML, like Gecko) Chrome/141.0.0.0 Mobile Safari/537.36"
41.186.139.198 - - [04/Nov/2025:21:17:31 +0100] "GET /wp-content/themes/newses/css/jquery.smartmenus.bootstrap.css?ver=6.8.3 HTTP/1.1" 200 4216 "https://impuguke.com/2025/10/30/ikipe-imwe-yo-muri-sudan-yamaze-kwikura-muri-rwanda-primier-league-itarakina/" "Mozilla/5.0 (Linux; Android 10; K) AppleWebKit/537.36 (KHTML, like Gecko) Chrome/141.0.0.0 Mobile Safari/537.36"
41.186.139.198 - - [04/Nov/2025:21:17:31 +0100] "GET /wp-content/themes/newses/css/swiper.min.css?ver=6.8.3 HTTP/1.1" 200 13690 "https://impuguke.com/2025/10/30/ikipe-imwe-yo-muri-sudan-yamaze-kwikura-muri-rwanda-primier-league-itarakina/" "Mozilla/5.0 (Linux; Android 10; K) AppleWebKit/537.36 (KHTML, like Gecko) Chrome/141.0.0.0 Mobile Safari/537.36"
41.186.139.198 - - [04/Nov/2025:21:17:31 +0100] "GET /wp-includes/js/jquery/jquery.min.js?ver=3.7.1 HTTP/1.1" 200 87553 "https://impuguke.com/2025/10/30/ikipe-imwe-yo-muri-sudan-yamaze-kwikura-muri-rwanda-primier-league-itarakina/" "Mozilla/5.0 (Linux; Android 10; K) AppleWebKit/537.36 (KHTML, like Gecko) Chrome/141.0.0.0 Mobile Safari/537.36"
41.186.139.198 - - [04/Nov/2025:21:17:31 +0100] "GET /wp-content/themes/newses/css/bootstrap.css?ver=6.8.3 HTTP/1.1" 200 207350 "https://impuguke.com/2025/10/30/ikipe-imwe-yo-muri-sudan-yamaze-kwikura-muri-rwanda-primier-league-itarakina/" "Mozilla/5.0 (Linux; Android 10; K) AppleWebKit/537.36 (KHTML, like Gecko) Chrome/141.0.0.0 Mobile Safari/537.36"
41.186.139.198 - - [04/Nov/2025:21:17:32 +0100] "GET /wp-includes/js/jquery/jquery-migrate.min.js?ver=3.4.1 HTTP/1.1" 200 13577 "https://impuguke.com/2025/10/30/ikipe-imwe-yo-muri-sudan-yamaze-kwikura-muri-rwanda-primier-league-itarakina/" "Mozilla/5.0 (Linux; Android 10; K) AppleWebKit/537.36 (KHTML, like Gecko) Chrome/141.0.0.0 Mobile Safari/537.36"
41.186.139.198 - - [04/Nov/2025:21:17:32 +0100] "GET /wp-content/themes/newses/js/navigation.js?ver=6.8.3 HTTP/1.1" 200 3075 "https://impuguke.com/2025/10/30/ikipe-imwe-yo-muri-sudan-yamaze-kwikura-muri-rwanda-primier-league-itarakina/" "Mozilla/5.0 (Linux; Android 10; K) AppleWebKit/537.36 (KHTML, like Gecko) Chrome/141.0.0.0 Mobile Safari/537.36"
41.186.139.198 - - [04/Nov/2025:21:17:32 +0100] "GET /wp-content/themes/newses/js/jquery.marquee.js?ver=6.8.3 HTTP/1.1" 200 23985 "https://impuguke.com/2025/10/30/ikipe-imwe-yo-muri-sudan-yamaze-kwikura-muri-rwanda-primier-league-itarakina/" "Mozilla/5.0 (Linux; Android 10; K) AppleWebKit/537.36 (KHTML, like Gecko) Chrome/141.0.0.0 Mobile Safari/537.36"
41.186.139.198 - - [04/Nov/2025:21:17:32 +0100] "GET /wp-content/themes/newses/js/bootstrap.js?ver=6.8.3 HTTP/1.1" 200 139561 "https://impuguke.com/2025/10/30/ikipe-imwe-yo-muri-sudan-yamaze-kwikura-muri-rwanda-primier-league-itarakina/" "Mozilla/5.0 (Linux; Android 10; K) AppleWebKit/537.36 (KHTML, like Gecko) Chrome/141.0.0.0 Mobile Safari/537.36"
41.186.139.198 - - [04/Nov/2025:21:17:32 +0100] "GET /wp-content/themes/newses/js/swiper.min.js?ver=6.8.3 HTTP/1.1" 200 139797 "https://impuguke.com/2025/10/30/ikipe-imwe-yo-muri-sudan-yamaze-kwikura-muri-rwanda-primier-league-itarakina/" "Mozilla/5.0 (Linux; Android 10; K) AppleWebKit/537.36 (KHTML, like Gecko) Chrome/141.0.0.0 Mobile Safari/537.36"
41.186.139.198 - - [04/Nov/2025:21:17:32 +0100] "GET /wp-content/themes/newses/js/jquery.smartmenus.js?ver=6.8.3 HTTP/1.1" 200 46638 "https://impuguke.com/2025/10/30/ikipe-imwe-yo-muri-sudan-yamaze-kwikura-muri-rwanda-primier-league-itarakina/" "Mozilla/5.0 (Linux; Android 10; K) AppleWebKit/537.36 (KHTML, like Gecko) Chrome/141.0.0.0 Mobile Safari/537.36"
41.186.139.198 - - [04/Nov/2025:21:17:32 +0100] "GET /wp-content/themes/newses/js/bootstrap-smartmenus.js?ver=6.8.3 HTTP/1.1" 200 6010 "https://impuguke.com/2025/10/30/ikipe-imwe-yo-muri-sudan-yamaze-kwikura-muri-rwanda-primier-league-itarakina/" "Mozilla/5.0 (Linux; Android 10; K) AppleWebKit/537.36 (KHTML, like Gecko) Chrome/141.0.0.0 Mobile Safari/537.36"
41.186.139.198 - - [04/Nov/2025:21:17:32 +0100] "GET /wp-content/uploads/2025/10/image_870x580_6902fc725d3ab-768x512.jpg HTTP/1.1" 200 86907 "https://impuguke.com/2025/10/30/ikipe-imwe-yo-muri-sudan-yamaze-kwikura-muri-rwanda-primier-league-itarakina/" "Mozilla/5.0 (Linux; Android 10; K) AppleWebKit/537.36 (KHTML, like Gecko) Chrome/141.0.0.0 Mobile Safari/537.36"
41.186.139.198 - - [04/Nov/2025:21:17:32 +0100] "GET /wp-content/uploads/2025/10/IMG-20251030-WA0013-768x768.jpg HTTP/1.1" 200 119836 "https://impuguke.com/2025/10/30/ikipe-imwe-yo-muri-sudan-yamaze-kwikura-muri-rwanda-primier-league-itarakina/" "Mozilla/5.0 (Linux; Android 10; K) AppleWebKit/537.36 (KHTML, like Gecko) Chrome/141.0.0.0 Mobile Safari/537.36"
41.186.139.198 - - [04/Nov/2025:21:17:32 +0100] "GET /wp-includes/js/jquery/ui/core.min.js?ver=1.13.3 HTTP/1.1" 200 21464 "https://impuguke.com/2025/10/30/ikipe-imwe-yo-muri-sudan-yamaze-kwikura-muri-rwanda-primier-league-itarakina/" "Mozilla/5.0 (Linux; Android 10; K) AppleWebKit/537.36 (KHTML, like Gecko) Chrome/141.0.0.0 Mobile Safari/537.36"
41.186.139.198 - - [04/Nov/2025:21:17:32 +0100] "GET /wp-content/plugins/ultimate-social-media-icons/js/shuffle/modernizr.custom.min.js?ver=6.8.3 HTTP/1.1" 200 3089 "https://impuguke.com/2025/10/30/ikipe-imwe-yo-muri-sudan-yamaze-kwikura-muri-rwanda-primier-league-itarakina/" "Mozilla/5.0 (Linux; Android 10; K) AppleWebKit/537.36 (KHTML, like Gecko) Chrome/141.0.0.0 Mobile Safari/537.36"
41.186.139.198 - - [04/Nov/2025:21:17:32 +0100] "GET /wp-content/plugins/ultimate-social-media-icons/js/shuffle/jquery.shuffle.min.js?ver=6.8.3 HTTP/1.1" 200 11484 "https://impuguke.com/2025/10/30/ikipe-imwe-yo-muri-sudan-yamaze-kwikura-muri-rwanda-primier-league-itarakina/" "Mozilla/5.0 (Linux; Android 10; K) AppleWebKit/537.36 (KHTML, like Gecko) Chrome/141.0.0.0 Mobile Safari/537.36"
41.186.139.198 - - [04/Nov/2025:21:17:32 +0100] "GET /wp-content/plugins/ultimate-social-media-icons/js/shuffle/random-shuffle-min.js?ver=6.8.3 HTTP/1.1" 200 1472 "https://impuguke.com/2025/10/30/ikipe-imwe-yo-muri-sudan-yamaze-kwikura-muri-rwanda-primier-league-itarakina/" "Mozilla/5.0 (Linux; Android 10; K) AppleWebKit/537.36 (KHTML, like Gecko) Chrome/141.0.0.0 Mobile Safari/537.36"
41.186.139.198 - - [04/Nov/2025:21:17:32 +0100] "GET /wp-content/plugins/ultimate-social-media-icons/js/custom.js?ver=2.9.5 HTTP/1.1" 200 33932 "https://impuguke.com/2025/10/30/ikipe-imwe-yo-muri-sudan-yamaze-kwikura-muri-rwanda-primier-league-itarakina/" "Mozilla/5.0 (Linux; Android 10; K) AppleWebKit/537.36 (KHTML, like Gecko) Chrome/141.0.0.0 Mobile Safari/537.36"
41.186.139.198 - - [04/Nov/2025:21:17:32 +0100] "GET /wp-includes/js/comment-reply.min.js?ver=6.8.3 HTTP/1.1" 200 3026 "https://impuguke.com/2025/10/30/ikipe-imwe-yo-muri-sudan-yamaze-kwikura-muri-rwanda-primier-league-itarakina/" "Mozilla/5.0 (Linux; Android 10; K) AppleWebKit/537.36 (KHTML, like Gecko) Chrome/141.0.0.0 Mobile Safari/537.36"
41.186.139.198 - - [04/Nov/2025:21:17:32 +0100] "GET /wp-content/themes/newses/js/custom.js?ver=6.8.3 HTTP/1.1" 200 3481 "https://impuguke.com/2025/10/30/ikipe-imwe-yo-muri-sudan-yamaze-kwikura-muri-rwanda-primier-league-itarakina/" "Mozilla/5.0 (Linux; Android 10; K) AppleWebKit/537.36 (KHTML, like Gecko) Chrome/141.0.0.0 Mobile Safari/537.36"
41.186.139.198 - - [04/Nov/2025:21:17:33 +0100] "GET /wp-content/uploads/2025/10/image_870x580_6902fc725d3ab.jpg HTTP/1.1" 200 124737 "https://impuguke.com/2025/10/30/ikipe-imwe-yo-muri-sudan-yamaze-kwikura-muri-rwanda-primier-league-itarakina/" "Mozilla/5.0 (Linux; Android 10; K) AppleWebKit/537.36 (KHTML, like Gecko) Chrome/141.0.0.0 Mobile Safari/537.36"
41.186.139.198 - - [04/Nov/2025:21:17:33 +0100] "GET /wp-content/uploads/2025/10/IMG-20251030-WA0013-300x300.jpg HTTP/1.1" 200 29427 "https://impuguke.com/2025/10/30/ikipe-imwe-yo-muri-sudan-yamaze-kwikura-muri-rwanda-primier-league-itarakina/" "Mozilla/5.0 (Linux; Android 10; K) AppleWebKit/537.36 (KHTML, like Gecko) Chrome/141.0.0.0 Mobile Safari/537.36"
41.186.139.198 - - [04/Nov/2025:21:17:33 +0100] "GET /wp-content/themes/newses/webfonts/fa-regular-400.woff2 HTTP/1.1" 200 25452 "https://impuguke.com/wp-content/themes/newses/css/font-awesome.css?ver=6.8.3" "Mozilla/5.0 (Linux; Android 10; K) AppleWebKit/537.36 (KHTML, like Gecko) Chrome/141.0.0.0 Mobile Safari/537.36"
41.186.139.198 - - [04/Nov/2025:21:17:33 +0100] "GET /wp-content/themes/newses/webfonts/fa-solid-900.woff2 HTTP/1.1" 200 156496 "https://impuguke.com/wp-content/themes/newses/css/font-awesome.css?ver=6.8.3" "Mozilla/5.0 (Linux; Android 10; K) AppleWebKit/537.36 (KHTML, like Gecko) Chrome/141.0.0.0 Mobile Safari/537.36"
41.186.139.198 - - [04/Nov/2025:21:17:33 +0100] "GET /wp-content/themes/newses/webfonts/fa-brands-400.woff2 HTTP/1.1" 200 117372 "https://impuguke.com/wp-content/themes/newses/css/font-awesome.css?ver=6.8.3" "Mozilla/5.0 (Linux; Android 10; K) AppleWebKit/537.36 (KHTML, like Gecko) Chrome/141.0.0.0 Mobile Safari/537.36"
41.186.139.198 - - [04/Nov/2025:21:17:33 +0100] "GET /wp-content/uploads/2025/11/gyudostxkaaados-4d97a.jpg HTTP/1.1" 200 84504 "https://impuguke.com/2025/10/30/ikipe-imwe-yo-muri-sudan-yamaze-kwikura-muri-rwanda-primier-league-itarakina/" "Mozilla/5.0 (Linux; Android 10; K) AppleWebKit/537.36 (KHTML, like Gecko) Chrome/141.0.0.0 Mobile Safari/537.36"
41.186.139.198 - - [04/Nov/2025:21:17:33 +0100] "GET /wp-content/uploads/2023/09/cropped-dark-green-color-solid-background-1920x1080-1.png HTTP/1.1" 200 212 "https://impuguke.com/2025/10/30/ikipe-imwe-yo-muri-sudan-yamaze-kwikura-muri-rwanda-primier-league-itarakina/" "Mozilla/5.0 (Linux; Android 10; K) AppleWebKit/537.36 (KHTML, like Gecko) Chrome/141.0.0.0 Mobile Safari/537.36"
41.186.139.198 - - [04/Nov/2025:21:17:33 +0100] "GET /wp-content/uploads/2025/10/field_19803_25102516470029831.jpg HTTP/1.1" 200 236484 "https://impuguke.com/2025/10/30/ikipe-imwe-yo-muri-sudan-yamaze-kwikura-muri-rwanda-primier-league-itarakina/" "Mozilla/5.0 (Linux; Android 10; K) AppleWebKit/537.36 (KHTML, like Gecko) Chrome/141.0.0.0 Mobile Safari/537.36"
41.186.139.198 - - [04/Nov/2025:21:17:33 +0100] "GET /wp-includes/js/wp-emoji-release.min.js?ver=6.8.3 HTTP/1.1" 200 19251 "https://impuguke.com/2025/10/30/ikipe-imwe-yo-muri-sudan-yamaze-kwikura-muri-rwanda-primier-league-itarakina/" "Mozilla/5.0 (Linux; Android 10; K) AppleWebKit/537.36 (KHTML, like Gecko) Chrome/141.0.0.0 Mobile Safari/537.36"
41.186.139.198 - - [04/Nov/2025:21:17:33 +0100] "GET /wp-content/uploads/2025/10/20250617_185045-2.jpg HTTP/1.1" 200 436091 "https://impuguke.com/2025/10/30/ikipe-imwe-yo-muri-sudan-yamaze-kwikura-muri-rwanda-primier-league-itarakina/" "Mozilla/5.0 (Linux; Android 10; K) AppleWebKit/537.36 (KHTML, like Gecko) Chrome/141.0.0.0 Mobile Safari/537.36"
114.119.140.221 - - [04/Nov/2025:21:17:51 +0100] "GET /?o=53157813041620 HTTP/1.1" 200 203389 "https://impuguke.com/sitemap_index.xml" "Mozilla/5.0 (Linux; Android 7.0;) AppleWebKit/537.36 (KHTML, like Gecko) Mobile Safari/537.36 (compatible; PetalBot;+https://webmaster.petalsearch.com/site/petalbot)"
207.180.227.180 - - [04/Nov/2025:21:17:58 +0100] "POST /wp-cron.php?doing_wp_cron=1762287478.5131590366363525390625 HTTP/1.1" 404 15727 "-" "WordPress/6.8.3; https://impuguke.com"
114.119.146.107 - - [04/Nov/2025:21:19:15 +0100] "GET /?o=53121429031620 HTTP/1.1" 200 203389 "https://impuguke.com/sitemap_index.xml" "Mozilla/5.0 (Linux; Android 7.0;) AppleWebKit/537.36 (KHTML, like Gecko) Mobile Safari/537.36 (compatible; PetalBot;+https://webmaster.petalsearch.com/site/petalbot)"
40.77.167.254 - - [04/Nov/2025:21:19:28 +0100] "GET /wp-content/uploads/2025/10/1760379053022-150x150.jpg HTTP/1.1" 200 7805 "-" "Mozilla/5.0 AppleWebKit/537.36 (KHTML, like Gecko; compatible; bingbot/2.0; +http://www.bing.com/bingbot.htm) Chrome/116.0.1938.76 Safari/537.36"
207.180.227.180 - - [04/Nov/2025:21:19:24 +0100] "POST /wp-cron.php?doing_wp_cron=1762287564.1130781173706054687500 HTTP/1.1" 404 15727 "-" "WordPress/6.8.3; https://impuguke.com"
114.119.140.221 - - [04/Nov/2025:21:20:38 +0100] "GET /?o=53057665061620 HTTP/1.1" 200 203389 "https://impuguke.com/sitemap_index.xml" "Mozilla/5.0 (Linux; Android 7.0;) AppleWebKit/537.36 (KHTML, like Gecko) Mobile Safari/537.36 (compatible; PetalBot;+https://webmaster.petalsearch.com/site/petalbot)"
207.180.227.180 - - [04/Nov/2025:21:20:46 +0100] "POST /wp-cron.php?doing_wp_cron=1762287646.1133439540863037109375 HTTP/1.1" 404 16000 "-" "WordPress/6.8.3; https://impuguke.com"
51.195.244.135 - - [04/Nov/2025:21:21:08 +0100] "GET /wp-content/uploads/2025/10/IMG-20251009-WA0010-300x200.jpg HTTP/1.1" 200 23468 "-" "Mozilla/5.0 (compatible; AhrefsBot/7.0; +http://ahrefs.com/robot/)"
159.65.244.40 - - [04/Nov/2025:21:21:37 +0100] "POST /wp-login.php HTTP/1.1" 200 7373 "-" "Mozilla/5.0 (Windows NT 10.0; Win64; x64; rv:68.0) Gecko/20100101 Firefox/68.0"
207.180.227.180 - - [04/Nov/2025:21:21:46 +0100] "POST /wp-cron.php?doing_wp_cron=1762287706.1147201061248779296875 HTTP/1.1" 404 15727 "-" "WordPress/6.8.3; https://impuguke.com"
114.119.132.12 - - [04/Nov/2025:21:22:07 +0100] "GET /?o=5302590011620 HTTP/1.1" 200 203386 "https://impuguke.com/sitemap_index.xml" "Mozilla/5.0 (Linux; Android 7.0;) AppleWebKit/537.36 (KHTML, like Gecko) Mobile Safari/537.36 (compatible; PetalBot;+https://webmaster.petalsearch.com/site/petalbot)"
66.249.64.109 - - [04/Nov/2025:21:23:24 +0100] "GET /?o=5214891071620 HTTP/1.1" 200 169384 "-" "Mozilla/5.0 (Linux; Android 6.0.1; Nexus 5X Build/MMB29P) AppleWebKit/537.36 (KHTML, like Gecko) Chrome/141.0.7390.122 Mobile Safari/537.36 (compatible; Googlebot/2.1; +http://www.google.com/bot.html)"
66.249.64.108 - - [04/Nov/2025:21:23:23 +0100] "GET /?o=30932741071620 HTTP/1.1" 200 168935 "-" "Mozilla/5.0 (Linux; Android 6.0.1; Nexus 5X Build/MMB29P) AppleWebKit/537.36 (KHTML, like Gecko) Chrome/141.0.7390.122 Mobile Safari/537.36 (compatible; Googlebot/2.1; +http://www.google.com/bot.html)"
66.249.64.109 - - [04/Nov/2025:21:23:27 +0100] "GET /?o=5206755001620 HTTP/1.1" 200 177181 "-" "Mozilla/5.0 (Linux; Android 6.0.1; Nexus 5X Build/MMB29P) AppleWebKit/537.36 (KHTML, like Gecko) Chrome/141.0.7390.122 Mobile Safari/537.36 (compatible; Googlebot/2.1; +http://www.google.com/bot.html)"
114.119.140.221 - - [04/Nov/2025:21:23:26 +0100] "GET /?o=53008625141620 HTTP/1.1" 200 203389 "https://impuguke.com/sitemap_index.xml" "Mozilla/5.0 (Linux; Android 7.0;) AppleWebKit/537.36 (KHTML, like Gecko) Mobile Safari/537.36 (compatible; PetalBot;+https://webmaster.petalsearch.com/site/petalbot)"
207.180.227.180 - - [04/Nov/2025:21:23:34 +0100] "POST /wp-cron.php?doing_wp_cron=1762287814.0097479820251464843750 HTTP/1.1" 404 16000 "-" "WordPress/6.8.3; https://impuguke.com"
132.148.75.116 - - [04/Nov/2025:21:24:09 +0100] "GET /wp-login.php HTTP/1.1" 200 7136 "-" "Mozilla/5.0 (Windows NT 10.0; Win64; x64; rv:60.0) Gecko/20100101 Firefox/60.0"
114.119.129.233 - - [04/Nov/2025:21:24:50 +0100] "GET /?o=53008595001620 HTTP/1.1" 200 203389 "https://impuguke.com/sitemap_index.xml" "Mozilla/5.0 (Linux; Android 7.0;) AppleWebKit/537.36 (KHTML, like Gecko) Mobile Safari/537.36 (compatible; PetalBot;+https://webmaster.petalsearch.com/site/petalbot)"
207.180.227.180 - - [04/Nov/2025:21:24:59 +0100] "POST /wp-cron.php?doing_wp_cron=1762287898.9120659828186035156250 HTTP/1.1" 404 16000 "-" "WordPress/6.8.3; https://impuguke.com"
114.119.129.233 - - [04/Nov/2025:21:26:15 +0100] "GET /?o=53007935021620 HTTP/1.1" 200 203389 "https://impuguke.com/sitemap_index.xml" "Mozilla/5.0 (Linux; Android 7.0;) AppleWebKit/537.36 (KHTML, like Gecko) Mobile Safari/537.36 (compatible; PetalBot;+https://webmaster.petalsearch.com/site/petalbot)"
207.180.227.180 - - [04/Nov/2025:21:26:24 +0100] "POST /wp-cron.php?doing_wp_cron=1762287984.1114470958709716796875 HTTP/1.1" 404 15727 "-" "WordPress/6.8.3; https://impuguke.com"
66.249.64.109 - - [04/Nov/2025:21:26:48 +0100] "GET /?o=30945020071620 HTTP/1.1" 200 172614 "-" "Mozilla/5.0 (Linux; Android 6.0.1; Nexus 5X Build/MMB29P) AppleWebKit/537.36 (KHTML, like Gecko) Chrome/141.0.7390.122 Mobile Safari/537.36 (compatible; Googlebot/2.1; +http://www.google.com/bot.html)"
114.119.151.208 - - [04/Nov/2025:21:27:36 +0100] "GET /?o=53007425041620 HTTP/1.1" 200 203389 "https://impuguke.com/sitemap_index.xml" "Mozilla/5.0 (Linux; Android 7.0;) AppleWebKit/537.36 (KHTML, like Gecko) Mobile Safari/537.36 (compatible; PetalBot;+https://webmaster.petalsearch.com/site/petalbot)"
207.180.227.180 - - [04/Nov/2025:21:27:45 +0100] "POST /wp-cron.php?doing_wp_cron=1762288065.0185360908508300781250 HTTP/1.1" 404 16000 "-" "WordPress/6.8.3; https://impuguke.com"
207.180.227.180 - - [04/Nov/2025:21:29:09 +0100] "POST /wp-cron.php?doing_wp_cron=1762288149.6194229125976562500000 HTTP/1.1" 508 288 "-" "WordPress/6.8.3; https://impuguke.com"
114.119.139.148 - - [04/Nov/2025:21:29:00 +0100] "GET /?o=53001755061620 HTTP/1.1" 200 203389 "https://impuguke.com/sitemap_index.xml" "Mozilla/5.0 (Linux; Android 7.0;) AppleWebKit/537.36 (KHTML, like Gecko) Mobile Safari/537.36 (compatible; PetalBot;+https://webmaster.petalsearch.com/site/petalbot)"
66.249.64.109 - - [04/Nov/2025:21:30:17 +0100] "GET /?o=5226497041620 HTTP/1.1" 200 171278 "-" "Mozilla/5.0 (Linux; Android 6.0.1; Nexus 5X Build/MMB29P) AppleWebKit/537.36 (KHTML, like Gecko) Chrome/141.0.7390.122 Mobile Safari/537.36 (compatible; Googlebot/2.1; +http://www.google.com/bot.html)"
114.119.156.99 - - [04/Nov/2025:21:30:23 +0100] "GET /?o=52940368001620 HTTP/1.1" 200 203389 "https://impuguke.com/sitemap_index.xml" "Mozilla/5.0 (Linux; Android 7.0;) AppleWebKit/537.36 (KHTML, like Gecko) Mobile Safari/537.36 (compatible; PetalBot;+https://webmaster.petalsearch.com/site/petalbot)"
207.180.227.180 - - [04/Nov/2025:21:30:29 +0100] "POST /wp-cron.php?doing_wp_cron=1762288229.4191749095916748046875 HTTP/1.1" 404 15727 "-" "WordPress/6.8.3; https://impuguke.com"
66.249.64.107 - - [04/Nov/2025:21:30:29 +0100] "GET /?o=68209151011620 HTTP/1.1" 200 168697 "-" "Mozilla/5.0 (Linux; Android 6.0.1; Nexus 5X Build/MMB29P) AppleWebKit/537.36 (KHTML, like Gecko) Chrome/141.0.7390.122 Mobile Safari/537.36 (compatible; Googlebot/2.1; +http://www.google.com/bot.html)"
114.119.146.107 - - [04/Nov/2025:21:31:47 +0100] "GET /?o=52937848011620 HTTP/1.1" 200 203389 "https://impuguke.com/sitemap_index.xml" "Mozilla/5.0 (Linux; Android 7.0;) AppleWebKit/537.36 (KHTML, like Gecko) Mobile Safari/537.36 (compatible; PetalBot;+https://webmaster.petalsearch.com/site/petalbot)"
207.180.227.180 - - [04/Nov/2025:21:31:52 +0100] "POST /wp-cron.php?doing_wp_cron=1762288312.1299049854278564453125 HTTP/1.1" 404 16000 "-" "WordPress/6.8.3; https://impuguke.com"
114.119.146.107 - - [04/Nov/2025:21:33:10 +0100] "GET /?o=52804323061620 HTTP/1.1" 200 203389 "https://impuguke.com/sitemap_index.xml" "Mozilla/5.0 (Linux; Android 7.0;) AppleWebKit/537.36 (KHTML, like Gecko) Mobile Safari/537.36 (compatible; PetalBot;+https://webmaster.petalsearch.com/site/petalbot)"
207.180.227.180 - - [04/Nov/2025:21:33:21 +0100] "POST /wp-cron.php?doing_wp_cron=1762288401.4119930267333984375000 HTTP/1.1" 404 16000 "-" "WordPress/6.8.3; https://impuguke.com"
114.119.151.208 - - [04/Nov/2025:21:34:34 +0100] "GET /?o=52746276021620 HTTP/1.1" 200 203389 "https://impuguke.com/sitemap_index.xml" "Mozilla/5.0 (Linux; Android 7.0;) AppleWebKit/537.36 (KHTML, like Gecko) Mobile Safari/537.36 (compatible; PetalBot;+https://webmaster.petalsearch.com/site/petalbot)"
207.180.227.180 - - [04/Nov/2025:21:34:36 +0100] "POST /wp-cron.php?doing_wp_cron=1762288476.7075350284576416015625 HTTP/1.1" 404 15727 "-" "WordPress/6.8.3; https://impuguke.com"
143.198.232.185 - - [04/Nov/2025:21:35:09 +0100] "POST /wp-login.php HTTP/1.1" 200 7334 "-" "Mozilla/5.0"
143.198.232.185 - - [04/Nov/2025:21:35:09 +0100] "POST /wp-login.php HTTP/1.1" 200 7334 "-" "Mozilla/5.0"
143.198.232.185 - - [04/Nov/2025:21:35:09 +0100] "POST /wp-login.php HTTP/1.1" 200 7334 "-" "Mozilla/5.0"
143.198.232.185 - - [04/Nov/2025:21:35:09 +0100] "POST /wp-login.php HTTP/1.1" 302 - "-" "Mozilla/5.0"
114.119.129.233 - - [04/Nov/2025:21:35:57 +0100] "GET /?o=52723373001620 HTTP/1.1" 200 203389 "https://impuguke.com/sitemap_index.xml" "Mozilla/5.0 (Linux; Android 7.0;) AppleWebKit/537.36 (KHTML, like Gecko) Mobile Safari/537.36 (compatible; PetalBot;+https://webmaster.petalsearch.com/site/petalbot)"
207.180.227.180 - - [04/Nov/2025:21:35:59 +0100] "POST /wp-cron.php?doing_wp_cron=1762288559.6179850101470947265625 HTTP/1.1" 404 15727 "-" "WordPress/6.8.3; https://impuguke.com"
114.119.132.12 - - [04/Nov/2025:21:37:22 +0100] "GET /?o=52627355111620 HTTP/1.1" 200 203389 "https://impuguke.com/sitemap_index.xml" "Mozilla/5.0 (Linux; Android 7.0;) AppleWebKit/537.36 (KHTML, like Gecko) Mobile Safari/537.36 (compatible; PetalBot;+https://webmaster.petalsearch.com/site/petalbot)"
207.180.227.180 - - [04/Nov/2025:21:37:24 +0100] "POST /wp-cron.php?doing_wp_cron=1762288644.9152519702911376953125 HTTP/1.1" 404 16000 "-" "WordPress/6.8.3; https://impuguke.com"
114.119.151.208 - - [04/Nov/2025:21:38:47 +0100] "GET /?o=52595563041620 HTTP/1.1" 200 195197 "https://impuguke.com/sitemap_index.xml" "Mozilla/5.0 (Linux; Android 7.0;) AppleWebKit/537.36 (KHTML, like Gecko) Mobile Safari/537.36 (compatible; PetalBot;+https://webmaster.petalsearch.com/site/petalbot)"
207.180.227.180 - - [04/Nov/2025:21:39:23 +0100] "POST /wp-cron.php?doing_wp_cron=1762288763.1077070236206054687500 HTTP/1.1" 404 15727 "-" "WordPress/6.8.3; https://impuguke.com"
114.119.139.148 - - [04/Nov/2025:21:40:11 +0100] "GET /?o=52472049011620 HTTP/1.1" 200 203389 "https://impuguke.com/sitemap_index.xml" "Mozilla/5.0 (Linux; Android 7.0;) AppleWebKit/537.36 (KHTML, like Gecko) Mobile Safari/537.36 (compatible; PetalBot;+https://webmaster.petalsearch.com/site/petalbot)"
51.195.215.226 - - [04/Nov/2025:21:40:22 +0100] "GET /2025/09/30/mbape-yongeye-kwandika-amateka-mu-mukino-real-madrid-yatsinzemo-ibitego-5-0/ HTTP/1.1" 200 163890 "-" "Mozilla/5.0 (compatible; AhrefsBot/7.0; +http://ahrefs.com/robot/)"
207.180.227.180 - - [04/Nov/2025:21:40:29 +0100] "POST /wp-cron.php?doing_wp_cron=1762288829.6107540130615234375000 HTTP/1.1" 404 16000 "-" "WordPress/6.8.3; https://impuguke.com"
114.119.132.12 - - [04/Nov/2025:21:41:34 +0100] "GET /?o=52457114091620 HTTP/1.1" 200 203389 "https://impuguke.com/sitemap_index.xml" "Mozilla/5.0 (Linux; Android 7.0;) AppleWebKit/537.36 (KHTML, like Gecko) Mobile Safari/537.36 (compatible; PetalBot;+https://webmaster.petalsearch.com/site/petalbot)"
207.180.227.180 - - [04/Nov/2025:21:41:41 +0100] "POST /wp-cron.php?doing_wp_cron=1762288900.9102520942687988281250 HTTP/1.1" 404 16000 "-" "WordPress/6.8.3; https://impuguke.com"
114.119.146.107 - - [04/Nov/2025:21:42:58 +0100] "GET /?o=5245225001620 HTTP/1.1" 200 203386 "https://impuguke.com/sitemap_index.xml" "Mozilla/5.0 (Linux; Android 7.0;) AppleWebKit/537.36 (KHTML, like Gecko) Mobile Safari/537.36 (compatible; PetalBot;+https://webmaster.petalsearch.com/site/petalbot)"
207.180.227.180 - - [04/Nov/2025:21:43:05 +0100] "POST /wp-cron.php?doing_wp_cron=1762288985.5202679634094238281250 HTTP/1.1" 404 15727 "-" "WordPress/6.8.3; https://impuguke.com"
114.119.156.99 - - [04/Nov/2025:21:44:20 +0100] "GET /?o=52427642091620 HTTP/1.1" 200 203389 "https://impuguke.com/sitemap_index.xml" "Mozilla/5.0 (Linux; Android 7.0;) AppleWebKit/537.36 (KHTML, like Gecko) Mobile Safari/537.36 (compatible; PetalBot;+https://webmaster.petalsearch.com/site/petalbot)"
207.180.227.180 - - [04/Nov/2025:21:44:28 +0100] "POST /wp-cron.php?doing_wp_cron=1762289068.2140269279479980468750 HTTP/1.1" 404 16000 "-" "WordPress/6.8.3; https://impuguke.com"
207.180.227.180 - - [04/Nov/2025:21:45:35 +0100] "POST /wp-cron.php?doing_wp_cron=1762289134.8105030059814453125000 HTTP/1.1" 508 288 "-" "WordPress/6.8.3; https://impuguke.com"
107.189.7.132 - - [04/Nov/2025:21:45:28 +0100] "GET /wp-login.php HTTP/1.1" 200 7136 "https://www.google.com/" "Mozilla/5.0 (iPhone; CPU iPhone OS 17_0 like Mac OS X) AppleWebKit/605.1.15 (KHTML, like Gecko) Version/17.0 Mobile/15E148 Safari/604.1"
114.119.151.208 - - [04/Nov/2025:21:45:46 +0100] "GET /?o=52410221061620 HTTP/1.1" 200 203389 "https://impuguke.com/sitemap_index.xml" "Mozilla/5.0 (Linux; Android 7.0;) AppleWebKit/537.36 (KHTML, like Gecko) Mobile Safari/537.36 (compatible; PetalBot;+https://webmaster.petalsearch.com/site/petalbot)"
31.13.127.62 - - [04/Nov/2025:21:45:59 +0100] "GET /wp-content/uploads/2025/10/InShot_20251022_085145336-scaled.jpg HTTP/1.1" 200 272073 "-" "facebookexternalhit/1.1 (+http://www.facebook.com/externalhit_uatext.php)"
114.119.156.99 - - [04/Nov/2025:21:47:12 +0100] "GET /?o=52595563041620 HTTP/1.1" 200 203389 "https://impuguke.com/sitemap_index.xml" "Mozilla/5.0 (Linux; Android 7.0;) AppleWebKit/537.36 (KHTML, like Gecko) Mobile Safari/537.36 (compatible; PetalBot;+https://webmaster.petalsearch.com/site/petalbot)"
207.180.227.180 - - [04/Nov/2025:21:47:21 +0100] "POST /wp-cron.php?doing_wp_cron=1762289240.8210389614105224609375 HTTP/1.1" 404 16000 "-" "WordPress/6.8.3; https://impuguke.com"
107.189.7.132 - - [04/Nov/2025:21:47:26 +0100] "POST /wp-login.php HTTP/1.1" 200 7392 "https://www.google.com/" "Mozilla/5.0 (iPhone; CPU iPhone OS 17_0 like Mac OS X) AppleWebKit/605.1.15 (KHTML, like Gecko) Version/17.0 Mobile/15E148 Safari/604.1"
114.119.146.107 - - [04/Nov/2025:21:48:31 +0100] "GET /?o=52261220061620 HTTP/1.1" 200 203389 "https://impuguke.com/sitemap_index.xml" "Mozilla/5.0 (Linux; Android 7.0;) AppleWebKit/537.36 (KHTML, like Gecko) Mobile Safari/537.36 (compatible; PetalBot;+https://webmaster.petalsearch.com/site/petalbot)"
207.180.227.180 - - [04/Nov/2025:21:48:42 +0100] "POST /wp-cron.php?doing_wp_cron=1762289321.7165720462799072265625 HTTP/1.1" 404 16000 "-" "WordPress/6.8.3; https://impuguke.com"
100.28.44.58 - - [04/Nov/2025:21:49:24 +0100] "GET /robots.txt HTTP/1.1" 200 66 "-" "Mozilla/5.0 AppleWebKit/537.36 (KHTML, like Gecko; compatible; Amazonbot/0.1; +https://developer.amazon.com/support/amazonbot) Chrome/119.0.6045.214 Safari/537.36"
44.193.115.232 - - [04/Nov/2025:21:49:27 +0100] "GET /2025/06/12/he-stole-the-television-while-people-were-watching-a-former-drug-addicts-testimony/ HTTP/1.1" 200 164525 "-" "Mozilla/5.0 AppleWebKit/537.36 (KHTML, like Gecko; compatible; Amazonbot/0.1; +https://developer.amazon.com/support/amazonbot) Chrome/119.0.6045.214 Safari/537.36"
114.119.154.87 - - [04/Nov/2025:21:49:55 +0100] "GET /?o=52182039121620 HTTP/1.1" 200 203389 "https://impuguke.com/sitemap_index.xml" "Mozilla/5.0 (Linux; Android 7.0;) AppleWebKit/537.36 (KHTML, like Gecko) Mobile Safari/537.36 (compatible; PetalBot;+https://webmaster.petalsearch.com/site/petalbot)"
207.180.227.180 - - [04/Nov/2025:21:50:06 +0100] "POST /wp-cron.php?doing_wp_cron=1762289405.9087829589843750000000 HTTP/1.1" 404 16000 "-" "WordPress/6.8.3; https://impuguke.com"
114.119.151.208 - - [04/Nov/2025:21:51:19 +0100] "GET /?o=52082445041620 HTTP/1.1" 200 203389 "https://impuguke.com/sitemap_index.xml" "Mozilla/5.0 (Linux; Android 7.0;) AppleWebKit/537.36 (KHTML, like Gecko) Mobile Safari/537.36 (compatible; PetalBot;+https://webmaster.petalsearch.com/site/petalbot)"
207.180.227.180 - - [04/Nov/2025:21:51:21 +0100] "POST /wp-cron.php?doing_wp_cron=1762289481.8142569065093994140625 HTTP/1.1" 404 15781 "-" "WordPress/6.8.3; https://impuguke.com"
114.119.156.99 - - [04/Nov/2025:21:52:45 +0100] "GET /?o=52062833001620 HTTP/1.1" 200 203389 "https://impuguke.com/sitemap_index.xml" "Mozilla/5.0 (Linux; Android 7.0;) AppleWebKit/537.36 (KHTML, like Gecko) Mobile Safari/537.36 (compatible; PetalBot;+https://webmaster.petalsearch.com/site/petalbot)"
207.180.227.180 - - [04/Nov/2025:21:52:47 +0100] "POST /wp-cron.php?doing_wp_cron=1762289567.0282299518585205078125 HTTP/1.1" 404 15727 "-" "WordPress/6.8.3; https://impuguke.com"
114.119.146.107 - - [04/Nov/2025:21:54:06 +0100] "GET /?o=52042545071620 HTTP/1.1" 200 203389 "https://impuguke.com/sitemap_index.xml" "Mozilla/5.0 (Linux; Android 7.0;) AppleWebKit/537.36 (KHTML, like Gecko) Mobile Safari/537.36 (compatible; PetalBot;+https://webmaster.petalsearch.com/site/petalbot)"
207.180.227.180 - - [04/Nov/2025:21:54:09 +0100] "POST /wp-cron.php?doing_wp_cron=1762289649.2398030757904052734375 HTTP/1.1" 404 16000 "-" "WordPress/6.8.3; https://impuguke.com"
85.208.96.197 - - [04/Nov/2025:21:54:24 +0100] "GET /robots.txt HTTP/1.1" 200 66 "-" "Mozilla/5.0 (compatible; SemrushBot/7~bl; +http://www.semrush.com/bot.html)"
185.191.171.5 - - [04/Nov/2025:21:54:25 +0100] "GET /category/home/page/10/ HTTP/1.1" 200 152971 "-" "Mozilla/5.0 (compatible; SemrushBot/7~bl; +http://www.semrush.com/bot.html)"
114.119.156.99 - - [04/Nov/2025:21:55:29 +0100] "GET /?o=52003848031620 HTTP/1.1" 200 203389 "https://impuguke.com/sitemap_index.xml" "Mozilla/5.0 (Linux; Android 7.0;) AppleWebKit/537.36 (KHTML, like Gecko) Mobile Safari/537.36 (compatible; PetalBot;+https://webmaster.petalsearch.com/site/petalbot)"
207.180.227.180 - - [04/Nov/2025:21:55:32 +0100] "POST /wp-cron.php?doing_wp_cron=1762289732.0211949348449707031250 HTTP/1.1" 404 15727 "-" "WordPress/6.8.3; https://impuguke.com"
31.13.103.9 - - [04/Nov/2025:21:56:09 +0100] "GET /wp-content/uploads/2025/10/20250617_185045-2.jpg HTTP/1.1" 200 436091 "-" "facebookexternalhit/1.1 (+http://www.facebook.com/externalhit_uatext.php)"
114.119.146.107 - - [04/Nov/2025:21:56:53 +0100] "GET /?o=51995278091620 HTTP/1.1" 200 203389 "https://impuguke.com/sitemap_index.xml" "Mozilla/5.0 (Linux; Android 7.0;) AppleWebKit/537.36 (KHTML, like Gecko) Mobile Safari/537.36 (compatible; PetalBot;+https://webmaster.petalsearch.com/site/petalbot)"
207.180.227.180 - - [04/Nov/2025:21:57:03 +0100] "POST /wp-cron.php?doing_wp_cron=1762289822.7176480293273925781250 HTTP/1.1" 404 16000 "-" "WordPress/6.8.3; https://impuguke.com"
75.119.145.42 - - [04/Nov/2025:21:58:09 +0100] "POST /wp-login.php HTTP/1.1" 200 7373 "-" "Mozilla/5.0 (Windows NT 10.0; Win64; x64; rv:70.0) Gecko/20100101 Firefox/70.0"
207.180.227.180 - - [04/Nov/2025:21:58:16 +0100] "POST /wp-cron.php?doing_wp_cron=1762289896.2128279209136962890625 HTTP/1.1" 404 16000 "-" "WordPress/6.8.3; https://impuguke.com"
114.119.129.233 - - [04/Nov/2025:21:58:22 +0100] "GET /?o=51992373061620 HTTP/1.1" 200 203389 "https://impuguke.com/sitemap_index.xml" "Mozilla/5.0 (Linux; Android 7.0;) AppleWebKit/537.36 (KHTML, like Gecko) Mobile Safari/537.36 (compatible; PetalBot;+https://webmaster.petalsearch.com/site/petalbot)"
114.119.156.99 - - [04/Nov/2025:21:59:39 +0100] "GET /?o=51916586001620 HTTP/1.1" 200 203389 "https://impuguke.com/sitemap_index.xml" "Mozilla/5.0 (Linux; Android 7.0;) AppleWebKit/537.36 (KHTML, like Gecko) Mobile Safari/537.36 (compatible; PetalBot;+https://webmaster.petalsearch.com/site/petalbot)"
207.180.227.180 - - [04/Nov/2025:21:59:48 +0100] "POST /wp-cron.php?doing_wp_cron=1762289988.5098090171813964843750 HTTP/1.1" 404 16000 "-" "WordPress/6.8.3; https://impuguke.com"
45.61.186.220 - - [04/Nov/2025:22:00:18 +0100] "GET /wp-login.php HTTP/1.1" 200 7136 "https://www.google.com/" "Mozilla/5.0 (Windows NT 10.0; Win64; x64) AppleWebKit/537.36 (KHTML, like Gecko) Chrome/118.0.5993.90 Safari/537.36 Edg/118.0.2088.76"
45.61.186.220 - - [04/Nov/2025:22:00:59 +0100] "POST /wp-login.php HTTP/1.1" 200 7392 "https://www.google.com/" "Mozilla/5.0 (Windows NT 10.0; Win64; x64) AppleWebKit/537.36 (KHTML, like Gecko) Chrome/118.0.5993.90 Safari/537.36 Edg/118.0.2088.76"
207.180.227.180 - - [04/Nov/2025:22:01:03 +0100] "POST /wp-cron.php?doing_wp_cron=1762290063.1367819309234619140625 HTTP/1.1" 404 15727 "-" "WordPress/6.8.3; https://impuguke.com"
114.119.154.87 - - [04/Nov/2025:22:01:05 +0100] "GET /?o=51879695131620 HTTP/1.1" 200 203389 "https://impuguke.com/sitemap_index.xml" "Mozilla/5.0 (Linux; Android 7.0;) AppleWebKit/537.36 (KHTML, like Gecko) Mobile Safari/537.36 (compatible; PetalBot;+https://webmaster.petalsearch.com/site/petalbot)"
207.180.227.180 - - [04/Nov/2025:22:02:35 +0100] "POST /wp-cron.php?doing_wp_cron=1762290155.4223129749298095703125 HTTP/1.1" 404 15727 "-" "WordPress/6.8.3; https://impuguke.com"
114.119.132.12 - - [04/Nov/2025:22:02:33 +0100] "GET /?o=51872915031620 HTTP/1.1" 200 203389 "https://impuguke.com/sitemap_index.xml" "Mozilla/5.0 (Linux; Android 7.0;) AppleWebKit/537.36 (KHTML, like Gecko) Mobile Safari/537.36 (compatible; PetalBot;+https://webmaster.petalsearch.com/site/petalbot)"
114.119.154.87 - - [04/Nov/2025:22:04:00 +0100] "GET /?o=5185140051620 HTTP/1.1" 200 203386 "https://impuguke.com/sitemap_index.xml" "Mozilla/5.0 (Linux; Android 7.0;) AppleWebKit/537.36 (KHTML, like Gecko) Mobile Safari/537.36 (compatible; PetalBot;+https://webmaster.petalsearch.com/site/petalbot)"
207.180.227.180 - - [04/Nov/2025:22:04:05 +0100] "POST /wp-cron.php?doing_wp_cron=1762290245.2217559814453125000000 HTTP/1.1" 404 15727 "-" "WordPress/6.8.3; https://impuguke.com"
207.180.227.180 - - [04/Nov/2025:22:05:21 +0100] "POST /wp-cron.php?doing_wp_cron=1762290321.3161261081695556640625 HTTP/1.1" 404 15727 "-" "WordPress/6.8.3; https://impuguke.com"
114.119.146.107 - - [04/Nov/2025:22:05:16 +0100] "GET /?o=51776771071620 HTTP/1.1" 200 203389 "https://impuguke.com/sitemap_index.xml" "Mozilla/5.0 (Linux; Android 7.0;) AppleWebKit/537.36 (KHTML, like Gecko) Mobile Safari/537.36 (compatible; PetalBot;+https://webmaster.petalsearch.com/site/petalbot)"
114.119.129.233 - - [04/Nov/2025:22:06:40 +0100] "GET /?o=5146349061620 HTTP/1.1" 200 203386 "https://impuguke.com/sitemap_index.xml" "Mozilla/5.0 (Linux; Android 7.0;) AppleWebKit/537.36 (KHTML, like Gecko) Mobile Safari/537.36 (compatible; PetalBot;+https://webmaster.petalsearch.com/site/petalbot)"
207.180.227.180 - - [04/Nov/2025:22:06:49 +0100] "POST /wp-cron.php?doing_wp_cron=1762290409.2141280174255371093750 HTTP/1.1" 404 16000 "-" "WordPress/6.8.3; https://impuguke.com"
