207.180.227.180 - - [04/Nov/2025:16:04:38 +0100] "POST /wp-cron.php?doing_wp_cron=1762268678.2113070487976074218750 HTTP/1.1" 404 15727 "-" "WordPress/6.8.3; https://impuguke.com"
114.119.146.107 - - [04/Nov/2025:16:06:13 +0100] "GET /?o=61328891021620 HTTP/1.1" 200 203389 "https://impuguke.com/sitemap_index.xml" "Mozilla/5.0 (Linux; Android 7.0;) AppleWebKit/537.36 (KHTML, like Gecko) Mobile Safari/537.36 (compatible; PetalBot;+https://webmaster.petalsearch.com/site/petalbot)"
207.180.227.180 - - [04/Nov/2025:16:06:19 +0100] "POST /wp-cron.php?doing_wp_cron=1762268779.6214509010314941406250 HTTP/1.1" 404 15727 "-" "WordPress/6.8.3; https://impuguke.com"
51.195.215.121 - - [04/Nov/2025:16:07:22 +0100] "GET /robots.txt HTTP/1.1" 200 66 "-" "Mozilla/5.0 (compatible; AhrefsBot/7.0; +http://ahrefs.com/robot/)"
54.38.147.159 - - [04/Nov/2025:16:07:25 +0100] "GET /2025/10/25/apr-fc-yamwariye-imbere-ya-kiyovu-abafana-bahita-batabaza-ubuyobozi/ HTTP/1.1" 200 164356 "-" "Mozilla/5.0 (compatible; AhrefsBot/7.0; +http://ahrefs.com/robot/)"
207.180.227.180 - - [04/Nov/2025:16:07:29 +0100] "POST /wp-cron.php?doing_wp_cron=1762268849.2068500518798828125000 HTTP/1.1" 404 16000 "-" "WordPress/6.8.3; https://impuguke.com"
114.119.132.12 - - [04/Nov/2025:16:09:01 +0100] "GET /?o=61005668021620 HTTP/1.1" 200 203389 "https://impuguke.com/sitemap_index.xml" "Mozilla/5.0 (Linux; Android 7.0;) AppleWebKit/537.36 (KHTML, like Gecko) Mobile Safari/537.36 (compatible; PetalBot;+https://webmaster.petalsearch.com/site/petalbot)"
207.180.227.180 - - [04/Nov/2025:16:09:05 +0100] "POST /wp-cron.php?doing_wp_cron=1762268945.6280488967895507812500 HTTP/1.1" 404 15727 "-" "WordPress/6.8.3; https://impuguke.com"
199.195.251.69 - - [04/Nov/2025:16:12:00 +0100] "GET /wp-login.php HTTP/1.1" 200 7136 "https://www.bing.com/" "Mozilla/5.0 (Windows NT 10.0; Win64; x64; rv:120.0) Gecko/20100101 Firefox/120.0"
207.180.227.180 - - [04/Nov/2025:16:12:09 +0100] "POST /wp-cron.php?doing_wp_cron=1762269129.4134459495544433593750 HTTP/1.1" 404 16000 "-" "WordPress/6.8.3; https://impuguke.com"
107.189.30.207 - - [04/Nov/2025:16:15:51 +0100] "GET /wp-login.php HTTP/1.1" 200 7136 "https://www.bing.com/" "Mozilla/5.0 (Windows NT 10.0; Win64; x64) AppleWebKit/537.36 (KHTML, like Gecko) Chrome/118.0.5993.117 Safari/537.36"
114.119.146.107 - - [04/Nov/2025:16:15:50 +0100] "GET /?o=62029925011620 HTTP/1.1" 200 203389 "https://impuguke.com/sitemap_index.xml" "Mozilla/5.0 (Linux; Android 7.0;) AppleWebKit/537.36 (KHTML, like Gecko) Mobile Safari/537.36 (compatible; PetalBot;+https://webmaster.petalsearch.com/site/petalbot)"
207.180.227.180 - - [04/Nov/2025:16:15:53 +0100] "POST /wp-cron.php?doing_wp_cron=1762269353.6187570095062255859375 HTTP/1.1" 404 16000 "-" "WordPress/6.8.3; https://impuguke.com"
207.180.227.180 - - [04/Nov/2025:16:15:55 +0100] "POST /wp-cron.php?doing_wp_cron=1762269354.8151280879974365234375 HTTP/1.1" 404 15727 "-" "WordPress/6.8.3; https://impuguke.com"
107.189.30.207 - - [04/Nov/2025:16:17:08 +0100] "POST /wp-login.php HTTP/1.1" 200 7392 "https://www.bing.com/" "Mozilla/5.0 (Windows NT 10.0; Win64; x64) AppleWebKit/537.36 (KHTML, like Gecko) Chrome/118.0.5993.117 Safari/537.36"
207.180.227.180 - - [04/Nov/2025:16:17:12 +0100] "POST /wp-cron.php?doing_wp_cron=1762269432.7267088890075683593750 HTTP/1.1" 404 15727 "-" "WordPress/6.8.3; https://impuguke.com"
199.195.251.69 - - [04/Nov/2025:16:19:54 +0100] "POST /wp-login.php HTTP/1.1" 200 7392 "https://www.bing.com/" "Mozilla/5.0 (Windows NT 10.0; Win64; x64; rv:120.0) Gecko/20100101 Firefox/120.0"
207.180.227.180 - - [04/Nov/2025:16:19:58 +0100] "POST /wp-cron.php?doing_wp_cron=1762269598.4271860122680664062500 HTTP/1.1" 404 16000 "-" "WordPress/6.8.3; https://impuguke.com"
114.119.151.208 - - [04/Nov/2025:16:27:47 +0100] "GET /?o=60902983021620 HTTP/1.1" 200 203389 "https://impuguke.com/sitemap_index.xml" "Mozilla/5.0 (Linux; Android 7.0;) AppleWebKit/537.36 (KHTML, like Gecko) Mobile Safari/537.36 (compatible; PetalBot;+https://webmaster.petalsearch.com/site/petalbot)"
207.180.227.180 - - [04/Nov/2025:16:27:56 +0100] "POST /wp-cron.php?doing_wp_cron=1762270076.5272641181945800781250 HTTP/1.1" 404 15727 "-" "WordPress/6.8.3; https://impuguke.com"
114.119.129.233 - - [04/Nov/2025:16:29:31 +0100] "GET /?o=60866194051620 HTTP/1.1" 200 203389 "https://impuguke.com/sitemap_index.xml" "Mozilla/5.0 (Linux; Android 7.0;) AppleWebKit/537.36 (KHTML, like Gecko) Mobile Safari/537.36 (compatible; PetalBot;+https://webmaster.petalsearch.com/site/petalbot)"
207.180.227.180 - - [04/Nov/2025:16:29:39 +0100] "POST /wp-cron.php?doing_wp_cron=1762270179.2126269340515136718750 HTTP/1.1" 404 16000 "-" "WordPress/6.8.3; https://impuguke.com"
1.234.44.11 - - [04/Nov/2025:16:30:48 +0100] "POST /wp-login.php HTTP/1.1" 200 7373 "-" "Mozilla/5.0 (Windows NT 10.0; Win64; x64; rv:88.0) Gecko/20100101 Firefox/88.0"
207.180.227.180 - - [04/Nov/2025:16:30:56 +0100] "POST /wp-cron.php?doing_wp_cron=1762270255.9081959724426269531250 HTTP/1.1" 404 16000 "-" "WordPress/6.8.3; https://impuguke.com"
205.185.127.199 - - [04/Nov/2025:16:32:53 +0100] "GET /wp-login.php HTTP/1.1" 200 7136 "https://www.google.com/" "Mozilla/5.0 (Windows NT 10.0; Win64; x64) AppleWebKit/537.36 (KHTML, like Gecko) Chrome/118.0.5993.117 Safari/537.36"
207.180.227.180 - - [04/Nov/2025:16:33:02 +0100] "POST /wp-cron.php?doing_wp_cron=1762270382.5082449913024902343750 HTTP/1.1" 404 15727 "-" "WordPress/6.8.3; https://impuguke.com"
198.244.240.13 - - [04/Nov/2025:16:33:16 +0100] "GET /2020/03/01/top-5-most-overrated-players-in-the-premier-league-2019-20/ HTTP/1.1" 200 163279 "-" "Mozilla/5.0 (compatible; AhrefsBot/7.0; +http://ahrefs.com/robot/)"
114.119.151.208 - - [04/Nov/2025:16:33:22 +0100] "GET /?o=60756596041620 HTTP/1.1" 200 203389 "https://impuguke.com/sitemap_index.xml" "Mozilla/5.0 (Linux; Android 7.0;) AppleWebKit/537.36 (KHTML, like Gecko) Mobile Safari/537.36 (compatible; PetalBot;+https://webmaster.petalsearch.com/site/petalbot)"
85.208.96.193 - - [04/Nov/2025:16:34:20 +0100] "GET /robots.txt HTTP/1.1" 200 66 "-" "Mozilla/5.0 (compatible; SemrushBot/7~bl; +http://www.semrush.com/bot.html)"
185.191.171.5 - - [04/Nov/2025:16:34:22 +0100] "GET /category/ubuzima/ HTTP/1.1" 200 149984 "-" "Mozilla/5.0 (compatible; SemrushBot/7~bl; +http://www.semrush.com/bot.html)"
207.180.227.180 - - [04/Nov/2025:16:34:29 +0100] "POST /wp-cron.php?doing_wp_cron=1762270468.8145670890808105468750 HTTP/1.1" 404 15727 "-" "WordPress/6.8.3; https://impuguke.com"
205.185.127.199 - - [04/Nov/2025:16:35:38 +0100] "POST /wp-login.php HTTP/1.1" 200 7392 "https://www.google.com/" "Mozilla/5.0 (Windows NT 10.0; Win64; x64) AppleWebKit/537.36 (KHTML, like Gecko) Chrome/118.0.5993.117 Safari/537.36"
207.180.227.180 - - [04/Nov/2025:16:35:45 +0100] "POST /wp-cron.php?doing_wp_cron=1762270545.6123559474945068359375 HTTP/1.1" 404 16000 "-" "WordPress/6.8.3; https://impuguke.com"
114.119.132.12 - - [04/Nov/2025:16:38:45 +0100] "GET /?o=60339304051620 HTTP/1.1" 500 - "https://impuguke.com/sitemap_index.xml" "Mozilla/5.0 (Linux; Android 7.0;) AppleWebKit/537.36 (KHTML, like Gecko) Mobile Safari/537.36 (compatible; PetalBot;+https://webmaster.petalsearch.com/site/petalbot)"
143.198.232.185 - - [04/Nov/2025:16:39:03 +0100] "POST /wp-login.php HTTP/1.1" 500 - "-" "Mozilla/5.0"
143.198.232.185 - - [04/Nov/2025:16:39:03 +0100] "POST /wp-login.php HTTP/1.1" 302 - "-" "Mozilla/5.0"
143.198.232.185 - - [04/Nov/2025:16:39:03 +0100] "POST /wp-login.php HTTP/1.1" 302 - "-" "Mozilla/5.0"
143.198.232.185 - - [04/Nov/2025:16:39:03 +0100] "POST /wp-login.php HTTP/1.1" 302 - "-" "Mozilla/5.0"
207.180.227.180 - - [04/Nov/2025:16:39:37 +0100] "POST /wp-cron.php?doing_wp_cron=1762270776.6080789566040039062500 HTTP/1.1" 404 15933 "-" "WordPress/6.8.3; https://impuguke.com"
114.119.129.233 - - [04/Nov/2025:16:42:07 +0100] "GET /?o=60190613061620 HTTP/1.1" 200 203389 "https://impuguke.com/sitemap_index.xml" "Mozilla/5.0 (Linux; Android 7.0;) AppleWebKit/537.36 (KHTML, like Gecko) Mobile Safari/537.36 (compatible; PetalBot;+https://webmaster.petalsearch.com/site/petalbot)"
207.180.227.180 - - [04/Nov/2025:16:42:09 +0100] "POST /wp-cron.php?doing_wp_cron=1762270928.9206199645996093750000 HTTP/1.1" 404 15727 "-" "WordPress/6.8.3; https://impuguke.com"
114.119.154.87 - - [04/Nov/2025:16:44:26 +0100] "GET /?o=60166925051620 HTTP/1.1" 200 203389 "https://impuguke.com/sitemap_index.xml" "Mozilla/5.0 (Linux; Android 7.0;) AppleWebKit/537.36 (KHTML, like Gecko) Mobile Safari/537.36 (compatible; PetalBot;+https://webmaster.petalsearch.com/site/petalbot)"
207.180.227.180 - - [04/Nov/2025:16:44:29 +0100] "POST /wp-cron.php?doing_wp_cron=1762271069.0165278911590576171875 HTTP/1.1" 404 16000 "-" "WordPress/6.8.3; https://impuguke.com"
114.119.154.87 - - [04/Nov/2025:16:44:32 +0100] "GET /?o=60162523011620 HTTP/1.1" 200 203389 "https://impuguke.com/sitemap_index.xml" "Mozilla/5.0 (Linux; Android 7.0;) AppleWebKit/537.36 (KHTML, like Gecko) Mobile Safari/537.36 (compatible; PetalBot;+https://webmaster.petalsearch.com/site/petalbot)"
205.210.31.215 - - [04/Nov/2025:16:57:04 +0100] "GET / HTTP/1.1" 200 129660 "-" "Hello from Palo Alto Networks, find out more about our scans in https://docs-cortex.paloaltonetworks.com/r/1/Cortex-Xpanse/Scanning-activity"
207.180.227.180 - - [04/Nov/2025:16:57:14 +0100] "POST /wp-cron.php?doing_wp_cron=1762271834.2244400978088378906250 HTTP/1.1" 404 16000 "-" "WordPress/6.8.3; https://impuguke.com"
194.63.239.143 - - [04/Nov/2025:16:57:53 +0100] "GET /wp-login.php HTTP/1.1" 200 7136 "-" "Mozilla/4.0 (compatible; MSIE 7.0; Windows NT 6.1; Trident/7.0; SLCC2; .NET CLR 2.0.50727; .NET CLR 3.5.30729; .NET CLR 3.0.30729; Media Center PC 6.0; .NET4.0C; .NET4.0E)"
194.63.239.143 - - [04/Nov/2025:16:58:14 +0100] "GET /wp-login.php HTTP/1.1" 200 7136 "-" "Mozilla/4.0 (compatible; MSIE 7.0; Windows NT 6.1; Trident/7.0; SLCC2; .NET CLR 2.0.50727; .NET CLR 3.5.30729; .NET CLR 3.0.30729; Media Center PC 6.0; .NET4.0C; .NET4.0E)"
207.180.227.180 - - [04/Nov/2025:16:58:21 +0100] "POST /wp-cron.php?doing_wp_cron=1762271901.2152090072631835937500 HTTP/1.1" 404 16000 "-" "WordPress/6.8.3; https://impuguke.com"
54.38.147.159 - - [04/Nov/2025:16:58:44 +0100] "GET /2025/10/30/ikipe-imwe-yo-muri-sudan-yamaze-kwikura-muri-rwanda-primier-league-itarakina/ HTTP/1.1" 200 166673 "-" "Mozilla/5.0 (compatible; AhrefsBot/7.0; +http://ahrefs.com/robot/)"
114.119.140.221 - - [04/Nov/2025:17:01:36 +0100] "GET /?o=61528625001620 HTTP/1.1" 200 203389 "https://impuguke.com/sitemap_index.xml" "Mozilla/5.0 (Linux; Android 7.0;) AppleWebKit/537.36 (KHTML, like Gecko) Mobile Safari/537.36 (compatible; PetalBot;+https://webmaster.petalsearch.com/site/petalbot)"
207.180.227.180 - - [04/Nov/2025:17:01:45 +0100] "POST /wp-cron.php?doing_wp_cron=1762272105.5089919567108154296875 HTTP/1.1" 404 15727 "-" "WordPress/6.8.3; https://impuguke.com"
114.119.139.148 - - [04/Nov/2025:17:03:00 +0100] "GET /?o=61521676101620 HTTP/1.1" 200 203389 "https://impuguke.com/sitemap_index.xml" "Mozilla/5.0 (Linux; Android 7.0;) AppleWebKit/537.36 (KHTML, like Gecko) Mobile Safari/537.36 (compatible; PetalBot;+https://webmaster.petalsearch.com/site/petalbot)"
207.180.227.180 - - [04/Nov/2025:17:03:08 +0100] "POST /wp-cron.php?doing_wp_cron=1762272188.0231769084930419921875 HTTP/1.1" 404 16000 "-" "WordPress/6.8.3; https://impuguke.com"
114.119.129.233 - - [04/Nov/2025:17:04:31 +0100] "GET /?o=61514039031620 HTTP/1.1" 200 203389 "https://impuguke.com/sitemap_index.xml" "Mozilla/5.0 (Linux; Android 7.0;) AppleWebKit/537.36 (KHTML, like Gecko) Mobile Safari/537.36 (compatible; PetalBot;+https://webmaster.petalsearch.com/site/petalbot)"
207.180.227.180 - - [04/Nov/2025:17:04:34 +0100] "POST /wp-cron.php?doing_wp_cron=1762272274.2160420417785644531250 HTTP/1.1" 404 15727 "-" "WordPress/6.8.3; https://impuguke.com"
162.213.251.86 - - [04/Nov/2025:17:05:13 +0100] "GET /wp-login.php HTTP/1.1" 200 7136 "-" "Mozilla/5.0 (Windows NT 10.0; WOW64; Trident/7.0; Touch; MASMJS; rv:11.0) like Gecko"
162.213.251.86 - - [04/Nov/2025:17:05:23 +0100] "POST /wp-login.php HTTP/1.1" 200 7392 "https://impuguke.com/wp-login.php" "Mozilla/5.0 (Windows NT 10.0; WOW64; Trident/7.0; Touch; MASMJS; rv:11.0) like Gecko"
209.141.47.135 - - [04/Nov/2025:17:05:34 +0100] "GET /wp-login.php HTTP/1.1" 200 7136 "-" "Mozilla/5.0 (Windows NT 10.0; Win64; x64) AppleWebKit/537.36 (KHTML, like Gecko) Chrome/118.0.5993.117 Safari/537.36"
207.180.227.180 - - [04/Nov/2025:17:05:42 +0100] "POST /wp-cron.php?doing_wp_cron=1762272342.3110399246215820312500 HTTP/1.1" 404 15727 "-" "WordPress/6.8.3; https://impuguke.com"
207.180.227.180 - - [04/Nov/2025:17:05:44 +0100] "POST /wp-cron.php?doing_wp_cron=1762272344.2068688869476318359375 HTTP/1.1" 404 15727 "-" "WordPress/6.8.3; https://impuguke.com"
114.119.129.233 - - [04/Nov/2025:17:05:35 +0100] "GET /?o=61477941041620 HTTP/1.1" 200 203389 "https://impuguke.com/sitemap_index.xml" "Mozilla/5.0 (Linux; Android 7.0;) AppleWebKit/537.36 (KHTML, like Gecko) Mobile Safari/537.36 (compatible; PetalBot;+https://webmaster.petalsearch.com/site/petalbot)"
114.119.132.12 - - [04/Nov/2025:17:07:15 +0100] "GET /?o=61369050051620 HTTP/1.1" 200 196608 "https://impuguke.com/sitemap_index.xml" "Mozilla/5.0 (Linux; Android 7.0;) AppleWebKit/537.36 (KHTML, like Gecko) Mobile Safari/537.36 (compatible; PetalBot;+https://webmaster.petalsearch.com/site/petalbot)"
207.180.227.180 - - [04/Nov/2025:17:07:25 +0100] "POST /wp-cron.php?doing_wp_cron=1762272445.2197239398956298828125 HTTP/1.1" 404 16000 "-" "WordPress/6.8.3; https://impuguke.com"
209.141.47.135 - - [04/Nov/2025:17:07:42 +0100] "POST /wp-login.php HTTP/1.1" 200 7392 "-" "Mozilla/5.0 (Windows NT 10.0; Win64; x64) AppleWebKit/537.36 (KHTML, like Gecko) Chrome/118.0.5993.117 Safari/537.36"
66.249.64.107 - - [04/Nov/2025:17:08:02 +0100] "GET /2025/10/23/ferwafa-yitabaje-rib-ngo-iyifashe-gufata-ibisambo-biri-mu-mupira-wamaguru/ HTTP/1.1" 508 288 "-" "Mozilla/5.0 (Linux; Android 6.0.1; Nexus 5X Build/MMB29P) AppleWebKit/537.36 (KHTML, like Gecko) Chrome/141.0.7390.122 Mobile Safari/537.36 (compatible; Googlebot/2.1; +http://www.google.com/bot.html)"
66.249.64.107 - - [04/Nov/2025:17:08:20 +0100] "GET /2025/10/25/apr-fc-yamwariye-imbere-ya-kiyovu-abafana-bahita-batabaza-ubuyobozi/ HTTP/1.1" 200 168914 "-" "Mozilla/5.0 (Linux; Android 6.0.1; Nexus 5X Build/MMB29P) AppleWebKit/537.36 (KHTML, like Gecko) Chrome/141.0.7390.122 Mobile Safari/537.36 (compatible; Googlebot/2.1; +http://www.google.com/bot.html)"
207.180.227.180 - - [04/Nov/2025:17:08:39 +0100] "POST /wp-cron.php?doing_wp_cron=1762272519.0110580921173095703125 HTTP/1.1" 404 16000 "-" "WordPress/6.8.3; https://impuguke.com"
114.119.146.107 - - [04/Nov/2025:17:08:30 +0100] "GET /?o=61345811021620 HTTP/1.1" 200 203389 "https://impuguke.com/sitemap_index.xml" "Mozilla/5.0 (Linux; Android 7.0;) AppleWebKit/537.36 (KHTML, like Gecko) Mobile Safari/537.36 (compatible; PetalBot;+https://webmaster.petalsearch.com/site/petalbot)"
207.180.227.180 - - [04/Nov/2025:17:09:44 +0100] "POST /wp-cron.php?doing_wp_cron=1762272583.9176681041717529296875 HTTP/1.1" 404 15727 "-" "WordPress/6.8.3; https://impuguke.com"
114.119.154.87 - - [04/Nov/2025:17:09:38 +0100] "GET /?o=61132201021620 HTTP/1.1" 200 196608 "https://impuguke.com/sitemap_index.xml" "Mozilla/5.0 (Linux; Android 7.0;) AppleWebKit/537.36 (KHTML, like Gecko) Mobile Safari/537.36 (compatible; PetalBot;+https://webmaster.petalsearch.com/site/petalbot)"
114.119.156.99 - - [04/Nov/2025:17:11:19 +0100] "GET /?o=60938708011620 HTTP/1.1" 500 - "https://impuguke.com/sitemap_index.xml" "Mozilla/5.0 (Linux; Android 7.0;) AppleWebKit/537.36 (KHTML, like Gecko) Mobile Safari/537.36 (compatible; PetalBot;+https://webmaster.petalsearch.com/site/petalbot)"
52.167.144.180 - - [04/Nov/2025:17:11:25 +0100] "GET /sitemap_index.xml HTTP/1.1" 200 305046 "-" "Mozilla/5.0 AppleWebKit/537.36 (KHTML, like Gecko; compatible; bingbot/2.0; +http://www.bing.com/bingbot.htm) Chrome/116.0.1938.76 Safari/537.36"
207.180.227.180 - - [04/Nov/2025:17:12:40 +0100] "POST /wp-cron.php?doing_wp_cron=1762272759.9091010093688964843750 HTTP/1.1" 404 16000 "-" "WordPress/6.8.3; https://impuguke.com"
114.119.129.233 - - [04/Nov/2025:17:12:33 +0100] "GET /?o=60907047051620 HTTP/1.1" 200 196608 "https://impuguke.com/sitemap_index.xml" "Mozilla/5.0 (Linux; Android 7.0;) AppleWebKit/537.36 (KHTML, like Gecko) Mobile Safari/537.36 (compatible; PetalBot;+https://webmaster.petalsearch.com/site/petalbot)"
114.119.139.148 - - [04/Nov/2025:17:13:56 +0100] "GET /?o=6079970031620 HTTP/1.1" 200 203386 "https://impuguke.com/sitemap_index.xml" "Mozilla/5.0 (Linux; Android 7.0;) AppleWebKit/537.36 (KHTML, like Gecko) Mobile Safari/537.36 (compatible; PetalBot;+https://webmaster.petalsearch.com/site/petalbot)"
207.180.227.180 - - [04/Nov/2025:17:14:06 +0100] "POST /wp-cron.php?doing_wp_cron=1762272846.6062140464782714843750 HTTP/1.1" 404 16000 "-" "WordPress/6.8.3; https://impuguke.com"
114.119.154.87 - - [04/Nov/2025:17:15:14 +0100] "GET /?o=60779521081620 HTTP/1.1" 508 288 "https://impuguke.com/sitemap_index.xml" "Mozilla/5.0 (Linux; Android 7.0;) AppleWebKit/537.36 (KHTML, like Gecko) Mobile Safari/537.36 (compatible; PetalBot;+https://webmaster.petalsearch.com/site/petalbot)"
143.198.232.185 - - [04/Nov/2025:17:14:57 +0100] "POST /wp-login.php HTTP/1.1" 500 - "-" "Mozilla/5.0"
143.198.232.185 - - [04/Nov/2025:17:14:57 +0100] "POST /wp-login.php HTTP/1.1" 500 - "-" "Mozilla/5.0"
143.198.232.185 - - [04/Nov/2025:17:14:57 +0100] "POST /wp-login.php HTTP/1.1" 302 - "-" "Mozilla/5.0"
143.198.232.185 - - [04/Nov/2025:17:14:57 +0100] "POST /wp-login.php HTTP/1.1" 302 - "-" "Mozilla/5.0"
207.180.227.180 - - [04/Nov/2025:17:15:26 +0100] "POST /wp-cron.php?doing_wp_cron=1762272925.7244949340820312500000 HTTP/1.1" 500 - "-" "WordPress/6.8.3; https://impuguke.com"
207.180.227.180 - - [04/Nov/2025:17:15:28 +0100] "POST /wp-cron.php?doing_wp_cron=1762272928.1169419288635253906250 HTTP/1.1" 500 - "-" "WordPress/6.8.3; https://impuguke.com"
162.19.155.0 - - [04/Nov/2025:17:15:29 +0100] "POST /wp-login.php HTTP/1.1" 200 7373 "-" "Mozilla/5.0 (Windows NT 10.0; Win64; x64; rv:89.0) Gecko/20100101 Firefox/89.0"
207.180.227.180 - - [04/Nov/2025:17:16:56 +0100] "POST /wp-cron.php?doing_wp_cron=1762273016.2280459403991699218750 HTTP/1.1" 404 16000 "-" "WordPress/6.8.3; https://impuguke.com"
114.119.146.107 - - [04/Nov/2025:17:16:53 +0100] "GET /?o=60737814081620 HTTP/1.1" 500 203389 "https://impuguke.com/sitemap_index.xml" "Mozilla/5.0 (Linux; Android 7.0;) AppleWebKit/537.36 (KHTML, like Gecko) Mobile Safari/537.36 (compatible; PetalBot;+https://webmaster.petalsearch.com/site/petalbot)"
114.119.129.233 - - [04/Nov/2025:17:18:57 +0100] "GET /?o=60628686071620 HTTP/1.1" 200 203389 "https://impuguke.com/sitemap_index.xml" "Mozilla/5.0 (Linux; Android 7.0;) AppleWebKit/537.36 (KHTML, like Gecko) Mobile Safari/537.36 (compatible; PetalBot;+https://webmaster.petalsearch.com/site/petalbot)"
207.180.227.180 - - [04/Nov/2025:17:19:04 +0100] "POST /wp-cron.php?doing_wp_cron=1762273144.5205030441284179687500 HTTP/1.1" 404 15727 "-" "WordPress/6.8.3; https://impuguke.com"
114.119.151.208 - - [04/Nov/2025:17:19:37 +0100] "GET /?o=60339304051620 HTTP/1.1" 200 195197 "https://impuguke.com/sitemap_index.xml" "Mozilla/5.0 (Linux; Android 7.0;) AppleWebKit/537.36 (KHTML, like Gecko) Mobile Safari/537.36 (compatible; PetalBot;+https://webmaster.petalsearch.com/site/petalbot)"
194.26.192.75 - - [04/Nov/2025:17:20:31 +0100] "GET /wp-content/themes/seotheme/db.php?u HTTP/1.1" 508 288 "www.google.com" "Mozlila/5.0 (Linux; Android 7.0; SM-G892A Bulid/NRD90M; wv) AppleWebKit/537.36 (KHTML, like Gecko) Version/4.0 Chrome/60.0.3112.107 Moblie Safari/537.36"
114.119.132.12 - - [04/Nov/2025:17:20:49 +0100] "GET /?o=60335296111620 HTTP/1.1" 500 - "https://impuguke.com/sitemap_index.xml" "Mozilla/5.0 (Linux; Android 7.0;) AppleWebKit/537.36 (KHTML, like Gecko) Mobile Safari/537.36 (compatible; PetalBot;+https://webmaster.petalsearch.com/site/petalbot)"
114.119.140.221 - - [04/Nov/2025:17:22:09 +0100] "GET /?o=60303908041620 HTTP/1.1" 200 203389 "https://impuguke.com/sitemap_index.xml" "Mozilla/5.0 (Linux; Android 7.0;) AppleWebKit/537.36 (KHTML, like Gecko) Mobile Safari/537.36 (compatible; PetalBot;+https://webmaster.petalsearch.com/site/petalbot)"
114.119.139.148 - - [04/Nov/2025:17:23:31 +0100] "GET /?o=60166925051620 HTTP/1.1" 200 203389 "https://impuguke.com/sitemap_index.xml" "Mozilla/5.0 (Linux; Android 7.0;) AppleWebKit/537.36 (KHTML, like Gecko) Mobile Safari/537.36 (compatible; PetalBot;+https://webmaster.petalsearch.com/site/petalbot)"
207.180.227.180 - - [04/Nov/2025:17:23:33 +0100] "POST /wp-cron.php?doing_wp_cron=1762273413.7165219783782958984375 HTTP/1.1" 404 15727 "-" "WordPress/6.8.3; https://impuguke.com"
51.195.244.105 - - [04/Nov/2025:17:23:56 +0100] "GET /2025/10/08/umuyobozi-wo-muri-gasabo-akurikiranyweho-kwaka-no-kwakira-indonke/ HTTP/1.1" 200 161930 "-" "Mozilla/5.0 (compatible; AhrefsBot/7.0; +http://ahrefs.com/robot/)"
31.13.127.47 - - [04/Nov/2025:17:24:46 +0100] "GET /wp-content/uploads/2025/10/20250617_185045-2.jpg HTTP/1.1" 200 436091 "-" "facebookexternalhit/1.1 (+http://www.facebook.com/externalhit_uatext.php)"
114.119.154.87 - - [04/Nov/2025:17:24:57 +0100] "GET /?o=60154317021620 HTTP/1.1" 200 203389 "https://impuguke.com/sitemap_index.xml" "Mozilla/5.0 (Linux; Android 7.0;) AppleWebKit/537.36 (KHTML, like Gecko) Mobile Safari/537.36 (compatible; PetalBot;+https://webmaster.petalsearch.com/site/petalbot)"
207.180.227.180 - - [04/Nov/2025:17:24:59 +0100] "POST /wp-cron.php?doing_wp_cron=1762273499.6107521057128906250000 HTTP/1.1" 404 16000 "-" "WordPress/6.8.3; https://impuguke.com"
54.38.147.71 - - [04/Nov/2025:17:25:46 +0100] "GET /wp-content/uploads/2025/10/field_19803_25102516470091832-300x240.jpg HTTP/1.1" 200 22616 "-" "Mozilla/5.0 (compatible; AhrefsBot/7.0; +http://ahrefs.com/robot/)"
114.119.132.12 - - [04/Nov/2025:17:26:18 +0100] "GET /?o=60151023031620 HTTP/1.1" 200 203389 "https://impuguke.com/sitemap_index.xml" "Mozilla/5.0 (Linux; Android 7.0;) AppleWebKit/537.36 (KHTML, like Gecko) Mobile Safari/537.36 (compatible; PetalBot;+https://webmaster.petalsearch.com/site/petalbot)"
207.180.227.180 - - [04/Nov/2025:17:26:22 +0100] "POST /wp-cron.php?doing_wp_cron=1762273582.0179240703582763671875 HTTP/1.1" 404 16000 "-" "WordPress/6.8.3; https://impuguke.com"
114.119.129.233 - - [04/Nov/2025:17:27:42 +0100] "GET /?o=60111141041620 HTTP/1.1" 200 203389 "https://impuguke.com/sitemap_index.xml" "Mozilla/5.0 (Linux; Android 7.0;) AppleWebKit/537.36 (KHTML, like Gecko) Mobile Safari/537.36 (compatible; PetalBot;+https://webmaster.petalsearch.com/site/petalbot)"
207.180.227.180 - - [04/Nov/2025:17:27:44 +0100] "POST /wp-cron.php?doing_wp_cron=1762273663.9386870861053466796875 HTTP/1.1" 404 15727 "-" "WordPress/6.8.3; https://impuguke.com"
207.180.227.180 - - [04/Nov/2025:17:29:07 +0100] "POST /wp-cron.php?doing_wp_cron=1762273747.3332929611206054687500 HTTP/1.1" 404 15727 "-" "WordPress/6.8.3; https://impuguke.com"
114.119.146.107 - - [04/Nov/2025:17:29:05 +0100] "GET /?o=60034325011620 HTTP/1.1" 200 203389 "https://impuguke.com/sitemap_index.xml" "Mozilla/5.0 (Linux; Android 7.0;) AppleWebKit/537.36 (KHTML, like Gecko) Mobile Safari/537.36 (compatible; PetalBot;+https://webmaster.petalsearch.com/site/petalbot)"
207.180.227.180 - - [04/Nov/2025:17:30:34 +0100] "POST /wp-cron.php?doing_wp_cron=1762273834.3119130134582519531250 HTTP/1.1" 404 15727 "-" "WordPress/6.8.3; https://impuguke.com"
114.119.156.99 - - [04/Nov/2025:17:30:31 +0100] "GET /?o=60029377011620 HTTP/1.1" 200 203389 "https://impuguke.com/sitemap_index.xml" "Mozilla/5.0 (Linux; Android 7.0;) AppleWebKit/537.36 (KHTML, like Gecko) Mobile Safari/537.36 (compatible; PetalBot;+https://webmaster.petalsearch.com/site/petalbot)"
114.119.151.208 - - [04/Nov/2025:17:31:52 +0100] "GET /?o=60018020041620 HTTP/1.1" 200 203389 "https://impuguke.com/sitemap_index.xml" "Mozilla/5.0 (Linux; Android 7.0;) AppleWebKit/537.36 (KHTML, like Gecko) Mobile Safari/537.36 (compatible; PetalBot;+https://webmaster.petalsearch.com/site/petalbot)"
207.180.227.180 - - [04/Nov/2025:17:31:54 +0100] "POST /wp-cron.php?doing_wp_cron=1762273914.8337409496307373046875 HTTP/1.1" 404 15727 "-" "WordPress/6.8.3; https://impuguke.com"
114.119.139.148 - - [04/Nov/2025:17:33:17 +0100] "GET /?o=59993212051620 HTTP/1.1" 200 203389 "https://impuguke.com/sitemap_index.xml" "Mozilla/5.0 (Linux; Android 7.0;) AppleWebKit/537.36 (KHTML, like Gecko) Mobile Safari/537.36 (compatible; PetalBot;+https://webmaster.petalsearch.com/site/petalbot)"
207.180.227.180 - - [04/Nov/2025:17:33:22 +0100] "POST /wp-cron.php?doing_wp_cron=1762274002.2324869632720947265625 HTTP/1.1" 404 15727 "-" "WordPress/6.8.3; https://impuguke.com"
114.119.146.107 - - [04/Nov/2025:17:34:40 +0100] "GET /?o=59920793011620 HTTP/1.1" 200 203389 "https://impuguke.com/sitemap_index.xml" "Mozilla/5.0 (Linux; Android 7.0;) AppleWebKit/537.36 (KHTML, like Gecko) Mobile Safari/537.36 (compatible; PetalBot;+https://webmaster.petalsearch.com/site/petalbot)"
207.180.227.180 - - [04/Nov/2025:17:34:43 +0100] "POST /wp-cron.php?doing_wp_cron=1762274083.5697760581970214843750 HTTP/1.1" 404 16000 "-" "WordPress/6.8.3; https://impuguke.com"
207.180.227.180 - - [04/Nov/2025:17:36:09 +0100] "POST /wp-cron.php?doing_wp_cron=1762274169.1109900474548339843750 HTTP/1.1" 404 15727 "-" "WordPress/6.8.3; https://impuguke.com"
114.119.154.87 - - [04/Nov/2025:17:36:06 +0100] "GET /?o=59886862011620 HTTP/1.1" 200 203389 "https://impuguke.com/sitemap_index.xml" "Mozilla/5.0 (Linux; Android 7.0;) AppleWebKit/537.36 (KHTML, like Gecko) Mobile Safari/537.36 (compatible; PetalBot;+https://webmaster.petalsearch.com/site/petalbot)"
143.198.87.186 - - [04/Nov/2025:17:37:07 +0100] "GET /wp-login.php HTTP/1.1" 200 7136 "-" "Mozilla/5.0 (Windows NT 10.0; Win64; x64) AppleWebKit/537.36 (KHTML, like Gecko) Chrome/64.0.3282.140 Safari/537.36 OPR/51.0.2830.34"
207.180.227.180 - - [04/Nov/2025:17:37:09 +0100] "POST /wp-cron.php?doing_wp_cron=1762274229.2791330814361572265625 HTTP/1.1" 404 15727 "-" "WordPress/6.8.3; https://impuguke.com"
143.198.87.186 - - [04/Nov/2025:17:37:14 +0100] "POST /wp-login.php HTTP/1.1" 200 7392 "https://impuguke.com/wp-login.php" "Mozilla/5.0 (Windows NT 10.0; Win64; x64) AppleWebKit/537.36 (KHTML, like Gecko) Chrome/64.0.3282.140 Safari/537.36 OPR/51.0.2830.34"
114.119.151.208 - - [04/Nov/2025:17:37:28 +0100] "GET /?o=59794417011620 HTTP/1.1" 200 203389 "https://impuguke.com/sitemap_index.xml" "Mozilla/5.0 (Linux; Android 7.0;) AppleWebKit/537.36 (KHTML, like Gecko) Mobile Safari/537.36 (compatible; PetalBot;+https://webmaster.petalsearch.com/site/petalbot)"
207.180.227.180 - - [04/Nov/2025:17:39:33 +0100] "POST /wp-cron.php?doing_wp_cron=1762274373.6072909832000732421875 HTTP/1.1" 404 15727 "-" "WordPress/6.8.3; https://impuguke.com"
114.119.132.12 - - [04/Nov/2025:17:38:51 +0100] "GET /?o=59709313061620 HTTP/1.1" 200 203389 "https://impuguke.com/sitemap_index.xml" "Mozilla/5.0 (Linux; Android 7.0;) AppleWebKit/537.36 (KHTML, like Gecko) Mobile Safari/537.36 (compatible; PetalBot;+https://webmaster.petalsearch.com/site/petalbot)"
114.119.154.87 - - [04/Nov/2025:17:40:15 +0100] "GET /?o=59680414091620 HTTP/1.1" 200 203389 "https://impuguke.com/sitemap_index.xml" "Mozilla/5.0 (Linux; Android 7.0;) AppleWebKit/537.36 (KHTML, like Gecko) Mobile Safari/537.36 (compatible; PetalBot;+https://webmaster.petalsearch.com/site/petalbot)"
114.119.151.208 - - [04/Nov/2025:17:41:40 +0100] "GET /?o=59672859061620 HTTP/1.1" 200 203389 "https://impuguke.com/sitemap_index.xml" "Mozilla/5.0 (Linux; Android 7.0;) AppleWebKit/537.36 (KHTML, like Gecko) Mobile Safari/537.36 (compatible; PetalBot;+https://webmaster.petalsearch.com/site/petalbot)"
207.180.227.180 - - [04/Nov/2025:17:41:42 +0100] "POST /wp-cron.php?doing_wp_cron=1762274502.7240390777587890625000 HTTP/1.1" 404 15727 "-" "WordPress/6.8.3; https://impuguke.com"
51.81.2.86 - - [04/Nov/2025:17:42:51 +0100] "GET /wp-login.php HTTP/1.1" 200 7136 "-" "Mozilla/5.0 (Windows NT 6.3; Win64; x64) AppleWebKit/537.36 (KHTML, like Gecko) Chrome/66.0.3359.139 Safari/537.36"
207.180.227.180 - - [04/Nov/2025:17:42:53 +0100] "POST /wp-cron.php?doing_wp_cron=1762274572.9564719200134277343750 HTTP/1.1" 404 16000 "-" "WordPress/6.8.3; https://impuguke.com"
114.119.140.221 - - [04/Nov/2025:17:43:03 +0100] "GET /?o=59649043051620 HTTP/1.1" 200 203389 "https://impuguke.com/sitemap_index.xml" "Mozilla/5.0 (Linux; Android 7.0;) AppleWebKit/537.36 (KHTML, like Gecko) Mobile Safari/537.36 (compatible; PetalBot;+https://webmaster.petalsearch.com/site/petalbot)"
85.208.96.193 - - [04/Nov/2025:17:44:23 +0100] "GET /robots.txt HTTP/1.1" 200 66 "-" "Mozilla/5.0 (compatible; SemrushBot/7~bl; +http://www.semrush.com/bot.html)"
85.208.96.202 - - [04/Nov/2025:17:44:24 +0100] "GET /category/home/ahabanza/amakuru/inkuru-ndende/ HTTP/1.1" 200 145277 "-" "Mozilla/5.0 (compatible; SemrushBot/7~bl; +http://www.semrush.com/bot.html)"
207.180.227.180 - - [04/Nov/2025:17:44:26 +0100] "POST /wp-cron.php?doing_wp_cron=1762274666.1118249893188476562500 HTTP/1.1" 404 15727 "-" "WordPress/6.8.3; https://impuguke.com"
114.119.156.99 - - [04/Nov/2025:17:44:27 +0100] "GET /?o=5954729011620 HTTP/1.1" 200 203386 "https://impuguke.com/sitemap_index.xml" "Mozilla/5.0 (Linux; Android 7.0;) AppleWebKit/537.36 (KHTML, like Gecko) Mobile Safari/537.36 (compatible; PetalBot;+https://webmaster.petalsearch.com/site/petalbot)"
114.119.146.107 - - [04/Nov/2025:17:45:50 +0100] "GET /?o=59544291051620 HTTP/1.1" 200 203389 "https://impuguke.com/sitemap_index.xml" "Mozilla/5.0 (Linux; Android 7.0;) AppleWebKit/537.36 (KHTML, like Gecko) Mobile Safari/537.36 (compatible; PetalBot;+https://webmaster.petalsearch.com/site/petalbot)"
207.180.227.180 - - [04/Nov/2025:17:45:52 +0100] "POST /wp-cron.php?doing_wp_cron=1762274752.2720999717712402343750 HTTP/1.1" 404 15727 "-" "WordPress/6.8.3; https://impuguke.com"
114.119.129.233 - - [04/Nov/2025:17:47:15 +0100] "GET /?o=59504387001620 HTTP/1.1" 200 203389 "https://impuguke.com/sitemap_index.xml" "Mozilla/5.0 (Linux; Android 7.0;) AppleWebKit/537.36 (KHTML, like Gecko) Mobile Safari/537.36 (compatible; PetalBot;+https://webmaster.petalsearch.com/site/petalbot)"
207.180.227.180 - - [04/Nov/2025:17:47:17 +0100] "POST /wp-cron.php?doing_wp_cron=1762274837.6277821063995361328125 HTTP/1.1" 404 15727 "-" "WordPress/6.8.3; https://impuguke.com"
114.119.151.208 - - [04/Nov/2025:17:48:39 +0100] "GET /?o=59498704011620 HTTP/1.1" 200 203389 "https://impuguke.com/sitemap_index.xml" "Mozilla/5.0 (Linux; Android 7.0;) AppleWebKit/537.36 (KHTML, like Gecko) Mobile Safari/537.36 (compatible; PetalBot;+https://webmaster.petalsearch.com/site/petalbot)"
207.180.227.180 - - [04/Nov/2025:17:48:41 +0100] "POST /wp-cron.php?doing_wp_cron=1762274921.6224229335784912109375 HTTP/1.1" 404 15727 "-" "WordPress/6.8.3; https://impuguke.com"
114.119.132.12 - - [04/Nov/2025:17:50:02 +0100] "GET /?o=59458662051620 HTTP/1.1" 200 203389 "https://impuguke.com/sitemap_index.xml" "Mozilla/5.0 (Linux; Android 7.0;) AppleWebKit/537.36 (KHTML, like Gecko) Mobile Safari/537.36 (compatible; PetalBot;+https://webmaster.petalsearch.com/site/petalbot)"
207.180.227.180 - - [04/Nov/2025:17:50:11 +0100] "POST /wp-cron.php?doing_wp_cron=1762275011.4250020980834960937500 HTTP/1.1" 404 15727 "-" "WordPress/6.8.3; https://impuguke.com"
114.119.139.148 - - [04/Nov/2025:17:51:26 +0100] "GET /?o=59457230031620 HTTP/1.1" 200 203389 "https://impuguke.com/sitemap_index.xml" "Mozilla/5.0 (Linux; Android 7.0;) AppleWebKit/537.36 (KHTML, like Gecko) Mobile Safari/537.36 (compatible; PetalBot;+https://webmaster.petalsearch.com/site/petalbot)"
207.180.227.180 - - [04/Nov/2025:17:51:28 +0100] "POST /wp-cron.php?doing_wp_cron=1762275088.6089398860931396484375 HTTP/1.1" 404 16000 "-" "WordPress/6.8.3; https://impuguke.com"
52.167.144.171 - - [04/Nov/2025:17:51:32 +0100] "GET /2025/10/09/ingabire-marie-immaculee-yitabye-imana/ HTTP/1.1" 200 171795 "-" "Mozilla/5.0 AppleWebKit/537.36 (KHTML, like Gecko; compatible; bingbot/2.0; +http://www.bing.com/bingbot.htm) Chrome/116.0.1938.76 Safari/537.36"
198.244.242.4 - - [04/Nov/2025:17:51:36 +0100] "GET / HTTP/1.1" 200 203338 "-" "Mozilla/5.0 (compatible; AhrefsBot/7.0; +http://ahrefs.com/robot/)"
143.198.232.185 - - [04/Nov/2025:17:52:10 +0100] "POST /wp-login.php HTTP/1.1" 200 7334 "-" "Mozilla/5.0"
143.198.232.185 - - [04/Nov/2025:17:52:10 +0100] "POST /wp-login.php HTTP/1.1" 200 7334 "-" "Mozilla/5.0"
143.198.232.185 - - [04/Nov/2025:17:52:10 +0100] "POST /wp-login.php HTTP/1.1" 200 7334 "-" "Mozilla/5.0"
143.198.232.185 - - [04/Nov/2025:17:52:10 +0100] "POST /wp-login.php HTTP/1.1" 200 7334 "-" "Mozilla/5.0"
114.119.139.148 - - [04/Nov/2025:17:52:48 +0100] "GET /?o=59456060051620 HTTP/1.1" 200 203389 "https://impuguke.com/sitemap_index.xml" "Mozilla/5.0 (Linux; Android 7.0;) AppleWebKit/537.36 (KHTML, like Gecko) Mobile Safari/537.36 (compatible; PetalBot;+https://webmaster.petalsearch.com/site/petalbot)"
207.180.227.180 - - [04/Nov/2025:17:52:54 +0100] "POST /wp-cron.php?doing_wp_cron=1762275173.8200590610504150390625 HTTP/1.1" 404 15727 "-" "WordPress/6.8.3; https://impuguke.com"
114.119.156.99 - - [04/Nov/2025:17:54:13 +0100] "GET /?o=59443160021620 HTTP/1.1" 200 203389 "https://impuguke.com/sitemap_index.xml" "Mozilla/5.0 (Linux; Android 7.0;) AppleWebKit/537.36 (KHTML, like Gecko) Mobile Safari/537.36 (compatible; PetalBot;+https://webmaster.petalsearch.com/site/petalbot)"
207.180.227.180 - - [04/Nov/2025:17:54:15 +0100] "POST /wp-cron.php?doing_wp_cron=1762275255.8296101093292236328125 HTTP/1.1" 404 15727 "-" "WordPress/6.8.3; https://impuguke.com"
185.191.171.15 - - [04/Nov/2025:17:55:07 +0100] "GET /page/10/ HTTP/1.1" 200 193138 "-" "Mozilla/5.0 (compatible; SemrushBot/7~bl; +http://www.semrush.com/bot.html)"
114.119.139.148 - - [04/Nov/2025:17:55:36 +0100] "GET /?o=59441589021620 HTTP/1.1" 200 203389 "https://impuguke.com/sitemap_index.xml" "Mozilla/5.0 (Linux; Android 7.0;) AppleWebKit/537.36 (KHTML, like Gecko) Mobile Safari/537.36 (compatible; PetalBot;+https://webmaster.petalsearch.com/site/petalbot)"
207.180.227.180 - - [04/Nov/2025:17:55:40 +0100] "POST /wp-cron.php?doing_wp_cron=1762275340.4211740493774414062500 HTTP/1.1" 404 15727 "-" "WordPress/6.8.3; https://impuguke.com"
114.119.139.148 - - [04/Nov/2025:17:56:59 +0100] "GET /?o=59383055031620 HTTP/1.1" 200 203389 "https://impuguke.com/sitemap_index.xml" "Mozilla/5.0 (Linux; Android 7.0;) AppleWebKit/537.36 (KHTML, like Gecko) Mobile Safari/537.36 (compatible; PetalBot;+https://webmaster.petalsearch.com/site/petalbot)"
114.119.156.99 - - [04/Nov/2025:17:58:24 +0100] "GET /?o=59262687021620 HTTP/1.1" 200 203389 "https://impuguke.com/sitemap_index.xml" "Mozilla/5.0 (Linux; Android 7.0;) AppleWebKit/537.36 (KHTML, like Gecko) Mobile Safari/537.36 (compatible; PetalBot;+https://webmaster.petalsearch.com/site/petalbot)"
207.180.227.180 - - [04/Nov/2025:17:58:29 +0100] "POST /wp-cron.php?doing_wp_cron=1762275509.8059699535369873046875 HTTP/1.1" 404 15727 "-" "WordPress/6.8.3; https://impuguke.com"
114.119.146.107 - - [04/Nov/2025:17:59:47 +0100] "GET /?o=59244584011620 HTTP/1.1" 200 203389 "https://impuguke.com/sitemap_index.xml" "Mozilla/5.0 (Linux; Android 7.0;) AppleWebKit/537.36 (KHTML, like Gecko) Mobile Safari/537.36 (compatible; PetalBot;+https://webmaster.petalsearch.com/site/petalbot)"
207.180.227.180 - - [04/Nov/2025:17:59:55 +0100] "POST /wp-cron.php?doing_wp_cron=1762275595.7116611003875732421875 HTTP/1.1" 404 16000 "-" "WordPress/6.8.3; https://impuguke.com"
114.119.132.12 - - [04/Nov/2025:18:01:11 +0100] "GET /?o=59127282001620 HTTP/1.1" 200 203389 "https://impuguke.com/sitemap_index.xml" "Mozilla/5.0 (Linux; Android 7.0;) AppleWebKit/537.36 (KHTML, like Gecko) Mobile Safari/537.36 (compatible; PetalBot;+https://webmaster.petalsearch.com/site/petalbot)"
207.180.227.180 - - [04/Nov/2025:18:01:20 +0100] "POST /wp-cron.php?doing_wp_cron=1762275680.0232601165771484375000 HTTP/1.1" 404 15727 "-" "WordPress/6.8.3; https://impuguke.com"
94.32.111.10 - - [04/Nov/2025:18:01:21 +0100] "POST /wp-login.php HTTP/1.1" 200 7373 "-" "Mozilla/5.0 (Windows NT 10.0; Win64; x64; rv:41.0) Gecko/20100101 Firefox/41.0"
57.141.0.75 - - [04/Nov/2025:18:01:31 +0100] "GET /index.html HTTP/1.1" 301 - "-" "meta-externalagent/1.1 (+https://developers.facebook.com/docs/sharing/webmasters/crawler)"
57.141.0.63 - - [04/Nov/2025:18:01:33 +0100] "GET / HTTP/1.1" 200 203338 "-" "meta-externalagent/1.1 (+https://developers.facebook.com/docs/sharing/webmasters/crawler)"
57.141.0.73 - - [04/Nov/2025:18:01:40 +0100] "GET / HTTP/1.1" 301 - "-" "meta-externalagent/1.1 (+https://developers.facebook.com/docs/sharing/webmasters/crawler)"
114.119.140.221 - - [04/Nov/2025:18:02:35 +0100] "GET /?o=59125152031620 HTTP/1.1" 200 203389 "https://impuguke.com/sitemap_index.xml" "Mozilla/5.0 (Linux; Android 7.0;) AppleWebKit/537.36 (KHTML, like Gecko) Mobile Safari/537.36 (compatible; PetalBot;+https://webmaster.petalsearch.com/site/petalbot)"
207.180.227.180 - - [04/Nov/2025:18:02:41 +0100] "POST /wp-cron.php?doing_wp_cron=1762275761.2145030498504638671875 HTTP/1.1" 404 15727 "-" "WordPress/6.8.3; https://impuguke.com"
207.180.227.180 - - [04/Nov/2025:18:04:01 +0100] "POST /wp-cron.php?doing_wp_cron=1762275840.9434170722961425781250 HTTP/1.1" 404 16000 "-" "WordPress/6.8.3; https://impuguke.com"
114.119.129.233 - - [04/Nov/2025:18:03:58 +0100] "GET /?o=59117188021620 HTTP/1.1" 200 203389 "https://impuguke.com/sitemap_index.xml" "Mozilla/5.0 (Linux; Android 7.0;) AppleWebKit/537.36 (KHTML, like Gecko) Mobile Safari/537.36 (compatible; PetalBot;+https://webmaster.petalsearch.com/site/petalbot)"
207.180.227.180 - - [04/Nov/2025:18:05:30 +0100] "POST /wp-cron.php?doing_wp_cron=1762275930.0081529617309570312500 HTTP/1.1" 404 15727 "-" "WordPress/6.8.3; https://impuguke.com"
114.119.139.148 - - [04/Nov/2025:18:05:28 +0100] "GET /?o=59096068011620 HTTP/1.1" 200 203389 "https://impuguke.com/sitemap_index.xml" "Mozilla/5.0 (Linux; Android 7.0;) AppleWebKit/537.36 (KHTML, like Gecko) Mobile Safari/537.36 (compatible; PetalBot;+https://webmaster.petalsearch.com/site/petalbot)"
114.119.146.107 - - [04/Nov/2025:18:06:49 +0100] "GET /?o=59092468011620 HTTP/1.1" 200 203389 "https://impuguke.com/sitemap_index.xml" "Mozilla/5.0 (Linux; Android 7.0;) AppleWebKit/537.36 (KHTML, like Gecko) Mobile Safari/537.36 (compatible; PetalBot;+https://webmaster.petalsearch.com/site/petalbot)"
207.180.227.180 - - [04/Nov/2025:18:06:55 +0100] "POST /wp-cron.php?doing_wp_cron=1762276014.8239190578460693359375 HTTP/1.1" 404 15727 "-" "WordPress/6.8.3; https://impuguke.com"
173.212.217.36 - - [04/Nov/2025:18:08:15 +0100] "GET /wp-login.php HTTP/1.1" 200 7136 "-" "Mozilla/5.0 (Macintosh; Intel Mac OS X 10_10_5) AppleWebKit/603.2.5 (KHTML, like Gecko) Version/10.1.1 Safari/603.2.5"
114.119.140.221 - - [04/Nov/2025:18:08:09 +0100] "GET /?o=59070551081620 HTTP/1.1" 200 203389 "https://impuguke.com/sitemap_index.xml" "Mozilla/5.0 (Linux; Android 7.0;) AppleWebKit/537.36 (KHTML, like Gecko) Mobile Safari/537.36 (compatible; PetalBot;+https://webmaster.petalsearch.com/site/petalbot)"
207.180.227.180 - - [04/Nov/2025:18:08:17 +0100] "POST /wp-cron.php?doing_wp_cron=1762276097.5076069831848144531250 HTTP/1.1" 404 15727 "-" "WordPress/6.8.3; https://impuguke.com"
114.119.151.208 - - [04/Nov/2025:18:09:33 +0100] "GET /?o=59057180031620 HTTP/1.1" 200 203389 "https://impuguke.com/sitemap_index.xml" "Mozilla/5.0 (Linux; Android 7.0;) AppleWebKit/537.36 (KHTML, like Gecko) Mobile Safari/537.36 (compatible; PetalBot;+https://webmaster.petalsearch.com/site/petalbot)"
207.180.227.180 - - [04/Nov/2025:18:09:41 +0100] "POST /wp-cron.php?doing_wp_cron=1762276181.1119639873504638671875 HTTP/1.1" 404 16000 "-" "WordPress/6.8.3; https://impuguke.com"
114.119.151.208 - - [04/Nov/2025:18:10:56 +0100] "GET /?o=59043100041620 HTTP/1.1" 200 203389 "https://impuguke.com/sitemap_index.xml" "Mozilla/5.0 (Linux; Android 7.0;) AppleWebKit/537.36 (KHTML, like Gecko) Mobile Safari/537.36 (compatible; PetalBot;+https://webmaster.petalsearch.com/site/petalbot)"
207.180.227.180 - - [04/Nov/2025:18:11:05 +0100] "POST /wp-cron.php?doing_wp_cron=1762276264.9324300289154052734375 HTTP/1.1" 404 16000 "-" "WordPress/6.8.3; https://impuguke.com"
207.180.227.180 - - [04/Nov/2025:18:12:29 +0100] "POST /wp-cron.php?doing_wp_cron=1762276349.1227378845214843750000 HTTP/1.1" 508 288 "-" "WordPress/6.8.3; https://impuguke.com"
114.119.129.233 - - [04/Nov/2025:18:12:21 +0100] "GET /?o=58868356131620 HTTP/1.1" 200 203389 "https://impuguke.com/sitemap_index.xml" "Mozilla/5.0 (Linux; Android 7.0;) AppleWebKit/537.36 (KHTML, like Gecko) Mobile Safari/537.36 (compatible; PetalBot;+https://webmaster.petalsearch.com/site/petalbot)"
114.119.146.107 - - [04/Nov/2025:18:13:44 +0100] "GET /?o=58864398071620 HTTP/1.1" 200 203389 "https://impuguke.com/sitemap_index.xml" "Mozilla/5.0 (Linux; Android 7.0;) AppleWebKit/537.36 (KHTML, like Gecko) Mobile Safari/537.36 (compatible; PetalBot;+https://webmaster.petalsearch.com/site/petalbot)"
207.180.227.180 - - [04/Nov/2025:18:13:51 +0100] "POST /wp-cron.php?doing_wp_cron=1762276430.8191499710083007812500 HTTP/1.1" 404 16000 "-" "WordPress/6.8.3; https://impuguke.com"
207.180.227.180 - - [04/Nov/2025:18:15:18 +0100] "POST /wp-cron.php?doing_wp_cron=1762276517.8143689632415771484375 HTTP/1.1" 508 288 "-" "WordPress/6.8.3; https://impuguke.com"
114.119.146.107 - - [04/Nov/2025:18:15:09 +0100] "GET /?o=58838455081620 HTTP/1.1" 200 203389 "https://impuguke.com/sitemap_index.xml" "Mozilla/5.0 (Linux; Android 7.0;) AppleWebKit/537.36 (KHTML, like Gecko) Mobile Safari/537.36 (compatible; PetalBot;+https://webmaster.petalsearch.com/site/petalbot)"
207.180.227.180 - - [04/Nov/2025:18:16:47 +0100] "POST /wp-cron.php?doing_wp_cron=1762276606.9206249713897705078125 HTTP/1.1" 404 15727 "-" "WordPress/6.8.3; https://impuguke.com"
114.119.129.233 - - [04/Nov/2025:18:16:38 +0100] "GET /?o=58686273031620 HTTP/1.1" 200 203389 "https://impuguke.com/sitemap_index.xml" "Mozilla/5.0 (Linux; Android 7.0;) AppleWebKit/537.36 (KHTML, like Gecko) Mobile Safari/537.36 (compatible; PetalBot;+https://webmaster.petalsearch.com/site/petalbot)"
207.180.227.180 - - [04/Nov/2025:18:18:08 +0100] "POST /wp-cron.php?doing_wp_cron=1762276688.1216158866882324218750 HTTP/1.1" 404 16000 "-" "WordPress/6.8.3; https://impuguke.com"
114.119.151.208 - - [04/Nov/2025:18:18:04 +0100] "GET /?o=58642333041620 HTTP/1.1" 200 203389 "https://impuguke.com/sitemap_index.xml" "Mozilla/5.0 (Linux; Android 7.0;) AppleWebKit/537.36 (KHTML, like Gecko) Mobile Safari/537.36 (compatible; PetalBot;+https://webmaster.petalsearch.com/site/petalbot)"
207.180.227.180 - - [04/Nov/2025:18:19:25 +0100] "POST /wp-cron.php?doing_wp_cron=1762276765.4694540500640869140625 HTTP/1.1" 404 15727 "-" "WordPress/6.8.3; https://impuguke.com"
114.119.146.107 - - [04/Nov/2025:18:19:24 +0100] "GET /?o=58620027101620 HTTP/1.1" 200 203389 "https://impuguke.com/sitemap_index.xml" "Mozilla/5.0 (Linux; Android 7.0;) AppleWebKit/537.36 (KHTML, like Gecko) Mobile Safari/537.36 (compatible; PetalBot;+https://webmaster.petalsearch.com/site/petalbot)"
198.244.226.163 - - [04/Nov/2025:18:19:38 +0100] "GET /sitemap.xml HTTP/1.1" 200 305025 "-" "Mozilla/5.0 (compatible; AhrefsBot/7.0; +http://ahrefs.com/robot/)"
114.119.151.208 - - [04/Nov/2025:18:20:43 +0100] "GET /?o=58609322031620 HTTP/1.1" 200 203389 "https://impuguke.com/sitemap_index.xml" "Mozilla/5.0 (Linux; Android 7.0;) AppleWebKit/537.36 (KHTML, like Gecko) Mobile Safari/537.36 (compatible; PetalBot;+https://webmaster.petalsearch.com/site/petalbot)"
207.180.227.180 - - [04/Nov/2025:18:20:47 +0100] "POST /wp-cron.php?doing_wp_cron=1762276847.3239710330963134765625 HTTP/1.1" 404 16000 "-" "WordPress/6.8.3; https://impuguke.com"
114.119.154.87 - - [04/Nov/2025:18:22:08 +0100] "GET /?o=58556605021620 HTTP/1.1" 200 203389 "https://impuguke.com/sitemap_index.xml" "Mozilla/5.0 (Linux; Android 7.0;) AppleWebKit/537.36 (KHTML, like Gecko) Mobile Safari/537.36 (compatible; PetalBot;+https://webmaster.petalsearch.com/site/petalbot)"
207.180.227.180 - - [04/Nov/2025:18:22:11 +0100] "POST /wp-cron.php?doing_wp_cron=1762276931.6116490364074707031250 HTTP/1.1" 404 15727 "-" "WordPress/6.8.3; https://impuguke.com"
114.119.139.148 - - [04/Nov/2025:18:23:31 +0100] "GET /?o=58482935041620 HTTP/1.1" 200 203389 "https://impuguke.com/sitemap_index.xml" "Mozilla/5.0 (Linux; Android 7.0;) AppleWebKit/537.36 (KHTML, like Gecko) Mobile Safari/537.36 (compatible; PetalBot;+https://webmaster.petalsearch.com/site/petalbot)"
207.180.227.180 - - [04/Nov/2025:18:23:35 +0100] "POST /wp-cron.php?doing_wp_cron=1762277015.3124349117279052734375 HTTP/1.1" 404 16000 "-" "WordPress/6.8.3; https://impuguke.com"
61.171.113.15 - - [04/Nov/2025:18:23:44 +0100] "GET /wp-login.php HTTP/1.1" 200 7136 "-" "Mozilla/5.0 (Windows NT 6.3; WOW64; Trident/7.0; MATBJS; rv:11.0) like Gecko"
61.171.113.15 - - [04/Nov/2025:18:23:57 +0100] "POST /wp-login.php HTTP/1.1" 200 7392 "https://impuguke.com/wp-login.php" "Mozilla/5.0 (Windows NT 6.3; WOW64; Trident/7.0; MATBJS; rv:11.0) like Gecko"
114.119.139.148 - - [04/Nov/2025:18:24:56 +0100] "GET /?o=58468068071620 HTTP/1.1" 200 203389 "https://impuguke.com/sitemap_index.xml" "Mozilla/5.0 (Linux; Android 7.0;) AppleWebKit/537.36 (KHTML, like Gecko) Mobile Safari/537.36 (compatible; PetalBot;+https://webmaster.petalsearch.com/site/petalbot)"
207.180.227.180 - - [04/Nov/2025:18:25:05 +0100] "POST /wp-cron.php?doing_wp_cron=1762277105.5365149974822998046875 HTTP/1.1" 404 16000 "-" "WordPress/6.8.3; https://impuguke.com"
207.180.227.180 - - [04/Nov/2025:18:26:29 +0100] "POST /wp-cron.php?doing_wp_cron=1762277189.3091900348663330078125 HTTP/1.1" 404 16000 "-" "WordPress/6.8.3; https://impuguke.com"
114.119.156.99 - - [04/Nov/2025:18:26:20 +0100] "GET /?o=58432235061620 HTTP/1.1" 200 203389 "https://impuguke.com/sitemap_index.xml" "Mozilla/5.0 (Linux; Android 7.0;) AppleWebKit/537.36 (KHTML, like Gecko) Mobile Safari/537.36 (compatible; PetalBot;+https://webmaster.petalsearch.com/site/petalbot)"
114.119.132.12 - - [04/Nov/2025:18:27:42 +0100] "GET /?o=58421195051620 HTTP/1.1" 200 203389 "https://impuguke.com/sitemap_index.xml" "Mozilla/5.0 (Linux; Android 7.0;) AppleWebKit/537.36 (KHTML, like Gecko) Mobile Safari/537.36 (compatible; PetalBot;+https://webmaster.petalsearch.com/site/petalbot)"
207.180.227.180 - - [04/Nov/2025:18:27:49 +0100] "POST /wp-cron.php?doing_wp_cron=1762277269.7162740230560302734375 HTTP/1.1" 404 16000 "-" "WordPress/6.8.3; https://impuguke.com"
119.28.101.45 - - [04/Nov/2025:18:28:54 +0100] "GET /robots.txt HTTP/1.1" 200 66 "-" "Mozilla/5.0 (X11; Linux x86_64) AppleWebKit/537.36 (KHTML, like Gecko) Chrome/123.0.0.0 Safari/537.36"
207.180.227.180 - - [04/Nov/2025:18:29:37 +0100] "POST /wp-cron.php?doing_wp_cron=1762277377.3111131191253662109375 HTTP/1.1" 508 288 "-" "WordPress/6.8.3; https://impuguke.com"
114.119.132.12 - - [04/Nov/2025:18:29:11 +0100] "GET /?o=58412214001620 HTTP/1.1" 500 - "https://impuguke.com/sitemap_index.xml" "Mozilla/5.0 (Linux; Android 7.0;) AppleWebKit/537.36 (KHTML, like Gecko) Mobile Safari/537.36 (compatible; PetalBot;+https://webmaster.petalsearch.com/site/petalbot)"
143.198.232.185 - - [04/Nov/2025:18:29:15 +0100] "POST /wp-login.php HTTP/1.1" 302 - "-" "Mozilla/5.0"
143.198.232.185 - - [04/Nov/2025:18:29:15 +0100] "POST /wp-login.php HTTP/1.1" 500 - "-" "Mozilla/5.0"
207.180.227.180 - - [04/Nov/2025:18:29:36 +0100] "POST /wp-cron.php?doing_wp_cron=1762277376.1123418807983398437500 HTTP/1.1" 500 - "-" "WordPress/6.8.3; https://impuguke.com"
143.198.232.185 - - [04/Nov/2025:18:29:15 +0100] "POST /wp-login.php HTTP/1.1" 302 - "-" "Mozilla/5.0"
143.198.232.185 - - [04/Nov/2025:18:29:15 +0100] "POST /wp-login.php HTTP/1.1" 302 - "-" "Mozilla/5.0"
207.180.227.180 - - [04/Nov/2025:18:29:41 +0100] "POST /wp-cron.php?doing_wp_cron=1762277380.7195389270782470703125 HTTP/1.1" 404 16000 "-" "WordPress/6.8.3; https://impuguke.com"
114.119.132.12 - - [04/Nov/2025:18:30:28 +0100] "GET /?o=58267573001620 HTTP/1.1" 200 203389 "https://impuguke.com/sitemap_index.xml" "Mozilla/5.0 (Linux; Android 7.0;) AppleWebKit/537.36 (KHTML, like Gecko) Mobile Safari/537.36 (compatible; PetalBot;+https://webmaster.petalsearch.com/site/petalbot)"
43.173.181.220 - - [04/Nov/2025:18:30:30 +0100] "GET /2025/06/12/the-rnp-exhibited-five-alleged-violent-gang-members-who-are-accused-of-disturbing-communities HTTP/1.1" 301 - "-" "Mozilla/5.0 (Windows NT 6.1; Win64; x64) AppleWebKit/537.36 (KHTML, like Gecko) Chrome/126.0.6478.114 Safari/537.36"
43.173.181.220 - - [04/Nov/2025:18:30:32 +0100] "GET /2025/06/12/the-rnp-exhibited-five-alleged-violent-gang-members-who-are-accused-of-disturbing-communities/ HTTP/1.1" 200 166896 "https://impuguke.com/2025/06/12/the-rnp-exhibited-five-alleged-violent-gang-members-who-are-accused-of-disturbing-communities" "Mozilla/5.0 (Windows NT 6.1; Win64; x64) AppleWebKit/537.36 (KHTML, like Gecko) Chrome/126.0.6478.114 Safari/537.36"
43.173.174.151 - - [04/Nov/2025:18:30:36 +0100] "GET /wp-content/themes/newses/webfonts/fa-brands-400.woff2 HTTP/1.1" 200 117372 "https://impuguke.com/wp-content/themes/newses/css/font-awesome.css?ver=6.8.3" "Mozilla/5.0 (Windows NT 6.1; Win64; x64) AppleWebKit/537.36 (KHTML, like Gecko) Chrome/126.0.6478.114 Safari/537.36"
43.173.182.37 - - [04/Nov/2025:18:30:42 +0100] "GET /wp-content/themes/newses/webfonts/fa-brands-400.ttf HTTP/1.1" 200 207972 "https://impuguke.com/wp-content/themes/newses/css/font-awesome.css?ver=6.8.3" "Mozilla/5.0 (Windows NT 6.1; Win64; x64) AppleWebKit/537.36 (KHTML, like Gecko) Chrome/126.0.6478.114 Safari/537.36"
