150.109.19.225 - - [04/Nov/2025:18:30:42 +0100] "GET /wp-content/themes/newses/webfonts/fa-brands-400.ttf HTTP/1.1" 200 207972 "https://impuguke.com/wp-content/themes/newses/css/font-awesome.css?ver=6.8.3" "Mozilla/5.0 (Windows NT 6.1; Win64; x64) AppleWebKit/537.36 (KHTML, like Gecko) Chrome/126.0.6478.114 Safari/537.36"
85.208.96.207 - - [04/Nov/2025:18:30:55 +0100] "GET /2025/10/15/raila-odinga-yitabye-imana/ HTTP/1.1" 200 163806 "-" "Mozilla/5.0 (compatible; SemrushBot/7~bl; +http://www.semrush.com/bot.html)"
207.180.227.180 - - [04/Nov/2025:18:30:59 +0100] "POST /wp-cron.php?doing_wp_cron=1762277459.0243120193481445312500 HTTP/1.1" 404 16000 "-" "WordPress/6.8.3; https://impuguke.com"
114.119.151.208 - - [04/Nov/2025:18:31:58 +0100] "GET /?o=58048698041620 HTTP/1.1" 200 203389 "https://impuguke.com/sitemap_index.xml" "Mozilla/5.0 (Linux; Android 7.0;) AppleWebKit/537.36 (KHTML, like Gecko) Mobile Safari/537.36 (compatible; PetalBot;+https://webmaster.petalsearch.com/site/petalbot)"
207.180.227.180 - - [04/Nov/2025:18:32:00 +0100] "POST /wp-cron.php?doing_wp_cron=1762277520.2337510585784912109375 HTTP/1.1" 404 16000 "-" "WordPress/6.8.3; https://impuguke.com"
34.126.163.15 - - [04/Nov/2025:18:32:17 +0100] "GET /wp-login.php HTTP/1.1" 200 7136 "http://impuguke.com/wp-login.php" "Mozilla/5.0 (Windows NT 10.0; Win64; x64; rv:144.0) Gecko/20100101 Firefox/144.0"
34.126.163.15 - - [04/Nov/2025:18:32:21 +0100] "GET /wp-json/wp/v2/users HTTP/1.1" 200 25263 "http://impuguke.com/wp-login.php" "Mozilla/5.0 (Windows NT 10.0; Win64; x64; rv:144.0) Gecko/20100101 Firefox/144.0"
34.126.163.15 - - [04/Nov/2025:18:32:24 +0100] "POST /wp-login.php HTTP/1.1" 200 7374 "https://impuguke.com/wp-login.php?redirect_to=https%3A%2F%2Fimpuguke.com%2Fwp-admin%2F" "Mozilla/5.0 (Windows NT 10.0; Win64; x64; rv:144.0) Gecko/20100101 Firefox/144.0"
34.126.163.15 - - [04/Nov/2025:18:32:26 +0100] "POST /wp-login.php HTTP/1.1" 200 7374 "https://impuguke.com/wp-login.php?redirect_to=https%3A%2F%2Fimpuguke.com%2Fwp-admin%2F" "Mozilla/5.0 (Windows NT 10.0; Win64; x64; rv:144.0) Gecko/20100101 Firefox/144.0"
34.126.163.15 - - [04/Nov/2025:18:32:29 +0100] "POST /wp-login.php HTTP/1.1" 200 7374 "https://impuguke.com/wp-login.php?redirect_to=https%3A%2F%2Fimpuguke.com%2Fwp-admin%2F" "Mozilla/5.0 (Windows NT 10.0; Win64; x64; rv:144.0) Gecko/20100101 Firefox/144.0"
34.126.163.15 - - [04/Nov/2025:18:32:31 +0100] "POST /wp-login.php HTTP/1.1" 200 7336 "https://impuguke.com/wp-login.php?redirect_to=https%3A%2F%2Fimpuguke.com%2Fwp-admin%2F" "Mozilla/5.0 (Windows NT 10.0; Win64; x64; rv:144.0) Gecko/20100101 Firefox/144.0"
34.126.163.15 - - [04/Nov/2025:18:32:35 +0100] "POST /wp-login.php HTTP/1.1" 200 7336 "https://impuguke.com/wp-login.php?redirect_to=https%3A%2F%2Fimpuguke.com%2Fwp-admin%2F" "Mozilla/5.0 (Windows NT 10.0; Win64; x64; rv:144.0) Gecko/20100101 Firefox/144.0"
207.180.227.180 - - [04/Nov/2025:18:33:18 +0100] "POST /wp-cron.php?doing_wp_cron=1762277598.0323879718780517578125 HTTP/1.1" 404 15727 "-" "WordPress/6.8.3; https://impuguke.com"
114.119.151.208 - - [04/Nov/2025:18:33:16 +0100] "GET /?o=58048638051620 HTTP/1.1" 200 203389 "https://impuguke.com/sitemap_index.xml" "Mozilla/5.0 (Linux; Android 7.0;) AppleWebKit/537.36 (KHTML, like Gecko) Mobile Safari/537.36 (compatible; PetalBot;+https://webmaster.petalsearch.com/site/petalbot)"
207.180.227.180 - - [04/Nov/2025:18:34:42 +0100] "POST /wp-cron.php?doing_wp_cron=1762277682.7233989238739013671875 HTTP/1.1" 404 15727 "-" "WordPress/6.8.3; https://impuguke.com"
114.119.156.99 - - [04/Nov/2025:18:34:40 +0100] "GET /?o=58048338071620 HTTP/1.1" 200 203389 "https://impuguke.com/sitemap_index.xml" "Mozilla/5.0 (Linux; Android 7.0;) AppleWebKit/537.36 (KHTML, like Gecko) Mobile Safari/537.36 (compatible; PetalBot;+https://webmaster.petalsearch.com/site/petalbot)"
207.180.227.180 - - [04/Nov/2025:18:36:10 +0100] "POST /wp-cron.php?doing_wp_cron=1762277770.2747220993041992187500 HTTP/1.1" 404 15727 "-" "WordPress/6.8.3; https://impuguke.com"
114.119.140.221 - - [04/Nov/2025:18:36:08 +0100] "GET /?o=58043748091620 HTTP/1.1" 200 203389 "https://impuguke.com/sitemap_index.xml" "Mozilla/5.0 (Linux; Android 7.0;) AppleWebKit/537.36 (KHTML, like Gecko) Mobile Safari/537.36 (compatible; PetalBot;+https://webmaster.petalsearch.com/site/petalbot)"
207.180.227.180 - - [04/Nov/2025:18:37:30 +0100] "POST /wp-cron.php?doing_wp_cron=1762277850.6148281097412109375000 HTTP/1.1" 404 15727 "-" "WordPress/6.8.3; https://impuguke.com"
114.119.154.87 - - [04/Nov/2025:18:37:27 +0100] "GET /?o=58031352031620 HTTP/1.1" 200 203389 "https://impuguke.com/sitemap_index.xml" "Mozilla/5.0 (Linux; Android 7.0;) AppleWebKit/537.36 (KHTML, like Gecko) Mobile Safari/537.36 (compatible; PetalBot;+https://webmaster.petalsearch.com/site/petalbot)"
114.119.129.233 - - [04/Nov/2025:18:38:52 +0100] "GET /?o=58030572001620 HTTP/1.1" 200 129661 "https://impuguke.com/sitemap_index.xml" "Mozilla/5.0 (Linux; Android 7.0;) AppleWebKit/537.36 (KHTML, like Gecko) Mobile Safari/537.36 (compatible; PetalBot;+https://webmaster.petalsearch.com/site/petalbot)"
207.180.227.180 - - [04/Nov/2025:18:39:18 +0100] "POST /wp-cron.php?doing_wp_cron=1762277958.2907800674438476562500 HTTP/1.1" 404 15727 "-" "WordPress/6.8.3; https://impuguke.com"
114.119.140.221 - - [04/Nov/2025:18:40:15 +0100] "GET /?o=58030452041620 HTTP/1.1" 200 203389 "https://impuguke.com/sitemap_index.xml" "Mozilla/5.0 (Linux; Android 7.0;) AppleWebKit/537.36 (KHTML, like Gecko) Mobile Safari/537.36 (compatible; PetalBot;+https://webmaster.petalsearch.com/site/petalbot)"
207.180.227.180 - - [04/Nov/2025:18:41:44 +0100] "POST /wp-cron.php?doing_wp_cron=1762278104.3144009113311767578125 HTTP/1.1" 404 16000 "-" "WordPress/6.8.3; https://impuguke.com"
114.119.146.107 - - [04/Nov/2025:18:41:42 +0100] "GET /?o=58030212031620 HTTP/1.1" 200 203389 "https://impuguke.com/sitemap_index.xml" "Mozilla/5.0 (Linux; Android 7.0;) AppleWebKit/537.36 (KHTML, like Gecko) Mobile Safari/537.36 (compatible; PetalBot;+https://webmaster.petalsearch.com/site/petalbot)"
114.119.129.233 - - [04/Nov/2025:18:43:02 +0100] "GET /?o=58011817001620 HTTP/1.1" 200 203389 "https://impuguke.com/sitemap_index.xml" "Mozilla/5.0 (Linux; Android 7.0;) AppleWebKit/537.36 (KHTML, like Gecko) Mobile Safari/537.36 (compatible; PetalBot;+https://webmaster.petalsearch.com/site/petalbot)"
178.128.255.38 - - [04/Nov/2025:18:43:05 +0100] "POST /wp-login.php HTTP/1.1" 200 7373 "-" "Mozilla/5.0 (Windows NT 10.0; Win64; x64; rv:60.0) Gecko/20100101 Firefox/60.0"
207.180.227.180 - - [04/Nov/2025:18:43:08 +0100] "POST /wp-cron.php?doing_wp_cron=1762278188.3238799571990966796875 HTTP/1.1" 404 15727 "-" "WordPress/6.8.3; https://impuguke.com"
207.180.227.180 - - [04/Nov/2025:18:43:13 +0100] "POST /wp-cron.php?doing_wp_cron=1762278193.7254080772399902343750 HTTP/1.1" 404 16000 "-" "WordPress/6.8.3; https://impuguke.com"
114.119.129.233 - - [04/Nov/2025:18:44:25 +0100] "GET /?o=57952771141620 HTTP/1.1" 200 203389 "https://impuguke.com/sitemap_index.xml" "Mozilla/5.0 (Linux; Android 7.0;) AppleWebKit/537.36 (KHTML, like Gecko) Mobile Safari/537.36 (compatible; PetalBot;+https://webmaster.petalsearch.com/site/petalbot)"
207.180.227.180 - - [04/Nov/2025:18:44:27 +0100] "POST /wp-cron.php?doing_wp_cron=1762278267.8146250247955322265625 HTTP/1.1" 404 15727 "-" "WordPress/6.8.3; https://impuguke.com"
198.244.240.97 - - [04/Nov/2025:18:44:30 +0100] "GET /category/home/ahabanza/amakuru/inkuru-ndende/ HTTP/1.1" 200 145277 "-" "Mozilla/5.0 (compatible; AhrefsBot/7.0; +http://ahrefs.com/robot/)"
85.208.96.205 - - [04/Nov/2025:18:45:11 +0100] "GET /robots.txt HTTP/1.1" 200 66 "-" "Mozilla/5.0 (compatible; SemrushBot/7~bl; +http://www.semrush.com/bot.html)"
185.191.171.17 - - [04/Nov/2025:18:45:12 +0100] "GET /tag/kagame/ HTTP/1.1" 200 143896 "-" "Mozilla/5.0 (compatible; SemrushBot/7~bl; +http://www.semrush.com/bot.html)"
207.180.227.180 - - [04/Nov/2025:18:45:52 +0100] "POST /wp-cron.php?doing_wp_cron=1762278352.3085548877716064453125 HTTP/1.1" 404 15727 "-" "WordPress/6.8.3; https://impuguke.com"
114.119.146.107 - - [04/Nov/2025:18:45:49 +0100] "GET /?o=57933802041620 HTTP/1.1" 200 203389 "https://impuguke.com/sitemap_index.xml" "Mozilla/5.0 (Linux; Android 7.0;) AppleWebKit/537.36 (KHTML, like Gecko) Mobile Safari/537.36 (compatible; PetalBot;+https://webmaster.petalsearch.com/site/petalbot)"
207.180.227.180 - - [04/Nov/2025:18:47:24 +0100] "POST /wp-cron.php?doing_wp_cron=1762278444.5251820087432861328125 HTTP/1.1" 404 15727 "-" "WordPress/6.8.3; https://impuguke.com"
114.119.151.208 - - [04/Nov/2025:18:47:20 +0100] "GET /?o=57925660011620 HTTP/1.1" 200 203389 "https://impuguke.com/sitemap_index.xml" "Mozilla/5.0 (Linux; Android 7.0;) AppleWebKit/537.36 (KHTML, like Gecko) Mobile Safari/537.36 (compatible; PetalBot;+https://webmaster.petalsearch.com/site/petalbot)"
114.119.132.12 - - [04/Nov/2025:18:48:37 +0100] "GET /?o=57867820061620 HTTP/1.1" 200 203389 "https://impuguke.com/sitemap_index.xml" "Mozilla/5.0 (Linux; Android 7.0;) AppleWebKit/537.36 (KHTML, like Gecko) Mobile Safari/537.36 (compatible; PetalBot;+https://webmaster.petalsearch.com/site/petalbot)"
207.180.227.180 - - [04/Nov/2025:18:48:39 +0100] "POST /wp-cron.php?doing_wp_cron=1762278519.6261129379272460937500 HTTP/1.1" 404 16000 "-" "WordPress/6.8.3; https://impuguke.com"
114.119.156.99 - - [04/Nov/2025:18:50:17 +0100] "GET /?o=57697554021620 HTTP/1.1" 200 203389 "https://impuguke.com/sitemap_index.xml" "Mozilla/5.0 (Linux; Android 7.0;) AppleWebKit/537.36 (KHTML, like Gecko) Mobile Safari/537.36 (compatible; PetalBot;+https://webmaster.petalsearch.com/site/petalbot)"
207.180.227.180 - - [04/Nov/2025:18:50:24 +0100] "POST /wp-cron.php?doing_wp_cron=1762278624.7106959819793701171875 HTTP/1.1" 404 16000 "-" "WordPress/6.8.3; https://impuguke.com"
114.119.129.233 - - [04/Nov/2025:18:51:23 +0100] "GET /?o=5766673021620 HTTP/1.1" 200 203386 "https://impuguke.com/sitemap_index.xml" "Mozilla/5.0 (Linux; Android 7.0;) AppleWebKit/537.36 (KHTML, like Gecko) Mobile Safari/537.36 (compatible; PetalBot;+https://webmaster.petalsearch.com/site/petalbot)"
207.180.227.180 - - [04/Nov/2025:18:51:30 +0100] "POST /wp-cron.php?doing_wp_cron=1762278690.7139658927917480468750 HTTP/1.1" 404 16000 "-" "WordPress/6.8.3; https://impuguke.com"
114.119.132.12 - - [04/Nov/2025:18:52:47 +0100] "GET /?o=57628292071620 HTTP/1.1" 200 203389 "https://impuguke.com/sitemap_index.xml" "Mozilla/5.0 (Linux; Android 7.0;) AppleWebKit/537.36 (KHTML, like Gecko) Mobile Safari/537.36 (compatible; PetalBot;+https://webmaster.petalsearch.com/site/petalbot)"
207.180.227.180 - - [04/Nov/2025:18:52:55 +0100] "POST /wp-cron.php?doing_wp_cron=1762278775.1242389678955078125000 HTTP/1.1" 404 15727 "-" "WordPress/6.8.3; https://impuguke.com"
69.171.249.1 - - [04/Nov/2025:18:54:13 +0100] "GET /wp-content/uploads/2025/10/20250617_185045-2.jpg HTTP/1.1" 200 436091 "-" "facebookexternalhit/1.1 (+http://www.facebook.com/externalhit_uatext.php)"
114.119.132.12 - - [04/Nov/2025:18:54:13 +0100] "GET /?o=57563385001620 HTTP/1.1" 200 203389 "https://impuguke.com/sitemap_index.xml" "Mozilla/5.0 (Linux; Android 7.0;) AppleWebKit/537.36 (KHTML, like Gecko) Mobile Safari/537.36 (compatible; PetalBot;+https://webmaster.petalsearch.com/site/petalbot)"
207.180.227.180 - - [04/Nov/2025:18:54:20 +0100] "POST /wp-cron.php?doing_wp_cron=1762278860.5191810131072998046875 HTTP/1.1" 404 16000 "-" "WordPress/6.8.3; https://impuguke.com"
114.119.146.107 - - [04/Nov/2025:18:55:41 +0100] "GET /?o=57452116031620 HTTP/1.1" 200 203389 "https://impuguke.com/sitemap_index.xml" "Mozilla/5.0 (Linux; Android 7.0;) AppleWebKit/537.36 (KHTML, like Gecko) Mobile Safari/537.36 (compatible; PetalBot;+https://webmaster.petalsearch.com/site/petalbot)"
207.180.227.180 - - [04/Nov/2025:18:55:43 +0100] "POST /wp-cron.php?doing_wp_cron=1762278943.2199969291687011718750 HTTP/1.1" 404 15727 "-" "WordPress/6.8.3; https://impuguke.com"
114.119.151.208 - - [04/Nov/2025:18:56:58 +0100] "GET /?o=57446631141620 HTTP/1.1" 200 203389 "https://impuguke.com/sitemap_index.xml" "Mozilla/5.0 (Linux; Android 7.0;) AppleWebKit/537.36 (KHTML, like Gecko) Mobile Safari/537.36 (compatible; PetalBot;+https://webmaster.petalsearch.com/site/petalbot)"
207.180.227.180 - - [04/Nov/2025:18:57:01 +0100] "POST /wp-cron.php?doing_wp_cron=1762279021.4244139194488525390625 HTTP/1.1" 404 15727 "-" "WordPress/6.8.3; https://impuguke.com"
114.119.139.148 - - [04/Nov/2025:18:58:23 +0100] "GET /?o=57436328031620 HTTP/1.1" 200 203389 "https://impuguke.com/sitemap_index.xml" "Mozilla/5.0 (Linux; Android 7.0;) AppleWebKit/537.36 (KHTML, like Gecko) Mobile Safari/537.36 (compatible; PetalBot;+https://webmaster.petalsearch.com/site/petalbot)"
207.180.227.180 - - [04/Nov/2025:18:58:25 +0100] "POST /wp-cron.php?doing_wp_cron=1762279105.8405361175537109375000 HTTP/1.1" 404 15727 "-" "WordPress/6.8.3; https://impuguke.com"
114.119.140.221 - - [04/Nov/2025:18:59:48 +0100] "GET /?o=5740813051620 HTTP/1.1" 200 203386 "https://impuguke.com/sitemap_index.xml" "Mozilla/5.0 (Linux; Android 7.0;) AppleWebKit/537.36 (KHTML, like Gecko) Mobile Safari/537.36 (compatible; PetalBot;+https://webmaster.petalsearch.com/site/petalbot)"
207.180.227.180 - - [04/Nov/2025:18:59:53 +0100] "POST /wp-cron.php?doing_wp_cron=1762279193.6263709068298339843750 HTTP/1.1" 404 15727 "-" "WordPress/6.8.3; https://impuguke.com"
114.119.139.148 - - [04/Nov/2025:19:01:10 +0100] "GET /?o=57344401011620 HTTP/1.1" 200 203389 "https://impuguke.com/sitemap_index.xml" "Mozilla/5.0 (Linux; Android 7.0;) AppleWebKit/537.36 (KHTML, like Gecko) Mobile Safari/537.36 (compatible; PetalBot;+https://webmaster.petalsearch.com/site/petalbot)"
207.180.227.180 - - [04/Nov/2025:19:01:18 +0100] "POST /wp-cron.php?doing_wp_cron=1762279277.7145440578460693359375 HTTP/1.1" 404 15727 "-" "WordPress/6.8.3; https://impuguke.com"
114.119.129.233 - - [04/Nov/2025:19:02:33 +0100] "GET /?o=57332115001620 HTTP/1.1" 200 203389 "https://impuguke.com/sitemap_index.xml" "Mozilla/5.0 (Linux; Android 7.0;) AppleWebKit/537.36 (KHTML, like Gecko) Mobile Safari/537.36 (compatible; PetalBot;+https://webmaster.petalsearch.com/site/petalbot)"
207.180.227.180 - - [04/Nov/2025:19:02:42 +0100] "POST /wp-cron.php?doing_wp_cron=1762279362.0070800781250000000000 HTTP/1.1" 404 16000 "-" "WordPress/6.8.3; https://impuguke.com"
114.119.129.233 - - [04/Nov/2025:19:03:57 +0100] "GET /?o=57331455021620 HTTP/1.1" 200 203389 "https://impuguke.com/sitemap_index.xml" "Mozilla/5.0 (Linux; Android 7.0;) AppleWebKit/537.36 (KHTML, like Gecko) Mobile Safari/537.36 (compatible; PetalBot;+https://webmaster.petalsearch.com/site/petalbot)"
207.180.227.180 - - [04/Nov/2025:19:04:06 +0100] "POST /wp-cron.php?doing_wp_cron=1762279445.7344849109649658203125 HTTP/1.1" 404 15727 "-" "WordPress/6.8.3; https://impuguke.com"
207.180.227.180 - - [04/Nov/2025:19:05:31 +0100] "POST /wp-cron.php?doing_wp_cron=1762279531.7100489139556884765625 HTTP/1.1" 508 288 "-" "WordPress/6.8.3; https://impuguke.com"
114.119.156.99 - - [04/Nov/2025:19:05:21 +0100] "GET /?o=57331305031620 HTTP/1.1" 200 203389 "https://impuguke.com/sitemap_index.xml" "Mozilla/5.0 (Linux; Android 7.0;) AppleWebKit/537.36 (KHTML, like Gecko) Mobile Safari/537.36 (compatible; PetalBot;+https://webmaster.petalsearch.com/site/petalbot)"
207.180.227.180 - - [04/Nov/2025:19:06:54 +0100] "POST /wp-cron.php?doing_wp_cron=1762279614.1161239147186279296875 HTTP/1.1" 508 288 "-" "WordPress/6.8.3; https://impuguke.com"
143.198.232.185 - - [04/Nov/2025:19:06:38 +0100] "POST /wp-login.php HTTP/1.1" 500 - "-" "Mozilla/5.0"
143.198.232.185 - - [04/Nov/2025:19:06:38 +0100] "POST /wp-login.php HTTP/1.1" 500 - "-" "Mozilla/5.0"
143.198.232.185 - - [04/Nov/2025:19:06:38 +0100] "POST /wp-login.php HTTP/1.1" 500 - "-" "Mozilla/5.0"
143.198.232.185 - - [04/Nov/2025:19:06:38 +0100] "POST /wp-login.php HTTP/1.1" 302 - "-" "Mozilla/5.0"
85.208.96.207 - - [04/Nov/2025:19:06:47 +0100] "GET /category/home/ahabanza/amakuru/page/4/ HTTP/1.1" 500 - "-" "Mozilla/5.0 (compatible; SemrushBot/7~bl; +http://www.semrush.com/bot.html)"
207.180.227.180 - - [04/Nov/2025:19:07:02 +0100] "POST /wp-cron.php?doing_wp_cron=1762279621.7158598899841308593750 HTTP/1.1" 404 16000 "-" "WordPress/6.8.3; https://impuguke.com"
114.119.139.148 - - [04/Nov/2025:19:06:47 +0100] "GET /?o=57203795001620 HTTP/1.1" 500 131072 "https://impuguke.com/sitemap_index.xml" "Mozilla/5.0 (Linux; Android 7.0;) AppleWebKit/537.36 (KHTML, like Gecko) Mobile Safari/537.36 (compatible; PetalBot;+https://webmaster.petalsearch.com/site/petalbot)"
207.180.227.180 - - [04/Nov/2025:19:08:12 +0100] "POST /wp-cron.php?doing_wp_cron=1762279692.2260549068450927734375 HTTP/1.1" 404 15727 "-" "WordPress/6.8.3; https://impuguke.com"
114.119.156.99 - - [04/Nov/2025:19:08:10 +0100] "GET /?o=56974615031620 HTTP/1.1" 200 203389 "https://impuguke.com/sitemap_index.xml" "Mozilla/5.0 (Linux; Android 7.0;) AppleWebKit/537.36 (KHTML, like Gecko) Mobile Safari/537.36 (compatible; PetalBot;+https://webmaster.petalsearch.com/site/petalbot)"
177.53.155.16 - - [04/Nov/2025:19:08:20 +0100] "POST /wp-comments-post.php HTTP/1.1" 404 138451 "-" "Mozilla/5.0 (Windows NT 10.0; Win64; x64) AppleWebKit/537.36 (KHTML, like Gecko) Chrome/120.0.0.0 Safari/537.36"
177.53.155.16 - - [04/Nov/2025:19:08:23 +0100] "POST /wp-comments-post.php HTTP/1.1" 404 138451 "-" "Mozilla/5.0 (Windows NT 10.0; Win64; x64) AppleWebKit/537.36 (KHTML, like Gecko) Chrome/120.0.0.0 Safari/537.36"
177.53.155.16 - - [04/Nov/2025:19:08:27 +0100] "POST /wp-comments-post.php HTTP/1.1" 404 138451 "-" "Mozilla/5.0 (Windows NT 10.0; Win64; x64) AppleWebKit/537.36 (KHTML, like Gecko) Chrome/120.0.0.0 Safari/537.36"
177.53.155.16 - - [04/Nov/2025:19:08:30 +0100] "POST /wp-comments-post.php HTTP/1.1" 404 138451 "-" "Mozilla/5.0 (Windows NT 10.0; Win64; x64) AppleWebKit/537.36 (KHTML, like Gecko) Chrome/120.0.0.0 Safari/537.36"
177.53.155.16 - - [04/Nov/2025:19:08:34 +0100] "POST /wp-comments-post.php HTTP/1.1" 404 138451 "-" "Mozilla/5.0 (Windows NT 10.0; Win64; x64) AppleWebKit/537.36 (KHTML, like Gecko) Chrome/120.0.0.0 Safari/537.36"
177.53.155.16 - - [04/Nov/2025:19:08:37 +0100] "POST /wp-comments-post.php HTTP/1.1" 404 138451 "-" "Mozilla/5.0 (Windows NT 10.0; Win64; x64) AppleWebKit/537.36 (KHTML, like Gecko) Chrome/120.0.0.0 Safari/537.36"
177.53.155.16 - - [04/Nov/2025:19:08:41 +0100] "POST /wp-comments-post.php HTTP/1.1" 404 138451 "-" "Mozilla/5.0 (Windows NT 10.0; Win64; x64) AppleWebKit/537.36 (KHTML, like Gecko) Chrome/120.0.0.0 Safari/537.36"
198.244.242.234 - - [04/Nov/2025:19:08:45 +0100] "GET /2024/04/02/what-are-health-benefits-of-tomatoes/ HTTP/1.1" 200 185269 "-" "Mozilla/5.0 (compatible; AhrefsBot/7.0; +http://ahrefs.com/robot/)"
177.53.155.16 - - [04/Nov/2025:19:08:46 +0100] "POST /wp-comments-post.php HTTP/1.1" 404 138451 "-" "Mozilla/5.0 (Windows NT 10.0; Win64; x64) AppleWebKit/537.36 (KHTML, like Gecko) Chrome/120.0.0.0 Safari/537.36"
177.53.155.16 - - [04/Nov/2025:19:08:51 +0100] "POST /wp-comments-post.php HTTP/1.1" 404 138451 "-" "Mozilla/5.0 (Windows NT 10.0; Win64; x64) AppleWebKit/537.36 (KHTML, like Gecko) Chrome/120.0.0.0 Safari/537.36"
177.53.155.16 - - [04/Nov/2025:19:08:55 +0100] "POST /wp-comments-post.php HTTP/1.1" 404 138451 "-" "Mozilla/5.0 (Windows NT 10.0; Win64; x64) AppleWebKit/537.36 (KHTML, like Gecko) Chrome/120.0.0.0 Safari/537.36"
43.173.175.254 - - [04/Nov/2025:19:09:18 +0100] "GET /2025/06/12/dr-congo-peace-talks-rwanda-issues-a-warning-against-information-leakage HTTP/1.1" 301 - "-" "Mozilla/5.0 (Windows NT 6.1; Win64; x64) AppleWebKit/537.36 (KHTML, like Gecko) Chrome/126.0.6478.114 Safari/537.36"
207.180.227.180 - - [04/Nov/2025:19:09:20 +0100] "POST /wp-cron.php?doing_wp_cron=1762279760.8339610099792480468750 HTTP/1.1" 404 16000 "-" "WordPress/6.8.3; https://impuguke.com"
43.173.175.254 - - [04/Nov/2025:19:09:22 +0100] "GET /2025/06/12/dr-congo-peace-talks-rwanda-issues-a-warning-against-information-leakage/ HTTP/1.1" 200 163223 "https://impuguke.com/2025/06/12/dr-congo-peace-talks-rwanda-issues-a-warning-against-information-leakage" "Mozilla/5.0 (Windows NT 6.1; Win64; x64) AppleWebKit/537.36 (KHTML, like Gecko) Chrome/126.0.6478.114 Safari/537.36"
114.119.139.148 - - [04/Nov/2025:19:09:33 +0100] "GET /?o=56971665001620 HTTP/1.1" 200 203389 "https://impuguke.com/sitemap_index.xml" "Mozilla/5.0 (Linux; Android 7.0;) AppleWebKit/537.36 (KHTML, like Gecko) Mobile Safari/537.36 (compatible; PetalBot;+https://webmaster.petalsearch.com/site/petalbot)"
114.119.129.233 - - [04/Nov/2025:19:10:56 +0100] "GET /?o=62503741021620 HTTP/1.1" 200 203389 "https://impuguke.com/sitemap_index.xml" "Mozilla/5.0 (Linux; Android 7.0;) AppleWebKit/537.36 (KHTML, like Gecko) Mobile Safari/537.36 (compatible; PetalBot;+https://webmaster.petalsearch.com/site/petalbot)"
207.180.227.180 - - [04/Nov/2025:19:10:59 +0100] "POST /wp-cron.php?doing_wp_cron=1762279859.6157820224761962890625 HTTP/1.1" 404 16000 "-" "WordPress/6.8.3; https://impuguke.com"
157.100.121.165 - - [04/Nov/2025:19:11:08 +0100] "GET /2025/06/12/dr-congo-peace-talks-rwanda-issues-a-warning-against-information-leakage HTTP/1.1" 301 - "-" "Mozilla/5.0 (Windows NT 6.1; Win64; x64) AppleWebKit/537.36 (KHTML, like Gecko) Chrome/126.0.6478.114 Safari/537.36"
157.100.121.165 - - [04/Nov/2025:19:11:11 +0100] "GET /2025/06/12/dr-congo-peace-talks-rwanda-issues-a-warning-against-information-leakage/ HTTP/1.1" 200 163223 "https://impuguke.com/2025/06/12/dr-congo-peace-talks-rwanda-issues-a-warning-against-information-leakage" "Mozilla/5.0 (Windows NT 6.1; Win64; x64) AppleWebKit/537.36 (KHTML, like Gecko) Chrome/126.0.6478.114 Safari/537.36"
43.152.42.43 - - [04/Nov/2025:19:11:16 +0100] "GET /2025/06/12/dr-congo-peace-talks-rwanda-issues-a-warning-against-information-leakage HTTP/1.1" 301 - "-" "Mozilla/5.0 (Windows NT 10.0; Win64; x64) AppleWebKit/537.36 (KHTML, like Gecko) Chrome/134.0.0.0 Safari/537.36"
43.152.42.43 - - [04/Nov/2025:19:11:19 +0100] "GET /2025/06/12/dr-congo-peace-talks-rwanda-issues-a-warning-against-information-leakage/ HTTP/1.1" 200 163223 "-" "Mozilla/5.0 (Windows NT 10.0; Win64; x64) AppleWebKit/537.36 (KHTML, like Gecko) Chrome/134.0.0.0 Safari/537.36"
43.152.42.43 - - [04/Nov/2025:19:11:22 +0100] "GET /wp-includes/css/dashicons.min.css?ver=6.8.3 HTTP/1.1" 200 59016 "https://impuguke.com/2025/06/12/dr-congo-peace-talks-rwanda-issues-a-warning-against-information-leakage/" "Mozilla/5.0 (Windows NT 10.0; Win64; x64) AppleWebKit/537.36 (KHTML, like Gecko) Chrome/134.0.0.0 Safari/537.36"
43.152.42.43 - - [04/Nov/2025:19:11:22 +0100] "GET /wp-content/plugins/post-views-counter/css/frontend.min.css?ver=1.5.5 HTTP/1.1" 200 1058 "https://impuguke.com/2025/06/12/dr-congo-peace-talks-rwanda-issues-a-warning-against-information-leakage/" "Mozilla/5.0 (Windows NT 10.0; Win64; x64) AppleWebKit/537.36 (KHTML, like Gecko) Chrome/134.0.0.0 Safari/537.36"
43.152.42.43 - - [04/Nov/2025:19:11:22 +0100] "GET /wp-includes/css/dist/block-library/style.min.css?ver=6.8.3 HTTP/1.1" 200 116345 "https://impuguke.com/2025/06/12/dr-congo-peace-talks-rwanda-issues-a-warning-against-information-leakage/" "Mozilla/5.0 (Windows NT 10.0; Win64; x64) AppleWebKit/537.36 (KHTML, like Gecko) Chrome/134.0.0.0 Safari/537.36"
43.152.42.43 - - [04/Nov/2025:19:11:22 +0100] "GET /wp-content/themes/newses/style.css?ver=6.8.3 HTTP/1.1" 200 75429 "https://impuguke.com/2025/06/12/dr-congo-peace-talks-rwanda-issues-a-warning-against-information-leakage/" "Mozilla/5.0 (Windows NT 10.0; Win64; x64) AppleWebKit/537.36 (KHTML, like Gecko) Chrome/134.0.0.0 Safari/537.36"
43.152.42.43 - - [04/Nov/2025:19:11:22 +0100] "GET /wp-content/plugins/ultimate-social-media-icons/css/sfsi-style.css?ver=2.9.5 HTTP/1.1" 200 78420 "https://impuguke.com/2025/06/12/dr-congo-peace-talks-rwanda-issues-a-warning-against-information-leakage/" "Mozilla/5.0 (Windows NT 10.0; Win64; x64) AppleWebKit/537.36 (KHTML, like Gecko) Chrome/134.0.0.0 Safari/537.36"
43.152.42.43 - - [04/Nov/2025:19:11:22 +0100] "GET /wp-content/themes/newses/css/bootstrap.css?ver=6.8.3 HTTP/1.1" 200 207350 "https://impuguke.com/2025/06/12/dr-congo-peace-talks-rwanda-issues-a-warning-against-information-leakage/" "Mozilla/5.0 (Windows NT 10.0; Win64; x64) AppleWebKit/537.36 (KHTML, like Gecko) Chrome/134.0.0.0 Safari/537.36"
43.152.42.43 - - [04/Nov/2025:19:11:22 +0100] "GET /wp-content/themes/newses/css/colors/default.css?ver=6.8.3 HTTP/1.1" 200 29129 "https://impuguke.com/2025/06/12/dr-congo-peace-talks-rwanda-issues-a-warning-against-information-leakage/" "Mozilla/5.0 (Windows NT 10.0; Win64; x64) AppleWebKit/537.36 (KHTML, like Gecko) Chrome/134.0.0.0 Safari/537.36"
43.152.42.43 - - [04/Nov/2025:19:11:22 +0100] "GET /wp-content/themes/newses/css/font-awesome.css?ver=6.8.3 HTTP/1.1" 200 148802 "https://impuguke.com/2025/06/12/dr-congo-peace-talks-rwanda-issues-a-warning-against-information-leakage/" "Mozilla/5.0 (Windows NT 10.0; Win64; x64) AppleWebKit/537.36 (KHTML, like Gecko) Chrome/134.0.0.0 Safari/537.36"
43.152.42.43 - - [04/Nov/2025:19:11:22 +0100] "GET /wp-content/themes/newses/css/jquery.smartmenus.bootstrap.css?ver=6.8.3 HTTP/1.1" 200 4216 "https://impuguke.com/2025/06/12/dr-congo-peace-talks-rwanda-issues-a-warning-against-information-leakage/" "Mozilla/5.0 (Windows NT 10.0; Win64; x64) AppleWebKit/537.36 (KHTML, like Gecko) Chrome/134.0.0.0 Safari/537.36"
43.152.42.43 - - [04/Nov/2025:19:11:22 +0100] "GET /wp-content/themes/newses/css/swiper.min.css?ver=6.8.3 HTTP/1.1" 200 13690 "https://impuguke.com/2025/06/12/dr-congo-peace-talks-rwanda-issues-a-warning-against-information-leakage/" "Mozilla/5.0 (Windows NT 10.0; Win64; x64) AppleWebKit/537.36 (KHTML, like Gecko) Chrome/134.0.0.0 Safari/537.36"
43.152.42.43 - - [04/Nov/2025:19:11:22 +0100] "GET /wp-includes/js/jquery/jquery.min.js?ver=3.7.1 HTTP/1.1" 200 87553 "https://impuguke.com/2025/06/12/dr-congo-peace-talks-rwanda-issues-a-warning-against-information-leakage/" "Mozilla/5.0 (Windows NT 10.0; Win64; x64) AppleWebKit/537.36 (KHTML, like Gecko) Chrome/134.0.0.0 Safari/537.36"
43.152.42.43 - - [04/Nov/2025:19:11:23 +0100] "GET /wp-includes/js/jquery/jquery-migrate.min.js?ver=3.4.1 HTTP/1.1" 200 13577 "https://impuguke.com/2025/06/12/dr-congo-peace-talks-rwanda-issues-a-warning-against-information-leakage/" "Mozilla/5.0 (Windows NT 10.0; Win64; x64) AppleWebKit/537.36 (KHTML, like Gecko) Chrome/134.0.0.0 Safari/537.36"
43.152.42.43 - - [04/Nov/2025:19:11:23 +0100] "GET /wp-content/themes/newses/js/navigation.js?ver=6.8.3 HTTP/1.1" 200 3075 "https://impuguke.com/2025/06/12/dr-congo-peace-talks-rwanda-issues-a-warning-against-information-leakage/" "Mozilla/5.0 (Windows NT 10.0; Win64; x64) AppleWebKit/537.36 (KHTML, like Gecko) Chrome/134.0.0.0 Safari/537.36"
43.152.42.43 - - [04/Nov/2025:19:11:23 +0100] "GET /wp-content/themes/newses/js/bootstrap.js?ver=6.8.3 HTTP/1.1" 200 139561 "https://impuguke.com/2025/06/12/dr-congo-peace-talks-rwanda-issues-a-warning-against-information-leakage/" "Mozilla/5.0 (Windows NT 10.0; Win64; x64) AppleWebKit/537.36 (KHTML, like Gecko) Chrome/134.0.0.0 Safari/537.36"
43.152.42.43 - - [04/Nov/2025:19:11:23 +0100] "GET /wp-content/themes/newses/js/jquery.marquee.js?ver=6.8.3 HTTP/1.1" 200 23985 "https://impuguke.com/2025/06/12/dr-congo-peace-talks-rwanda-issues-a-warning-against-information-leakage/" "Mozilla/5.0 (Windows NT 10.0; Win64; x64) AppleWebKit/537.36 (KHTML, like Gecko) Chrome/134.0.0.0 Safari/537.36"
43.152.42.43 - - [04/Nov/2025:19:11:23 +0100] "GET /wp-content/themes/newses/js/swiper.min.js?ver=6.8.3 HTTP/1.1" 200 139797 "https://impuguke.com/2025/06/12/dr-congo-peace-talks-rwanda-issues-a-warning-against-information-leakage/" "Mozilla/5.0 (Windows NT 10.0; Win64; x64) AppleWebKit/537.36 (KHTML, like Gecko) Chrome/134.0.0.0 Safari/537.36"
43.152.42.43 - - [04/Nov/2025:19:11:23 +0100] "GET /wp-content/themes/newses/js/jquery.smartmenus.js?ver=6.8.3 HTTP/1.1" 200 46638 "https://impuguke.com/2025/06/12/dr-congo-peace-talks-rwanda-issues-a-warning-against-information-leakage/" "Mozilla/5.0 (Windows NT 10.0; Win64; x64) AppleWebKit/537.36 (KHTML, like Gecko) Chrome/134.0.0.0 Safari/537.36"
43.152.42.43 - - [04/Nov/2025:19:11:23 +0100] "GET /wp-content/themes/newses/js/bootstrap-smartmenus.js?ver=6.8.3 HTTP/1.1" 200 6010 "https://impuguke.com/2025/06/12/dr-congo-peace-talks-rwanda-issues-a-warning-against-information-leakage/" "Mozilla/5.0 (Windows NT 10.0; Win64; x64) AppleWebKit/537.36 (KHTML, like Gecko) Chrome/134.0.0.0 Safari/537.36"
43.152.42.43 - - [04/Nov/2025:19:11:23 +0100] "GET /wp-content/uploads/2025/06/nduhungirehe-6.jpg HTTP/1.1" 200 140795 "https://impuguke.com/2025/06/12/dr-congo-peace-talks-rwanda-issues-a-warning-against-information-leakage/" "Mozilla/5.0 (Windows NT 10.0; Win64; x64) AppleWebKit/537.36 (KHTML, like Gecko) Chrome/134.0.0.0 Safari/537.36"
43.152.42.43 - - [04/Nov/2025:19:11:23 +0100] "GET /wp-includes/js/jquery/ui/core.min.js?ver=1.13.3 HTTP/1.1" 200 21464 "https://impuguke.com/2025/06/12/dr-congo-peace-talks-rwanda-issues-a-warning-against-information-leakage/" "Mozilla/5.0 (Windows NT 10.0; Win64; x64) AppleWebKit/537.36 (KHTML, like Gecko) Chrome/134.0.0.0 Safari/537.36"
43.152.42.43 - - [04/Nov/2025:19:11:23 +0100] "GET /wp-content/plugins/ultimate-social-media-icons/js/shuffle/modernizr.custom.min.js?ver=6.8.3 HTTP/1.1" 200 3089 "https://impuguke.com/2025/06/12/dr-congo-peace-talks-rwanda-issues-a-warning-against-information-leakage/" "Mozilla/5.0 (Windows NT 10.0; Win64; x64) AppleWebKit/537.36 (KHTML, like Gecko) Chrome/134.0.0.0 Safari/537.36"
43.152.42.43 - - [04/Nov/2025:19:11:23 +0100] "GET /wp-content/plugins/ultimate-social-media-icons/js/shuffle/random-shuffle-min.js?ver=6.8.3 HTTP/1.1" 200 1472 "https://impuguke.com/2025/06/12/dr-congo-peace-talks-rwanda-issues-a-warning-against-information-leakage/" "Mozilla/5.0 (Windows NT 10.0; Win64; x64) AppleWebKit/537.36 (KHTML, like Gecko) Chrome/134.0.0.0 Safari/537.36"
43.152.42.43 - - [04/Nov/2025:19:11:23 +0100] "GET /wp-content/plugins/ultimate-social-media-icons/js/shuffle/jquery.shuffle.min.js?ver=6.8.3 HTTP/1.1" 200 11484 "https://impuguke.com/2025/06/12/dr-congo-peace-talks-rwanda-issues-a-warning-against-information-leakage/" "Mozilla/5.0 (Windows NT 10.0; Win64; x64) AppleWebKit/537.36 (KHTML, like Gecko) Chrome/134.0.0.0 Safari/537.36"
43.152.42.43 - - [04/Nov/2025:19:11:23 +0100] "GET /wp-content/plugins/ultimate-social-media-icons/js/custom.js?ver=2.9.5 HTTP/1.1" 200 33932 "https://impuguke.com/2025/06/12/dr-congo-peace-talks-rwanda-issues-a-warning-against-information-leakage/" "Mozilla/5.0 (Windows NT 10.0; Win64; x64) AppleWebKit/537.36 (KHTML, like Gecko) Chrome/134.0.0.0 Safari/537.36"
43.152.42.43 - - [04/Nov/2025:19:11:23 +0100] "GET /wp-content/themes/newses/js/custom.js?ver=6.8.3 HTTP/1.1" 200 3481 "https://impuguke.com/2025/06/12/dr-congo-peace-talks-rwanda-issues-a-warning-against-information-leakage/" "Mozilla/5.0 (Windows NT 10.0; Win64; x64) AppleWebKit/537.36 (KHTML, like Gecko) Chrome/134.0.0.0 Safari/537.36"
43.152.42.43 - - [04/Nov/2025:19:11:23 +0100] "GET /wp-includes/js/comment-reply.min.js?ver=6.8.3 HTTP/1.1" 200 3026 "https://impuguke.com/2025/06/12/dr-congo-peace-talks-rwanda-issues-a-warning-against-information-leakage/" "Mozilla/5.0 (Windows NT 10.0; Win64; x64) AppleWebKit/537.36 (KHTML, like Gecko) Chrome/134.0.0.0 Safari/537.36"
43.152.42.43 - - [04/Nov/2025:19:11:23 +0100] "GET /wp-content/themes/newses/webfonts/fa-solid-900.woff2 HTTP/1.1" 200 156496 "https://impuguke.com/wp-content/themes/newses/css/font-awesome.css?ver=6.8.3" "Mozilla/5.0 (Windows NT 10.0; Win64; x64) AppleWebKit/537.36 (KHTML, like Gecko) Chrome/134.0.0.0 Safari/537.36"
43.152.42.43 - - [04/Nov/2025:19:11:23 +0100] "GET /wp-content/uploads/2023/09/cropped-dark-green-color-solid-background-1920x1080-1.png HTTP/1.1" 200 212 "https://impuguke.com/2025/06/12/dr-congo-peace-talks-rwanda-issues-a-warning-against-information-leakage/" "Mozilla/5.0 (Windows NT 10.0; Win64; x64) AppleWebKit/537.36 (KHTML, like Gecko) Chrome/134.0.0.0 Safari/537.36"
43.152.42.43 - - [04/Nov/2025:19:11:23 +0100] "GET /wp-content/themes/newses/webfonts/fa-regular-400.woff2 HTTP/1.1" 200 25452 "https://impuguke.com/wp-content/themes/newses/css/font-awesome.css?ver=6.8.3" "Mozilla/5.0 (Windows NT 10.0; Win64; x64) AppleWebKit/537.36 (KHTML, like Gecko) Chrome/134.0.0.0 Safari/537.36"
43.152.42.43 - - [04/Nov/2025:19:11:23 +0100] "GET /wp-content/themes/newses/webfonts/fa-brands-400.woff2 HTTP/1.1" 200 117372 "https://impuguke.com/wp-content/themes/newses/css/font-awesome.css?ver=6.8.3" "Mozilla/5.0 (Windows NT 10.0; Win64; x64) AppleWebKit/537.36 (KHTML, like Gecko) Chrome/134.0.0.0 Safari/537.36"
43.152.42.43 - - [04/Nov/2025:19:11:23 +0100] "GET /wp-content/uploads/2025/11/gyudostxkaaados-4d97a.jpg HTTP/1.1" 200 84504 "https://impuguke.com/2025/06/12/dr-congo-peace-talks-rwanda-issues-a-warning-against-information-leakage/" "Mozilla/5.0 (Windows NT 10.0; Win64; x64) AppleWebKit/537.36 (KHTML, like Gecko) Chrome/134.0.0.0 Safari/537.36"
43.152.42.43 - - [04/Nov/2025:19:11:23 +0100] "GET /wp-content/uploads/2025/10/G31y5s6XcAAUR-Q.jpeg HTTP/1.1" 200 101649 "https://impuguke.com/2025/06/12/dr-congo-peace-talks-rwanda-issues-a-warning-against-information-leakage/" "Mozilla/5.0 (Windows NT 10.0; Win64; x64) AppleWebKit/537.36 (KHTML, like Gecko) Chrome/134.0.0.0 Safari/537.36"
43.152.42.43 - - [04/Nov/2025:19:11:23 +0100] "GET /wp-content/uploads/2025/10/WhatsApp-Image-2025-10-20-at-23.26.03.jpeg HTTP/1.1" 200 56092 "https://impuguke.com/2025/06/12/dr-congo-peace-talks-rwanda-issues-a-warning-against-information-leakage/" "Mozilla/5.0 (Windows NT 10.0; Win64; x64) AppleWebKit/537.36 (KHTML, like Gecko) Chrome/134.0.0.0 Safari/537.36"
43.152.42.43 - - [04/Nov/2025:19:11:23 +0100] "GET /wp-content/uploads/2025/10/image_870x580_6902fc725d3ab.jpg HTTP/1.1" 200 124737 "https://impuguke.com/2025/06/12/dr-congo-peace-talks-rwanda-issues-a-warning-against-information-leakage/" "Mozilla/5.0 (Windows NT 10.0; Win64; x64) AppleWebKit/537.36 (KHTML, like Gecko) Chrome/134.0.0.0 Safari/537.36"
43.152.42.43 - - [04/Nov/2025:19:11:23 +0100] "GET /wp-content/uploads/2025/10/20250617_185045-2.jpg HTTP/1.1" 200 436091 "https://impuguke.com/2025/06/12/dr-congo-peace-talks-rwanda-issues-a-warning-against-information-leakage/" "Mozilla/5.0 (Windows NT 10.0; Win64; x64) AppleWebKit/537.36 (KHTML, like Gecko) Chrome/134.0.0.0 Safari/537.36"
43.152.42.43 - - [04/Nov/2025:19:11:23 +0100] "GET /wp-includes/js/wp-emoji-release.min.js?ver=6.8.3 HTTP/1.1" 200 19251 "https://impuguke.com/2025/06/12/dr-congo-peace-talks-rwanda-issues-a-warning-against-information-leakage/" "Mozilla/5.0 (Windows NT 10.0; Win64; x64) AppleWebKit/537.36 (KHTML, like Gecko) Chrome/134.0.0.0 Safari/537.36"
43.152.42.43 - - [04/Nov/2025:19:11:23 +0100] "GET /wp-content/uploads/2025/10/field_19803_25102516470029831.jpg HTTP/1.1" 200 236484 "https://impuguke.com/2025/06/12/dr-congo-peace-talks-rwanda-issues-a-warning-against-information-leakage/" "Mozilla/5.0 (Windows NT 10.0; Win64; x64) AppleWebKit/537.36 (KHTML, like Gecko) Chrome/134.0.0.0 Safari/537.36"
43.152.42.43 - - [04/Nov/2025:19:11:25 +0100] "GET /wp-content/uploads/2025/10/cropped-GridArt_20251017_011119953-32x32.jpg HTTP/1.1" 200 1071 "https://impuguke.com/2025/06/12/dr-congo-peace-talks-rwanda-issues-a-warning-against-information-leakage/" "Mozilla/5.0 (Windows NT 10.0; Win64; x64) AppleWebKit/537.36 (KHTML, like Gecko) Chrome/134.0.0.0 Safari/537.36"
44.208.193.63 - - [04/Nov/2025:19:12:18 +0100] "GET /2025/10/03/umuhungu-wa-perezida-kagame-ari-muba-ofisiye-bagiye-kwinjira-muri-rdf/ HTTP/1.1" 200 162111 "-" "Mozilla/5.0 AppleWebKit/537.36 (KHTML, like Gecko; compatible; Amazonbot/0.1; +https://developer.amazon.com/support/amazonbot) Chrome/119.0.6045.214 Safari/537.36"
207.180.227.180 - - [04/Nov/2025:19:12:20 +0100] "POST /wp-cron.php?doing_wp_cron=1762279940.6270179748535156250000 HTTP/1.1" 404 15727 "-" "WordPress/6.8.3; https://impuguke.com"
114.119.146.107 - - [04/Nov/2025:19:12:20 +0100] "GET /?o=6228925031620 HTTP/1.1" 200 203386 "https://impuguke.com/sitemap_index.xml" "Mozilla/5.0 (Linux; Android 7.0;) AppleWebKit/537.36 (KHTML, like Gecko) Mobile Safari/537.36 (compatible; PetalBot;+https://webmaster.petalsearch.com/site/petalbot)"
114.119.139.148 - - [04/Nov/2025:19:13:45 +0100] "GET /?o=6221305081620 HTTP/1.1" 200 203386 "https://impuguke.com/sitemap_index.xml" "Mozilla/5.0 (Linux; Android 7.0;) AppleWebKit/537.36 (KHTML, like Gecko) Mobile Safari/537.36 (compatible; PetalBot;+https://webmaster.petalsearch.com/site/petalbot)"
207.180.227.180 - - [04/Nov/2025:19:13:48 +0100] "POST /wp-cron.php?doing_wp_cron=1762280027.9331190586090087890625 HTTP/1.1" 404 15727 "-" "WordPress/6.8.3; https://impuguke.com"
114.119.140.221 - - [04/Nov/2025:19:15:12 +0100] "GET /?o=61369050051620 HTTP/1.1" 200 203389 "https://impuguke.com/sitemap_index.xml" "Mozilla/5.0 (Linux; Android 7.0;) AppleWebKit/537.36 (KHTML, like Gecko) Mobile Safari/537.36 (compatible; PetalBot;+https://webmaster.petalsearch.com/site/petalbot)"
207.180.227.180 - - [04/Nov/2025:19:15:19 +0100] "POST /wp-cron.php?doing_wp_cron=1762280119.2201819419860839843750 HTTP/1.1" 404 15727 "-" "WordPress/6.8.3; https://impuguke.com"
207.180.227.180 - - [04/Nov/2025:19:16:32 +0100] "POST /wp-cron.php?doing_wp_cron=1762280192.6241989135742187500000 HTTP/1.1" 404 15727 "-" "WordPress/6.8.3; https://impuguke.com"
114.119.146.107 - - [04/Nov/2025:19:16:30 +0100] "GET /?o=60938708011620 HTTP/1.1" 200 203389 "https://impuguke.com/sitemap_index.xml" "Mozilla/5.0 (Linux; Android 7.0;) AppleWebKit/537.36 (KHTML, like Gecko) Mobile Safari/537.36 (compatible; PetalBot;+https://webmaster.petalsearch.com/site/petalbot)"
114.119.154.87 - - [04/Nov/2025:19:17:54 +0100] "GET /?o=60907047051620 HTTP/1.1" 200 203389 "https://impuguke.com/sitemap_index.xml" "Mozilla/5.0 (Linux; Android 7.0;) AppleWebKit/537.36 (KHTML, like Gecko) Mobile Safari/537.36 (compatible; PetalBot;+https://webmaster.petalsearch.com/site/petalbot)"
207.180.227.180 - - [04/Nov/2025:19:17:56 +0100] "POST /wp-cron.php?doing_wp_cron=1762280276.5265259742736816406250 HTTP/1.1" 404 16000 "-" "WordPress/6.8.3; https://impuguke.com"
43.173.179.66 - - [04/Nov/2025:19:18:59 +0100] "GET /2025/06/05/kagame-signs-important-agreements-and-opens-new-embassy-in-algeria HTTP/1.1" 301 - "-" "Mozilla/5.0 (Windows NT 6.1; Win64; x64) AppleWebKit/537.36 (KHTML, like Gecko) Chrome/126.0.6478.114 Safari/537.36"
207.180.227.180 - - [04/Nov/2025:19:19:02 +0100] "POST /wp-cron.php?doing_wp_cron=1762280342.7316739559173583984375 HTTP/1.1" 404 15727 "-" "WordPress/6.8.3; https://impuguke.com"
43.173.179.66 - - [04/Nov/2025:19:19:04 +0100] "GET /2025/06/05/kagame-signs-important-agreements-and-opens-new-embassy-in-algeria/ HTTP/1.1" 200 159557 "https://impuguke.com/2025/06/05/kagame-signs-important-agreements-and-opens-new-embassy-in-algeria" "Mozilla/5.0 (Windows NT 6.1; Win64; x64) AppleWebKit/537.36 (KHTML, like Gecko) Chrome/126.0.6478.114 Safari/537.36"
114.119.151.208 - - [04/Nov/2025:19:19:19 +0100] "GET /?o=60779521081620 HTTP/1.1" 200 203389 "https://impuguke.com/sitemap_index.xml" "Mozilla/5.0 (Linux; Android 7.0;) AppleWebKit/537.36 (KHTML, like Gecko) Mobile Safari/537.36 (compatible; PetalBot;+https://webmaster.petalsearch.com/site/petalbot)"
114.119.139.148 - - [04/Nov/2025:19:20:42 +0100] "GET /?o=60737814081620 HTTP/1.1" 200 203389 "https://impuguke.com/sitemap_index.xml" "Mozilla/5.0 (Linux; Android 7.0;) AppleWebKit/537.36 (KHTML, like Gecko) Mobile Safari/537.36 (compatible; PetalBot;+https://webmaster.petalsearch.com/site/petalbot)"
207.180.227.180 - - [04/Nov/2025:19:20:44 +0100] "POST /wp-cron.php?doing_wp_cron=1762280444.6097390651702880859375 HTTP/1.1" 404 15727 "-" "WordPress/6.8.3; https://impuguke.com"
205.185.120.118 - - [04/Nov/2025:19:22:00 +0100] "GET /wp-login.php HTTP/1.1" 200 7136 "-" "Mozilla/5.0 (Macintosh; Intel Mac OS X 10_9_4 AppleWebKit/537.36 (KHTML, like Gecko) Chrome/36.0.1985.125 Safari/537.36"
51.195.215.183 - - [04/Nov/2025:19:22:07 +0100] "GET /wp-content/uploads/2025/10/image_870x580_6902fc725d3ab.jpg HTTP/1.1" 200 124737 "-" "Mozilla/5.0 (compatible; AhrefsBot/7.0; +http://ahrefs.com/robot/)"
207.180.227.180 - - [04/Nov/2025:19:22:02 +0100] "POST /wp-cron.php?doing_wp_cron=1762280521.9330079555511474609375 HTTP/1.1" 404 15727 "-" "WordPress/6.8.3; https://impuguke.com"
198.244.168.76 - - [04/Nov/2025:19:22:09 +0100] "GET /wp-content/uploads/2025/10/IMG-20251030-WA0013-300x300.jpg HTTP/1.1" 200 29427 "-" "Mozilla/5.0 (compatible; AhrefsBot/7.0; +http://ahrefs.com/robot/)"
205.185.120.118 - - [04/Nov/2025:19:22:07 +0100] "POST /wp-login.php HTTP/1.1" 200 7392 "-" "Mozilla/5.0 (Macintosh; Intel Mac OS X 10_9_4 AppleWebKit/537.36 (KHTML, like Gecko) Chrome/36.0.1985.125 Safari/537.36"
114.119.140.221 - - [04/Nov/2025:19:22:09 +0100] "GET /?o=60335296111620 HTTP/1.1" 200 203389 "https://impuguke.com/sitemap_index.xml" "Mozilla/5.0 (Linux; Android 7.0;) AppleWebKit/537.36 (KHTML, like Gecko) Mobile Safari/537.36 (compatible; PetalBot;+https://webmaster.petalsearch.com/site/petalbot)"
200.53.199.46 - - [04/Nov/2025:19:22:39 +0100] "GET /2025/06/05/kagame-signs-important-agreements-and-opens-new-embassy-in-algeria HTTP/1.1" 301 - "-" "Mozilla/5.0 (Windows NT 6.1; Win64; x64) AppleWebKit/537.36 (KHTML, like Gecko) Chrome/126.0.6478.114 Safari/537.36"
43.152.189.26 - - [04/Nov/2025:19:22:48 +0100] "GET /2025/06/05/kagame-signs-important-agreements-and-opens-new-embassy-in-algeria HTTP/1.1" 301 - "-" "Mozilla/5.0 (Windows NT 10.0; Win64; x64) AppleWebKit/537.36 (KHTML, like Gecko) Chrome/134.0.0.0 Safari/537.36"
43.152.189.26 - - [04/Nov/2025:19:22:51 +0100] "GET /2025/06/05/kagame-signs-important-agreements-and-opens-new-embassy-in-algeria/ HTTP/1.1" 200 166462 "-" "Mozilla/5.0 (Windows NT 10.0; Win64; x64) AppleWebKit/537.36 (KHTML, like Gecko) Chrome/134.0.0.0 Safari/537.36"
43.152.189.26 - - [04/Nov/2025:19:22:55 +0100] "GET /wp-includes/css/dashicons.min.css?ver=6.8.3 HTTP/1.1" 200 59016 "https://impuguke.com/2025/06/05/kagame-signs-important-agreements-and-opens-new-embassy-in-algeria/" "Mozilla/5.0 (Windows NT 10.0; Win64; x64) AppleWebKit/537.36 (KHTML, like Gecko) Chrome/134.0.0.0 Safari/537.36"
43.152.189.26 - - [04/Nov/2025:19:22:55 +0100] "GET /wp-content/plugins/post-views-counter/css/frontend.min.css?ver=1.5.5 HTTP/1.1" 200 1058 "https://impuguke.com/2025/06/05/kagame-signs-important-agreements-and-opens-new-embassy-in-algeria/" "Mozilla/5.0 (Windows NT 10.0; Win64; x64) AppleWebKit/537.36 (KHTML, like Gecko) Chrome/134.0.0.0 Safari/537.36"
43.152.189.26 - - [04/Nov/2025:19:22:55 +0100] "GET /wp-includes/css/dist/block-library/style.min.css?ver=6.8.3 HTTP/1.1" 200 116345 "https://impuguke.com/2025/06/05/kagame-signs-important-agreements-and-opens-new-embassy-in-algeria/" "Mozilla/5.0 (Windows NT 10.0; Win64; x64) AppleWebKit/537.36 (KHTML, like Gecko) Chrome/134.0.0.0 Safari/537.36"
43.152.189.26 - - [04/Nov/2025:19:22:55 +0100] "GET /wp-content/plugins/ultimate-social-media-icons/css/sfsi-style.css?ver=2.9.5 HTTP/1.1" 200 78420 "https://impuguke.com/2025/06/05/kagame-signs-important-agreements-and-opens-new-embassy-in-algeria/" "Mozilla/5.0 (Windows NT 10.0; Win64; x64) AppleWebKit/537.36 (KHTML, like Gecko) Chrome/134.0.0.0 Safari/537.36"
43.152.189.26 - - [04/Nov/2025:19:22:55 +0100] "GET /wp-content/themes/newses/css/bootstrap.css?ver=6.8.3 HTTP/1.1" 200 207350 "https://impuguke.com/2025/06/05/kagame-signs-important-agreements-and-opens-new-embassy-in-algeria/" "Mozilla/5.0 (Windows NT 10.0; Win64; x64) AppleWebKit/537.36 (KHTML, like Gecko) Chrome/134.0.0.0 Safari/537.36"
43.152.189.26 - - [04/Nov/2025:19:22:55 +0100] "GET /wp-content/themes/newses/style.css?ver=6.8.3 HTTP/1.1" 200 75429 "https://impuguke.com/2025/06/05/kagame-signs-important-agreements-and-opens-new-embassy-in-algeria/" "Mozilla/5.0 (Windows NT 10.0; Win64; x64) AppleWebKit/537.36 (KHTML, like Gecko) Chrome/134.0.0.0 Safari/537.36"
43.152.189.26 - - [04/Nov/2025:19:22:55 +0100] "GET /wp-content/themes/newses/css/colors/default.css?ver=6.8.3 HTTP/1.1" 200 29129 "https://impuguke.com/2025/06/05/kagame-signs-important-agreements-and-opens-new-embassy-in-algeria/" "Mozilla/5.0 (Windows NT 10.0; Win64; x64) AppleWebKit/537.36 (KHTML, like Gecko) Chrome/134.0.0.0 Safari/537.36"
43.152.189.26 - - [04/Nov/2025:19:22:55 +0100] "GET /wp-content/themes/newses/css/font-awesome.css?ver=6.8.3 HTTP/1.1" 200 148802 "https://impuguke.com/2025/06/05/kagame-signs-important-agreements-and-opens-new-embassy-in-algeria/" "Mozilla/5.0 (Windows NT 10.0; Win64; x64) AppleWebKit/537.36 (KHTML, like Gecko) Chrome/134.0.0.0 Safari/537.36"
43.152.189.26 - - [04/Nov/2025:19:22:55 +0100] "GET /wp-content/themes/newses/css/jquery.smartmenus.bootstrap.css?ver=6.8.3 HTTP/1.1" 200 4216 "https://impuguke.com/2025/06/05/kagame-signs-important-agreements-and-opens-new-embassy-in-algeria/" "Mozilla/5.0 (Windows NT 10.0; Win64; x64) AppleWebKit/537.36 (KHTML, like Gecko) Chrome/134.0.0.0 Safari/537.36"
43.152.189.26 - - [04/Nov/2025:19:22:55 +0100] "GET /wp-content/themes/newses/css/swiper.min.css?ver=6.8.3 HTTP/1.1" 200 13690 "https://impuguke.com/2025/06/05/kagame-signs-important-agreements-and-opens-new-embassy-in-algeria/" "Mozilla/5.0 (Windows NT 10.0; Win64; x64) AppleWebKit/537.36 (KHTML, like Gecko) Chrome/134.0.0.0 Safari/537.36"
43.152.189.26 - - [04/Nov/2025:19:22:55 +0100] "GET /wp-includes/js/jquery/jquery.min.js?ver=3.7.1 HTTP/1.1" 200 87553 "https://impuguke.com/2025/06/05/kagame-signs-important-agreements-and-opens-new-embassy-in-algeria/" "Mozilla/5.0 (Windows NT 10.0; Win64; x64) AppleWebKit/537.36 (KHTML, like Gecko) Chrome/134.0.0.0 Safari/537.36"
43.152.189.26 - - [04/Nov/2025:19:22:55 +0100] "GET /wp-includes/js/jquery/jquery-migrate.min.js?ver=3.4.1 HTTP/1.1" 200 13577 "https://impuguke.com/2025/06/05/kagame-signs-important-agreements-and-opens-new-embassy-in-algeria/" "Mozilla/5.0 (Windows NT 10.0; Win64; x64) AppleWebKit/537.36 (KHTML, like Gecko) Chrome/134.0.0.0 Safari/537.36"
43.152.189.26 - - [04/Nov/2025:19:22:55 +0100] "GET /wp-content/themes/newses/js/navigation.js?ver=6.8.3 HTTP/1.1" 200 3075 "https://impuguke.com/2025/06/05/kagame-signs-important-agreements-and-opens-new-embassy-in-algeria/" "Mozilla/5.0 (Windows NT 10.0; Win64; x64) AppleWebKit/537.36 (KHTML, like Gecko) Chrome/134.0.0.0 Safari/537.36"
43.152.189.26 - - [04/Nov/2025:19:22:55 +0100] "GET /wp-content/themes/newses/js/bootstrap.js?ver=6.8.3 HTTP/1.1" 200 139561 "https://impuguke.com/2025/06/05/kagame-signs-important-agreements-and-opens-new-embassy-in-algeria/" "Mozilla/5.0 (Windows NT 10.0; Win64; x64) AppleWebKit/537.36 (KHTML, like Gecko) Chrome/134.0.0.0 Safari/537.36"
43.152.189.26 - - [04/Nov/2025:19:22:55 +0100] "GET /wp-content/themes/newses/js/jquery.marquee.js?ver=6.8.3 HTTP/1.1" 200 23985 "https://impuguke.com/2025/06/05/kagame-signs-important-agreements-and-opens-new-embassy-in-algeria/" "Mozilla/5.0 (Windows NT 10.0; Win64; x64) AppleWebKit/537.36 (KHTML, like Gecko) Chrome/134.0.0.0 Safari/537.36"
43.152.189.26 - - [04/Nov/2025:19:22:55 +0100] "GET /wp-content/themes/newses/js/swiper.min.js?ver=6.8.3 HTTP/1.1" 200 139797 "https://impuguke.com/2025/06/05/kagame-signs-important-agreements-and-opens-new-embassy-in-algeria/" "Mozilla/5.0 (Windows NT 10.0; Win64; x64) AppleWebKit/537.36 (KHTML, like Gecko) Chrome/134.0.0.0 Safari/537.36"
43.152.189.26 - - [04/Nov/2025:19:22:55 +0100] "GET /wp-content/themes/newses/js/jquery.smartmenus.js?ver=6.8.3 HTTP/1.1" 200 46638 "https://impuguke.com/2025/06/05/kagame-signs-important-agreements-and-opens-new-embassy-in-algeria/" "Mozilla/5.0 (Windows NT 10.0; Win64; x64) AppleWebKit/537.36 (KHTML, like Gecko) Chrome/134.0.0.0 Safari/537.36"
43.152.189.26 - - [04/Nov/2025:19:22:56 +0100] "GET /wp-content/themes/newses/js/bootstrap-smartmenus.js?ver=6.8.3 HTTP/1.1" 200 6010 "https://impuguke.com/2025/06/05/kagame-signs-important-agreements-and-opens-new-embassy-in-algeria/" "Mozilla/5.0 (Windows NT 10.0; Win64; x64) AppleWebKit/537.36 (KHTML, like Gecko) Chrome/134.0.0.0 Safari/537.36"
43.152.189.26 - - [04/Nov/2025:19:22:56 +0100] "GET /wp-content/uploads/2025/06/FB_IMG_1748988151496-1.jpg HTTP/1.1" 200 187915 "https://impuguke.com/2025/06/05/kagame-signs-important-agreements-and-opens-new-embassy-in-algeria/" "Mozilla/5.0 (Windows NT 10.0; Win64; x64) AppleWebKit/537.36 (KHTML, like Gecko) Chrome/134.0.0.0 Safari/537.36"
43.152.189.26 - - [04/Nov/2025:19:22:56 +0100] "GET /wp-content/uploads/2025/06/FB_IMG_1748988205038.jpg HTTP/1.1" 200 130943 "https://impuguke.com/2025/06/05/kagame-signs-important-agreements-and-opens-new-embassy-in-algeria/" "Mozilla/5.0 (Windows NT 10.0; Win64; x64) AppleWebKit/537.36 (KHTML, like Gecko) Chrome/134.0.0.0 Safari/537.36"
43.152.189.26 - - [04/Nov/2025:19:22:56 +0100] "GET /wp-includes/js/jquery/ui/core.min.js?ver=1.13.3 HTTP/1.1" 200 21464 "https://impuguke.com/2025/06/05/kagame-signs-important-agreements-and-opens-new-embassy-in-algeria/" "Mozilla/5.0 (Windows NT 10.0; Win64; x64) AppleWebKit/537.36 (KHTML, like Gecko) Chrome/134.0.0.0 Safari/537.36"
43.152.189.26 - - [04/Nov/2025:19:22:56 +0100] "GET /wp-content/plugins/ultimate-social-media-icons/js/shuffle/modernizr.custom.min.js?ver=6.8.3 HTTP/1.1" 200 3089 "https://impuguke.com/2025/06/05/kagame-signs-important-agreements-and-opens-new-embassy-in-algeria/" "Mozilla/5.0 (Windows NT 10.0; Win64; x64) AppleWebKit/537.36 (KHTML, like Gecko) Chrome/134.0.0.0 Safari/537.36"
