197.157.165.26 - - [04/Nov/2025:14:21:23 +0100] "POST /wp-login.php HTTP/1.1" 200 7354 "https://impuguke.com/wp-login.php" "Mozilla/5.0 (Windows NT 10.0; Win64; x64) AppleWebKit/537.36 (KHTML, like Gecko) Chrome/141.0.0.0 Safari/537.36"
51.195.244.178 - - [04/Nov/2025:14:21:41 +0100] "GET /sitemap.xml HTTP/1.1" 200 305020 "-" "Mozilla/5.0 (compatible; AhrefsBot/7.0; +http://ahrefs.com/robot/)"
114.119.139.148 - - [04/Nov/2025:14:22:12 +0100] "GET /?o=67437746031620 HTTP/1.1" 200 203389 "https://impuguke.com/sitemap_index.xml" "Mozilla/5.0 (Linux; Android 7.0;) AppleWebKit/537.36 (KHTML, like Gecko) Mobile Safari/537.36 (compatible; PetalBot;+https://webmaster.petalsearch.com/site/petalbot)"
207.180.227.180 - - [04/Nov/2025:14:22:19 +0100] "POST /wp-cron.php?doing_wp_cron=1762262539.7091770172119140625000 HTTP/1.1" 404 16000 "-" "WordPress/6.8.3; https://impuguke.com"
197.157.165.26 - - [04/Nov/2025:14:23:01 +0100] "POST /wp-login.php HTTP/1.1" 200 7354 "https://impuguke.com/wp-login.php" "Mozilla/5.0 (Windows NT 10.0; Win64; x64) AppleWebKit/537.36 (KHTML, like Gecko) Chrome/141.0.0.0 Safari/537.36"
198.98.53.242 - - [04/Nov/2025:14:23:34 +0100] "GET /wp-login.php HTTP/1.1" 200 7136 "-" "Mozilla/5.0 (Windows NT 6.1; WOW64; Trident/7.0; rv:11.0) like Gecko"
207.180.227.180 - - [04/Nov/2025:14:23:43 +0100] "POST /wp-cron.php?doing_wp_cron=1762262622.6155281066894531250000 HTTP/1.1" 500 - "-" "WordPress/6.8.3; https://impuguke.com"
197.157.165.26 - - [04/Nov/2025:14:23:44 +0100] "POST /wp-login.php HTTP/1.1" 200 7354 "https://impuguke.com/wp-login.php" "Mozilla/5.0 (Windows NT 10.0; Win64; x64) AppleWebKit/537.36 (KHTML, like Gecko) Chrome/141.0.0.0 Safari/537.36"
114.119.140.221 - - [04/Nov/2025:14:23:42 +0100] "GET /?o=673415071620 HTTP/1.1" 500 203383 "https://impuguke.com/sitemap_index.xml" "Mozilla/5.0 (Linux; Android 7.0;) AppleWebKit/537.36 (KHTML, like Gecko) Mobile Safari/537.36 (compatible; PetalBot;+https://webmaster.petalsearch.com/site/petalbot)"
197.157.165.26 - - [04/Nov/2025:14:24:37 +0100] "POST /wp-login.php HTTP/1.1" 508 288 "https://impuguke.com/wp-login.php" "Mozilla/5.0 (Windows NT 10.0; Win64; x64) AppleWebKit/537.36 (KHTML, like Gecko) Chrome/141.0.0.0 Safari/537.36"
197.157.165.26 - - [04/Nov/2025:14:24:37 +0100] "GET /favicon.ico HTTP/1.1" 508 288 "https://impuguke.com/wp-login.php" "Mozilla/5.0 (Windows NT 10.0; Win64; x64) AppleWebKit/537.36 (KHTML, like Gecko) Chrome/141.0.0.0 Safari/537.36"
198.98.53.242 - - [04/Nov/2025:14:24:24 +0100] "POST /wp-login.php HTTP/1.1" 500 - "-" "Mozilla/5.0 (Windows NT 6.1; WOW64; Trident/7.0; rv:11.0) like Gecko"
197.157.165.26 - - [04/Nov/2025:14:24:41 +0100] "POST /wp-login.php HTTP/1.1" 500 - "https://impuguke.com/wp-login.php" "Mozilla/5.0 (Windows NT 10.0; Win64; x64) AppleWebKit/537.36 (KHTML, like Gecko) Chrome/141.0.0.0 Safari/537.36"
198.98.53.242 - - [04/Nov/2025:14:24:59 +0100] "GET /wp-admin/themes.php HTTP/1.1" 500 - "-" "python-requests/2.27.1"
197.157.165.26 - - [04/Nov/2025:14:25:02 +0100] "GET /favicon.ico HTTP/1.1" 500 - "https://impuguke.com/wp-login.php" "Mozilla/5.0 (Windows NT 10.0; Win64; x64) AppleWebKit/537.36 (KHTML, like Gecko) Chrome/141.0.0.0 Safari/537.36"
114.119.156.99 - - [04/Nov/2025:14:25:04 +0100] "GET /?o=67132461021620 HTTP/1.1" 500 - "https://impuguke.com/sitemap_index.xml" "Mozilla/5.0 (Linux; Android 7.0;) AppleWebKit/537.36 (KHTML, like Gecko) Mobile Safari/537.36 (compatible; PetalBot;+https://webmaster.petalsearch.com/site/petalbot)"
198.98.53.242 - - [04/Nov/2025:14:25:32 +0100] "GET /wp-admin/plugin-install.php?tab=upload HTTP/1.1" 404 138451 "-" "python-requests/2.27.1"
197.157.165.26 - - [04/Nov/2025:14:25:56 +0100] "POST /wp-login.php HTTP/1.1" 200 7354 "https://impuguke.com/wp-login.php" "Mozilla/5.0 (Windows NT 10.0; Win64; x64) AppleWebKit/537.36 (KHTML, like Gecko) Chrome/141.0.0.0 Safari/537.36"
197.157.165.26 - - [04/Nov/2025:14:26:03 +0100] "GET /wp-content/uploads/2025/10/cropped-GridArt_20251017_011119953-32x32.jpg HTTP/1.1" 200 1071 "https://impuguke.com/wp-login.php" "Mozilla/5.0 (Windows NT 10.0; Win64; x64) AppleWebKit/537.36 (KHTML, like Gecko) Chrome/141.0.0.0 Safari/537.36"
197.157.165.26 - - [04/Nov/2025:14:26:12 +0100] "POST /wp-login.php HTTP/1.1" 200 7354 "https://impuguke.com/wp-login.php" "Mozilla/5.0 (Windows NT 10.0; Win64; x64) AppleWebKit/537.36 (KHTML, like Gecko) Chrome/141.0.0.0 Safari/537.36"
207.180.227.180 - - [04/Nov/2025:14:26:18 +0100] "POST /wp-cron.php?doing_wp_cron=1762262778.0171940326690673828125 HTTP/1.1" 404 15727 "-" "WordPress/6.8.3; https://impuguke.com"
114.119.154.87 - - [04/Nov/2025:14:26:28 +0100] "GET /?o=66937984131620 HTTP/1.1" 200 203389 "https://impuguke.com/sitemap_index.xml" "Mozilla/5.0 (Linux; Android 7.0;) AppleWebKit/537.36 (KHTML, like Gecko) Mobile Safari/537.36 (compatible; PetalBot;+https://webmaster.petalsearch.com/site/petalbot)"
159.100.30.154 - - [04/Nov/2025:14:27:17 +0100] "GET /wp-login.php HTTP/1.1" 500 - "-" "Mozilla/5.0 (compatible; MSIE 10.0; Windows NT 6.1; WOW64; Trident/7.0)"
197.157.165.26 - - [04/Nov/2025:14:27:23 +0100] "POST /wp-login.php HTTP/1.1" 500 - "https://impuguke.com/wp-login.php" "Mozilla/5.0 (Windows NT 10.0; Win64; x64) AppleWebKit/537.36 (KHTML, like Gecko) Chrome/141.0.0.0 Safari/537.36"
207.180.227.180 - - [04/Nov/2025:14:27:39 +0100] "POST /wp-cron.php?doing_wp_cron=1762262859.4089190959930419921875 HTTP/1.1" 500 - "-" "WordPress/6.8.3; https://impuguke.com"
205.185.127.199 - - [04/Nov/2025:14:27:28 +0100] "GET /wp-login.php HTTP/1.1" 302 - "https://duckduckgo.com/" "Mozilla/5.0 (Windows NT 10.0; Win64; x64) AppleWebKit/537.36 (KHTML, like Gecko) Chrome/118.0.5993.117 Safari/537.36"
197.157.165.26 - - [04/Nov/2025:14:27:46 +0100] "GET /favicon.ico HTTP/1.1" 302 - "https://impuguke.com/wp-login.php" "Mozilla/5.0 (Windows NT 10.0; Win64; x64) AppleWebKit/537.36 (KHTML, like Gecko) Chrome/141.0.0.0 Safari/537.36"
114.119.140.221 - - [04/Nov/2025:14:27:47 +0100] "GET /?o=66926219091620 HTTP/1.1" 200 203389 "https://impuguke.com/sitemap_index.xml" "Mozilla/5.0 (Linux; Android 7.0;) AppleWebKit/537.36 (KHTML, like Gecko) Mobile Safari/537.36 (compatible; PetalBot;+https://webmaster.petalsearch.com/site/petalbot)"
205.185.127.199 - - [04/Nov/2025:14:27:51 +0100] "GET /wp-login.php HTTP/1.1" 200 7136 "https://duckduckgo.com/" "Mozilla/5.0 (Windows NT 10.0; Win64; x64) AppleWebKit/537.36 (KHTML, like Gecko) Chrome/118.0.5993.117 Safari/537.36"
205.185.127.199 - - [04/Nov/2025:14:28:01 +0100] "POST /wp-login.php HTTP/1.1" 200 7392 "https://duckduckgo.com/" "Mozilla/5.0 (Windows NT 10.0; Win64; x64) AppleWebKit/537.36 (KHTML, like Gecko) Chrome/118.0.5993.117 Safari/537.36"
114.119.146.107 - - [04/Nov/2025:14:29:16 +0100] "GET /?o=66650021141620 HTTP/1.1" 200 203389 "https://impuguke.com/sitemap_index.xml" "Mozilla/5.0 (Linux; Android 7.0;) AppleWebKit/537.36 (KHTML, like Gecko) Mobile Safari/537.36 (compatible; PetalBot;+https://webmaster.petalsearch.com/site/petalbot)"
207.180.227.180 - - [04/Nov/2025:14:29:18 +0100] "POST /wp-cron.php?doing_wp_cron=1762262958.0236549377441406250000 HTTP/1.1" 404 15727 "-" "WordPress/6.8.3; https://impuguke.com"
114.119.146.107 - - [04/Nov/2025:14:30:35 +0100] "GET /?o=66578299001620 HTTP/1.1" 200 203389 "https://impuguke.com/sitemap_index.xml" "Mozilla/5.0 (Linux; Android 7.0;) AppleWebKit/537.36 (KHTML, like Gecko) Mobile Safari/537.36 (compatible; PetalBot;+https://webmaster.petalsearch.com/site/petalbot)"
31.13.127.5 - - [04/Nov/2025:14:30:41 +0100] "GET /wp-content/uploads/2025/10/Screenshot_20251013-155551.png HTTP/1.1" 200 912963 "-" "facebookexternalhit/1.1 (+http://www.facebook.com/externalhit_uatext.php)"
207.180.227.180 - - [04/Nov/2025:14:30:38 +0100] "POST /wp-cron.php?doing_wp_cron=1762263038.7117059230804443359375 HTTP/1.1" 404 16000 "-" "WordPress/6.8.3; https://impuguke.com"
114.119.154.87 - - [04/Nov/2025:14:32:00 +0100] "GET /?o=66449610051620 HTTP/1.1" 200 203389 "https://impuguke.com/sitemap_index.xml" "Mozilla/5.0 (Linux; Android 7.0;) AppleWebKit/537.36 (KHTML, like Gecko) Mobile Safari/537.36 (compatible; PetalBot;+https://webmaster.petalsearch.com/site/petalbot)"
207.180.227.180 - - [04/Nov/2025:14:32:09 +0100] "POST /wp-cron.php?doing_wp_cron=1762263128.9175291061401367187500 HTTP/1.1" 404 15727 "-" "WordPress/6.8.3; https://impuguke.com"
114.119.140.221 - - [04/Nov/2025:14:33:22 +0100] "GET /?o=65452198141620 HTTP/1.1" 500 203389 "https://impuguke.com/sitemap_index.xml" "Mozilla/5.0 (Linux; Android 7.0;) AppleWebKit/537.36 (KHTML, like Gecko) Mobile Safari/537.36 (compatible; PetalBot;+https://webmaster.petalsearch.com/site/petalbot)"
207.180.227.180 - - [04/Nov/2025:14:33:43 +0100] "POST /wp-cron.php?doing_wp_cron=1762263223.1083869934082031250000 HTTP/1.1" 500 - "-" "WordPress/6.8.3; https://impuguke.com"
114.119.140.221 - - [04/Nov/2025:14:34:49 +0100] "GET /?o=6508390031620 HTTP/1.1" 200 203386 "https://impuguke.com/sitemap_index.xml" "Mozilla/5.0 (Linux; Android 7.0;) AppleWebKit/537.36 (KHTML, like Gecko) Mobile Safari/537.36 (compatible; PetalBot;+https://webmaster.petalsearch.com/site/petalbot)"
207.180.227.180 - - [04/Nov/2025:14:34:52 +0100] "POST /wp-cron.php?doing_wp_cron=1762263292.1103019714355468750000 HTTP/1.1" 404 15727 "-" "WordPress/6.8.3; https://impuguke.com"
207.180.227.180 - - [04/Nov/2025:14:36:13 +0100] "POST /wp-cron.php?doing_wp_cron=1762263373.4118969440460205078125 HTTP/1.1" 404 15727 "-" "WordPress/6.8.3; https://impuguke.com"
114.119.139.148 - - [04/Nov/2025:14:36:10 +0100] "GET /?o=6503638051620 HTTP/1.1" 200 203386 "https://impuguke.com/sitemap_index.xml" "Mozilla/5.0 (Linux; Android 7.0;) AppleWebKit/537.36 (KHTML, like Gecko) Mobile Safari/537.36 (compatible; PetalBot;+https://webmaster.petalsearch.com/site/petalbot)"
114.119.154.87 - - [04/Nov/2025:14:37:34 +0100] "GET /?o=64822478061620 HTTP/1.1" 200 203389 "https://impuguke.com/sitemap_index.xml" "Mozilla/5.0 (Linux; Android 7.0;) AppleWebKit/537.36 (KHTML, like Gecko) Mobile Safari/537.36 (compatible; PetalBot;+https://webmaster.petalsearch.com/site/petalbot)"
207.180.227.180 - - [04/Nov/2025:14:37:36 +0100] "POST /wp-cron.php?doing_wp_cron=1762263456.8510699272155761718750 HTTP/1.1" 404 15727 "-" "WordPress/6.8.3; https://impuguke.com"
114.119.151.208 - - [04/Nov/2025:14:38:57 +0100] "GET /?o=64559604031620 HTTP/1.1" 200 161661 "https://impuguke.com/sitemap_index.xml" "Mozilla/5.0 (Linux; Android 7.0;) AppleWebKit/537.36 (KHTML, like Gecko) Mobile Safari/537.36 (compatible; PetalBot;+https://webmaster.petalsearch.com/site/petalbot)"
207.180.227.180 - - [04/Nov/2025:14:39:26 +0100] "POST /wp-cron.php?doing_wp_cron=1762263566.5464959144592285156250 HTTP/1.1" 404 15727 "-" "WordPress/6.8.3; https://impuguke.com"
207.180.227.180 - - [04/Nov/2025:14:40:26 +0100] "POST /wp-cron.php?doing_wp_cron=1762263626.7558999061584472656250 HTTP/1.1" 404 16000 "-" "WordPress/6.8.3; https://impuguke.com"
114.119.151.208 - - [04/Nov/2025:14:40:24 +0100] "GET /?o=63556771021620 HTTP/1.1" 200 203389 "https://impuguke.com/sitemap_index.xml" "Mozilla/5.0 (Linux; Android 7.0;) AppleWebKit/537.36 (KHTML, like Gecko) Mobile Safari/537.36 (compatible; PetalBot;+https://webmaster.petalsearch.com/site/petalbot)"
114.119.156.99 - - [04/Nov/2025:14:41:47 +0100] "GET /?o=69250832011620 HTTP/1.1" 200 203389 "https://impuguke.com/sitemap_index.xml" "Mozilla/5.0 (Linux; Android 7.0;) AppleWebKit/537.36 (KHTML, like Gecko) Mobile Safari/537.36 (compatible; PetalBot;+https://webmaster.petalsearch.com/site/petalbot)"
207.180.227.180 - - [04/Nov/2025:14:41:49 +0100] "POST /wp-cron.php?doing_wp_cron=1762263709.2409429550170898437500 HTTP/1.1" 404 16000 "-" "WordPress/6.8.3; https://impuguke.com"
66.249.64.109 - - [04/Nov/2025:14:41:51 +0100] "GET /?o=4909673001620 HTTP/1.1" 200 203386 "-" "Mozilla/5.0 (Linux; Android 6.0.1; Nexus 5X Build/MMB29P) AppleWebKit/537.36 (KHTML, like Gecko) Chrome/141.0.7390.122 Mobile Safari/537.36 (compatible; GoogleOther)"
114.119.154.87 - - [04/Nov/2025:14:43:08 +0100] "GET /?o=69145570031620 HTTP/1.1" 200 203389 "https://impuguke.com/sitemap_index.xml" "Mozilla/5.0 (Linux; Android 7.0;) AppleWebKit/537.36 (KHTML, like Gecko) Mobile Safari/537.36 (compatible; PetalBot;+https://webmaster.petalsearch.com/site/petalbot)"
207.180.227.180 - - [04/Nov/2025:14:43:10 +0100] "POST /wp-cron.php?doing_wp_cron=1762263790.0459439754486083984375 HTTP/1.1" 404 15727 "-" "WordPress/6.8.3; https://impuguke.com"
114.119.132.12 - - [04/Nov/2025:14:44:32 +0100] "GET /?o=68971080031620 HTTP/1.1" 500 - "https://impuguke.com/sitemap_index.xml" "Mozilla/5.0 (Linux; Android 7.0;) AppleWebKit/537.36 (KHTML, like Gecko) Mobile Safari/537.36 (compatible; PetalBot;+https://webmaster.petalsearch.com/site/petalbot)"
114.119.156.99 - - [04/Nov/2025:14:45:58 +0100] "GET /?o=68795957051620 HTTP/1.1" 200 203389 "https://impuguke.com/sitemap_index.xml" "Mozilla/5.0 (Linux; Android 7.0;) AppleWebKit/537.36 (KHTML, like Gecko) Mobile Safari/537.36 (compatible; PetalBot;+https://webmaster.petalsearch.com/site/petalbot)"
207.180.227.180 - - [04/Nov/2025:14:46:02 +0100] "POST /wp-cron.php?doing_wp_cron=1762263962.2363650798797607421875 HTTP/1.1" 404 16000 "-" "WordPress/6.8.3; https://impuguke.com"
197.157.165.26 - - [04/Nov/2025:14:46:46 +0100] "GET /wp-includes/js/comment-reply.min.js?ver=6.8.3 HTTP/1.1" 200 3026 "https://impuguke.com/2025/11/01/samia-suluhu-hassan-yatorewe-kuyobora-tanzania/" "Mozilla/5.0 (Windows NT 10.0; Win64; x64) AppleWebKit/537.36 (KHTML, like Gecko) Chrome/141.0.0.0 Safari/537.36"
197.157.165.26 - - [04/Nov/2025:14:46:32 +0100] "GET /2025/11/01/samia-suluhu-hassan-yatorewe-kuyobora-tanzania/ HTTP/1.1" 200 185049 "https://impuguke.com/" "Mozilla/5.0 (Windows NT 10.0; Win64; x64) AppleWebKit/537.36 (KHTML, like Gecko) Chrome/141.0.0.0 Safari/537.36"
197.157.165.26 - - [04/Nov/2025:14:46:47 +0100] "GET /wp-content/themes/newses/webfonts/fa-brands-400.woff2 HTTP/1.1" 200 117372 "https://impuguke.com/wp-content/themes/newses/css/font-awesome.css?ver=6.8.3" "Mozilla/5.0 (Windows NT 10.0; Win64; x64) AppleWebKit/537.36 (KHTML, like Gecko) Chrome/141.0.0.0 Safari/537.36"
198.244.183.158 - - [04/Nov/2025:14:46:54 +0100] "GET /category/home/ahabanza/amakuru/inkuru-ndende/ HTTP/1.1" 200 145277 "-" "Mozilla/5.0 (compatible; AhrefsBot/7.0; +http://ahrefs.com/robot/)"
207.180.227.180 - - [04/Nov/2025:14:47:05 +0100] "POST /wp-cron.php?doing_wp_cron=1762264025.8116741180419921875000 HTTP/1.1" 404 15727 "-" "WordPress/6.8.3; https://impuguke.com"
197.157.165.26 - - [04/Nov/2025:14:47:24 +0100] "GET /wp-content/uploads/2025/10/IMG-20251030-WA0013-768x768.jpg HTTP/1.1" 200 119836 "https://impuguke.com/2025/10/30/ikipe-imwe-yo-muri-sudan-yamaze-kwikura-muri-rwanda-primier-league-itarakina/" "Mozilla/5.0 (Windows NT 10.0; Win64; x64) AppleWebKit/537.36 (KHTML, like Gecko) Chrome/141.0.0.0 Safari/537.36"
114.119.151.208 - - [04/Nov/2025:14:47:26 +0100] "GET /?o=673415071620 HTTP/1.1" 200 203383 "https://impuguke.com/sitemap_index.xml" "Mozilla/5.0 (Linux; Android 7.0;) AppleWebKit/537.36 (KHTML, like Gecko) Mobile Safari/537.36 (compatible; PetalBot;+https://webmaster.petalsearch.com/site/petalbot)"
197.157.165.26 - - [04/Nov/2025:14:47:00 +0100] "GET /2025/10/30/ikipe-imwe-yo-muri-sudan-yamaze-kwikura-muri-rwanda-primier-league-itarakina/ HTTP/1.1" 200 189269 "https://impuguke.com/2025/11/01/samia-suluhu-hassan-yatorewe-kuyobora-tanzania/" "Mozilla/5.0 (Windows NT 10.0; Win64; x64) AppleWebKit/537.36 (KHTML, like Gecko) Chrome/141.0.0.0 Safari/537.36"
143.198.232.185 - - [04/Nov/2025:14:48:39 +0100] "POST /wp-login.php HTTP/1.1" 508 288 "-" "Mozilla/5.0"
114.119.146.107 - - [04/Nov/2025:14:48:44 +0100] "GET /?o=67132461021620 HTTP/1.1" 508 288 "https://impuguke.com/sitemap_index.xml" "Mozilla/5.0 (Linux; Android 7.0;) AppleWebKit/537.36 (KHTML, like Gecko) Mobile Safari/537.36 (compatible; PetalBot;+https://webmaster.petalsearch.com/site/petalbot)"
207.180.227.180 - - [04/Nov/2025:14:48:53 +0100] "POST /wp-cron.php?doing_wp_cron=1762264132.8164649009704589843750 HTTP/1.1" 508 288 "-" "WordPress/6.8.3; https://impuguke.com"
143.198.232.185 - - [04/Nov/2025:14:48:39 +0100] "POST /wp-login.php HTTP/1.1" 200 7334 "-" "Mozilla/5.0"
207.180.227.180 - - [04/Nov/2025:14:48:51 +0100] "POST /wp-cron.php?doing_wp_cron=1762264130.8112680912017822265625 HTTP/1.1" 404 16000 "-" "WordPress/6.8.3; https://impuguke.com"
143.198.232.185 - - [04/Nov/2025:14:48:39 +0100] "POST /wp-login.php HTTP/1.1" 302 - "-" "Mozilla/5.0"
143.198.232.185 - - [04/Nov/2025:14:48:39 +0100] "POST /wp-login.php HTTP/1.1" 302 - "-" "Mozilla/5.0"
114.119.129.233 - - [04/Nov/2025:14:50:10 +0100] "GET /?o=64559604031620 HTTP/1.1" 200 203389 "https://impuguke.com/sitemap_index.xml" "Mozilla/5.0 (Linux; Android 7.0;) AppleWebKit/537.36 (KHTML, like Gecko) Mobile Safari/537.36 (compatible; PetalBot;+https://webmaster.petalsearch.com/site/petalbot)"
207.180.227.180 - - [04/Nov/2025:14:50:13 +0100] "POST /wp-cron.php?doing_wp_cron=1762264213.1122879981994628906250 HTTP/1.1" 404 16000 "-" "WordPress/6.8.3; https://impuguke.com"
207.180.227.180 - - [04/Nov/2025:14:51:33 +0100] "POST /wp-cron.php?doing_wp_cron=1762264293.2158639430999755859375 HTTP/1.1" 404 15727 "-" "WordPress/6.8.3; https://impuguke.com"
114.119.154.87 - - [04/Nov/2025:14:51:30 +0100] "GET /?o=63475927011620 HTTP/1.1" 200 203389 "https://impuguke.com/sitemap_index.xml" "Mozilla/5.0 (Linux; Android 7.0;) AppleWebKit/537.36 (KHTML, like Gecko) Mobile Safari/537.36 (compatible; PetalBot;+https://webmaster.petalsearch.com/site/petalbot)"
114.119.154.87 - - [04/Nov/2025:14:52:53 +0100] "GET /?o=63471882031620 HTTP/1.1" 200 203389 "https://impuguke.com/sitemap_index.xml" "Mozilla/5.0 (Linux; Android 7.0;) AppleWebKit/537.36 (KHTML, like Gecko) Mobile Safari/537.36 (compatible; PetalBot;+https://webmaster.petalsearch.com/site/petalbot)"
207.180.227.180 - - [04/Nov/2025:14:52:55 +0100] "POST /wp-cron.php?doing_wp_cron=1762264375.4264049530029296875000 HTTP/1.1" 404 15727 "-" "WordPress/6.8.3; https://impuguke.com"
54.38.178.30 - - [04/Nov/2025:14:53:07 +0100] "POST /wp-login.php HTTP/1.1" 200 7373 "-" "Mozilla/5.0 (Windows NT 10.0; Win64; x64; rv:91.0) Gecko/20100101 Firefox/91.0"
114.119.129.233 - - [04/Nov/2025:14:54:23 +0100] "GET /?o=63457957061620 HTTP/1.1" 200 203389 "https://impuguke.com/sitemap_index.xml" "Mozilla/5.0 (Linux; Android 7.0;) AppleWebKit/537.36 (KHTML, like Gecko) Mobile Safari/537.36 (compatible; PetalBot;+https://webmaster.petalsearch.com/site/petalbot)"
207.180.227.180 - - [04/Nov/2025:14:54:25 +0100] "POST /wp-cron.php?doing_wp_cron=1762264465.8196990489959716796875 HTTP/1.1" 404 15727 "-" "WordPress/6.8.3; https://impuguke.com"
114.119.139.148 - - [04/Nov/2025:14:55:46 +0100] "GET /?o=63396081121620 HTTP/1.1" 500 - "https://impuguke.com/sitemap_index.xml" "Mozilla/5.0 (Linux; Android 7.0;) AppleWebKit/537.36 (KHTML, like Gecko) Mobile Safari/537.36 (compatible; PetalBot;+https://webmaster.petalsearch.com/site/petalbot)"
207.180.227.180 - - [04/Nov/2025:14:56:04 +0100] "POST /wp-cron.php?doing_wp_cron=1762264564.1224060058593750000000 HTTP/1.1" 500 - "-" "WordPress/6.8.3; https://impuguke.com"
114.119.129.233 - - [04/Nov/2025:14:57:05 +0100] "GET /?o=6337203011620 HTTP/1.1" 200 203386 "https://impuguke.com/sitemap_index.xml" "Mozilla/5.0 (Linux; Android 7.0;) AppleWebKit/537.36 (KHTML, like Gecko) Mobile Safari/537.36 (compatible; PetalBot;+https://webmaster.petalsearch.com/site/petalbot)"
207.180.227.180 - - [04/Nov/2025:14:57:12 +0100] "POST /wp-cron.php?doing_wp_cron=1762264631.9168379306793212890625 HTTP/1.1" 404 16000 "-" "WordPress/6.8.3; https://impuguke.com"
114.119.151.208 - - [04/Nov/2025:14:58:28 +0100] "GET /?o=63233542001620 HTTP/1.1" 200 203389 "https://impuguke.com/sitemap_index.xml" "Mozilla/5.0 (Linux; Android 7.0;) AppleWebKit/537.36 (KHTML, like Gecko) Mobile Safari/537.36 (compatible; PetalBot;+https://webmaster.petalsearch.com/site/petalbot)"
207.180.227.180 - - [04/Nov/2025:14:58:30 +0100] "POST /wp-cron.php?doing_wp_cron=1762264710.0199389457702636718750 HTTP/1.1" 404 15727 "-" "WordPress/6.8.3; https://impuguke.com"
114.119.146.107 - - [04/Nov/2025:14:59:57 +0100] "GET /?o=63213077011620 HTTP/1.1" 200 203389 "https://impuguke.com/sitemap_index.xml" "Mozilla/5.0 (Linux; Android 7.0;) AppleWebKit/537.36 (KHTML, like Gecko) Mobile Safari/537.36 (compatible; PetalBot;+https://webmaster.petalsearch.com/site/petalbot)"
207.180.227.180 - - [04/Nov/2025:15:00:01 +0100] "POST /wp-cron.php?doing_wp_cron=1762264801.2286489009857177734375 HTTP/1.1" 404 16000 "-" "WordPress/6.8.3; https://impuguke.com"
114.119.146.107 - - [04/Nov/2025:15:01:21 +0100] "GET /?o=63200780031620 HTTP/1.1" 200 203389 "https://impuguke.com/sitemap_index.xml" "Mozilla/5.0 (Linux; Android 7.0;) AppleWebKit/537.36 (KHTML, like Gecko) Mobile Safari/537.36 (compatible; PetalBot;+https://webmaster.petalsearch.com/site/petalbot)"
207.180.227.180 - - [04/Nov/2025:15:01:24 +0100] "POST /wp-cron.php?doing_wp_cron=1762264884.8154320716857910156250 HTTP/1.1" 404 15727 "-" "WordPress/6.8.3; https://impuguke.com"
114.119.139.148 - - [04/Nov/2025:15:02:39 +0100] "GET /?o=63064860041620 HTTP/1.1" 200 203389 "https://impuguke.com/sitemap_index.xml" "Mozilla/5.0 (Linux; Android 7.0;) AppleWebKit/537.36 (KHTML, like Gecko) Mobile Safari/537.36 (compatible; PetalBot;+https://webmaster.petalsearch.com/site/petalbot)"
114.119.132.12 - - [04/Nov/2025:15:04:06 +0100] "GET /?o=63396081121620 HTTP/1.1" 200 203389 "https://impuguke.com/sitemap_index.xml" "Mozilla/5.0 (Linux; Android 7.0;) AppleWebKit/537.36 (KHTML, like Gecko) Mobile Safari/537.36 (compatible; PetalBot;+https://webmaster.petalsearch.com/site/petalbot)"
13.71.155.8 - - [04/Nov/2025:15:04:42 +0100] "GET /wp-login.php HTTP/1.1" 200 7136 "-" "-"
44.194.134.53 - - [04/Nov/2025:15:05:10 +0100] "GET /2025/10/03/inzozi-lotto-yahagaritswe-gukorera-mu-rwanda/ HTTP/1.1" 200 166167 "-" "Mozilla/5.0 AppleWebKit/537.36 (KHTML, like Gecko; compatible; Amazonbot/0.1; +https://developer.amazon.com/support/amazonbot) Chrome/119.0.6045.214 Safari/537.36"
44.207.252.58 - - [04/Nov/2025:15:05:23 +0100] "GET /wp-content/uploads/2025/10/g2r08y7xgaa801v-425e8-300x300.jpg HTTP/1.1" 200 19635 "-" "Mozilla/5.0 AppleWebKit/537.36 (KHTML, like Gecko; compatible; Amazonbot/0.1; +https://developer.amazon.com/support/amazonbot) Chrome/119.0.6045.214 Safari/537.36"
34.230.124.21 - - [04/Nov/2025:15:05:27 +0100] "GET /wp-content/uploads/2025/10/inzozi_lotto_whatsapp_image_2022-05-04_at_9.21_58_pm-13d1e-300x300.jpg HTTP/1.1" 200 19239 "-" "Mozilla/5.0 AppleWebKit/537.36 (KHTML, like Gecko; compatible; Amazonbot/0.1; +https://developer.amazon.com/support/amazonbot) Chrome/119.0.6045.214 Safari/537.36"
114.119.129.233 - - [04/Nov/2025:15:05:27 +0100] "GET /?o=63057135091620 HTTP/1.1" 200 203389 "https://impuguke.com/sitemap_index.xml" "Mozilla/5.0 (Linux; Android 7.0;) AppleWebKit/537.36 (KHTML, like Gecko) Mobile Safari/537.36 (compatible; PetalBot;+https://webmaster.petalsearch.com/site/petalbot)"
207.180.227.180 - - [04/Nov/2025:15:05:34 +0100] "POST /wp-cron.php?doing_wp_cron=1762265133.9196751117706298828125 HTTP/1.1" 404 15727 "-" "WordPress/6.8.3; https://impuguke.com"
114.119.151.208 - - [04/Nov/2025:15:06:50 +0100] "GET /?o=62936621051620 HTTP/1.1" 200 203389 "https://impuguke.com/sitemap_index.xml" "Mozilla/5.0 (Linux; Android 7.0;) AppleWebKit/537.36 (KHTML, like Gecko) Mobile Safari/537.36 (compatible; PetalBot;+https://webmaster.petalsearch.com/site/petalbot)"
114.119.139.148 - - [04/Nov/2025:15:08:14 +0100] "GET /?o=62879002021620 HTTP/1.1" 200 203389 "https://impuguke.com/sitemap_index.xml" "Mozilla/5.0 (Linux; Android 7.0;) AppleWebKit/537.36 (KHTML, like Gecko) Mobile Safari/537.36 (compatible; PetalBot;+https://webmaster.petalsearch.com/site/petalbot)"
205.185.127.199 - - [04/Nov/2025:15:08:35 +0100] "GET /wp-login.php HTTP/1.1" 200 7136 "https://www.google.com/" "Mozilla/5.0 (iPhone; CPU iPhone OS 17_0 like Mac OS X) AppleWebKit/605.1.15 (KHTML, like Gecko) Version/17.0 Mobile/15E148 Safari/604.1"
205.185.127.199 - - [04/Nov/2025:15:08:46 +0100] "POST /wp-login.php HTTP/1.1" 302 - "https://www.google.com/" "Mozilla/5.0 (iPhone; CPU iPhone OS 17_0 like Mac OS X) AppleWebKit/605.1.15 (KHTML, like Gecko) Version/17.0 Mobile/15E148 Safari/604.1"
45.61.184.130 - - [04/Nov/2025:15:09:31 +0100] "GET /wp-login.php HTTP/1.1" 508 288 "-" "Mozilla/5.0 (Windows NT 6.2; WOW64) AppleWebKit/537.36 (KHTML, like Gecko) Chrome/36.0.1985.125 Safari/537.36"
114.119.140.221 - - [04/Nov/2025:15:09:38 +0100] "GET /?o=62867524061620 HTTP/1.1" 200 203389 "https://impuguke.com/sitemap_index.xml" "Mozilla/5.0 (Linux; Android 7.0;) AppleWebKit/537.36 (KHTML, like Gecko) Mobile Safari/537.36 (compatible; PetalBot;+https://webmaster.petalsearch.com/site/petalbot)"
205.185.127.199 - - [04/Nov/2025:15:10:26 +0100] "GET /wp-login.php HTTP/1.1" 200 7136 "https://www.google.com/" "Mozilla/5.0 (iPhone; CPU iPhone OS 17_0 like Mac OS X) AppleWebKit/605.1.15 (KHTML, like Gecko) Version/17.0 Mobile/15E148 Safari/604.1"
205.185.127.199 - - [04/Nov/2025:15:10:35 +0100] "GET /wp-admin/themes.php HTTP/1.1" 404 138451 "https://www.google.com/" "Mozilla/5.0 (iPhone; CPU iPhone OS 17_0 like Mac OS X) AppleWebKit/605.1.15 (KHTML, like Gecko) Version/17.0 Mobile/15E148 Safari/604.1"
205.185.127.199 - - [04/Nov/2025:15:10:42 +0100] "GET /wp-admin/plugin-install.php?tab=upload HTTP/1.1" 404 138451 "https://www.google.com/" "Mozilla/5.0 (iPhone; CPU iPhone OS 17_0 like Mac OS X) AppleWebKit/605.1.15 (KHTML, like Gecko) Version/17.0 Mobile/15E148 Safari/604.1"
114.119.129.233 - - [04/Nov/2025:15:11:02 +0100] "GET /?o=62860712031620 HTTP/1.1" 200 203389 "https://impuguke.com/sitemap_index.xml" "Mozilla/5.0 (Linux; Android 7.0;) AppleWebKit/537.36 (KHTML, like Gecko) Mobile Safari/537.36 (compatible; PetalBot;+https://webmaster.petalsearch.com/site/petalbot)"
207.180.227.180 - - [04/Nov/2025:15:11:08 +0100] "POST /wp-cron.php?doing_wp_cron=1762265467.8200531005859375000000 HTTP/1.1" 404 15727 "-" "WordPress/6.8.3; https://impuguke.com"
66.249.64.108 - - [04/Nov/2025:15:11:34 +0100] "GET /shop/pg/1SiteUse HTTP/1.1" 404 138451 "-" "Mozilla/5.0 (Linux; Android 6.0.1; Nexus 5X Build/MMB29P) AppleWebKit/537.36 (KHTML, like Gecko) Chrome/141.0.7390.122 Mobile Safari/537.36 (compatible; GoogleOther)"
198.244.242.177 - - [04/Nov/2025:15:11:57 +0100] "GET /2024/04/02/what-are-health-benefits-of-tomatoes/ HTTP/1.1" 200 185269 "-" "Mozilla/5.0 (compatible; AhrefsBot/7.0; +http://ahrefs.com/robot/)"
114.119.151.208 - - [04/Nov/2025:15:12:26 +0100] "GET /?o=62757789041620 HTTP/1.1" 200 203389 "https://impuguke.com/sitemap_index.xml" "Mozilla/5.0 (Linux; Android 7.0;) AppleWebKit/537.36 (KHTML, like Gecko) Mobile Safari/537.36 (compatible; PetalBot;+https://webmaster.petalsearch.com/site/petalbot)"
114.119.129.233 - - [04/Nov/2025:15:13:48 +0100] "GET /?o=62543662101620 HTTP/1.1" 200 203389 "https://impuguke.com/sitemap_index.xml" "Mozilla/5.0 (Linux; Android 7.0;) AppleWebKit/537.36 (KHTML, like Gecko) Mobile Safari/537.36 (compatible; PetalBot;+https://webmaster.petalsearch.com/site/petalbot)"
114.119.154.87 - - [04/Nov/2025:15:15:13 +0100] "GET /?o=62517319021620 HTTP/1.1" 200 203389 "https://impuguke.com/sitemap_index.xml" "Mozilla/5.0 (Linux; Android 7.0;) AppleWebKit/537.36 (KHTML, like Gecko) Mobile Safari/537.36 (compatible; PetalBot;+https://webmaster.petalsearch.com/site/petalbot)"
207.180.227.180 - - [04/Nov/2025:15:15:20 +0100] "POST /wp-cron.php?doing_wp_cron=1762265720.0273580551147460937500 HTTP/1.1" 404 15727 "-" "WordPress/6.8.3; https://impuguke.com"
114.119.129.233 - - [04/Nov/2025:15:16:37 +0100] "GET /?o=62503741021620 HTTP/1.1" 500 - "https://impuguke.com/sitemap_index.xml" "Mozilla/5.0 (Linux; Android 7.0;) AppleWebKit/537.36 (KHTML, like Gecko) Mobile Safari/537.36 (compatible; PetalBot;+https://webmaster.petalsearch.com/site/petalbot)"
114.119.139.148 - - [04/Nov/2025:15:17:59 +0100] "GET /?o=62465787081620 HTTP/1.1" 500 203389 "https://impuguke.com/sitemap_index.xml" "Mozilla/5.0 (Linux; Android 7.0;) AppleWebKit/537.36 (KHTML, like Gecko) Mobile Safari/537.36 (compatible; PetalBot;+https://webmaster.petalsearch.com/site/petalbot)"
207.180.227.180 - - [04/Nov/2025:15:18:09 +0100] "POST /wp-cron.php?doing_wp_cron=1762265889.1222820281982421875000 HTTP/1.1" 404 15748 "-" "WordPress/6.8.3; https://impuguke.com"
114.119.154.87 - - [04/Nov/2025:15:19:24 +0100] "GET /?o=62460777061620 HTTP/1.1" 200 203389 "https://impuguke.com/sitemap_index.xml" "Mozilla/5.0 (Linux; Android 7.0;) AppleWebKit/537.36 (KHTML, like Gecko) Mobile Safari/537.36 (compatible; PetalBot;+https://webmaster.petalsearch.com/site/petalbot)"
207.180.227.180 - - [04/Nov/2025:15:19:28 +0100] "POST /wp-cron.php?doing_wp_cron=1762265967.9146049022674560546875 HTTP/1.1" 404 16000 "-" "WordPress/6.8.3; https://impuguke.com"
114.119.151.208 - - [04/Nov/2025:15:20:46 +0100] "GET /?o=62402321091620 HTTP/1.1" 200 203389 "https://impuguke.com/sitemap_index.xml" "Mozilla/5.0 (Linux; Android 7.0;) AppleWebKit/537.36 (KHTML, like Gecko) Mobile Safari/537.36 (compatible; PetalBot;+https://webmaster.petalsearch.com/site/petalbot)"
207.180.227.180 - - [04/Nov/2025:15:20:51 +0100] "POST /wp-cron.php?doing_wp_cron=1762266050.7157869338989257812500 HTTP/1.1" 404 15727 "-" "WordPress/6.8.3; https://impuguke.com"
114.119.139.148 - - [04/Nov/2025:15:22:10 +0100] "GET /?o=62398631051620 HTTP/1.1" 500 - "https://impuguke.com/sitemap_index.xml" "Mozilla/5.0 (Linux; Android 7.0;) AppleWebKit/537.36 (KHTML, like Gecko) Mobile Safari/537.36 (compatible; PetalBot;+https://webmaster.petalsearch.com/site/petalbot)"
114.119.140.221 - - [04/Nov/2025:15:23:51 +0100] "GET /?o=62328402001620 HTTP/1.1" 500 - "https://impuguke.com/sitemap_index.xml" "Mozilla/5.0 (Linux; Android 7.0;) AppleWebKit/537.36 (KHTML, like Gecko) Mobile Safari/537.36 (compatible; PetalBot;+https://webmaster.petalsearch.com/site/petalbot)"
143.198.232.185 - - [04/Nov/2025:15:25:19 +0100] "POST /wp-login.php HTTP/1.1" 200 7334 "-" "Mozilla/5.0"
143.198.232.185 - - [04/Nov/2025:15:25:19 +0100] "POST /wp-login.php HTTP/1.1" 500 - "-" "Mozilla/5.0"
143.198.232.185 - - [04/Nov/2025:15:25:19 +0100] "POST /wp-login.php HTTP/1.1" 500 - "-" "Mozilla/5.0"
143.198.232.185 - - [04/Nov/2025:15:25:19 +0100] "POST /wp-login.php HTTP/1.1" 302 - "-" "Mozilla/5.0"
45.61.188.132 - - [04/Nov/2025:15:25:50 +0100] "GET /wp-login.php HTTP/1.1" 200 7136 "-" "Mozilla/5.0 (Windows NT 6.1; WOW64; rv:31.0) Gecko/20100101 Firefox/31.0"
45.61.188.132 - - [04/Nov/2025:15:25:59 +0100] "POST /wp-login.php HTTP/1.1" 200 7392 "-" "Mozilla/5.0 (Windows NT 6.1; WOW64; rv:31.0) Gecko/20100101 Firefox/31.0"
114.119.151.208 - - [04/Nov/2025:15:28:19 +0100] "GET /?o=62465787081620 HTTP/1.1" 200 203389 "https://impuguke.com/sitemap_index.xml" "Mozilla/5.0 (Linux; Android 7.0;) AppleWebKit/537.36 (KHTML, like Gecko) Mobile Safari/537.36 (compatible; PetalBot;+https://webmaster.petalsearch.com/site/petalbot)"
207.180.227.180 - - [04/Nov/2025:15:28:22 +0100] "POST /wp-cron.php?doing_wp_cron=1762266502.8099789619445800781250 HTTP/1.1" 404 15727 "-" "WordPress/6.8.3; https://impuguke.com"
114.119.156.99 - - [04/Nov/2025:15:29:12 +0100] "GET /?o=62398631051620 HTTP/1.1" 200 203389 "https://impuguke.com/sitemap_index.xml" "Mozilla/5.0 (Linux; Android 7.0;) AppleWebKit/537.36 (KHTML, like Gecko) Mobile Safari/537.36 (compatible; PetalBot;+https://webmaster.petalsearch.com/site/petalbot)"
4.241.111.42 - - [04/Nov/2025:15:30:30 +0100] "GET /wp-admin/about.php HTTP/1.1" 302 - "-" "-"
4.241.111.42 - - [04/Nov/2025:15:30:35 +0100] "GET /wp-login.php?redirect_to=https%3A%2F%2Fimpuguke.com.umurunga.com%2Fwp-admin%2Fabout.php&reauth=1 HTTP/1.1" 200 7158 "-" "-"
114.119.140.221 - - [04/Nov/2025:15:31:30 +0100] "GET /?o=62328402001620 HTTP/1.1" 200 203389 "https://impuguke.com/sitemap_index.xml" "Mozilla/5.0 (Linux; Android 7.0;) AppleWebKit/537.36 (KHTML, like Gecko) Mobile Safari/537.36 (compatible; PetalBot;+https://webmaster.petalsearch.com/site/petalbot)"
85.208.96.198 - - [04/Nov/2025:15:32:23 +0100] "GET /robots.txt HTTP/1.1" 200 66 "-" "Mozilla/5.0 (compatible; SemrushBot/7~bl; +http://www.semrush.com/bot.html)"
185.191.171.12 - - [04/Nov/2025:15:32:24 +0100] "GET /category/home/ahabanza/amakuru/page/3/ HTTP/1.1" 200 163775 "-" "Mozilla/5.0 (compatible; SemrushBot/7~bl; +http://www.semrush.com/bot.html)"
114.119.129.233 - - [04/Nov/2025:15:38:26 +0100] "GET /?o=61871306031620 HTTP/1.1" 200 195197 "https://impuguke.com/sitemap_index.xml" "Mozilla/5.0 (Linux; Android 7.0;) AppleWebKit/537.36 (KHTML, like Gecko) Mobile Safari/537.36 (compatible; PetalBot;+https://webmaster.petalsearch.com/site/petalbot)"
207.180.227.180 - - [04/Nov/2025:15:39:03 +0100] "POST /wp-cron.php?doing_wp_cron=1762267143.3075330257415771484375 HTTP/1.1" 404 15727 "-" "WordPress/6.8.3; https://impuguke.com"
198.244.242.244 - - [04/Nov/2025:15:40:06 +0100] "GET / HTTP/1.1" 200 203338 "-" "Mozilla/5.0 (compatible; AhrefsBot/7.0; +http://ahrefs.com/robot/)"
207.180.227.180 - - [04/Nov/2025:15:40:08 +0100] "POST /wp-cron.php?doing_wp_cron=1762267208.2386009693145751953125 HTTP/1.1" 404 15727 "-" "WordPress/6.8.3; https://impuguke.com"
31.13.127.6 - - [04/Nov/2025:15:42:02 +0100] "GET /wp-content/uploads/2025/10/InShot_20251022_085145336-scaled.jpg HTTP/1.1" 200 272073 "-" "facebookexternalhit/1.1 (+http://www.facebook.com/externalhit_uatext.php)"
57.153.174.154 - - [04/Nov/2025:15:42:20 +0100] "POST /wp-login.php HTTP/1.1" 200 7508 "-" "Mozilla/5.0 (Windows NT 10.0; Win64; x64; rv:45.0) Gecko/20100101 Firefox/45.0"
37.27.51.140 - - [04/Nov/2025:15:45:21 +0100] "GET /robots.txt HTTP/1.1" 200 66 "-" "Mozilla/5.0 (compatible; BLEXBot/1.0; +https://help.seranking.com/en/blex-crawler)"
37.27.51.140 - - [04/Nov/2025:15:45:22 +0100] "GET /?p=1494 HTTP/1.1" 301 - "-" "Mozilla/5.0 (compatible; BLEXBot/1.0; +https://help.seranking.com/en/blex-crawler)"
207.180.227.180 - - [04/Nov/2025:15:45:26 +0100] "POST /wp-cron.php?doing_wp_cron=1762267526.4233028888702392578125 HTTP/1.1" 404 15727 "-" "WordPress/6.8.3; https://impuguke.com"
37.27.51.140 - - [04/Nov/2025:15:45:32 +0100] "GET /page/3/ HTTP/1.1" 200 203099 "-" "Mozilla/5.0 (compatible; BLEXBot/1.0; +https://help.seranking.com/en/blex-crawler)"
37.27.51.140 - - [04/Nov/2025:15:45:37 +0100] "GET /page/9/ HTTP/1.1" 200 200755 "-" "Mozilla/5.0 (compatible; BLEXBot/1.0; +https://help.seranking.com/en/blex-crawler)"
37.27.51.140 - - [04/Nov/2025:15:45:43 +0100] "GET /2015/03/ HTTP/1.1" 200 151783 "-" "Mozilla/5.0 (compatible; BLEXBot/1.0; +https://help.seranking.com/en/blex-crawler)"
37.27.51.140 - - [04/Nov/2025:15:45:49 +0100] "GET /2024/04/ HTTP/1.1" 200 142934 "-" "Mozilla/5.0 (compatible; BLEXBot/1.0; +https://help.seranking.com/en/blex-crawler)"
37.27.51.140 - - [04/Nov/2025:15:45:53 +0100] "GET /2025/06/ HTTP/1.1" 200 164057 "-" "Mozilla/5.0 (compatible; BLEXBot/1.0; +https://help.seranking.com/en/blex-crawler)"
37.27.51.140 - - [04/Nov/2025:15:45:58 +0100] "GET /2025/07/ HTTP/1.1" 200 151980 "-" "Mozilla/5.0 (compatible; BLEXBot/1.0; +https://help.seranking.com/en/blex-crawler)"
37.27.51.140 - - [04/Nov/2025:15:46:03 +0100] "GET /2025/08/ HTTP/1.1" 200 143652 "-" "Mozilla/5.0 (compatible; BLEXBot/1.0; +https://help.seranking.com/en/blex-crawler)"
37.27.51.140 - - [04/Nov/2025:15:46:10 +0100] "GET /2025/10/page/2/ HTTP/1.1" 200 162249 "-" "Mozilla/5.0 (compatible; BLEXBot/1.0; +https://help.seranking.com/en/blex-crawler)"
37.27.51.140 - - [04/Nov/2025:15:46:18 +0100] "GET /2025/10/page/3/ HTTP/1.1" 200 152484 "-" "Mozilla/5.0 (compatible; BLEXBot/1.0; +https://help.seranking.com/en/blex-crawler)"
37.27.51.140 - - [04/Nov/2025:15:46:25 +0100] "GET /author/impuguke/ HTTP/1.1" 200 165521 "-" "Mozilla/5.0 (compatible; BLEXBot/1.0; +https://help.seranking.com/en/blex-crawler)"
207.180.227.180 - - [04/Nov/2025:15:46:27 +0100] "POST /wp-cron.php?doing_wp_cron=1762267587.5330340862274169921875 HTTP/1.1" 404 16000 "-" "WordPress/6.8.3; https://impuguke.com"
114.119.151.208 - - [04/Nov/2025:15:46:29 +0100] "GET /?o=61355927011620 HTTP/1.1" 200 203389 "https://impuguke.com/sitemap_index.xml" "Mozilla/5.0 (Linux; Android 7.0;) AppleWebKit/537.36 (KHTML, like Gecko) Mobile Safari/537.36 (compatible; PetalBot;+https://webmaster.petalsearch.com/site/petalbot)"
37.27.51.140 - - [04/Nov/2025:15:46:32 +0100] "GET /author/niyonizera/ HTTP/1.1" 200 152975 "-" "Mozilla/5.0 (compatible; BLEXBot/1.0; +https://help.seranking.com/en/blex-crawler)"
57.141.0.54 - - [04/Nov/2025:15:46:41 +0100] "GET /index.html HTTP/1.1" 404 138451 "-" "meta-externalagent/1.1 (+https://developers.facebook.com/docs/sharing/webmasters/crawler)"
37.27.51.140 - - [04/Nov/2025:15:46:42 +0100] "GET /category/home/page/2/ HTTP/1.1" 200 162863 "-" "Mozilla/5.0 (compatible; BLEXBot/1.0; +https://help.seranking.com/en/blex-crawler)"
37.27.51.140 - - [04/Nov/2025:15:46:55 +0100] "GET /category/home/page/10/ HTTP/1.1" 200 152971 "-" "Mozilla/5.0 (compatible; BLEXBot/1.0; +https://help.seranking.com/en/blex-crawler)"
37.27.51.140 - - [04/Nov/2025:15:47:05 +0100] "GET /author/abayisenga/page/2/ HTTP/1.1" 200 159800 "-" "Mozilla/5.0 (compatible; BLEXBot/1.0; +https://help.seranking.com/en/blex-crawler)"
37.27.51.140 - - [04/Nov/2025:15:47:15 +0100] "GET /category/home/ahabanza/page/2/ HTTP/1.1" 200 163340 "-" "Mozilla/5.0 (compatible; BLEXBot/1.0; +https://help.seranking.com/en/blex-crawler)"
37.27.51.140 - - [04/Nov/2025:15:47:23 +0100] "GET /category/home/ahabanza/page/6/ HTTP/1.1" 200 146261 "-" "Mozilla/5.0 (compatible; BLEXBot/1.0; +https://help.seranking.com/en/blex-crawler)"
37.27.51.140 - - [04/Nov/2025:15:47:29 +0100] "GET /2015/03/20/a-paradise-for-holiday/ HTTP/1.1" 200 164346 "-" "Mozilla/5.0 (compatible; BLEXBot/1.0; +https://help.seranking.com/en/blex-crawler)"
207.180.227.180 - - [04/Nov/2025:15:47:31 +0100] "POST /wp-cron.php?doing_wp_cron=1762267651.0434589385986328125000 HTTP/1.1" 404 15727 "-" "WordPress/6.8.3; https://impuguke.com"
37.27.51.140 - - [04/Nov/2025:15:47:35 +0100] "GET /2015/03/20/kayaking-adventurous-sport/ HTTP/1.1" 200 162147 "-" "Mozilla/5.0 (compatible; BLEXBot/1.0; +https://help.seranking.com/en/blex-crawler)"
37.27.51.140 - - [04/Nov/2025:15:47:41 +0100] "GET /2015/03/24/fastest-plane-in-the-world/ HTTP/1.1" 200 161269 "-" "Mozilla/5.0 (compatible; BLEXBot/1.0; +https://help.seranking.com/en/blex-crawler)"
37.27.51.140 - - [04/Nov/2025:15:47:47 +0100] "GET /category/home/ahabanza/amakuru/page/2/ HTTP/1.1" 200 163740 "-" "Mozilla/5.0 (compatible; BLEXBot/1.0; +https://help.seranking.com/en/blex-crawler)"
37.27.51.140 - - [04/Nov/2025:15:47:52 +0100] "GET /category/home/ahabanza/amakuru/page/5/ HTTP/1.1" 200 161839 "-" "Mozilla/5.0 (compatible; BLEXBot/1.0; +https://help.seranking.com/en/blex-crawler)"
37.27.51.140 - - [04/Nov/2025:15:47:57 +0100] "GET /2015/03/24/teens-use-apps-to-keep-secrets/ HTTP/1.1" 200 159532 "-" "Mozilla/5.0 (compatible; BLEXBot/1.0; +https://help.seranking.com/en/blex-crawler)"
37.27.51.140 - - [04/Nov/2025:15:48:02 +0100] "GET /2015/03/24/coffee-is-health-food-myth-or-fact/ HTTP/1.1" 200 161405 "-" "Mozilla/5.0 (compatible; BLEXBot/1.0; +https://help.seranking.com/en/blex-crawler)"
37.27.51.140 - - [04/Nov/2025:15:48:09 +0100] "GET /category/home/ahabanza/amakuru/imikino/page/2/ HTTP/1.1" 200 163289 "-" "Mozilla/5.0 (compatible; BLEXBot/1.0; +https://help.seranking.com/en/blex-crawler)"
37.27.51.140 - - [04/Nov/2025:15:48:15 +0100] "GET /2024/04/02/what-are-health-benefits-of-tomatoes/ HTTP/1.1" 200 185269 "-" "Mozilla/5.0 (compatible; BLEXBot/1.0; +https://help.seranking.com/en/blex-crawler)"
37.27.51.140 - - [04/Nov/2025:15:48:21 +0100] "GET /2015/03/24/wireless-headphones-are-now-on-market/ HTTP/1.1" 500 - "-" "Mozilla/5.0 (compatible; BLEXBot/1.0; +https://help.seranking.com/en/blex-crawler)"
207.180.227.180 - - [04/Nov/2025:15:48:36 +0100] "POST /wp-cron.php?doing_wp_cron=1762267716.2124230861663818359375 HTTP/1.1" 404 15727 "-" "WordPress/6.8.3; https://impuguke.com"
37.27.51.140 - - [04/Nov/2025:15:48:40 +0100] "GET /2025/10/09/ingabire-marie-immaculee-yitabye-imana/ HTTP/1.1" 200 161810 "-" "Mozilla/5.0 (compatible; BLEXBot/1.0; +https://help.seranking.com/en/blex-crawler)"
37.27.51.140 - - [04/Nov/2025:15:48:52 +0100] "GET /2025/07/29/gicumbi-from-isolation-to-rebuilding-hope-in-life/ HTTP/1.1" 200 173769 "-" "Mozilla/5.0 (compatible; BLEXBot/1.0; +https://help.seranking.com/en/blex-crawler)"
37.27.51.140 - - [04/Nov/2025:15:49:01 +0100] "GET /2025/10/10/ngibi-ibyo-utamenye-bigezweho-ku-mukino-wu-rwanda-na-benin/ HTTP/1.1" 200 162349 "-" "Mozilla/5.0 (compatible; BLEXBot/1.0; +https://help.seranking.com/en/blex-crawler)"
37.27.51.140 - - [04/Nov/2025:15:49:08 +0100] "GET /2025/07/09/justice-delayed-when-30-days-in-rwandan-custody-becomes-years/ HTTP/1.1" 200 166008 "-" "Mozilla/5.0 (compatible; BLEXBot/1.0; +https://help.seranking.com/en/blex-crawler)"
37.27.51.140 - - [04/Nov/2025:15:49:17 +0100] "GET /2025/10/13/super-manager-na-sam-karenzi-bahuriye-muri-studio-bakozanyaho/ HTTP/1.1" 200 162558 "-" "Mozilla/5.0 (compatible; BLEXBot/1.0; +https://help.seranking.com/en/blex-crawler)"
37.27.51.140 - - [04/Nov/2025:15:49:26 +0100] "GET /2025/07/29/rura-summons-mtn-rwanda-due-to-recurring-service-interruptions/ HTTP/1.1" 200 162675 "-" "Mozilla/5.0 (compatible; BLEXBot/1.0; +https://help.seranking.com/en/blex-crawler)"
37.27.51.140 - - [04/Nov/2025:15:49:38 +0100] "GET /2025/10/11/impamvu-kavita-yatoraguye-amacupa-mu-kibuga-nyuma-yo-gutsindwa/ HTTP/1.1" 200 165522 "-" "Mozilla/5.0 (compatible; BLEXBot/1.0; +https://help.seranking.com/en/blex-crawler)"
207.180.227.180 - - [04/Nov/2025:15:49:45 +0100] "POST /wp-cron.php?doing_wp_cron=1762267785.6207659244537353515625 HTTP/1.1" 404 16000 "-" "WordPress/6.8.3; https://impuguke.com"
37.27.51.140 - - [04/Nov/2025:15:49:51 +0100] "GET /2025/06/05/senators-demand-measures-to-reduce-imports-of-cooking-appliances/ HTTP/1.1" 200 166272 "-" "Mozilla/5.0 (compatible; BLEXBot/1.0; +https://help.seranking.com/en/blex-crawler)"
37.27.51.140 - - [04/Nov/2025:15:50:05 +0100] "GET /2025/10/08/umuyobozi-wo-muri-gasabo-akurikiranyweho-kwaka-no-kwakira-indonke/ HTTP/1.1" 200 161930 "-" "Mozilla/5.0 (compatible; BLEXBot/1.0; +https://help.seranking.com/en/blex-crawler)"
37.27.51.140 - - [04/Nov/2025:15:50:18 +0100] "GET /2025/06/12/today-the-finance-minister-will-present-the-new-fiscal-year-budget/ HTTP/1.1" 200 165070 "-" "Mozilla/5.0 (compatible; BLEXBot/1.0; +https://help.seranking.com/en/blex-crawler)"
37.27.51.140 - - [04/Nov/2025:15:50:34 +0100] "GET /2025/10/13/rayon-sports-ivugwamo-umutoza-mushya-yahagaritse-uwari-umutoza-wayo/ HTTP/1.1" 200 162474 "-" "Mozilla/5.0 (compatible; BLEXBot/1.0; +https://help.seranking.com/en/blex-crawler)"
37.27.51.140 - - [04/Nov/2025:15:50:47 +0100] "GET /2025/10/13/muyango-yashimangiye-urwo-akunda-umugabo-we-kimenyi-wagize-isabukuru/ HTTP/1.1" 200 163012 "-" "Mozilla/5.0 (compatible; BLEXBot/1.0; +https://help.seranking.com/en/blex-crawler)"
185.50.25.34 - - [04/Nov/2025:15:50:58 +0100] "GET /wp-login.php HTTP/1.1" 200 7136 "-" "Mozilla/5.0 (Windows NT 10.0; WOW64; Trident/7.0; FSJB; rv:11.0) like Gecko"
207.180.227.180 - - [04/Nov/2025:15:50:56 +0100] "POST /wp-cron.php?doing_wp_cron=1762267855.9100499153137207031250 HTTP/1.1" 404 15727 "-" "WordPress/6.8.3; https://impuguke.com"
37.27.51.140 - - [04/Nov/2025:15:51:02 +0100] "GET /2025/10/13/nsabimana-amiable-amaze-gutandukana-na-rayon-sports-mu-buryo-butubguranye/ HTTP/1.1" 200 162344 "-" "Mozilla/5.0 (compatible; BLEXBot/1.0; +https://help.seranking.com/en/blex-crawler)"
37.27.51.140 - - [04/Nov/2025:15:51:15 +0100] "GET /2025/06/12/he-stole-the-television-while-people-were-watching-a-former-drug-addicts-testimony/ HTTP/1.1" 200 164525 "-" "Mozilla/5.0 (compatible; BLEXBot/1.0; +https://help.seranking.com/en/blex-crawler)"
37.27.51.140 - - [04/Nov/2025:15:51:26 +0100] "GET /2025/10/01/rwanda-showcases-advancements-in-the-execution-of-upr-human-rights-recommendations/ HTTP/1.1" 200 166623 "-" "Mozilla/5.0 (compatible; BLEXBot/1.0; +https://help.seranking.com/en/blex-crawler)"
37.27.51.140 - - [04/Nov/2025:15:51:37 +0100] "GET /2025/08/12/gen-mubarakh-muganga-emphasizes-the-rdfs-contribution-to-addressing-africas-challenges/ HTTP/1.1" 200 163370 "-" "Mozilla/5.0 (compatible; BLEXBot/1.0; +https://help.seranking.com/en/blex-crawler)"
37.27.51.140 - - [04/Nov/2025:15:51:49 +0100] "GET /2025/10/12/sina-gerard-fc-yeretse-sunrise-fc-ko-ari-ikipe-yokwitonderwa-iyitsibura-kimwe-kibabaza/ HTTP/1.1" 200 164455 "-" "Mozilla/5.0 (compatible; BLEXBot/1.0; +https://help.seranking.com/en/blex-crawler)"
37.27.51.140 - - [04/Nov/2025:15:51:59 +0100] "GET /2025/06/12/the-rnp-exhibited-five-alleged-violent-gang-members-who-are-accused-of-disturbing-communities/ HTTP/1.1" 200 166896 "-" "Mozilla/5.0 (compatible; BLEXBot/1.0; +https://help.seranking.com/en/blex-crawler)"
207.180.227.180 - - [04/Nov/2025:15:52:07 +0100] "POST /wp-cron.php?doing_wp_cron=1762267927.3143908977508544921875 HTTP/1.1" 404 15727 "-" "WordPress/6.8.3; https://impuguke.com"
114.119.132.12 - - [04/Nov/2025:15:52:09 +0100] "GET /?o=6228025061620 HTTP/1.1" 200 203386 "https://impuguke.com/sitemap_index.xml" "Mozilla/5.0 (Linux; Android 7.0;) AppleWebKit/537.36 (KHTML, like Gecko) Mobile Safari/537.36 (compatible; PetalBot;+https://webmaster.petalsearch.com/site/petalbot)"
37.27.51.140 - - [04/Nov/2025:15:52:12 +0100] "GET /2025/07/03/baltasar-engonga-was-found-guilty-of-financial-malfeasance-and-given-an-18-year-prison-sentence/ HTTP/1.1" 200 163857 "-" "Mozilla/5.0 (compatible; BLEXBot/1.0; +https://help.seranking.com/en/blex-crawler)"
37.27.51.140 - - [04/Nov/2025:15:52:27 +0100] "GET /2025/06/17/nrs-rwanda-national-police-and-the-ministry-of-health-begin-a-10-day-campaign-to-combat-drug-abuse/ HTTP/1.1" 200 164545 "-" "Mozilla/5.0 (compatible; BLEXBot/1.0; +https://help.seranking.com/en/blex-crawler)"
185.191.171.1 - - [04/Nov/2025:15:52:37 +0100] "GET /2025/11/ HTTP/1.1" 200 143678 "-" "Mozilla/5.0 (compatible; SemrushBot/7~bl; +http://www.semrush.com/bot.html)"
37.27.51.140 - - [04/Nov/2025:15:52:39 +0100] "GET /2025/10/10/sina-gerard-fc-iresurana-sunrise-kuri-nyirangarama-ku-munsi-wa-mbere-wa-shampiyona-yicyiciro-cya-2/ HTTP/1.1" 200 164887 "-" "Mozilla/5.0 (compatible; BLEXBot/1.0; +https://help.seranking.com/en/blex-crawler)"
37.27.51.140 - - [04/Nov/2025:15:52:51 +0100] "GET /2025/06/03/the-green-gicumbi-project-places-a-high-priority-on-infrastructure-and-education-to-combat-climate-change/ HTTP/1.1" 200 167956 "-" "Mozilla/5.0 (compatible; BLEXBot/1.0; +https://help.seranking.com/en/blex-crawler)"
37.27.51.140 - - [04/Nov/2025:15:53:03 +0100] "GET /2025/10/10/ikipe-ya-apr-fc-ifatiye-ibihano-bamwe-mu-bakinnyi-bayo-bagaragaje-imyitwarire-idahwitse-ubwo-bari-mu-misiri/ HTTP/1.1" 200 163610 "-" "Mozilla/5.0 (compatible; BLEXBot/1.0; +https://help.seranking.com/en/blex-crawler)"
37.27.51.140 - - [04/Nov/2025:15:53:09 +0100] "GET /2025/06/25/accountability-more-than-100-government-agencies-and-initiatives-will-testify-before-mps-over-audit-inquiries/ HTTP/1.1" 200 166679 "-" "Mozilla/5.0 (compatible; BLEXBot/1.0; +https://help.seranking.com/en/blex-crawler)"
207.180.227.180 - - [04/Nov/2025:15:53:10 +0100] "POST /wp-cron.php?doing_wp_cron=1762267990.5616168975830078125000 HTTP/1.1" 404 15727 "-" "WordPress/6.8.3; https://impuguke.com"
37.27.51.140 - - [04/Nov/2025:15:53:15 +0100] "GET /?p=1462 HTTP/1.1" 301 - "-" "Mozilla/5.0 (compatible; BLEXBot/1.0; +https://help.seranking.com/en/blex-crawler)"
114.119.140.221 - - [04/Nov/2025:15:56:21 +0100] "GET /?o=61871306031620 HTTP/1.1" 200 203389 "https://impuguke.com/sitemap_index.xml" "Mozilla/5.0 (Linux; Android 7.0;) AppleWebKit/537.36 (KHTML, like Gecko) Mobile Safari/537.36 (compatible; PetalBot;+https://webmaster.petalsearch.com/site/petalbot)"
207.180.227.180 - - [04/Nov/2025:15:56:24 +0100] "POST /wp-cron.php?doing_wp_cron=1762268184.1220369338989257812500 HTTP/1.1" 404 15727 "-" "WordPress/6.8.3; https://impuguke.com"
114.119.154.87 - - [04/Nov/2025:15:59:55 +0100] "GET /?o=61514039031620 HTTP/1.1" 200 203389 "https://impuguke.com/sitemap_index.xml" "Mozilla/5.0 (Linux; Android 7.0;) AppleWebKit/537.36 (KHTML, like Gecko) Mobile Safari/537.36 (compatible; PetalBot;+https://webmaster.petalsearch.com/site/petalbot)"
207.180.227.180 - - [04/Nov/2025:16:00:06 +0100] "POST /wp-cron.php?doing_wp_cron=1762268405.5108599662780761718750 HTTP/1.1" 404 15727 "-" "WordPress/6.8.3; https://impuguke.com"
114.119.146.107 - - [04/Nov/2025:16:01:38 +0100] "GET /?o=61477941041620 HTTP/1.1" 200 203389 "https://impuguke.com/sitemap_index.xml" "Mozilla/5.0 (Linux; Android 7.0;) AppleWebKit/537.36 (KHTML, like Gecko) Mobile Safari/537.36 (compatible; PetalBot;+https://webmaster.petalsearch.com/site/petalbot)"
207.180.227.180 - - [04/Nov/2025:16:01:45 +0100] "POST /wp-cron.php?doing_wp_cron=1762268505.6216900348663330078125 HTTP/1.1" 404 15727 "-" "WordPress/6.8.3; https://impuguke.com"
143.198.232.185 - - [04/Nov/2025:16:02:10 +0100] "POST /wp-login.php HTTP/1.1" 508 288 "-" "Mozilla/5.0"
143.198.232.185 - - [04/Nov/2025:16:02:10 +0100] "POST /wp-login.php HTTP/1.1" 508 288 "-" "Mozilla/5.0"
143.198.232.185 - - [04/Nov/2025:16:02:10 +0100] "POST /wp-login.php HTTP/1.1" 200 7334 "-" "Mozilla/5.0"
143.198.232.185 - - [04/Nov/2025:16:02:10 +0100] "POST /wp-login.php HTTP/1.1" 200 7334 "-" "Mozilla/5.0"
114.119.139.148 - - [04/Nov/2025:16:04:36 +0100] "GET /?o=61345811021620 HTTP/1.1" 200 203389 "https://impuguke.com/sitemap_index.xml" "Mozilla/5.0 (Linux; Android 7.0;) AppleWebKit/537.36 (KHTML, like Gecko) Mobile Safari/537.36 (compatible; PetalBot;+https://webmaster.petalsearch.com/site/petalbot)"
