114.119.129.233 - - [05/Nov/2025:01:52:39 +0100] "GET /?o=42848674031620 HTTP/1.1" 200 203390 "https://impuguke.com/sitemap_index.xml" "Mozilla/5.0 (Linux; Android 7.0;) AppleWebKit/537.36 (KHTML, like Gecko) Mobile Safari/537.36 (compatible; PetalBot;+https://webmaster.petalsearch.com/site/petalbot)"
213.136.75.53 - - [05/Nov/2025:01:53:01 +0100] "GET /wp-login.php HTTP/1.1" 200 7136 "-" "Mozilla/5.0 (Windows NT 6.2; ARM; Trident/7.0; Touch; rv:11.0; WPDesktop; NOKIA; Lumia 1520) like Gecko"
213.136.75.53 - - [05/Nov/2025:01:53:12 +0100] "POST /wp-login.php HTTP/1.1" 200 7392 "https://impuguke.com/wp-login.php" "Mozilla/5.0 (Windows NT 6.2; ARM; Trident/7.0; Touch; rv:11.0; WPDesktop; NOKIA; Lumia 1520) like Gecko"
54.86.90.122 - - [05/Nov/2025:01:53:30 +0100] "HEAD /2023/09/18/mali-niger-and-burkina-faso-agree-to-a-mutual-defense-treaty/ HTTP/1.1" 200 - "-" "Mozilla/5.0 AppleWebKit/605.1.15 (KHTML, like Gecko) Chrome/139.0.0.0 Safari/605.1.15"
207.180.227.180 - - [05/Nov/2025:01:53:37 +0100] "POST /wp-cron.php?doing_wp_cron=1762304017.5664939880371093750000 HTTP/1.1" 404 15727 "-" "WordPress/6.8.3; https://impuguke.com"
114.119.154.87 - - [05/Nov/2025:01:54:02 +0100] "GET /?o=43222098031620 HTTP/1.1" 200 203390 "https://impuguke.com/sitemap_index.xml" "Mozilla/5.0 (Linux; Android 7.0;) AppleWebKit/537.36 (KHTML, like Gecko) Mobile Safari/537.36 (compatible; PetalBot;+https://webmaster.petalsearch.com/site/petalbot)"
66.249.64.107 - - [05/Nov/2025:01:54:46 +0100] "GET /?o=89570415051620 HTTP/1.1" 200 203390 "-" "Mozilla/5.0 (Linux; Android 6.0.1; Nexus 5X Build/MMB29P) AppleWebKit/537.36 (KHTML, like Gecko) Chrome/141.0.7390.122 Mobile Safari/537.36 (compatible; GoogleOther)"
66.249.64.108 - - [05/Nov/2025:01:54:59 +0100] "GET /wp-content/themes/newses/js/jquery.smartmenus.js?ver=6.8.3 HTTP/1.1" 200 46638 "https://impuguke.com/?o=89570415051620" "Mozilla/5.0 (Linux; Android 6.0.1; Nexus 5X Build/MMB29P) AppleWebKit/537.36 (KHTML, like Gecko) Chrome/141.0.7390.122 Mobile Safari/537.36 (compatible; Googlebot/2.1; +http://www.google.com/bot.html)"
207.180.227.180 - - [05/Nov/2025:01:54:52 +0100] "POST /wp-cron.php?doing_wp_cron=1762304092.3709759712219238281250 HTTP/1.1" 404 16000 "-" "WordPress/6.8.3; https://impuguke.com"
114.119.140.221 - - [05/Nov/2025:01:55:26 +0100] "GET /?o=43152472011620 HTTP/1.1" 200 203390 "https://impuguke.com/sitemap_index.xml" "Mozilla/5.0 (Linux; Android 7.0;) AppleWebKit/537.36 (KHTML, like Gecko) Mobile Safari/537.36 (compatible; PetalBot;+https://webmaster.petalsearch.com/site/petalbot)"
66.249.64.108 - - [05/Nov/2025:01:55:32 +0100] "GET /?o=93670834081620 HTTP/1.1" 200 203390 "-" "Mozilla/5.0 (Linux; Android 6.0.1; Nexus 5X Build/MMB29P) AppleWebKit/537.36 (KHTML, like Gecko) Chrome/141.0.7390.122 Mobile Safari/537.36 (compatible; GoogleOther)"
66.249.64.97 - - [05/Nov/2025:01:56:34 +0100] "GET /?o=68763483011620 HTTP/1.1" 200 203390 "-" "Mozilla/5.0 (Linux; Android 6.0.1; Nexus 5X Build/MMB29P) AppleWebKit/537.36 (KHTML, like Gecko) Chrome/141.0.7390.122 Mobile Safari/537.36 (compatible; GoogleOther)"
207.180.227.180 - - [05/Nov/2025:01:56:43 +0100] "POST /wp-cron.php?doing_wp_cron=1762304202.9593238830566406250000 HTTP/1.1" 404 16000 "-" "WordPress/6.8.3; https://impuguke.com"
114.119.156.99 - - [05/Nov/2025:01:56:51 +0100] "GET /?o=42830211001620 HTTP/1.1" 200 203390 "https://impuguke.com/sitemap_index.xml" "Mozilla/5.0 (Linux; Android 7.0;) AppleWebKit/537.36 (KHTML, like Gecko) Mobile Safari/537.36 (compatible; PetalBot;+https://webmaster.petalsearch.com/site/petalbot)"
85.208.96.207 - - [05/Nov/2025:01:57:32 +0100] "GET /2025/10/25/apr-fc-yamwariye-imbere-ya-kiyovu-abafana-bahita-batabaza-ubuyobozi/ HTTP/1.1" 200 164357 "-" "Mozilla/5.0 (compatible; SemrushBot/7~bl; +http://www.semrush.com/bot.html)"
66.249.64.107 - - [05/Nov/2025:01:57:35 +0100] "GET /?o=29608599061620 HTTP/1.1" 200 203390 "-" "Mozilla/5.0 (Linux; Android 6.0.1; Nexus 5X Build/MMB29P) AppleWebKit/537.36 (KHTML, like Gecko) Chrome/141.0.7390.122 Mobile Safari/537.36 (compatible; GoogleOther)"
207.180.227.180 - - [05/Nov/2025:01:57:43 +0100] "POST /wp-cron.php?doing_wp_cron=1762304263.6656041145324707031250 HTTP/1.1" 404 16000 "-" "WordPress/6.8.3; https://impuguke.com"
114.119.146.107 - - [05/Nov/2025:01:58:13 +0100] "GET /?o=4266635001620 HTTP/1.1" 200 203387 "https://impuguke.com/sitemap_index.xml" "Mozilla/5.0 (Linux; Android 7.0;) AppleWebKit/537.36 (KHTML, like Gecko) Mobile Safari/537.36 (compatible; PetalBot;+https://webmaster.petalsearch.com/site/petalbot)"
66.249.64.107 - - [05/Nov/2025:01:58:28 +0100] "GET /?o=69829031091620 HTTP/1.1" 200 203390 "-" "Mozilla/5.0 (Linux; Android 6.0.1; Nexus 5X Build/MMB29P) AppleWebKit/537.36 (KHTML, like Gecko) Chrome/141.0.7390.122 Mobile Safari/537.36 (compatible; GoogleOther)"
66.249.64.108 - - [05/Nov/2025:01:59:17 +0100] "GET /?o=10067551041620 HTTP/1.1" 200 203390 "-" "Mozilla/5.0 (Linux; Android 6.0.1; Nexus 5X Build/MMB29P) AppleWebKit/537.36 (KHTML, like Gecko) Chrome/141.0.7390.122 Mobile Safari/537.36 (compatible; GoogleOther)"
207.180.227.180 - - [05/Nov/2025:01:59:18 +0100] "POST /wp-cron.php?doing_wp_cron=1762304358.9598391056060791015625 HTTP/1.1" 404 16000 "-" "WordPress/6.8.3; https://impuguke.com"
114.119.146.107 - - [05/Nov/2025:01:59:36 +0100] "GET /?o=42402788071620 HTTP/1.1" 200 203390 "https://impuguke.com/sitemap_index.xml" "Mozilla/5.0 (Linux; Android 7.0;) AppleWebKit/537.36 (KHTML, like Gecko) Mobile Safari/537.36 (compatible; PetalBot;+https://webmaster.petalsearch.com/site/petalbot)"
66.249.64.109 - - [05/Nov/2025:02:00:47 +0100] "GET / HTTP/1.1" 200 170161 "-" "Mozilla/5.0 (compatible; Googlebot/2.1; +http://www.google.com/bot.html)"
66.249.64.107 - - [05/Nov/2025:02:00:55 +0100] "GET / HTTP/1.1" 200 170158 "-" "Mozilla/5.0 (Linux; Android 6.0.1; Nexus 5X Build/MMB29P) AppleWebKit/537.36 (KHTML, like Gecko) Chrome/141.0.7390.122 Mobile Safari/537.36 (compatible; Googlebot/2.1; +http://www.google.com/bot.html)"
114.119.129.233 - - [05/Nov/2025:02:01:01 +0100] "GET /?o=42370286001620 HTTP/1.1" 200 203389 "https://impuguke.com/sitemap_index.xml" "Mozilla/5.0 (Linux; Android 7.0;) AppleWebKit/537.36 (KHTML, like Gecko) Mobile Safari/537.36 (compatible; PetalBot;+https://webmaster.petalsearch.com/site/petalbot)"
66.249.64.109 - - [05/Nov/2025:02:01:21 +0100] "GET /?o=48499270011620 HTTP/1.1" 508 288 "-" "Mozilla/5.0 (Linux; Android 6.0.1; Nexus 5X Build/MMB29P) AppleWebKit/537.36 (KHTML, like Gecko) Chrome/141.0.7390.122 Mobile Safari/537.36 (compatible; GoogleOther)"
207.180.227.180 - - [05/Nov/2025:02:01:09 +0100] "POST /wp-cron.php?doing_wp_cron=1762304469.2620170116424560546875 HTTP/1.1" 404 15727 "-" "WordPress/6.8.3; https://impuguke.com"
114.119.132.12 - - [05/Nov/2025:02:02:23 +0100] "GET /?o=4212578001620 HTTP/1.1" 200 203386 "https://impuguke.com/sitemap_index.xml" "Mozilla/5.0 (Linux; Android 7.0;) AppleWebKit/537.36 (KHTML, like Gecko) Mobile Safari/537.36 (compatible; PetalBot;+https://webmaster.petalsearch.com/site/petalbot)"
207.180.227.180 - - [05/Nov/2025:02:02:25 +0100] "POST /wp-cron.php?doing_wp_cron=1762304545.6255609989166259765625 HTTP/1.1" 404 15727 "-" "WordPress/6.8.3; https://impuguke.com"
176.65.148.212 - - [05/Nov/2025:02:03:23 +0100] "GET /.env HTTP/1.1" 404 138451 "-" "Mozilla/5.0 (Windows NT 10.0; Win64; x64) AppleWebKit/537.36 (KHTML, like Gecko) Chrome/134.0.0.0 Safari/537.3"
176.65.148.212 - - [05/Nov/2025:02:03:23 +0100] "GET /.env HTTP/1.1" 404 138501 "-" "Mozilla/5.0 (Windows NT 10.0; Win64; x64) AppleWebKit/537.36 (KHTML, like Gecko) Chrome/134.0.0.0 Safari/537.3"
207.180.227.180 - - [05/Nov/2025:02:03:26 +0100] "POST /wp-cron.php?doing_wp_cron=1762304606.2589609622955322265625 HTTP/1.1" 404 15727 "-" "WordPress/6.8.3; https://impuguke.com"
207.180.227.180 - - [05/Nov/2025:02:03:26 +0100] "POST /wp-cron.php?doing_wp_cron=1762304606.2603230476379394531250 HTTP/1.1" 404 15727 "-" "WordPress/6.8.3; https://impuguke.com"
114.119.129.233 - - [05/Nov/2025:02:03:50 +0100] "GET /?o=42115999011620 HTTP/1.1" 200 203389 "https://impuguke.com/sitemap_index.xml" "Mozilla/5.0 (Linux; Android 7.0;) AppleWebKit/537.36 (KHTML, like Gecko) Mobile Safari/537.36 (compatible; PetalBot;+https://webmaster.petalsearch.com/site/petalbot)"
114.119.146.107 - - [05/Nov/2025:02:05:10 +0100] "GET /?o=42056530061620 HTTP/1.1" 200 203389 "https://impuguke.com/sitemap_index.xml" "Mozilla/5.0 (Linux; Android 7.0;) AppleWebKit/537.36 (KHTML, like Gecko) Mobile Safari/537.36 (compatible; PetalBot;+https://webmaster.petalsearch.com/site/petalbot)"
207.180.227.180 - - [05/Nov/2025:02:05:12 +0100] "POST /wp-cron.php?doing_wp_cron=1762304712.1021480560302734375000 HTTP/1.1" 404 15727 "-" "WordPress/6.8.3; https://impuguke.com"
66.249.64.108 - - [05/Nov/2025:02:05:32 +0100] "GET /?o=44246205011620 HTTP/1.1" 200 203389 "-" "Mozilla/5.0 (Linux; Android 6.0.1; Nexus 5X Build/MMB29P) AppleWebKit/537.36 (KHTML, like Gecko) Chrome/141.0.7390.122 Mobile Safari/537.36 (compatible; GoogleOther)"
114.119.151.208 - - [05/Nov/2025:02:06:36 +0100] "GET /?o=42040533081620 HTTP/1.1" 200 203389 "https://impuguke.com/sitemap_index.xml" "Mozilla/5.0 (Linux; Android 7.0;) AppleWebKit/537.36 (KHTML, like Gecko) Mobile Safari/537.36 (compatible; PetalBot;+https://webmaster.petalsearch.com/site/petalbot)"
207.180.227.180 - - [05/Nov/2025:02:06:39 +0100] "POST /wp-cron.php?doing_wp_cron=1762304799.6782569885253906250000 HTTP/1.1" 404 15727 "-" "WordPress/6.8.3; https://impuguke.com"
114.119.146.107 - - [05/Nov/2025:02:08:00 +0100] "GET /?o=42003214021620 HTTP/1.1" 200 203389 "https://impuguke.com/sitemap_index.xml" "Mozilla/5.0 (Linux; Android 7.0;) AppleWebKit/537.36 (KHTML, like Gecko) Mobile Safari/537.36 (compatible; PetalBot;+https://webmaster.petalsearch.com/site/petalbot)"
207.180.227.180 - - [05/Nov/2025:02:08:03 +0100] "POST /wp-cron.php?doing_wp_cron=1762304883.7837619781494140625000 HTTP/1.1" 404 15727 "-" "WordPress/6.8.3; https://impuguke.com"
114.119.154.87 - - [05/Nov/2025:02:09:22 +0100] "GET /?o=41913596051620 HTTP/1.1" 200 203389 "https://impuguke.com/sitemap_index.xml" "Mozilla/5.0 (Linux; Android 7.0;) AppleWebKit/537.36 (KHTML, like Gecko) Mobile Safari/537.36 (compatible; PetalBot;+https://webmaster.petalsearch.com/site/petalbot)"
207.180.227.180 - - [05/Nov/2025:02:09:25 +0100] "POST /wp-cron.php?doing_wp_cron=1762304965.2578868865966796875000 HTTP/1.1" 404 16000 "-" "WordPress/6.8.3; https://impuguke.com"
116.202.134.136 - - [05/Nov/2025:02:10:26 +0100] "POST /wp-login.php HTTP/1.1" 200 7373 "-" "Mozilla/5.0 (Windows NT 10.0; Win64; x64; rv:86.0) Gecko/20100101 Firefox/86.0"
207.180.227.180 - - [05/Nov/2025:02:10:28 +0100] "POST /wp-cron.php?doing_wp_cron=1762305028.3772749900817871093750 HTTP/1.1" 404 16000 "-" "WordPress/6.8.3; https://impuguke.com"
85.208.96.196 - - [05/Nov/2025:02:10:48 +0100] "GET /robots.txt HTTP/1.1" 200 66 "-" "Mozilla/5.0 (compatible; SemrushBot/7~bl; +http://www.semrush.com/bot.html)"
114.119.129.233 - - [05/Nov/2025:02:10:45 +0100] "GET /?o=4191324011620 HTTP/1.1" 200 203386 "https://impuguke.com/sitemap_index.xml" "Mozilla/5.0 (Linux; Android 7.0;) AppleWebKit/537.36 (KHTML, like Gecko) Mobile Safari/537.36 (compatible; PetalBot;+https://webmaster.petalsearch.com/site/petalbot)"
85.208.96.206 - - [05/Nov/2025:02:10:51 +0100] "GET /category/home/page/3/ HTTP/1.1" 200 163041 "-" "Mozilla/5.0 (compatible; SemrushBot/7~bl; +http://www.semrush.com/bot.html)"
114.119.151.208 - - [05/Nov/2025:02:12:09 +0100] "GET /?o=41876541041620 HTTP/1.1" 200 203389 "https://impuguke.com/sitemap_index.xml" "Mozilla/5.0 (Linux; Android 7.0;) AppleWebKit/537.36 (KHTML, like Gecko) Mobile Safari/537.36 (compatible; PetalBot;+https://webmaster.petalsearch.com/site/petalbot)"
207.180.227.180 - - [05/Nov/2025:02:12:17 +0100] "POST /wp-cron.php?doing_wp_cron=1762305137.5642580986022949218750 HTTP/1.1" 404 16000 "-" "WordPress/6.8.3; https://impuguke.com"
207.180.227.180 - - [05/Nov/2025:02:13:43 +0100] "POST /wp-cron.php?doing_wp_cron=1762305222.9572300910949707031250 HTTP/1.1" 508 288 "-" "WordPress/6.8.3; https://impuguke.com"
114.119.139.148 - - [05/Nov/2025:02:13:33 +0100] "GET /?o=4185765091620 HTTP/1.1" 200 203386 "https://impuguke.com/sitemap_index.xml" "Mozilla/5.0 (Linux; Android 7.0;) AppleWebKit/537.36 (KHTML, like Gecko) Mobile Safari/537.36 (compatible; PetalBot;+https://webmaster.petalsearch.com/site/petalbot)"
114.119.146.107 - - [05/Nov/2025:02:14:57 +0100] "GET /?o=41835704001620 HTTP/1.1" 200 203389 "https://impuguke.com/sitemap_index.xml" "Mozilla/5.0 (Linux; Android 7.0;) AppleWebKit/537.36 (KHTML, like Gecko) Mobile Safari/537.36 (compatible; PetalBot;+https://webmaster.petalsearch.com/site/petalbot)"
207.180.227.180 - - [05/Nov/2025:02:15:00 +0100] "POST /wp-cron.php?doing_wp_cron=1762305300.1801490783691406250000 HTTP/1.1" 404 15727 "-" "WordPress/6.8.3; https://impuguke.com"
198.244.242.51 - - [05/Nov/2025:02:14:29 +0100] "GET /sitemap.xml HTTP/1.1" 200 175967 "-" "Mozilla/5.0 (compatible; AhrefsBot/7.0; +http://ahrefs.com/robot/)"
114.119.146.107 - - [05/Nov/2025:02:16:23 +0100] "GET /?o=41817966031620 HTTP/1.1" 200 203389 "https://impuguke.com/sitemap_index.xml" "Mozilla/5.0 (Linux; Android 7.0;) AppleWebKit/537.36 (KHTML, like Gecko) Mobile Safari/537.36 (compatible; PetalBot;+https://webmaster.petalsearch.com/site/petalbot)"
207.180.227.180 - - [05/Nov/2025:02:16:26 +0100] "POST /wp-cron.php?doing_wp_cron=1762305386.0605449676513671875000 HTTP/1.1" 404 15727 "-" "WordPress/6.8.3; https://impuguke.com"
114.119.139.148 - - [05/Nov/2025:02:17:46 +0100] "GET /?o=41780618031620 HTTP/1.1" 200 203389 "https://impuguke.com/sitemap_index.xml" "Mozilla/5.0 (Linux; Android 7.0;) AppleWebKit/537.36 (KHTML, like Gecko) Mobile Safari/537.36 (compatible; PetalBot;+https://webmaster.petalsearch.com/site/petalbot)"
114.119.151.208 - - [05/Nov/2025:02:19:11 +0100] "GET /?o=41705269021620 HTTP/1.1" 200 203389 "https://impuguke.com/sitemap_index.xml" "Mozilla/5.0 (Linux; Android 7.0;) AppleWebKit/537.36 (KHTML, like Gecko) Mobile Safari/537.36 (compatible; PetalBot;+https://webmaster.petalsearch.com/site/petalbot)"
57.141.0.47 - - [05/Nov/2025:02:20:05 +0100] "GET /2025/10/11/impamvu-kavita-yatoraguye-amacupa-mu-kibuga-nyuma-yo-gutsindwa/ HTTP/1.1" 200 165522 "-" "meta-externalagent/1.1 (+https://developers.facebook.com/docs/sharing/webmasters/crawler)"
207.180.227.180 - - [05/Nov/2025:02:20:13 +0100] "POST /wp-cron.php?doing_wp_cron=1762305612.9638440608978271484375 HTTP/1.1" 404 16000 "-" "WordPress/6.8.3; https://impuguke.com"
114.119.154.87 - - [05/Nov/2025:02:20:33 +0100] "GET /?o=41694978031620 HTTP/1.1" 200 203389 "https://impuguke.com/sitemap_index.xml" "Mozilla/5.0 (Linux; Android 7.0;) AppleWebKit/537.36 (KHTML, like Gecko) Mobile Safari/537.36 (compatible; PetalBot;+https://webmaster.petalsearch.com/site/petalbot)"
114.119.132.12 - - [05/Nov/2025:02:21:55 +0100] "GET /?o=41681659021620 HTTP/1.1" 200 203389 "https://impuguke.com/sitemap_index.xml" "Mozilla/5.0 (Linux; Android 7.0;) AppleWebKit/537.36 (KHTML, like Gecko) Mobile Safari/537.36 (compatible; PetalBot;+https://webmaster.petalsearch.com/site/petalbot)"
207.180.227.180 - - [05/Nov/2025:02:22:04 +0100] "POST /wp-cron.php?doing_wp_cron=1762305724.7643280029296875000000 HTTP/1.1" 404 16000 "-" "WordPress/6.8.3; https://impuguke.com"
66.249.64.109 - - [05/Nov/2025:02:23:10 +0100] "GET /?o=25951261021620 HTTP/1.1" 200 203389 "-" "Mozilla/5.0 (Linux; Android 6.0.1; Nexus 5X Build/MMB29P) AppleWebKit/537.36 (KHTML, like Gecko) Chrome/141.0.7390.122 Mobile Safari/537.36 (compatible; GoogleOther)"
207.180.227.180 - - [05/Nov/2025:02:23:19 +0100] "POST /wp-cron.php?doing_wp_cron=1762305798.9628980159759521484375 HTTP/1.1" 404 15748 "-" "WordPress/6.8.3; https://impuguke.com"
114.119.154.87 - - [05/Nov/2025:02:23:20 +0100] "GET /?o=41674810031620 HTTP/1.1" 200 203389 "https://impuguke.com/sitemap_index.xml" "Mozilla/5.0 (Linux; Android 7.0;) AppleWebKit/537.36 (KHTML, like Gecko) Mobile Safari/537.36 (compatible; PetalBot;+https://webmaster.petalsearch.com/site/petalbot)"
66.249.64.109 - - [05/Nov/2025:02:24:31 +0100] "GET /?o=26786651031620 HTTP/1.1" 200 203389 "-" "Mozilla/5.0 (Linux; Android 6.0.1; Nexus 5X Build/MMB29P) AppleWebKit/537.36 (KHTML, like Gecko) Chrome/141.0.7390.122 Mobile Safari/537.36 (compatible; GoogleOther)"
207.180.227.180 - - [05/Nov/2025:02:24:34 +0100] "POST /wp-cron.php?doing_wp_cron=1762305873.9799950122833251953125 HTTP/1.1" 404 15727 "-" "WordPress/6.8.3; https://impuguke.com"
114.119.156.99 - - [05/Nov/2025:02:24:43 +0100] "GET /?o=41524981021620 HTTP/1.1" 200 203389 "https://impuguke.com/sitemap_index.xml" "Mozilla/5.0 (Linux; Android 7.0;) AppleWebKit/537.36 (KHTML, like Gecko) Mobile Safari/537.36 (compatible; PetalBot;+https://webmaster.petalsearch.com/site/petalbot)"
66.249.64.107 - - [05/Nov/2025:02:25:14 +0100] "GET /?o=10468731061620 HTTP/1.1" 200 203389 "-" "Mozilla/5.0 (Linux; Android 6.0.1; Nexus 5X Build/MMB29P) AppleWebKit/537.36 (KHTML, like Gecko) Chrome/141.0.7390.122 Mobile Safari/537.36 (compatible; GoogleOther)"
66.249.64.109 - - [05/Nov/2025:02:26:06 +0100] "GET /?o=20193977071620 HTTP/1.1" 200 203389 "-" "Mozilla/5.0 (Linux; Android 6.0.1; Nexus 5X Build/MMB29P) AppleWebKit/537.36 (KHTML, like Gecko) Chrome/141.0.7390.122 Mobile Safari/537.36 (compatible; GoogleOther)"
207.180.227.180 - - [05/Nov/2025:02:26:08 +0100] "POST /wp-cron.php?doing_wp_cron=1762305968.0714190006256103515625 HTTP/1.1" 404 15727 "-" "WordPress/6.8.3; https://impuguke.com"
114.119.151.208 - - [05/Nov/2025:02:26:07 +0100] "GET /?o=41464433141620 HTTP/1.1" 200 203389 "https://impuguke.com/sitemap_index.xml" "Mozilla/5.0 (Linux; Android 7.0;) AppleWebKit/537.36 (KHTML, like Gecko) Mobile Safari/537.36 (compatible; PetalBot;+https://webmaster.petalsearch.com/site/petalbot)"
207.180.227.180 - - [05/Nov/2025:02:26:11 +0100] "POST /wp-cron.php?doing_wp_cron=1762305970.9603469371795654296875 HTTP/1.1" 404 16000 "-" "WordPress/6.8.3; https://impuguke.com"
66.249.64.108 - - [05/Nov/2025:02:26:23 +0100] "GET /wp-content/themes/newses/js/swiper.min.js?ver=6.8.3 HTTP/1.1" 200 139797 "https://impuguke.com/?o=20193977071620" "Mozilla/5.0 (Linux; Android 6.0.1; Nexus 5X Build/MMB29P) AppleWebKit/537.36 (KHTML, like Gecko) Chrome/141.0.7390.122 Mobile Safari/537.36 (compatible; Googlebot/2.1; +http://www.google.com/bot.html)"
66.249.64.107 - - [05/Nov/2025:02:26:25 +0100] "GET /wp-includes/css/dashicons.min.css?ver=6.8.3 HTTP/1.1" 200 59016 "https://impuguke.com/?o=20193977071620" "Mozilla/5.0 (Linux; Android 6.0.1; Nexus 5X Build/MMB29P) AppleWebKit/537.36 (KHTML, like Gecko) Chrome/141.0.7390.122 Mobile Safari/537.36 (compatible; Googlebot/2.1; +http://www.google.com/bot.html)"
66.249.64.108 - - [05/Nov/2025:02:26:26 +0100] "GET /wp-content/themes/newses/css/jquery.smartmenus.bootstrap.css?ver=6.8.3 HTTP/1.1" 200 4216 "https://impuguke.com/?o=20193977071620" "Mozilla/5.0 (Linux; Android 6.0.1; Nexus 5X Build/MMB29P) AppleWebKit/537.36 (KHTML, like Gecko) Chrome/141.0.7390.122 Mobile Safari/537.36 (compatible; Googlebot/2.1; +http://www.google.com/bot.html)"
66.249.64.108 - - [05/Nov/2025:02:26:26 +0100] "GET /wp-content/plugins/ultimate-social-media-icons/js/custom.js?ver=2.9.5 HTTP/1.1" 200 33932 "https://impuguke.com/?o=20193977071620" "Mozilla/5.0 (Linux; Android 6.0.1; Nexus 5X Build/MMB29P) AppleWebKit/537.36 (KHTML, like Gecko) Chrome/141.0.7390.122 Mobile Safari/537.36 (compatible; Googlebot/2.1; +http://www.google.com/bot.html)"
114.119.129.233 - - [05/Nov/2025:02:27:35 +0100] "GET /?o=41450483051620 HTTP/1.1" 200 203389 "https://impuguke.com/sitemap_index.xml" "Mozilla/5.0 (Linux; Android 7.0;) AppleWebKit/537.36 (KHTML, like Gecko) Mobile Safari/537.36 (compatible; PetalBot;+https://webmaster.petalsearch.com/site/petalbot)"
207.180.227.180 - - [05/Nov/2025:02:27:39 +0100] "POST /wp-cron.php?doing_wp_cron=1762306059.1599669456481933593750 HTTP/1.1" 404 15727 "-" "WordPress/6.8.3; https://impuguke.com"
57.141.0.14 - - [05/Nov/2025:02:28:51 +0100] "GET /2025/10/23/ferwafa-yatanze-gasopo-ikubita-ikinyafu-abasifuzi-barimo-na-cucuri/ HTTP/1.1" 200 165968 "-" "meta-externalagent/1.1 (+https://developers.facebook.com/docs/sharing/webmasters/crawler)"
207.180.227.180 - - [05/Nov/2025:02:28:54 +0100] "POST /wp-cron.php?doing_wp_cron=1762306134.2660899162292480468750 HTTP/1.1" 404 15727 "-" "WordPress/6.8.3; https://impuguke.com"
114.119.151.208 - - [05/Nov/2025:02:28:57 +0100] "GET /?o=41339397071620 HTTP/1.1" 200 203389 "https://impuguke.com/sitemap_index.xml" "Mozilla/5.0 (Linux; Android 7.0;) AppleWebKit/537.36 (KHTML, like Gecko) Mobile Safari/537.36 (compatible; PetalBot;+https://webmaster.petalsearch.com/site/petalbot)"
114.119.140.221 - - [05/Nov/2025:02:30:17 +0100] "GET /?o=41306475011620 HTTP/1.1" 200 203389 "https://impuguke.com/sitemap_index.xml" "Mozilla/5.0 (Linux; Android 7.0;) AppleWebKit/537.36 (KHTML, like Gecko) Mobile Safari/537.36 (compatible; PetalBot;+https://webmaster.petalsearch.com/site/petalbot)"
207.180.227.180 - - [05/Nov/2025:02:30:24 +0100] "POST /wp-cron.php?doing_wp_cron=1762306224.0667810440063476562500 HTTP/1.1" 404 16000 "-" "WordPress/6.8.3; https://impuguke.com"
178.253.43.167 - - [05/Nov/2025:02:30:46 +0100] "GET /wp-login.php HTTP/1.1" 200 7136 "-" "Mozilla/5.0 (Macintosh; Intel Mac OS X 10_13_4) AppleWebKit/537.36 (KHTML, like Gecko) Chrome/67.0.3396.79 Safari/537.36"
178.253.43.167 - - [05/Nov/2025:02:30:55 +0100] "POST /wp-login.php HTTP/1.1" 200 7392 "https://impuguke.com/wp-login.php" "Mozilla/5.0 (Macintosh; Intel Mac OS X 10_13_4) AppleWebKit/537.36 (KHTML, like Gecko) Chrome/67.0.3396.79 Safari/537.36"
114.119.132.12 - - [05/Nov/2025:02:31:45 +0100] "GET /?o=41237128011620 HTTP/1.1" 200 203389 "https://impuguke.com/sitemap_index.xml" "Mozilla/5.0 (Linux; Android 7.0;) AppleWebKit/537.36 (KHTML, like Gecko) Mobile Safari/537.36 (compatible; PetalBot;+https://webmaster.petalsearch.com/site/petalbot)"
207.180.227.180 - - [05/Nov/2025:02:31:55 +0100] "POST /wp-cron.php?doing_wp_cron=1762306315.6859030723571777343750 HTTP/1.1" 404 15727 "-" "WordPress/6.8.3; https://impuguke.com"
114.119.139.148 - - [05/Nov/2025:02:33:05 +0100] "GET /?o=41207054041620 HTTP/1.1" 200 203389 "https://impuguke.com/sitemap_index.xml" "Mozilla/5.0 (Linux; Android 7.0;) AppleWebKit/537.36 (KHTML, like Gecko) Mobile Safari/537.36 (compatible; PetalBot;+https://webmaster.petalsearch.com/site/petalbot)"
207.180.227.180 - - [05/Nov/2025:02:33:14 +0100] "POST /wp-cron.php?doing_wp_cron=1762306394.2600119113922119140625 HTTP/1.1" 404 16000 "-" "WordPress/6.8.3; https://impuguke.com"
114.119.151.208 - - [05/Nov/2025:02:34:29 +0100] "GET /?o=41087954011620 HTTP/1.1" 200 203389 "https://impuguke.com/sitemap_index.xml" "Mozilla/5.0 (Linux; Android 7.0;) AppleWebKit/537.36 (KHTML, like Gecko) Mobile Safari/537.36 (compatible; PetalBot;+https://webmaster.petalsearch.com/site/petalbot)"
207.180.227.180 - - [05/Nov/2025:02:34:38 +0100] "POST /wp-cron.php?doing_wp_cron=1762306478.3694291114807128906250 HTTP/1.1" 404 16000 "-" "WordPress/6.8.3; https://impuguke.com"
207.180.227.180 - - [05/Nov/2025:02:35:44 +0100] "POST /wp-cron.php?doing_wp_cron=1762306544.0611410140991210937500 HTTP/1.1" 508 288 "-" "WordPress/6.8.3; https://impuguke.com"
114.119.139.148 - - [05/Nov/2025:02:35:54 +0100] "GET /?o=41081389001620 HTTP/1.1" 200 203389 "https://impuguke.com/sitemap_index.xml" "Mozilla/5.0 (Linux; Android 7.0;) AppleWebKit/537.36 (KHTML, like Gecko) Mobile Safari/537.36 (compatible; PetalBot;+https://webmaster.petalsearch.com/site/petalbot)"
207.180.227.180 - - [05/Nov/2025:02:36:48 +0100] "POST /wp-cron.php?doing_wp_cron=1762306608.7725319862365722656250 HTTP/1.1" 404 16000 "-" "WordPress/6.8.3; https://impuguke.com"
114.119.156.99 - - [05/Nov/2025:02:37:16 +0100] "GET /?o=4098714021620 HTTP/1.1" 503 2449 "https://impuguke.com/sitemap_index.xml" "Mozilla/5.0 (Linux; Android 7.0;) AppleWebKit/537.36 (KHTML, like Gecko) Mobile Safari/537.36 (compatible; PetalBot;+https://webmaster.petalsearch.com/site/petalbot)"
207.180.227.180 - - [05/Nov/2025:02:37:49 +0100] "POST /wp-cron.php?doing_wp_cron=1762306669.5703279972076416015625 HTTP/1.1" 404 15695 "-" "WordPress/6.8.3; https://impuguke.com"
207.180.227.180 - - [05/Nov/2025:02:37:50 +0100] "GET /wp-admin/admin-ajax.php HTTP/1.1" 404 138451 "-" "WordPress/6.8.3; https://impuguke.com"
114.119.139.148 - - [05/Nov/2025:02:38:40 +0100] "GET /?o=40933037001620 HTTP/1.1" 508 288 "https://impuguke.com/sitemap_index.xml" "Mozilla/5.0 (Linux; Android 7.0;) AppleWebKit/537.36 (KHTML, like Gecko) Mobile Safari/537.36 (compatible; PetalBot;+https://webmaster.petalsearch.com/site/petalbot)"
207.180.227.180 - - [05/Nov/2025:02:39:07 +0100] "POST /wp-cron.php?doing_wp_cron=1762306746.9758629798889160156250 HTTP/1.1" 404 15727 "-" "WordPress/6.8.3; https://impuguke.com"
51.89.129.163 - - [05/Nov/2025:02:39:27 +0100] "GET /category/home/ahabanza/amakuru/inkuru-ndende/ HTTP/1.1" 200 145277 "-" "Mozilla/5.0 (compatible; AhrefsBot/7.0; +http://ahrefs.com/robot/)"
114.119.132.12 - - [05/Nov/2025:02:40:04 +0100] "GET /?o=40921987021620 HTTP/1.1" 200 203389 "https://impuguke.com/sitemap_index.xml" "Mozilla/5.0 (Linux; Android 7.0;) AppleWebKit/537.36 (KHTML, like Gecko) Mobile Safari/537.36 (compatible; PetalBot;+https://webmaster.petalsearch.com/site/petalbot)"
207.180.227.180 - - [05/Nov/2025:02:40:08 +0100] "POST /wp-cron.php?doing_wp_cron=1762306808.2651178836822509765625 HTTP/1.1" 404 16000 "-" "WordPress/6.8.3; https://impuguke.com"
85.208.96.206 - - [05/Nov/2025:02:41:02 +0100] "GET /author/impuguke/page/7/ HTTP/1.1" 200 150474 "-" "Mozilla/5.0 (compatible; SemrushBot/7~bl; +http://www.semrush.com/bot.html)"
64.226.83.11 - - [05/Nov/2025:02:41:13 +0100] "GET / HTTP/1.1" 200 12519 "-" "Mozilla/5.0 (X11; Linux x86_64) AppleWebKit/537.36 (KHTML, like Gecko) Chrome/139.0.0.0 Safari/537.36"
207.180.227.180 - - [05/Nov/2025:02:41:27 +0100] "POST /wp-cron.php?doing_wp_cron=1762306887.9163320064544677734375 HTTP/1.1" 404 15727 "-" "WordPress/6.8.3; https://impuguke.com"
114.119.139.148 - - [05/Nov/2025:02:41:26 +0100] "GET /?o=40902631021620 HTTP/1.1" 200 203389 "https://impuguke.com/sitemap_index.xml" "Mozilla/5.0 (Linux; Android 7.0;) AppleWebKit/537.36 (KHTML, like Gecko) Mobile Safari/537.36 (compatible; PetalBot;+https://webmaster.petalsearch.com/site/petalbot)"
114.119.154.87 - - [05/Nov/2025:02:42:53 +0100] "GET /?o=4067366041620 HTTP/1.1" 200 203386 "https://impuguke.com/sitemap_index.xml" "Mozilla/5.0 (Linux; Android 7.0;) AppleWebKit/537.36 (KHTML, like Gecko) Mobile Safari/537.36 (compatible; PetalBot;+https://webmaster.petalsearch.com/site/petalbot)"
207.180.227.180 - - [05/Nov/2025:02:42:55 +0100] "POST /wp-cron.php?doing_wp_cron=1762306975.0794250965118408203125 HTTP/1.1" 404 15727 "-" "WordPress/6.8.3; https://impuguke.com"
185.191.171.9 - - [05/Nov/2025:02:44:07 +0100] "GET /category/home/ahabanza/page/4/ HTTP/1.1" 200 165298 "-" "Mozilla/5.0 (compatible; SemrushBot/7~bl; +http://www.semrush.com/bot.html)"
207.180.227.180 - - [05/Nov/2025:02:44:08 +0100] "POST /wp-cron.php?doing_wp_cron=1762307048.3097190856933593750000 HTTP/1.1" 404 15727 "-" "WordPress/6.8.3; https://impuguke.com"
114.119.154.87 - - [05/Nov/2025:02:44:13 +0100] "GET /?o=40615787091620 HTTP/1.1" 200 203389 "https://impuguke.com/sitemap_index.xml" "Mozilla/5.0 (Linux; Android 7.0;) AppleWebKit/537.36 (KHTML, like Gecko) Mobile Safari/537.36 (compatible; PetalBot;+https://webmaster.petalsearch.com/site/petalbot)"
114.119.139.148 - - [05/Nov/2025:02:45:37 +0100] "GET /?o=40569655031620 HTTP/1.1" 200 203389 "https://impuguke.com/sitemap_index.xml" "Mozilla/5.0 (Linux; Android 7.0;) AppleWebKit/537.36 (KHTML, like Gecko) Mobile Safari/537.36 (compatible; PetalBot;+https://webmaster.petalsearch.com/site/petalbot)"
207.180.227.180 - - [05/Nov/2025:02:45:39 +0100] "POST /wp-cron.php?doing_wp_cron=1762307138.9807341098785400390625 HTTP/1.1" 404 15727 "-" "WordPress/6.8.3; https://impuguke.com"
205.185.120.118 - - [05/Nov/2025:02:45:49 +0100] "GET /wp-login.php HTTP/1.1" 200 7136 "-" "Mozilla/5.0 (Macintosh; Intel Mac OS X 10_8_5) AppleWebKit/537.77.4 (KHTML, like Gecko) Version/6.1.5 Safari/537.77.4"
114.119.129.233 - - [05/Nov/2025:02:47:01 +0100] "GET /?o=40309696001620 HTTP/1.1" 200 203389 "https://impuguke.com/sitemap_index.xml" "Mozilla/5.0 (Linux; Android 7.0;) AppleWebKit/537.36 (KHTML, like Gecko) Mobile Safari/537.36 (compatible; PetalBot;+https://webmaster.petalsearch.com/site/petalbot)"
207.180.227.180 - - [05/Nov/2025:02:47:03 +0100] "POST /wp-cron.php?doing_wp_cron=1762307223.5582139492034912109375 HTTP/1.1" 404 16000 "-" "WordPress/6.8.3; https://impuguke.com"
205.185.120.118 - - [05/Nov/2025:02:47:58 +0100] "POST /wp-login.php HTTP/1.1" 200 7392 "-" "Mozilla/5.0 (Macintosh; Intel Mac OS X 10_8_5) AppleWebKit/537.77.4 (KHTML, like Gecko) Version/6.1.5 Safari/537.77.4"
92.205.25.52 - - [05/Nov/2025:02:47:59 +0100] "POST /wp-login.php HTTP/1.1" 200 7373 "-" "Mozilla/5.0 (Windows NT 10.0; Win64; x64; rv:70.0) Gecko/20100101 Firefox/70.0"
114.119.129.233 - - [05/Nov/2025:02:48:24 +0100] "GET /?o=40296490011620 HTTP/1.1" 200 203389 "https://impuguke.com/sitemap_index.xml" "Mozilla/5.0 (Linux; Android 7.0;) AppleWebKit/537.36 (KHTML, like Gecko) Mobile Safari/537.36 (compatible; PetalBot;+https://webmaster.petalsearch.com/site/petalbot)"
207.180.227.180 - - [05/Nov/2025:02:48:26 +0100] "POST /wp-cron.php?doing_wp_cron=1762307306.4672379493713378906250 HTTP/1.1" 404 15727 "-" "WordPress/6.8.3; https://impuguke.com"
114.119.154.87 - - [05/Nov/2025:02:49:50 +0100] "GET /?o=40294334011620 HTTP/1.1" 200 203389 "https://impuguke.com/sitemap_index.xml" "Mozilla/5.0 (Linux; Android 7.0;) AppleWebKit/537.36 (KHTML, like Gecko) Mobile Safari/537.36 (compatible; PetalBot;+https://webmaster.petalsearch.com/site/petalbot)"
207.180.227.180 - - [05/Nov/2025:02:49:52 +0100] "POST /wp-cron.php?doing_wp_cron=1762307392.6631879806518554687500 HTTP/1.1" 404 15727 "-" "WordPress/6.8.3; https://impuguke.com"
114.119.139.148 - - [05/Nov/2025:02:51:11 +0100] "GET /?o=40269446021620 HTTP/1.1" 200 203389 "https://impuguke.com/sitemap_index.xml" "Mozilla/5.0 (Linux; Android 7.0;) AppleWebKit/537.36 (KHTML, like Gecko) Mobile Safari/537.36 (compatible; PetalBot;+https://webmaster.petalsearch.com/site/petalbot)"
207.180.227.180 - - [05/Nov/2025:02:51:13 +0100] "POST /wp-cron.php?doing_wp_cron=1762307473.0779159069061279296875 HTTP/1.1" 404 15727 "-" "WordPress/6.8.3; https://impuguke.com"
114.119.154.87 - - [05/Nov/2025:02:52:35 +0100] "GET /?o=40221739041620 HTTP/1.1" 200 203389 "https://impuguke.com/sitemap_index.xml" "Mozilla/5.0 (Linux; Android 7.0;) AppleWebKit/537.36 (KHTML, like Gecko) Mobile Safari/537.36 (compatible; PetalBot;+https://webmaster.petalsearch.com/site/petalbot)"
207.180.227.180 - - [05/Nov/2025:02:52:37 +0100] "POST /wp-cron.php?doing_wp_cron=1762307557.7229220867156982421875 HTTP/1.1" 404 15727 "-" "WordPress/6.8.3; https://impuguke.com"
14.248.80.79 - - [05/Nov/2025:02:53:56 +0100] "GET /wp-login.php HTTP/1.1" 200 7136 "-" "Mozilla/5.0 (Windows NT 6.1; WOW64; Trident/7.0; EIE10;ENUSMSN; rv:11.0) like Gecko"
114.119.151.208 - - [05/Nov/2025:02:53:58 +0100] "GET /?o=40130626071620 HTTP/1.1" 200 203389 "https://impuguke.com/sitemap_index.xml" "Mozilla/5.0 (Linux; Android 7.0;) AppleWebKit/537.36 (KHTML, like Gecko) Mobile Safari/537.36 (compatible; PetalBot;+https://webmaster.petalsearch.com/site/petalbot)"
207.180.227.180 - - [05/Nov/2025:02:54:01 +0100] "POST /wp-cron.php?doing_wp_cron=1762307640.6684119701385498046875 HTTP/1.1" 404 15727 "-" "WordPress/6.8.3; https://impuguke.com"
207.180.227.180 - - [05/Nov/2025:02:54:06 +0100] "POST /wp-cron.php?doing_wp_cron=1762307646.3640620708465576171875 HTTP/1.1" 404 16000 "-" "WordPress/6.8.3; https://impuguke.com"
14.248.80.79 - - [05/Nov/2025:02:54:04 +0100] "POST /wp-login.php HTTP/1.1" 200 7392 "https://impuguke.com/wp-login.php" "Mozilla/5.0 (Windows NT 6.1; WOW64; Trident/7.0; EIE10;ENUSMSN; rv:11.0) like Gecko"
114.119.132.12 - - [05/Nov/2025:02:55:23 +0100] "GET /?o=40116137041620 HTTP/1.1" 200 203389 "https://impuguke.com/sitemap_index.xml" "Mozilla/5.0 (Linux; Android 7.0;) AppleWebKit/537.36 (KHTML, like Gecko) Mobile Safari/537.36 (compatible; PetalBot;+https://webmaster.petalsearch.com/site/petalbot)"
207.180.227.180 - - [05/Nov/2025:02:55:25 +0100] "POST /wp-cron.php?doing_wp_cron=1762307725.1587920188903808593750 HTTP/1.1" 404 15727 "-" "WordPress/6.8.3; https://impuguke.com"
114.119.156.99 - - [05/Nov/2025:02:56:48 +0100] "GET /?o=40097184051620 HTTP/1.1" 200 203389 "https://impuguke.com/sitemap_index.xml" "Mozilla/5.0 (Linux; Android 7.0;) AppleWebKit/537.36 (KHTML, like Gecko) Mobile Safari/537.36 (compatible; PetalBot;+https://webmaster.petalsearch.com/site/petalbot)"
207.180.227.180 - - [05/Nov/2025:02:56:51 +0100] "POST /wp-cron.php?doing_wp_cron=1762307811.8615930080413818359375 HTTP/1.1" 404 15727 "-" "WordPress/6.8.3; https://impuguke.com"
57.141.0.40 - - [05/Nov/2025:02:58:04 +0100] "GET /wp-json/oembed/1.0/embed?url=https%3A%2F%2Fimpuguke.com%2F2025%2F10%2F27%2Fubuyobozi-bwa-apr-fc-bwatangaje-ko-budateganya-kwirukana-umutoza-wayo%2F HTTP/1.1" 200 3036 "-" "meta-externalagent/1.1 (+https://developers.facebook.com/docs/sharing/webmasters/crawler)"
207.180.227.180 - - [05/Nov/2025:02:58:10 +0100] "POST /wp-cron.php?doing_wp_cron=1762307890.7665989398956298828125 HTTP/1.1" 404 16000 "-" "WordPress/6.8.3; https://impuguke.com"
114.119.154.87 - - [05/Nov/2025:02:58:11 +0100] "GET /?o=40093074091620 HTTP/1.1" 200 203389 "https://impuguke.com/sitemap_index.xml" "Mozilla/5.0 (Linux; Android 7.0;) AppleWebKit/537.36 (KHTML, like Gecko) Mobile Safari/537.36 (compatible; PetalBot;+https://webmaster.petalsearch.com/site/petalbot)"
207.180.227.180 - - [05/Nov/2025:02:59:42 +0100] "POST /wp-cron.php?doing_wp_cron=1762307982.5581450462341308593750 HTTP/1.1" 404 15727 "-" "WordPress/6.8.3; https://impuguke.com"
114.119.129.233 - - [05/Nov/2025:02:59:35 +0100] "GET /?o=39904757011620 HTTP/1.1" 200 203389 "https://impuguke.com/sitemap_index.xml" "Mozilla/5.0 (Linux; Android 7.0;) AppleWebKit/537.36 (KHTML, like Gecko) Mobile Safari/537.36 (compatible; PetalBot;+https://webmaster.petalsearch.com/site/petalbot)"
69.163.137.216 - - [05/Nov/2025:03:00:34 +0100] "GET /wp-login.php HTTP/1.1" 200 7136 "-" "Mozilla/4.0 (compatible; MSIE 7.0; Windows NT 6.1; Win64; x64; Trident/7.0; .NET CLR 2.0.50727; SLCC2; .NET CLR 3.5.30729; .NET CLR 3.0.30729; .NET4.0C; .NET4.0E)"
69.163.137.216 - - [05/Nov/2025:03:00:42 +0100] "POST /wp-login.php HTTP/1.1" 200 7392 "https://impuguke.com/wp-login.php" "Mozilla/4.0 (compatible; MSIE 7.0; Windows NT 6.1; Win64; x64; Trident/7.0; .NET CLR 2.0.50727; SLCC2; .NET CLR 3.5.30729; .NET CLR 3.0.30729; .NET4.0C; .NET4.0E)"
207.180.227.180 - - [05/Nov/2025:03:00:49 +0100] "POST /wp-cron.php?doing_wp_cron=1762308048.8668179512023925781250 HTTP/1.1" 404 16000 "-" "WordPress/6.8.3; https://impuguke.com"
114.119.154.87 - - [05/Nov/2025:03:00:58 +0100] "GET /?o=4098714021620 HTTP/1.1" 200 203386 "https://impuguke.com/sitemap_index.xml" "Mozilla/5.0 (Linux; Android 7.0;) AppleWebKit/537.36 (KHTML, like Gecko) Mobile Safari/537.36 (compatible; PetalBot;+https://webmaster.petalsearch.com/site/petalbot)"
207.180.227.180 - - [05/Nov/2025:03:02:28 +0100] "POST /wp-cron.php?doing_wp_cron=1762308148.2580869197845458984375 HTTP/1.1" 404 15727 "-" "WordPress/6.8.3; https://impuguke.com"
114.119.154.87 - - [05/Nov/2025:03:02:23 +0100] "GET /?o=40933037001620 HTTP/1.1" 200 203389 "https://impuguke.com/sitemap_index.xml" "Mozilla/5.0 (Linux; Android 7.0;) AppleWebKit/537.36 (KHTML, like Gecko) Mobile Safari/537.36 (compatible; PetalBot;+https://webmaster.petalsearch.com/site/petalbot)"
51.195.244.55 - - [05/Nov/2025:03:03:30 +0100] "GET /2024/04/02/what-are-health-benefits-of-tomatoes/ HTTP/1.1" 200 185269 "-" "Mozilla/5.0 (compatible; AhrefsBot/7.0; +http://ahrefs.com/robot/)"
207.180.227.180 - - [05/Nov/2025:03:03:34 +0100] "POST /wp-cron.php?doing_wp_cron=1762308214.0755989551544189453125 HTTP/1.1" 404 15727 "-" "WordPress/6.8.3; https://impuguke.com"
114.119.151.208 - - [05/Nov/2025:03:04:03 +0100] "GET /?o=39830925001620 HTTP/1.1" 200 203389 "https://impuguke.com/sitemap_index.xml" "Mozilla/5.0 (Linux; Android 7.0;) AppleWebKit/537.36 (KHTML, like Gecko) Mobile Safari/537.36 (compatible; PetalBot;+https://webmaster.petalsearch.com/site/petalbot)"
205.185.120.118 - - [05/Nov/2025:03:04:53 +0100] "GET /wp-login.php HTTP/1.1" 200 7136 "-" "Mozilla/5.0 (Macintosh; Intel Mac OS X 10.6; rv:31.0) Gecko/20100101 Firefox/31.0"
207.180.227.180 - - [05/Nov/2025:03:05:01 +0100] "POST /wp-cron.php?doing_wp_cron=1762308301.6745700836181640625000 HTTP/1.1" 404 15748 "-" "WordPress/6.8.3; https://impuguke.com"
114.119.129.233 - - [05/Nov/2025:03:05:28 +0100] "GET /?o=39816650041620 HTTP/1.1" 200 203389 "https://impuguke.com/sitemap_index.xml" "Mozilla/5.0 (Linux; Android 7.0;) AppleWebKit/537.36 (KHTML, like Gecko) Mobile Safari/537.36 (compatible; PetalBot;+https://webmaster.petalsearch.com/site/petalbot)"
205.185.120.118 - - [05/Nov/2025:03:06:25 +0100] "POST /wp-login.php HTTP/1.1" 200 7392 "-" "Mozilla/5.0 (Macintosh; Intel Mac OS X 10.6; rv:31.0) Gecko/20100101 Firefox/31.0"
207.180.227.180 - - [05/Nov/2025:03:06:32 +0100] "POST /wp-cron.php?doing_wp_cron=1762308392.1765310764312744140625 HTTP/1.1" 404 15727 "-" "WordPress/6.8.3; https://impuguke.com"
114.119.132.12 - - [05/Nov/2025:03:06:53 +0100] "GET /?o=39646191091620 HTTP/1.1" 508 288 "https://impuguke.com/sitemap_index.xml" "Mozilla/5.0 (Linux; Android 7.0;) AppleWebKit/537.36 (KHTML, like Gecko) Mobile Safari/537.36 (compatible; PetalBot;+https://webmaster.petalsearch.com/site/petalbot)"
207.180.227.180 - - [05/Nov/2025:03:08:32 +0100] "POST /wp-cron.php?doing_wp_cron=1762308511.8639540672302246093750 HTTP/1.1" 404 15727 "-" "WordPress/6.8.3; https://impuguke.com"
114.119.151.208 - - [05/Nov/2025:03:08:24 +0100] "GET /?o=39566276011620 HTTP/1.1" 200 203389 "https://impuguke.com/sitemap_index.xml" "Mozilla/5.0 (Linux; Android 7.0;) AppleWebKit/537.36 (KHTML, like Gecko) Mobile Safari/537.36 (compatible; PetalBot;+https://webmaster.petalsearch.com/site/petalbot)"
114.119.146.107 - - [05/Nov/2025:03:09:32 +0100] "GET /?o=39543946071620 HTTP/1.1" 200 203389 "https://impuguke.com/sitemap_index.xml" "Mozilla/5.0 (Linux; Android 7.0;) AppleWebKit/537.36 (KHTML, like Gecko) Mobile Safari/537.36 (compatible; PetalBot;+https://webmaster.petalsearch.com/site/petalbot)"
207.180.227.180 - - [05/Nov/2025:03:09:40 +0100] "POST /wp-cron.php?doing_wp_cron=1762308579.9637639522552490234375 HTTP/1.1" 404 16000 "-" "WordPress/6.8.3; https://impuguke.com"
207.180.227.180 - - [05/Nov/2025:03:11:08 +0100] "POST /wp-cron.php?doing_wp_cron=1762308668.1651809215545654296875 HTTP/1.1" 404 15727 "-" "WordPress/6.8.3; https://impuguke.com"
114.119.132.12 - - [05/Nov/2025:03:11:01 +0100] "GET /?o=39327835091620 HTTP/1.1" 200 203389 "https://impuguke.com/sitemap_index.xml" "Mozilla/5.0 (Linux; Android 7.0;) AppleWebKit/537.36 (KHTML, like Gecko) Mobile Safari/537.36 (compatible; PetalBot;+https://webmaster.petalsearch.com/site/petalbot)"
114.119.129.233 - - [05/Nov/2025:03:12:28 +0100] "GET /?o=39315543021620 HTTP/1.1" 508 288 "https://impuguke.com/sitemap_index.xml" "Mozilla/5.0 (Linux; Android 7.0;) AppleWebKit/537.36 (KHTML, like Gecko) Mobile Safari/537.36 (compatible; PetalBot;+https://webmaster.petalsearch.com/site/petalbot)"
207.180.227.180 - - [05/Nov/2025:03:14:06 +0100] "POST /wp-cron.php?doing_wp_cron=1762308846.7577450275421142578125 HTTP/1.1" 404 16000 "-" "WordPress/6.8.3; https://impuguke.com"
114.119.146.107 - - [05/Nov/2025:03:13:58 +0100] "GET /?o=39074852091620 HTTP/1.1" 200 203389 "https://impuguke.com/sitemap_index.xml" "Mozilla/5.0 (Linux; Android 7.0;) AppleWebKit/537.36 (KHTML, like Gecko) Mobile Safari/537.36 (compatible; PetalBot;+https://webmaster.petalsearch.com/site/petalbot)"
207.180.227.180 - - [05/Nov/2025:03:15:29 +0100] "POST /wp-cron.php?doing_wp_cron=1762308929.5680940151214599609375 HTTP/1.1" 404 15727 "-" "WordPress/6.8.3; https://impuguke.com"
114.119.129.233 - - [05/Nov/2025:03:15:21 +0100] "GET /?o=39042234011620 HTTP/1.1" 200 203389 "https://impuguke.com/sitemap_index.xml" "Mozilla/5.0 (Linux; Android 7.0;) AppleWebKit/537.36 (KHTML, like Gecko) Mobile Safari/537.36 (compatible; PetalBot;+https://webmaster.petalsearch.com/site/petalbot)"
114.119.156.99 - - [05/Nov/2025:03:16:55 +0100] "GET /?o=39033342011620 HTTP/1.1" 200 203389 "https://impuguke.com/sitemap_index.xml" "Mozilla/5.0 (Linux; Android 7.0;) AppleWebKit/537.36 (KHTML, like Gecko) Mobile Safari/537.36 (compatible; PetalBot;+https://webmaster.petalsearch.com/site/petalbot)"
207.180.227.180 - - [05/Nov/2025:03:17:05 +0100] "POST /wp-cron.php?doing_wp_cron=1762309025.2700600624084472656250 HTTP/1.1" 404 16000 "-" "WordPress/6.8.3; https://impuguke.com"
207.180.227.180 - - [05/Nov/2025:03:18:19 +0100] "POST /wp-cron.php?doing_wp_cron=1762309099.0737860202789306640625 HTTP/1.1" 404 15727 "-" "WordPress/6.8.3; https://impuguke.com"
114.119.146.107 - - [05/Nov/2025:03:18:10 +0100] "GET /?o=38970897131620 HTTP/1.1" 200 203389 "https://impuguke.com/sitemap_index.xml" "Mozilla/5.0 (Linux; Android 7.0;) AppleWebKit/537.36 (KHTML, like Gecko) Mobile Safari/537.36 (compatible; PetalBot;+https://webmaster.petalsearch.com/site/petalbot)"
207.180.227.180 - - [05/Nov/2025:03:19:40 +0100] "POST /wp-cron.php?doing_wp_cron=1762309180.2604060173034667968750 HTTP/1.1" 404 16000 "-" "WordPress/6.8.3; https://impuguke.com"
114.119.146.107 - - [05/Nov/2025:03:19:32 +0100] "GET /?o=38906159001620 HTTP/1.1" 200 203389 "https://impuguke.com/sitemap_index.xml" "Mozilla/5.0 (Linux; Android 7.0;) AppleWebKit/537.36 (KHTML, like Gecko) Mobile Safari/537.36 (compatible; PetalBot;+https://webmaster.petalsearch.com/site/petalbot)"
207.180.227.180 - - [05/Nov/2025:03:20:52 +0100] "POST /wp-cron.php?doing_wp_cron=1762309252.9646260738372802734375 HTTP/1.1" 404 16000 "-" "WordPress/6.8.3; https://impuguke.com"
114.119.151.208 - - [05/Nov/2025:03:20:51 +0100] "GET /?o=38889536091620 HTTP/1.1" 200 203389 "https://impuguke.com/sitemap_index.xml" "Mozilla/5.0 (Linux; Android 7.0;) AppleWebKit/537.36 (KHTML, like Gecko) Mobile Safari/537.36 (compatible; PetalBot;+https://webmaster.petalsearch.com/site/petalbot)"
207.180.227.180 - - [05/Nov/2025:03:22:10 +0100] "POST /wp-cron.php?doing_wp_cron=1762309329.9802589416503906250000 HTTP/1.1" 404 15727 "-" "WordPress/6.8.3; https://impuguke.com"
114.119.140.221 - - [05/Nov/2025:03:22:07 +0100] "GET /?o=38875162041620 HTTP/1.1" 200 203389 "https://impuguke.com/sitemap_index.xml" "Mozilla/5.0 (Linux; Android 7.0;) AppleWebKit/537.36 (KHTML, like Gecko) Mobile Safari/537.36 (compatible; PetalBot;+https://webmaster.petalsearch.com/site/petalbot)"
114.119.156.99 - - [05/Nov/2025:03:24:02 +0100] "GET /?o=38846915051620 HTTP/1.1" 200 203389 "https://impuguke.com/sitemap_index.xml" "Mozilla/5.0 (Linux; Android 7.0;) AppleWebKit/537.36 (KHTML, like Gecko) Mobile Safari/537.36 (compatible; PetalBot;+https://webmaster.petalsearch.com/site/petalbot)"
207.180.227.180 - - [05/Nov/2025:03:24:04 +0100] "POST /wp-cron.php?doing_wp_cron=1762309444.3577389717102050781250 HTTP/1.1" 404 15727 "-" "WordPress/6.8.3; https://impuguke.com"
207.180.210.222 - - [05/Nov/2025:03:24:19 +0100] "GET /wp-login.php HTTP/1.1" 200 7136 "-" "Mozilla/5.0 (Macintosh; Intel Mac OS X 10_12) AppleWebKit/604.4.7 (KHTML, like Gecko) Version/10.0 Safari/602.1.31"
207.180.210.222 - - [05/Nov/2025:03:24:21 +0100] "POST /wp-login.php HTTP/1.1" 200 7392 "https://impuguke.com/wp-login.php" "Mozilla/5.0 (Macintosh; Intel Mac OS X 10_12) AppleWebKit/604.4.7 (KHTML, like Gecko) Version/10.0 Safari/602.1.31"
52.167.144.233 - - [05/Nov/2025:03:25:04 +0100] "GET /2024/03/26/breaking-real-madrid-and-bayern-are-keeping-clear-position-for-alphonso-davies-deal/ HTTP/1.1" 200 168982 "-" "Mozilla/5.0 AppleWebKit/537.36 (KHTML, like Gecko; compatible; bingbot/2.0; +http://www.bing.com/bingbot.htm) Chrome/116.0.1938.76 Safari/537.36"
114.119.139.148 - - [05/Nov/2025:03:24:51 +0100] "GET /?o=38830896051620 HTTP/1.1" 200 203389 "https://impuguke.com/sitemap_index.xml" "Mozilla/5.0 (Linux; Android 7.0;) AppleWebKit/537.36 (KHTML, like Gecko) Mobile Safari/537.36 (compatible; PetalBot;+https://webmaster.petalsearch.com/site/petalbot)"
207.180.227.180 - - [05/Nov/2025:03:26:08 +0100] "POST /wp-cron.php?doing_wp_cron=1762309568.5621919631958007812500 HTTP/1.1" 404 15727 "-" "WordPress/6.8.3; https://impuguke.com"
114.119.140.221 - - [05/Nov/2025:03:26:06 +0100] "GET /?o=38792694041620 HTTP/1.1" 200 203389 "https://impuguke.com/sitemap_index.xml" "Mozilla/5.0 (Linux; Android 7.0;) AppleWebKit/537.36 (KHTML, like Gecko) Mobile Safari/537.36 (compatible; PetalBot;+https://webmaster.petalsearch.com/site/petalbot)"
198.244.242.242 - - [05/Nov/2025:03:27:11 +0100] "GET /2020/03/01/top-5-most-overrated-players-in-the-premier-league-2019-20/ HTTP/1.1" 200 163279 "-" "Mozilla/5.0 (compatible; AhrefsBot/7.0; +http://ahrefs.com/robot/)"
207.180.227.180 - - [05/Nov/2025:03:27:15 +0100] "POST /wp-cron.php?doing_wp_cron=1762309635.2660369873046875000000 HTTP/1.1" 404 16000 "-" "WordPress/6.8.3; https://impuguke.com"
114.119.140.221 - - [05/Nov/2025:03:27:44 +0100] "GET /?o=3853421031620 HTTP/1.1" 200 203386 "https://impuguke.com/sitemap_index.xml" "Mozilla/5.0 (Linux; Android 7.0;) AppleWebKit/537.36 (KHTML, like Gecko) Mobile Safari/537.36 (compatible; PetalBot;+https://webmaster.petalsearch.com/site/petalbot)"
207.180.227.180 - - [05/Nov/2025:03:29:20 +0100] "POST /wp-cron.php?doing_wp_cron=1762309760.0598440170288085937500 HTTP/1.1" 508 288 "-" "WordPress/6.8.3; https://impuguke.com"
114.119.154.87 - - [05/Nov/2025:03:29:12 +0100] "GET /?o=38496515031620 HTTP/1.1" 200 203389 "https://impuguke.com/sitemap_index.xml" "Mozilla/5.0 (Linux; Android 7.0;) AppleWebKit/537.36 (KHTML, like Gecko) Mobile Safari/537.36 (compatible; PetalBot;+https://webmaster.petalsearch.com/site/petalbot)"
66.249.64.96 - - [05/Nov/2025:03:30:14 +0100] "GET /?o=24340316071620 HTTP/1.1" 200 165313 "-" "Mozilla/5.0 (Linux; Android 6.0.1; Nexus 5X Build/MMB29P) AppleWebKit/537.36 (KHTML, like Gecko) Chrome/141.0.7390.122 Mobile Safari/537.36 (compatible; Googlebot/2.1; +http://www.google.com/bot.html)"
109.228.37.48 - - [05/Nov/2025:03:30:27 +0100] "POST /wp-login.php HTTP/1.1" 200 7373 "-" "Mozilla/5.0 (Windows NT 10.0; Win64; x64; rv:93.0) Gecko/20100101 Firefox/93.0"
207.180.227.180 - - [05/Nov/2025:03:30:31 +0100] "POST /wp-cron.php?doing_wp_cron=1762309831.4583909511566162109375 HTTP/1.1" 404 15727 "-" "WordPress/6.8.3; https://impuguke.com"
66.249.64.96 - - [05/Nov/2025:03:30:39 +0100] "GET /?o=70349557131620 HTTP/1.1" 200 166759 "-" "Mozilla/5.0 (Linux; Android 6.0.1; Nexus 5X Build/MMB29P) AppleWebKit/537.36 (KHTML, like Gecko) Chrome/141.0.7390.122 Mobile Safari/537.36 (compatible; Googlebot/2.1; +http://www.google.com/bot.html)"
66.249.64.110 - - [05/Nov/2025:03:30:51 +0100] "GET /?o=20193977071620 HTTP/1.1" 200 170794 "-" "Mozilla/5.0 (Linux; Android 6.0.1; Nexus 5X Build/MMB29P) AppleWebKit/537.36 (KHTML, like Gecko) Chrome/141.0.7390.122 Mobile Safari/537.36 (compatible; Googlebot/2.1; +http://www.google.com/bot.html)"
114.119.151.208 - - [05/Nov/2025:03:30:38 +0100] "GET /?o=38444967081620 HTTP/1.1" 200 203389 "https://impuguke.com/sitemap_index.xml" "Mozilla/5.0 (Linux; Android 7.0;) AppleWebKit/537.36 (KHTML, like Gecko) Mobile Safari/537.36 (compatible; PetalBot;+https://webmaster.petalsearch.com/site/petalbot)"
132.148.75.116 - - [05/Nov/2025:03:31:32 +0100] "GET /wp-login.php HTTP/1.1" 200 7136 "-" "Mozilla/5.0 (Macintosh; Intel Mac OS X 10_13_3) AppleWebKit/537.36 (KHTML, like Gecko) Chrome/65.0.3325.181 Safari/537.36"
207.180.227.180 - - [05/Nov/2025:03:31:34 +0100] "POST /wp-cron.php?doing_wp_cron=1762309894.7684459686279296875000 HTTP/1.1" 404 15727 "-" "WordPress/6.8.3; https://impuguke.com"
132.148.75.116 - - [05/Nov/2025:03:31:38 +0100] "POST /wp-login.php HTTP/1.1" 200 7392 "https://impuguke.com/wp-login.php" "Mozilla/5.0 (Macintosh; Intel Mac OS X 10_13_3) AppleWebKit/537.36 (KHTML, like Gecko) Chrome/65.0.3325.181 Safari/537.36"
114.119.156.99 - - [05/Nov/2025:03:32:03 +0100] "GET /?o=38442509001620 HTTP/1.1" 200 203389 "https://impuguke.com/sitemap_index.xml" "Mozilla/5.0 (Linux; Android 7.0;) AppleWebKit/537.36 (KHTML, like Gecko) Mobile Safari/537.36 (compatible; PetalBot;+https://webmaster.petalsearch.com/site/petalbot)"
207.180.227.180 - - [05/Nov/2025:03:33:38 +0100] "POST /wp-cron.php?doing_wp_cron=1762310018.4663560390472412109375 HTTP/1.1" 404 16000 "-" "WordPress/6.8.3; https://impuguke.com"
114.119.139.148 - - [05/Nov/2025:03:33:29 +0100] "GET /?o=38428069031620 HTTP/1.1" 200 203389 "https://impuguke.com/sitemap_index.xml" "Mozilla/5.0 (Linux; Android 7.0;) AppleWebKit/537.36 (KHTML, like Gecko) Mobile Safari/537.36 (compatible; PetalBot;+https://webmaster.petalsearch.com/site/petalbot)"
66.249.64.97 - - [05/Nov/2025:03:34:18 +0100] "GET /?o=20258858021620 HTTP/1.1" 200 177679 "-" "Mozilla/5.0 (Linux; Android 6.0.1; Nexus 5X Build/MMB29P) AppleWebKit/537.36 (KHTML, like Gecko) Chrome/141.0.7390.122 Mobile Safari/537.36 (compatible; Googlebot/2.1; +http://www.google.com/bot.html)"
207.180.227.180 - - [05/Nov/2025:03:35:07 +0100] "POST /wp-cron.php?doing_wp_cron=1762310107.4704470634460449218750 HTTP/1.1" 404 15727 "-" "WordPress/6.8.3; https://impuguke.com"
114.119.139.148 - - [05/Nov/2025:03:35:01 +0100] "GET /?o=38300934001620 HTTP/1.1" 200 203389 "https://impuguke.com/sitemap_index.xml" "Mozilla/5.0 (Linux; Android 7.0;) AppleWebKit/537.36 (KHTML, like Gecko) Mobile Safari/537.36 (compatible; PetalBot;+https://webmaster.petalsearch.com/site/petalbot)"
