132.148.78.150 - - [04/Nov/2025:22:07:12 +0100] "GET /wp-login.php HTTP/1.1" 200 7136 "-" "Mozilla/4.0 (compatible; MSIE 7.0; Windows NT 6.2; Win64; x64; Trident/7.0; .NET4.0E; .NET4.0C; .NET CLR 3.5.30729; .NET CLR 2.0.50727; .NET CLR 3.0.30729; InfoPath.3)"
132.148.78.150 - - [04/Nov/2025:22:07:22 +0100] "POST /wp-login.php HTTP/1.1" 200 7392 "https://impuguke.com/wp-login.php" "Mozilla/4.0 (compatible; MSIE 7.0; Windows NT 6.2; Win64; x64; Trident/7.0; .NET4.0E; .NET4.0C; .NET CLR 3.5.30729; .NET CLR 2.0.50727; .NET CLR 3.0.30729; InfoPath.3)"
114.119.151.208 - - [04/Nov/2025:22:08:07 +0100] "GET /?o=51401663001620 HTTP/1.1" 200 203389 "https://impuguke.com/sitemap_index.xml" "Mozilla/5.0 (Linux; Android 7.0;) AppleWebKit/537.36 (KHTML, like Gecko) Mobile Safari/537.36 (compatible; PetalBot;+https://webmaster.petalsearch.com/site/petalbot)"
207.180.227.180 - - [04/Nov/2025:22:08:14 +0100] "POST /wp-cron.php?doing_wp_cron=1762290494.1211009025573730468750 HTTP/1.1" 404 15727 "-" "WordPress/6.8.3; https://impuguke.com"
54.38.147.34 - - [04/Nov/2025:22:08:52 +0100] "GET / HTTP/1.1" 200 203338 "-" "Mozilla/5.0 (compatible; AhrefsBot/7.0; +http://ahrefs.com/robot/)"
114.119.129.233 - - [04/Nov/2025:22:09:28 +0100] "GET /?o=51397416001620 HTTP/1.1" 200 203389 "https://impuguke.com/sitemap_index.xml" "Mozilla/5.0 (Linux; Android 7.0;) AppleWebKit/537.36 (KHTML, like Gecko) Mobile Safari/537.36 (compatible; PetalBot;+https://webmaster.petalsearch.com/site/petalbot)"
207.180.227.180 - - [04/Nov/2025:22:09:37 +0100] "POST /wp-cron.php?doing_wp_cron=1762290576.8181459903717041015625 HTTP/1.1" 404 16000 "-" "WordPress/6.8.3; https://impuguke.com"
45.61.186.220 - - [04/Nov/2025:22:10:08 +0100] "GET /wp-login.php HTTP/1.1" 200 7136 "https://www.bing.com/" "Mozilla/5.0 (Windows NT 10.0; Win64; x64) AppleWebKit/537.36 (KHTML, like Gecko) Chrome/118.0.5993.90 Safari/537.36 Edg/118.0.2088.76"
114.119.151.208 - - [04/Nov/2025:22:10:52 +0100] "GET /?o=51381360111620 HTTP/1.1" 200 203389 "https://impuguke.com/sitemap_index.xml" "Mozilla/5.0 (Linux; Android 7.0;) AppleWebKit/537.36 (KHTML, like Gecko) Mobile Safari/537.36 (compatible; PetalBot;+https://webmaster.petalsearch.com/site/petalbot)"
207.180.227.180 - - [04/Nov/2025:22:11:00 +0100] "POST /wp-cron.php?doing_wp_cron=1762290660.3100059032440185546875 HTTP/1.1" 404 16000 "-" "WordPress/6.8.3; https://impuguke.com"
207.180.227.180 - - [04/Nov/2025:22:12:24 +0100] "POST /wp-cron.php?doing_wp_cron=1762290744.0197069644927978515625 HTTP/1.1" 508 288 "-" "WordPress/6.8.3; https://impuguke.com"
114.119.154.87 - - [04/Nov/2025:22:12:15 +0100] "GET /?o=51333253031620 HTTP/1.1" 200 203389 "https://impuguke.com/sitemap_index.xml" "Mozilla/5.0 (Linux; Android 7.0;) AppleWebKit/537.36 (KHTML, like Gecko) Mobile Safari/537.36 (compatible; PetalBot;+https://webmaster.petalsearch.com/site/petalbot)"
143.198.232.185 - - [04/Nov/2025:22:12:52 +0100] "POST /wp-login.php HTTP/1.1" 200 7334 "-" "Mozilla/5.0"
143.198.232.185 - - [04/Nov/2025:22:12:52 +0100] "POST /wp-login.php HTTP/1.1" 500 - "-" "Mozilla/5.0"
143.198.232.185 - - [04/Nov/2025:22:12:52 +0100] "POST /wp-login.php HTTP/1.1" 302 - "-" "Mozilla/5.0"
143.198.232.185 - - [04/Nov/2025:22:12:52 +0100] "POST /wp-login.php HTTP/1.1" 302 - "-" "Mozilla/5.0"
207.180.227.180 - - [04/Nov/2025:22:13:40 +0100] "POST /wp-cron.php?doing_wp_cron=1762290820.7226319313049316406250 HTTP/1.1" 404 15727 "-" "WordPress/6.8.3; https://impuguke.com"
114.119.132.12 - - [04/Nov/2025:22:13:37 +0100] "GET /?o=51285226031620 HTTP/1.1" 200 203389 "https://impuguke.com/sitemap_index.xml" "Mozilla/5.0 (Linux; Android 7.0;) AppleWebKit/537.36 (KHTML, like Gecko) Mobile Safari/537.36 (compatible; PetalBot;+https://webmaster.petalsearch.com/site/petalbot)"
207.180.227.180 - - [04/Nov/2025:22:15:02 +0100] "POST /wp-cron.php?doing_wp_cron=1762290902.5346961021423339843750 HTTP/1.1" 404 16000 "-" "WordPress/6.8.3; https://impuguke.com"
114.119.132.12 - - [04/Nov/2025:22:14:59 +0100] "GET /?o=5111957041620 HTTP/1.1" 200 203386 "https://impuguke.com/sitemap_index.xml" "Mozilla/5.0 (Linux; Android 7.0;) AppleWebKit/537.36 (KHTML, like Gecko) Mobile Safari/537.36 (compatible; PetalBot;+https://webmaster.petalsearch.com/site/petalbot)"
207.180.227.180 - - [04/Nov/2025:22:16:28 +0100] "POST /wp-cron.php?doing_wp_cron=1762290988.6261351108551025390625 HTTP/1.1" 404 15727 "-" "WordPress/6.8.3; https://impuguke.com"
114.119.129.233 - - [04/Nov/2025:22:16:26 +0100] "GET /?o=51083644071620 HTTP/1.1" 200 203389 "https://impuguke.com/sitemap_index.xml" "Mozilla/5.0 (Linux; Android 7.0;) AppleWebKit/537.36 (KHTML, like Gecko) Mobile Safari/537.36 (compatible; PetalBot;+https://webmaster.petalsearch.com/site/petalbot)"
114.119.146.107 - - [04/Nov/2025:22:17:50 +0100] "GET /?o=51059367071620 HTTP/1.1" 200 203389 "https://impuguke.com/sitemap_index.xml" "Mozilla/5.0 (Linux; Android 7.0;) AppleWebKit/537.36 (KHTML, like Gecko) Mobile Safari/537.36 (compatible; PetalBot;+https://webmaster.petalsearch.com/site/petalbot)"
207.180.227.180 - - [04/Nov/2025:22:17:53 +0100] "POST /wp-cron.php?doing_wp_cron=1762291073.2198259830474853515625 HTTP/1.1" 404 15727 "-" "WordPress/6.8.3; https://impuguke.com"
114.119.151.208 - - [04/Nov/2025:22:19:12 +0100] "GET /?o=51026046061620 HTTP/1.1" 200 203389 "https://impuguke.com/sitemap_index.xml" "Mozilla/5.0 (Linux; Android 7.0;) AppleWebKit/537.36 (KHTML, like Gecko) Mobile Safari/537.36 (compatible; PetalBot;+https://webmaster.petalsearch.com/site/petalbot)"
207.180.227.180 - - [04/Nov/2025:22:19:21 +0100] "POST /wp-cron.php?doing_wp_cron=1762291161.2156119346618652343750 HTTP/1.1" 404 16000 "-" "WordPress/6.8.3; https://impuguke.com"
114.119.151.208 - - [04/Nov/2025:22:20:36 +0100] "GET /?o=50775882041620 HTTP/1.1" 200 203389 "https://impuguke.com/sitemap_index.xml" "Mozilla/5.0 (Linux; Android 7.0;) AppleWebKit/537.36 (KHTML, like Gecko) Mobile Safari/537.36 (compatible; PetalBot;+https://webmaster.petalsearch.com/site/petalbot)"
207.180.227.180 - - [04/Nov/2025:22:20:40 +0100] "POST /wp-cron.php?doing_wp_cron=1762291240.0174679756164550781250 HTTP/1.1" 404 16000 "-" "WordPress/6.8.3; https://impuguke.com"
114.119.140.221 - - [04/Nov/2025:22:21:59 +0100] "GET /?o=50694416001620 HTTP/1.1" 200 203389 "https://impuguke.com/sitemap_index.xml" "Mozilla/5.0 (Linux; Android 7.0;) AppleWebKit/537.36 (KHTML, like Gecko) Mobile Safari/537.36 (compatible; PetalBot;+https://webmaster.petalsearch.com/site/petalbot)"
207.180.227.180 - - [04/Nov/2025:22:22:07 +0100] "POST /wp-cron.php?doing_wp_cron=1762291327.3206059932708740234375 HTTP/1.1" 404 15727 "-" "WordPress/6.8.3; https://impuguke.com"
114.119.151.208 - - [04/Nov/2025:22:23:24 +0100] "GET /?o=50688303041620 HTTP/1.1" 200 203389 "https://impuguke.com/sitemap_index.xml" "Mozilla/5.0 (Linux; Android 7.0;) AppleWebKit/537.36 (KHTML, like Gecko) Mobile Safari/537.36 (compatible; PetalBot;+https://webmaster.petalsearch.com/site/petalbot)"
207.180.227.180 - - [04/Nov/2025:22:23:29 +0100] "POST /wp-cron.php?doing_wp_cron=1762291408.9153559207916259765625 HTTP/1.1" 404 15727 "-" "WordPress/6.8.3; https://impuguke.com"
114.119.132.12 - - [04/Nov/2025:22:24:48 +0100] "GET /?o=50680135051620 HTTP/1.1" 200 203389 "https://impuguke.com/sitemap_index.xml" "Mozilla/5.0 (Linux; Android 7.0;) AppleWebKit/537.36 (KHTML, like Gecko) Mobile Safari/537.36 (compatible; PetalBot;+https://webmaster.petalsearch.com/site/petalbot)"
207.180.227.180 - - [04/Nov/2025:22:24:55 +0100] "POST /wp-cron.php?doing_wp_cron=1762291494.8211710453033447265625 HTTP/1.1" 404 16000 "-" "WordPress/6.8.3; https://impuguke.com"
114.119.139.148 - - [04/Nov/2025:22:26:11 +0100] "GET /?o=50587306031620 HTTP/1.1" 200 203389 "https://impuguke.com/sitemap_index.xml" "Mozilla/5.0 (Linux; Android 7.0;) AppleWebKit/537.36 (KHTML, like Gecko) Mobile Safari/537.36 (compatible; PetalBot;+https://webmaster.petalsearch.com/site/petalbot)"
207.180.227.180 - - [04/Nov/2025:22:26:20 +0100] "POST /wp-cron.php?doing_wp_cron=1762291580.2081971168518066406250 HTTP/1.1" 404 15727 "-" "WordPress/6.8.3; https://impuguke.com"
207.180.227.180 - - [04/Nov/2025:22:27:43 +0100] "POST /wp-cron.php?doing_wp_cron=1762291663.8058319091796875000000 HTTP/1.1" 404 15727 "-" "WordPress/6.8.3; https://impuguke.com"
114.119.129.233 - - [04/Nov/2025:22:27:36 +0100] "GET /?o=50539835101620 HTTP/1.1" 200 203389 "https://impuguke.com/sitemap_index.xml" "Mozilla/5.0 (Linux; Android 7.0;) AppleWebKit/537.36 (KHTML, like Gecko) Mobile Safari/537.36 (compatible; PetalBot;+https://webmaster.petalsearch.com/site/petalbot)"
114.119.146.107 - - [04/Nov/2025:22:28:57 +0100] "GET /?o=50525919061620 HTTP/1.1" 200 203389 "https://impuguke.com/sitemap_index.xml" "Mozilla/5.0 (Linux; Android 7.0;) AppleWebKit/537.36 (KHTML, like Gecko) Mobile Safari/537.36 (compatible; PetalBot;+https://webmaster.petalsearch.com/site/petalbot)"
207.180.227.180 - - [04/Nov/2025:22:29:03 +0100] "POST /wp-cron.php?doing_wp_cron=1762291743.1621398925781250000000 HTTP/1.1" 404 16000 "-" "WordPress/6.8.3; https://impuguke.com"
162.19.11.69 - - [04/Nov/2025:22:29:48 +0100] "GET /wp-login.php HTTP/1.1" 200 7136 "-" "Mozilla/5.0 (Windows NT 6.3; WOW64; Trident/7.0; Touch; SMJB; rv:11.0) like Gecko"
114.119.139.148 - - [04/Nov/2025:22:30:32 +0100] "GET /?o=50492598021620 HTTP/1.1" 200 203389 "https://impuguke.com/sitemap_index.xml" "Mozilla/5.0 (Linux; Android 7.0;) AppleWebKit/537.36 (KHTML, like Gecko) Mobile Safari/537.36 (compatible; PetalBot;+https://webmaster.petalsearch.com/site/petalbot)"
207.180.227.180 - - [04/Nov/2025:22:30:40 +0100] "POST /wp-cron.php?doing_wp_cron=1762291839.9101500511169433593750 HTTP/1.1" 404 16000 "-" "WordPress/6.8.3; https://impuguke.com"
114.119.139.148 - - [04/Nov/2025:22:31:45 +0100] "GET /?o=50414144051620 HTTP/1.1" 200 203389 "https://impuguke.com/sitemap_index.xml" "Mozilla/5.0 (Linux; Android 7.0;) AppleWebKit/537.36 (KHTML, like Gecko) Mobile Safari/537.36 (compatible; PetalBot;+https://webmaster.petalsearch.com/site/petalbot)"
207.180.227.180 - - [04/Nov/2025:22:31:52 +0100] "POST /wp-cron.php?doing_wp_cron=1762291912.4177539348602294921875 HTTP/1.1" 404 15727 "-" "WordPress/6.8.3; https://impuguke.com"
198.244.240.120 - - [04/Nov/2025:22:32:32 +0100] "GET /sitemap.xml HTTP/1.1" 200 128908 "-" "Mozilla/5.0 (compatible; AhrefsBot/7.0; +http://ahrefs.com/robot/)"
114.119.132.12 - - [04/Nov/2025:22:33:12 +0100] "GET /?o=5022068121620 HTTP/1.1" 200 203386 "https://impuguke.com/sitemap_index.xml" "Mozilla/5.0 (Linux; Android 7.0;) AppleWebKit/537.36 (KHTML, like Gecko) Mobile Safari/537.36 (compatible; PetalBot;+https://webmaster.petalsearch.com/site/petalbot)"
207.180.227.180 - - [04/Nov/2025:22:33:19 +0100] "POST /wp-cron.php?doing_wp_cron=1762291999.5171000957489013671875 HTTP/1.1" 404 16000 "-" "WordPress/6.8.3; https://impuguke.com"
207.180.227.180 - - [04/Nov/2025:22:34:41 +0100] "POST /wp-cron.php?doing_wp_cron=1762292081.0148539543151855468750 HTTP/1.1" 508 288 "-" "WordPress/6.8.3; https://impuguke.com"
114.119.132.12 - - [04/Nov/2025:22:34:32 +0100] "GET /?o=50144706041620 HTTP/1.1" 200 203389 "https://impuguke.com/sitemap_index.xml" "Mozilla/5.0 (Linux; Android 7.0;) AppleWebKit/537.36 (KHTML, like Gecko) Mobile Safari/537.36 (compatible; PetalBot;+https://webmaster.petalsearch.com/site/petalbot)"
45.11.59.232 - - [04/Nov/2025:22:35:59 +0100] "POST /wp-login.php HTTP/1.1" 200 7373 "-" "Mozilla/5.0 (Windows NT 10.0; Win64; x64; rv:94.0) Gecko/20100101 Firefox/94.0"
114.119.146.107 - - [04/Nov/2025:22:35:57 +0100] "GET /?o=49964907011620 HTTP/1.1" 200 203389 "https://impuguke.com/sitemap_index.xml" "Mozilla/5.0 (Linux; Android 7.0;) AppleWebKit/537.36 (KHTML, like Gecko) Mobile Safari/537.36 (compatible; PetalBot;+https://webmaster.petalsearch.com/site/petalbot)"
207.180.227.180 - - [04/Nov/2025:22:36:08 +0100] "POST /wp-cron.php?doing_wp_cron=1762292168.4168069362640380859375 HTTP/1.1" 404 15727 "-" "WordPress/6.8.3; https://impuguke.com"
207.180.227.180 - - [04/Nov/2025:22:36:10 +0100] "POST /wp-cron.php?doing_wp_cron=1762292169.9134070873260498046875 HTTP/1.1" 404 16000 "-" "WordPress/6.8.3; https://impuguke.com"
114.119.154.87 - - [04/Nov/2025:22:37:19 +0100] "GET /?o=49927331001620 HTTP/1.1" 200 203389 "https://impuguke.com/sitemap_index.xml" "Mozilla/5.0 (Linux; Android 7.0;) AppleWebKit/537.36 (KHTML, like Gecko) Mobile Safari/537.36 (compatible; PetalBot;+https://webmaster.petalsearch.com/site/petalbot)"
207.180.227.180 - - [04/Nov/2025:22:37:29 +0100] "POST /wp-cron.php?doing_wp_cron=1762292248.7194619178771972656250 HTTP/1.1" 404 16000 "-" "WordPress/6.8.3; https://impuguke.com"
114.119.154.87 - - [04/Nov/2025:22:38:43 +0100] "GET /?o=49844307071620 HTTP/1.1" 200 175893 "https://impuguke.com/sitemap_index.xml" "Mozilla/5.0 (Linux; Android 7.0;) AppleWebKit/537.36 (KHTML, like Gecko) Mobile Safari/537.36 (compatible; PetalBot;+https://webmaster.petalsearch.com/site/petalbot)"
207.180.227.180 - - [04/Nov/2025:22:39:11 +0100] "POST /wp-cron.php?doing_wp_cron=1762292351.1151061058044433593750 HTTP/1.1" 404 15727 "-" "WordPress/6.8.3; https://impuguke.com"
207.180.227.180 - - [04/Nov/2025:22:40:13 +0100] "POST /wp-cron.php?doing_wp_cron=1762292413.0306739807128906250000 HTTP/1.1" 404 15727 "-" "WordPress/6.8.3; https://impuguke.com"
114.119.139.148 - - [04/Nov/2025:22:40:10 +0100] "GET /?o=49796710021620 HTTP/1.1" 200 203389 "https://impuguke.com/sitemap_index.xml" "Mozilla/5.0 (Linux; Android 7.0;) AppleWebKit/537.36 (KHTML, like Gecko) Mobile Safari/537.36 (compatible; PetalBot;+https://webmaster.petalsearch.com/site/petalbot)"
114.119.151.208 - - [04/Nov/2025:22:41:52 +0100] "GET /?o=4961299031620 HTTP/1.1" 200 203386 "https://impuguke.com/sitemap_index.xml" "Mozilla/5.0 (Linux; Android 7.0;) AppleWebKit/537.36 (KHTML, like Gecko) Mobile Safari/537.36 (compatible; PetalBot;+https://webmaster.petalsearch.com/site/petalbot)"
207.180.227.180 - - [04/Nov/2025:22:41:54 +0100] "POST /wp-cron.php?doing_wp_cron=1762292514.2436449527740478515625 HTTP/1.1" 404 15727 "-" "WordPress/6.8.3; https://impuguke.com"
207.180.227.180 - - [04/Nov/2025:22:43:11 +0100] "POST /wp-cron.php?doing_wp_cron=1762292591.3148169517517089843750 HTTP/1.1" 404 15727 "-" "WordPress/6.8.3; https://impuguke.com"
114.119.156.99 - - [04/Nov/2025:22:43:04 +0100] "GET /?o=49591066001620 HTTP/1.1" 200 203389 "https://impuguke.com/sitemap_index.xml" "Mozilla/5.0 (Linux; Android 7.0;) AppleWebKit/537.36 (KHTML, like Gecko) Mobile Safari/537.36 (compatible; PetalBot;+https://webmaster.petalsearch.com/site/petalbot)"
207.180.227.180 - - [04/Nov/2025:22:44:24 +0100] "POST /wp-cron.php?doing_wp_cron=1762292664.6284151077270507812500 HTTP/1.1" 404 15727 "-" "WordPress/6.8.3; https://impuguke.com"
114.119.129.233 - - [04/Nov/2025:22:44:22 +0100] "GET /?o=49551270021620 HTTP/1.1" 200 203389 "https://impuguke.com/sitemap_index.xml" "Mozilla/5.0 (Linux; Android 7.0;) AppleWebKit/537.36 (KHTML, like Gecko) Mobile Safari/537.36 (compatible; PetalBot;+https://webmaster.petalsearch.com/site/petalbot)"
207.180.227.180 - - [04/Nov/2025:22:45:49 +0100] "POST /wp-cron.php?doing_wp_cron=1762292749.7121388912200927734375 HTTP/1.1" 404 15727 "-" "WordPress/6.8.3; https://impuguke.com"
114.119.156.99 - - [04/Nov/2025:22:45:47 +0100] "GET /?o=49548810061620 HTTP/1.1" 200 203389 "https://impuguke.com/sitemap_index.xml" "Mozilla/5.0 (Linux; Android 7.0;) AppleWebKit/537.36 (KHTML, like Gecko) Mobile Safari/537.36 (compatible; PetalBot;+https://webmaster.petalsearch.com/site/petalbot)"
207.180.227.180 - - [04/Nov/2025:22:47:13 +0100] "POST /wp-cron.php?doing_wp_cron=1762292832.8319981098175048828125 HTTP/1.1" 404 15727 "-" "WordPress/6.8.3; https://impuguke.com"
114.119.132.12 - - [04/Nov/2025:22:47:06 +0100] "GET /?o=49354490031620 HTTP/1.1" 200 203389 "https://impuguke.com/sitemap_index.xml" "Mozilla/5.0 (Linux; Android 7.0;) AppleWebKit/537.36 (KHTML, like Gecko) Mobile Safari/537.36 (compatible; PetalBot;+https://webmaster.petalsearch.com/site/petalbot)"
45.61.187.69 - - [04/Nov/2025:22:47:57 +0100] "GET /wp-login.php HTTP/1.1" 200 7136 "https://www.yahoo.com/" "Mozilla/5.0 (Windows NT 10.0; Win64; x64) AppleWebKit/537.36 (KHTML, like Gecko) Chrome/118.0.5993.90 Safari/537.36 Edg/118.0.2088.76"
45.61.187.69 - - [04/Nov/2025:22:48:03 +0100] "POST /wp-login.php HTTP/1.1" 200 7392 "https://www.yahoo.com/" "Mozilla/5.0 (Windows NT 10.0; Win64; x64) AppleWebKit/537.36 (KHTML, like Gecko) Chrome/118.0.5993.90 Safari/537.36 Edg/118.0.2088.76"
184.168.127.229 - - [04/Nov/2025:22:48:11 +0100] "GET /wp-login.php HTTP/1.1" 200 7136 "-" "Mozilla/5.0 (Macintosh; Intel Mac OS X 10_13_2) AppleWebKit/537.36 (KHTML, like Gecko) Chrome/65.0.3325.162 Safari/537.36"
207.180.227.180 - - [04/Nov/2025:22:48:18 +0100] "POST /wp-cron.php?doing_wp_cron=1762292898.5160191059112548828125 HTTP/1.1" 404 15727 "-" "WordPress/6.8.3; https://impuguke.com"
184.168.127.229 - - [04/Nov/2025:22:48:23 +0100] "POST /wp-login.php HTTP/1.1" 200 7392 "https://impuguke.com/wp-login.php" "Mozilla/5.0 (Macintosh; Intel Mac OS X 10_13_2) AppleWebKit/537.36 (KHTML, like Gecko) Chrome/65.0.3325.162 Safari/537.36"
114.119.140.221 - - [04/Nov/2025:22:48:36 +0100] "GET /?o=49273619021620 HTTP/1.1" 200 203389 "https://impuguke.com/sitemap_index.xml" "Mozilla/5.0 (Linux; Android 7.0;) AppleWebKit/537.36 (KHTML, like Gecko) Mobile Safari/537.36 (compatible; PetalBot;+https://webmaster.petalsearch.com/site/petalbot)"
207.180.227.180 - - [04/Nov/2025:22:50:00 +0100] "POST /wp-cron.php?doing_wp_cron=1762292999.8183429241180419921875 HTTP/1.1" 404 16000 "-" "WordPress/6.8.3; https://impuguke.com"
114.119.139.148 - - [04/Nov/2025:22:49:54 +0100] "GET /?o=49136649011620 HTTP/1.1" 200 203389 "https://impuguke.com/sitemap_index.xml" "Mozilla/5.0 (Linux; Android 7.0;) AppleWebKit/537.36 (KHTML, like Gecko) Mobile Safari/537.36 (compatible; PetalBot;+https://webmaster.petalsearch.com/site/petalbot)"
143.198.232.185 - - [04/Nov/2025:22:50:33 +0100] "POST /wp-login.php HTTP/1.1" 200 7334 "-" "Mozilla/5.0"
143.198.232.185 - - [04/Nov/2025:22:50:33 +0100] "POST /wp-login.php HTTP/1.1" 200 7334 "-" "Mozilla/5.0"
143.198.232.185 - - [04/Nov/2025:22:50:33 +0100] "POST /wp-login.php HTTP/1.1" 200 7334 "-" "Mozilla/5.0"
143.198.232.185 - - [04/Nov/2025:22:50:33 +0100] "POST /wp-login.php HTTP/1.1" 302 - "-" "Mozilla/5.0"
114.119.139.148 - - [04/Nov/2025:22:51:16 +0100] "GET /?o=49115905031620 HTTP/1.1" 200 203389 "https://impuguke.com/sitemap_index.xml" "Mozilla/5.0 (Linux; Android 7.0;) AppleWebKit/537.36 (KHTML, like Gecko) Mobile Safari/537.36 (compatible; PetalBot;+https://webmaster.petalsearch.com/site/petalbot)"
207.180.227.180 - - [04/Nov/2025:22:51:23 +0100] "POST /wp-cron.php?doing_wp_cron=1762293083.6138410568237304687500 HTTP/1.1" 404 16000 "-" "WordPress/6.8.3; https://impuguke.com"
114.119.132.12 - - [04/Nov/2025:22:52:47 +0100] "GET /?o=4907726061620 HTTP/1.1" 200 203386 "https://impuguke.com/sitemap_index.xml" "Mozilla/5.0 (Linux; Android 7.0;) AppleWebKit/537.36 (KHTML, like Gecko) Mobile Safari/537.36 (compatible; PetalBot;+https://webmaster.petalsearch.com/site/petalbot)"
207.180.227.180 - - [04/Nov/2025:22:52:55 +0100] "POST /wp-cron.php?doing_wp_cron=1762293175.1247050762176513671875 HTTP/1.1" 404 16000 "-" "WordPress/6.8.3; https://impuguke.com"
114.119.156.99 - - [04/Nov/2025:22:54:11 +0100] "GET /?o=49075569031620 HTTP/1.1" 200 203389 "https://impuguke.com/sitemap_index.xml" "Mozilla/5.0 (Linux; Android 7.0;) AppleWebKit/537.36 (KHTML, like Gecko) Mobile Safari/537.36 (compatible; PetalBot;+https://webmaster.petalsearch.com/site/petalbot)"
207.180.227.180 - - [04/Nov/2025:22:54:19 +0100] "POST /wp-cron.php?doing_wp_cron=1762293258.8091509342193603515625 HTTP/1.1" 404 15727 "-" "WordPress/6.8.3; https://impuguke.com"
57.141.0.74 - - [04/Nov/2025:22:54:42 +0100] "GET /2025/10/27/ubuyobozi-bwa-apr-fc-bwatangaje-ko-budateganya-kwirukana-umutoza-wayo/ HTTP/1.1" 200 162606 "-" "meta-externalagent/1.1 (+https://developers.facebook.com/docs/sharing/webmasters/crawler)"
209.141.61.31 - - [04/Nov/2025:22:55:11 +0100] "GET /wp-login.php HTTP/1.1" 200 7136 "-" "Mozilla/5.0 (X11; Linux x86_64) AppleWebKit/537.36 (KHTML, like Gecko) Ubuntu Chromium/34.0.1847.116 Chrome/34.0.1847.116 Safari/537.36"
209.141.61.31 - - [04/Nov/2025:22:55:15 +0100] "POST /wp-login.php HTTP/1.1" 200 7392 "-" "Mozilla/5.0 (X11; Linux x86_64) AppleWebKit/537.36 (KHTML, like Gecko) Ubuntu Chromium/34.0.1847.116 Chrome/34.0.1847.116 Safari/537.36"
207.180.227.180 - - [04/Nov/2025:22:55:30 +0100] "POST /wp-cron.php?doing_wp_cron=1762293330.1292560100555419921875 HTTP/1.1" 404 15727 "-" "WordPress/6.8.3; https://impuguke.com"
114.119.129.233 - - [04/Nov/2025:22:55:28 +0100] "GET /?o=49844307071620 HTTP/1.1" 200 203389 "https://impuguke.com/sitemap_index.xml" "Mozilla/5.0 (Linux; Android 7.0;) AppleWebKit/537.36 (KHTML, like Gecko) Mobile Safari/537.36 (compatible; PetalBot;+https://webmaster.petalsearch.com/site/petalbot)"
51.195.244.204 - - [04/Nov/2025:22:56:20 +0100] "GET /category/home/ahabanza/amakuru/inkuru-ndende/ HTTP/1.1" 200 145277 "-" "Mozilla/5.0 (compatible; AhrefsBot/7.0; +http://ahrefs.com/robot/)"
114.119.156.99 - - [04/Nov/2025:22:56:52 +0100] "GET /?o=49064289021620 HTTP/1.1" 200 203389 "https://impuguke.com/sitemap_index.xml" "Mozilla/5.0 (Linux; Android 7.0;) AppleWebKit/537.36 (KHTML, like Gecko) Mobile Safari/537.36 (compatible; PetalBot;+https://webmaster.petalsearch.com/site/petalbot)"
207.180.227.180 - - [04/Nov/2025:22:56:56 +0100] "POST /wp-cron.php?doing_wp_cron=1762293416.8062880039215087890625 HTTP/1.1" 404 15727 "-" "WordPress/6.8.3; https://impuguke.com"
114.119.156.99 - - [04/Nov/2025:22:58:13 +0100] "GET /?o=49029612091620 HTTP/1.1" 200 203389 "https://impuguke.com/sitemap_index.xml" "Mozilla/5.0 (Linux; Android 7.0;) AppleWebKit/537.36 (KHTML, like Gecko) Mobile Safari/537.36 (compatible; PetalBot;+https://webmaster.petalsearch.com/site/petalbot)"
207.180.227.180 - - [04/Nov/2025:22:58:18 +0100] "POST /wp-cron.php?doing_wp_cron=1762293498.4185249805450439453125 HTTP/1.1" 404 15727 "-" "WordPress/6.8.3; https://impuguke.com"
114.119.151.208 - - [04/Nov/2025:22:59:40 +0100] "GET /?o=49010502041620 HTTP/1.1" 200 203389 "https://impuguke.com/sitemap_index.xml" "Mozilla/5.0 (Linux; Android 7.0;) AppleWebKit/537.36 (KHTML, like Gecko) Mobile Safari/537.36 (compatible; PetalBot;+https://webmaster.petalsearch.com/site/petalbot)"
207.180.227.180 - - [04/Nov/2025:22:59:42 +0100] "POST /wp-cron.php?doing_wp_cron=1762293582.8108799457550048828125 HTTP/1.1" 404 15727 "-" "WordPress/6.8.3; https://impuguke.com"
114.119.146.107 - - [04/Nov/2025:23:01:03 +0100] "GET /?o=489130001620 HTTP/1.1" 200 203384 "https://impuguke.com/sitemap_index.xml" "Mozilla/5.0 (Linux; Android 7.0;) AppleWebKit/537.36 (KHTML, like Gecko) Mobile Safari/537.36 (compatible; PetalBot;+https://webmaster.petalsearch.com/site/petalbot)"
207.180.227.180 - - [04/Nov/2025:23:01:07 +0100] "POST /wp-cron.php?doing_wp_cron=1762293666.8251950740814208984375 HTTP/1.1" 404 15727 "-" "WordPress/6.8.3; https://impuguke.com"
114.119.146.107 - - [04/Nov/2025:23:02:28 +0100] "GET /?o=48821272051620 HTTP/1.1" 200 203390 "https://impuguke.com/sitemap_index.xml" "Mozilla/5.0 (Linux; Android 7.0;) AppleWebKit/537.36 (KHTML, like Gecko) Mobile Safari/537.36 (compatible; PetalBot;+https://webmaster.petalsearch.com/site/petalbot)"
207.180.227.180 - - [04/Nov/2025:23:02:32 +0100] "POST /wp-cron.php?doing_wp_cron=1762293752.6222300529479980468750 HTTP/1.1" 404 15727 "-" "WordPress/6.8.3; https://impuguke.com"
205.185.120.118 - - [04/Nov/2025:23:02:54 +0100] "GET /wp-login.php HTTP/1.1" 200 7136 "-" "Mozilla/5.0 (Macintosh; Intel Mac OS X 10_9_4) AppleWebKit/537.36 (KHTML, like Gecko) Chrome/36.0.1985.143 Safari/537.36"
205.185.120.118 - - [04/Nov/2025:23:03:03 +0100] "POST /wp-login.php HTTP/1.1" 200 7392 "-" "Mozilla/5.0 (Macintosh; Intel Mac OS X 10_9_4) AppleWebKit/537.36 (KHTML, like Gecko) Chrome/36.0.1985.143 Safari/537.36"
220.158.233.76 - - [04/Nov/2025:23:03:07 +0100] "GET /wp-login.php HTTP/1.1" 200 7136 "-" "Mozilla/5.0 (Windows NT 10.0; Win64; x64) AppleWebKit/537.36 (KHTML, like Gecko) Chrome/63.0.3239.108 Safari/537.36 OPR/50.0.2762.45"
220.158.233.76 - - [04/Nov/2025:23:03:20 +0100] "POST /wp-login.php HTTP/1.1" 200 7392 "https://impuguke.com/wp-login.php" "Mozilla/5.0 (Windows NT 10.0; Win64; x64) AppleWebKit/537.36 (KHTML, like Gecko) Chrome/63.0.3239.108 Safari/537.36 OPR/50.0.2762.45"
114.119.151.208 - - [04/Nov/2025:23:03:49 +0100] "GET /?o=48806224011620 HTTP/1.1" 200 203390 "https://impuguke.com/sitemap_index.xml" "Mozilla/5.0 (Linux; Android 7.0;) AppleWebKit/537.36 (KHTML, like Gecko) Mobile Safari/537.36 (compatible; PetalBot;+https://webmaster.petalsearch.com/site/petalbot)"
207.180.227.180 - - [04/Nov/2025:23:03:56 +0100] "POST /wp-cron.php?doing_wp_cron=1762293836.5201148986816406250000 HTTP/1.1" 404 16000 "-" "WordPress/6.8.3; https://impuguke.com"
114.119.132.12 - - [04/Nov/2025:23:05:13 +0100] "GET /?o=48795604101620 HTTP/1.1" 200 203390 "https://impuguke.com/sitemap_index.xml" "Mozilla/5.0 (Linux; Android 7.0;) AppleWebKit/537.36 (KHTML, like Gecko) Mobile Safari/537.36 (compatible; PetalBot;+https://webmaster.petalsearch.com/site/petalbot)"
207.180.227.180 - - [04/Nov/2025:23:05:21 +0100] "POST /wp-cron.php?doing_wp_cron=1762293921.3116199970245361328125 HTTP/1.1" 404 15727 "-" "WordPress/6.8.3; https://impuguke.com"
114.119.156.99 - - [04/Nov/2025:23:06:38 +0100] "GET /?o=48741227041620 HTTP/1.1" 200 203390 "https://impuguke.com/sitemap_index.xml" "Mozilla/5.0 (Linux; Android 7.0;) AppleWebKit/537.36 (KHTML, like Gecko) Mobile Safari/537.36 (compatible; PetalBot;+https://webmaster.petalsearch.com/site/petalbot)"
207.180.227.180 - - [04/Nov/2025:23:06:47 +0100] "POST /wp-cron.php?doing_wp_cron=1762294007.0173680782318115234375 HTTP/1.1" 404 15727 "-" "WordPress/6.8.3; https://impuguke.com"
114.119.139.148 - - [04/Nov/2025:23:08:00 +0100] "GET /?o=48714942051620 HTTP/1.1" 200 203390 "https://impuguke.com/sitemap_index.xml" "Mozilla/5.0 (Linux; Android 7.0;) AppleWebKit/537.36 (KHTML, like Gecko) Mobile Safari/537.36 (compatible; PetalBot;+https://webmaster.petalsearch.com/site/petalbot)"
207.180.227.180 - - [04/Nov/2025:23:08:08 +0100] "POST /wp-cron.php?doing_wp_cron=1762294087.9090940952301025390625 HTTP/1.1" 404 15727 "-" "WordPress/6.8.3; https://impuguke.com"
85.208.96.196 - - [04/Nov/2025:23:08:39 +0100] "GET /robots.txt HTTP/1.1" 200 66 "-" "Mozilla/5.0 (compatible; SemrushBot/7~bl; +http://www.semrush.com/bot.html)"
185.191.171.14 - - [04/Nov/2025:23:08:42 +0100] "GET /category/home/ahabanza/amakuru/page/2/ HTTP/1.1" 200 163741 "-" "Mozilla/5.0 (compatible; SemrushBot/7~bl; +http://www.semrush.com/bot.html)"
114.119.156.99 - - [04/Nov/2025:23:09:27 +0100] "GET /?o=48712667011620 HTTP/1.1" 200 203390 "https://impuguke.com/sitemap_index.xml" "Mozilla/5.0 (Linux; Android 7.0;) AppleWebKit/537.36 (KHTML, like Gecko) Mobile Safari/537.36 (compatible; PetalBot;+https://webmaster.petalsearch.com/site/petalbot)"
207.244.250.242 - - [04/Nov/2025:23:09:31 +0100] "POST /wp-login.php HTTP/1.1" 200 7373 "-" "Mozilla/5.0 (Windows NT 10.0; Win64; x64; rv:43.0) Gecko/20100101 Firefox/43.0"
207.180.227.180 - - [04/Nov/2025:23:09:35 +0100] "POST /wp-cron.php?doing_wp_cron=1762294174.8185489177703857421875 HTTP/1.1" 404 15727 "-" "WordPress/6.8.3; https://impuguke.com"
207.180.227.180 - - [04/Nov/2025:23:09:39 +0100] "POST /wp-cron.php?doing_wp_cron=1762294179.0134549140930175781250 HTTP/1.1" 404 16000 "-" "WordPress/6.8.3; https://impuguke.com"
114.119.156.99 - - [04/Nov/2025:23:10:47 +0100] "GET /?o=48686525141620 HTTP/1.1" 200 203390 "https://impuguke.com/sitemap_index.xml" "Mozilla/5.0 (Linux; Android 7.0;) AppleWebKit/537.36 (KHTML, like Gecko) Mobile Safari/537.36 (compatible; PetalBot;+https://webmaster.petalsearch.com/site/petalbot)"
207.180.227.180 - - [04/Nov/2025:23:10:54 +0100] "POST /wp-cron.php?doing_wp_cron=1762294254.5228929519653320312500 HTTP/1.1" 404 16000 "-" "WordPress/6.8.3; https://impuguke.com"
114.119.139.148 - - [04/Nov/2025:23:12:10 +0100] "GET /?o=48658107041620 HTTP/1.1" 200 203390 "https://impuguke.com/sitemap_index.xml" "Mozilla/5.0 (Linux; Android 7.0;) AppleWebKit/537.36 (KHTML, like Gecko) Mobile Safari/537.36 (compatible; PetalBot;+https://webmaster.petalsearch.com/site/petalbot)"
207.180.227.180 - - [04/Nov/2025:23:12:20 +0100] "POST /wp-cron.php?doing_wp_cron=1762294340.0069360733032226562500 HTTP/1.1" 404 15727 "-" "WordPress/6.8.3; https://impuguke.com"
114.119.139.148 - - [04/Nov/2025:23:13:35 +0100] "GET /?o=48563705071620 HTTP/1.1" 200 203390 "https://impuguke.com/sitemap_index.xml" "Mozilla/5.0 (Linux; Android 7.0;) AppleWebKit/537.36 (KHTML, like Gecko) Mobile Safari/537.36 (compatible; PetalBot;+https://webmaster.petalsearch.com/site/petalbot)"
207.180.227.180 - - [04/Nov/2025:23:13:42 +0100] "POST /wp-cron.php?doing_wp_cron=1762294422.4083380699157714843750 HTTP/1.1" 404 16000 "-" "WordPress/6.8.3; https://impuguke.com"
209.141.61.31 - - [04/Nov/2025:23:14:18 +0100] "GET /wp-login.php HTTP/1.1" 200 7136 "-" "Mozilla/5.0 (Windows NT 6.1; WOW64; rv:24.0) Gecko/20100101 Firefox/24.0"
114.119.132.12 - - [04/Nov/2025:23:14:58 +0100] "GET /?o=48557115011620 HTTP/1.1" 200 203390 "https://impuguke.com/sitemap_index.xml" "Mozilla/5.0 (Linux; Android 7.0;) AppleWebKit/537.36 (KHTML, like Gecko) Mobile Safari/537.36 (compatible; PetalBot;+https://webmaster.petalsearch.com/site/petalbot)"
207.180.227.180 - - [04/Nov/2025:23:15:06 +0100] "POST /wp-cron.php?doing_wp_cron=1762294506.0157859325408935546875 HTTP/1.1" 404 16000 "-" "WordPress/6.8.3; https://impuguke.com"
114.119.140.221 - - [04/Nov/2025:23:16:21 +0100] "GET /?o=48514080001620 HTTP/1.1" 200 203390 "https://impuguke.com/sitemap_index.xml" "Mozilla/5.0 (Linux; Android 7.0;) AppleWebKit/537.36 (KHTML, like Gecko) Mobile Safari/537.36 (compatible; PetalBot;+https://webmaster.petalsearch.com/site/petalbot)"
207.180.227.180 - - [04/Nov/2025:23:16:24 +0100] "POST /wp-cron.php?doing_wp_cron=1762294584.4210400581359863281250 HTTP/1.1" 404 15727 "-" "WordPress/6.8.3; https://impuguke.com"
209.141.61.31 - - [04/Nov/2025:23:17:17 +0100] "POST /wp-login.php HTTP/1.1" 200 7392 "-" "Mozilla/5.0 (Windows NT 6.1; WOW64; rv:24.0) Gecko/20100101 Firefox/24.0"
57.130.20.252 - - [04/Nov/2025:23:17:18 +0100] "GET /wp-login.php HTTP/1.1" 200 7136 "-" "Mozilla/5.0 (Windows NT 6.1; WOW64; Trident/7.0; MDDCJS; rv:11.0) like Gecko"
114.119.132.12 - - [04/Nov/2025:23:17:46 +0100] "GET /?o=48498640021620 HTTP/1.1" 200 203390 "https://impuguke.com/sitemap_index.xml" "Mozilla/5.0 (Linux; Android 7.0;) AppleWebKit/537.36 (KHTML, like Gecko) Mobile Safari/537.36 (compatible; PetalBot;+https://webmaster.petalsearch.com/site/petalbot)"
207.180.227.180 - - [04/Nov/2025:23:17:47 +0100] "POST /wp-cron.php?doing_wp_cron=1762294667.6517601013183593750000 HTTP/1.1" 404 15727 "-" "WordPress/6.8.3; https://impuguke.com"
114.119.156.99 - - [04/Nov/2025:23:19:08 +0100] "GET /?o=48472456131620 HTTP/1.1" 200 203390 "https://impuguke.com/sitemap_index.xml" "Mozilla/5.0 (Linux; Android 7.0;) AppleWebKit/537.36 (KHTML, like Gecko) Mobile Safari/537.36 (compatible; PetalBot;+https://webmaster.petalsearch.com/site/petalbot)"
51.195.183.188 - - [04/Nov/2025:23:19:16 +0100] "GET /2024/04/02/what-are-health-benefits-of-tomatoes/ HTTP/1.1" 200 185270 "-" "Mozilla/5.0 (compatible; AhrefsBot/7.0; +http://ahrefs.com/robot/)"
207.180.227.180 - - [04/Nov/2025:23:19:16 +0100] "POST /wp-cron.php?doing_wp_cron=1762294756.0140149593353271484375 HTTP/1.1" 404 16000 "-" "WordPress/6.8.3; https://impuguke.com"
114.119.151.208 - - [04/Nov/2025:23:20:33 +0100] "GET /?o=48416806121620 HTTP/1.1" 200 203390 "https://impuguke.com/sitemap_index.xml" "Mozilla/5.0 (Linux; Android 7.0;) AppleWebKit/537.36 (KHTML, like Gecko) Mobile Safari/537.36 (compatible; PetalBot;+https://webmaster.petalsearch.com/site/petalbot)"
207.180.227.180 - - [04/Nov/2025:23:20:36 +0100] "POST /wp-cron.php?doing_wp_cron=1762294836.5208930969238281250000 HTTP/1.1" 404 15727 "-" "WordPress/6.8.3; https://impuguke.com"
114.119.132.12 - - [04/Nov/2025:23:22:00 +0100] "GET /?o=48405110081620 HTTP/1.1" 200 203390 "https://impuguke.com/sitemap_index.xml" "Mozilla/5.0 (Linux; Android 7.0;) AppleWebKit/537.36 (KHTML, like Gecko) Mobile Safari/537.36 (compatible; PetalBot;+https://webmaster.petalsearch.com/site/petalbot)"
207.180.227.180 - - [04/Nov/2025:23:22:09 +0100] "POST /wp-cron.php?doing_wp_cron=1762294929.0084869861602783203125 HTTP/1.1" 404 15727 "-" "WordPress/6.8.3; https://impuguke.com"
114.119.151.208 - - [04/Nov/2025:23:23:20 +0100] "GET /?o=48320719071620 HTTP/1.1" 200 203390 "https://impuguke.com/sitemap_index.xml" "Mozilla/5.0 (Linux; Android 7.0;) AppleWebKit/537.36 (KHTML, like Gecko) Mobile Safari/537.36 (compatible; PetalBot;+https://webmaster.petalsearch.com/site/petalbot)"
207.180.227.180 - - [04/Nov/2025:23:23:27 +0100] "POST /wp-cron.php?doing_wp_cron=1762295007.3178160190582275390625 HTTP/1.1" 404 16000 "-" "WordPress/6.8.3; https://impuguke.com"
114.119.140.221 - - [04/Nov/2025:23:24:47 +0100] "GET /?o=48185635001620 HTTP/1.1" 200 203390 "https://impuguke.com/sitemap_index.xml" "Mozilla/5.0 (Linux; Android 7.0;) AppleWebKit/537.36 (KHTML, like Gecko) Mobile Safari/537.36 (compatible; PetalBot;+https://webmaster.petalsearch.com/site/petalbot)"
207.180.227.180 - - [04/Nov/2025:23:24:50 +0100] "POST /wp-cron.php?doing_wp_cron=1762295090.2219469547271728515625 HTTP/1.1" 404 15727 "-" "WordPress/6.8.3; https://impuguke.com"
114.119.151.208 - - [04/Nov/2025:23:26:08 +0100] "GET /?o=48117304051620 HTTP/1.1" 200 203390 "https://impuguke.com/sitemap_index.xml" "Mozilla/5.0 (Linux; Android 7.0;) AppleWebKit/537.36 (KHTML, like Gecko) Mobile Safari/537.36 (compatible; PetalBot;+https://webmaster.petalsearch.com/site/petalbot)"
207.180.227.180 - - [04/Nov/2025:23:26:15 +0100] "POST /wp-cron.php?doing_wp_cron=1762295175.1201579570770263671875 HTTP/1.1" 404 16000 "-" "WordPress/6.8.3; https://impuguke.com"
114.119.151.208 - - [04/Nov/2025:23:27:30 +0100] "GET /?o=48106658061620 HTTP/1.1" 200 203390 "https://impuguke.com/sitemap_index.xml" "Mozilla/5.0 (Linux; Android 7.0;) AppleWebKit/537.36 (KHTML, like Gecko) Mobile Safari/537.36 (compatible; PetalBot;+https://webmaster.petalsearch.com/site/petalbot)"
207.180.227.180 - - [04/Nov/2025:23:27:39 +0100] "POST /wp-cron.php?doing_wp_cron=1762295259.5108509063720703125000 HTTP/1.1" 404 15727 "-" "WordPress/6.8.3; https://impuguke.com"
107.189.13.175 - - [04/Nov/2025:23:27:55 +0100] "GET /wp-login.php HTTP/1.1" 200 7136 "https://www.yahoo.com/" "Mozilla/5.0 (iPhone; CPU iPhone OS 17_0 like Mac OS X) AppleWebKit/605.1.15 (KHTML, like Gecko) Version/17.0 Mobile/15E148 Safari/604.1"
143.198.232.185 - - [04/Nov/2025:23:28:37 +0100] "POST /wp-login.php HTTP/1.1" 200 7333 "-" "Mozilla/5.0"
143.198.232.185 - - [04/Nov/2025:23:28:37 +0100] "POST /wp-login.php HTTP/1.1" 200 7333 "-" "Mozilla/5.0"
143.198.232.185 - - [04/Nov/2025:23:28:37 +0100] "POST /wp-login.php HTTP/1.1" 500 - "-" "Mozilla/5.0"
207.180.227.180 - - [04/Nov/2025:23:28:46 +0100] "POST /wp-cron.php?doing_wp_cron=1762295326.1202709674835205078125 HTTP/1.1" 500 - "-" "WordPress/6.8.3; https://impuguke.com"
207.180.227.180 - - [04/Nov/2025:23:28:45 +0100] "POST /wp-cron.php?doing_wp_cron=1762295325.1069068908691406250000 HTTP/1.1" 500 - "-" "WordPress/6.8.3; https://impuguke.com"
143.198.232.185 - - [04/Nov/2025:23:28:37 +0100] "POST /wp-login.php HTTP/1.1" 302 - "-" "Mozilla/5.0"
207.180.227.180 - - [04/Nov/2025:23:28:47 +0100] "POST /wp-cron.php?doing_wp_cron=1762295327.3148939609527587890625 HTTP/1.1" 500 - "-" "WordPress/6.8.3; https://impuguke.com"
107.189.13.175 - - [04/Nov/2025:23:28:49 +0100] "POST /wp-login.php HTTP/1.1" 200 7392 "https://www.yahoo.com/" "Mozilla/5.0 (iPhone; CPU iPhone OS 17_0 like Mac OS X) AppleWebKit/605.1.15 (KHTML, like Gecko) Version/17.0 Mobile/15E148 Safari/604.1"
114.119.156.99 - - [04/Nov/2025:23:28:54 +0100] "GET /?o=48100358011620 HTTP/1.1" 200 203390 "https://impuguke.com/sitemap_index.xml" "Mozilla/5.0 (Linux; Android 7.0;) AppleWebKit/537.36 (KHTML, like Gecko) Mobile Safari/537.36 (compatible; PetalBot;+https://webmaster.petalsearch.com/site/petalbot)"
207.180.227.180 - - [04/Nov/2025:23:30:19 +0100] "POST /wp-cron.php?doing_wp_cron=1762295419.0162379741668701171875 HTTP/1.1" 508 288 "-" "WordPress/6.8.3; https://impuguke.com"
114.119.129.233 - - [04/Nov/2025:23:30:19 +0100] "GET /?o=48093698011620 HTTP/1.1" 508 288 "https://impuguke.com/sitemap_index.xml" "Mozilla/5.0 (Linux; Android 7.0;) AppleWebKit/537.36 (KHTML, like Gecko) Mobile Safari/537.36 (compatible; PetalBot;+https://webmaster.petalsearch.com/site/petalbot)"
57.141.0.35 - - [04/Nov/2025:23:30:02 +0100] "GET /sitemap.txt HTTP/1.1" 500 - "-" "meta-externalagent/1.1 (+https://developers.facebook.com/docs/sharing/webmasters/crawler)"
57.141.0.26 - - [04/Nov/2025:23:30:05 +0100] "GET /SiteMap.aspx HTTP/1.1" 500 - "-" "meta-externalagent/1.1 (+https://developers.facebook.com/docs/sharing/webmasters/crawler)"
207.180.227.180 - - [04/Nov/2025:23:30:23 +0100] "POST /wp-cron.php?doing_wp_cron=1762295423.0245020389556884765625 HTTP/1.1" 500 - "-" "WordPress/6.8.3; https://impuguke.com"
57.141.0.69 - - [04/Nov/2025:23:30:11 +0100] "GET /sitemap.html HTTP/1.1" 404 138452 "-" "meta-externalagent/1.1 (+https://developers.facebook.com/docs/sharing/webmasters/crawler)"
57.141.0.15 - - [04/Nov/2025:23:29:57 +0100] "GET /sitemap_index.xml HTTP/1.1" 200 305011 "-" "meta-externalagent/1.1 (+https://developers.facebook.com/docs/sharing/webmasters/crawler)"
57.141.0.16 - - [04/Nov/2025:23:29:59 +0100] "GET /sitemap.xml HTTP/1.1" 200 305011 "-" "meta-externalagent/1.1 (+https://developers.facebook.com/docs/sharing/webmasters/crawler)"
57.141.0.28 - - [04/Nov/2025:23:30:01 +0100] "GET /news_sitemap.xml HTTP/1.1" 200 305052 "-" "meta-externalagent/1.1 (+https://developers.facebook.com/docs/sharing/webmasters/crawler)"
57.141.0.25 - - [04/Nov/2025:23:30:09 +0100] "GET /news-sitemap.xml HTTP/1.1" 200 304989 "-" "meta-externalagent/1.1 (+https://developers.facebook.com/docs/sharing/webmasters/crawler)"
57.141.0.40 - - [04/Nov/2025:23:30:07 +0100] "GET /sitemap-index.xml HTTP/1.1" 200 305022 "-" "meta-externalagent/1.1 (+https://developers.facebook.com/docs/sharing/webmasters/crawler)"
114.119.154.87 - - [04/Nov/2025:23:31:43 +0100] "GET /?o=48060512011620 HTTP/1.1" 200 203390 "https://impuguke.com/sitemap_index.xml" "Mozilla/5.0 (Linux; Android 7.0;) AppleWebKit/537.36 (KHTML, like Gecko) Mobile Safari/537.36 (compatible; PetalBot;+https://webmaster.petalsearch.com/site/petalbot)"
207.180.227.180 - - [04/Nov/2025:23:31:45 +0100] "POST /wp-cron.php?doing_wp_cron=1762295505.6224410533905029296875 HTTP/1.1" 404 15727 "-" "WordPress/6.8.3; https://impuguke.com"
114.119.156.99 - - [04/Nov/2025:23:33:07 +0100] "GET /?o=48037984011620 HTTP/1.1" 200 203390 "https://impuguke.com/sitemap_index.xml" "Mozilla/5.0 (Linux; Android 7.0;) AppleWebKit/537.36 (KHTML, like Gecko) Mobile Safari/537.36 (compatible; PetalBot;+https://webmaster.petalsearch.com/site/petalbot)"
207.180.227.180 - - [04/Nov/2025:23:33:10 +0100] "POST /wp-cron.php?doing_wp_cron=1762295589.9123430252075195312500 HTTP/1.1" 404 15727 "-" "WordPress/6.8.3; https://impuguke.com"
114.119.156.99 - - [04/Nov/2025:23:34:32 +0100] "GET /?o=48033443001620 HTTP/1.1" 200 203390 "https://impuguke.com/sitemap_index.xml" "Mozilla/5.0 (Linux; Android 7.0;) AppleWebKit/537.36 (KHTML, like Gecko) Mobile Safari/537.36 (compatible; PetalBot;+https://webmaster.petalsearch.com/site/petalbot)"
207.180.227.180 - - [04/Nov/2025:23:34:34 +0100] "POST /wp-cron.php?doing_wp_cron=1762295674.4252460002899169921875 HTTP/1.1" 404 15727 "-" "WordPress/6.8.3; https://impuguke.com"
162.0.215.190 - - [04/Nov/2025:23:34:50 +0100] "GET /wp-login.php HTTP/1.1" 200 7136 "-" "Mozilla/5.0 (Windows NT 10.0; WOW64; Trident/7.0; rv:11.0) like Gecko"
162.0.215.190 - - [04/Nov/2025:23:34:52 +0100] "POST /wp-login.php HTTP/1.1" 200 7392 "https://impuguke.com/wp-login.php" "Mozilla/5.0 (Windows NT 10.0; WOW64; Trident/7.0; rv:11.0) like Gecko"
114.119.129.233 - - [04/Nov/2025:23:35:53 +0100] "GET /?o=48029188051620 HTTP/1.1" 200 203390 "https://impuguke.com/sitemap_index.xml" "Mozilla/5.0 (Linux; Android 7.0;) AppleWebKit/537.36 (KHTML, like Gecko) Mobile Safari/537.36 (compatible; PetalBot;+https://webmaster.petalsearch.com/site/petalbot)"
207.180.227.180 - - [04/Nov/2025:23:35:59 +0100] "POST /wp-cron.php?doing_wp_cron=1762295758.8133459091186523437500 HTTP/1.1" 404 15727 "-" "WordPress/6.8.3; https://impuguke.com"
45.61.188.233 - - [04/Nov/2025:23:36:51 +0100] "GET /wp-login.php HTTP/1.1" 200 7136 "https://www.google.com/" "Mozilla/5.0 (iPhone; CPU iPhone OS 17_0 like Mac OS X) AppleWebKit/605.1.15 (KHTML, like Gecko) Version/17.0 Mobile/15E148 Safari/604.1"
114.119.139.148 - - [04/Nov/2025:23:37:18 +0100] "GET /?o=48005859021620 HTTP/1.1" 200 203390 "https://impuguke.com/sitemap_index.xml" "Mozilla/5.0 (Linux; Android 7.0;) AppleWebKit/537.36 (KHTML, like Gecko) Mobile Safari/537.36 (compatible; PetalBot;+https://webmaster.petalsearch.com/site/petalbot)"
207.180.227.180 - - [04/Nov/2025:23:37:23 +0100] "POST /wp-cron.php?doing_wp_cron=1762295843.2132709026336669921875 HTTP/1.1" 404 16000 "-" "WordPress/6.8.3; https://impuguke.com"
45.61.188.233 - - [04/Nov/2025:23:37:50 +0100] "POST /wp-login.php HTTP/1.1" 200 7392 "https://www.google.com/" "Mozilla/5.0 (iPhone; CPU iPhone OS 17_0 like Mac OS X) AppleWebKit/605.1.15 (KHTML, like Gecko) Version/17.0 Mobile/15E148 Safari/604.1"
114.119.129.233 - - [04/Nov/2025:23:38:40 +0100] "GET /?o=47935005101620 HTTP/1.1" 200 176126 "https://impuguke.com/sitemap_index.xml" "Mozilla/5.0 (Linux; Android 7.0;) AppleWebKit/537.36 (KHTML, like Gecko) Mobile Safari/537.36 (compatible; PetalBot;+https://webmaster.petalsearch.com/site/petalbot)"
207.180.227.180 - - [04/Nov/2025:23:39:10 +0100] "POST /wp-cron.php?doing_wp_cron=1762295950.0422890186309814453125 HTTP/1.1" 404 15727 "-" "WordPress/6.8.3; https://impuguke.com"
114.119.139.148 - - [04/Nov/2025:23:40:05 +0100] "GET /?o=47933865041620 HTTP/1.1" 200 203390 "https://impuguke.com/sitemap_index.xml" "Mozilla/5.0 (Linux; Android 7.0;) AppleWebKit/537.36 (KHTML, like Gecko) Mobile Safari/537.36 (compatible; PetalBot;+https://webmaster.petalsearch.com/site/petalbot)"
207.180.227.180 - - [04/Nov/2025:23:40:14 +0100] "POST /wp-cron.php?doing_wp_cron=1762296013.9313979148864746093750 HTTP/1.1" 404 15727 "-" "WordPress/6.8.3; https://impuguke.com"
207.180.227.180 - - [04/Nov/2025:23:41:32 +0100] "POST /wp-cron.php?doing_wp_cron=1762296092.5128450393676757812500 HTTP/1.1" 404 16000 "-" "WordPress/6.8.3; https://impuguke.com"
114.119.151.208 - - [04/Nov/2025:23:41:29 +0100] "GET /?o=47925392041620 HTTP/1.1" 200 203390 "https://impuguke.com/sitemap_index.xml" "Mozilla/5.0 (Linux; Android 7.0;) AppleWebKit/537.36 (KHTML, like Gecko) Mobile Safari/537.36 (compatible; PetalBot;+https://webmaster.petalsearch.com/site/petalbot)"
114.119.132.12 - - [04/Nov/2025:23:42:52 +0100] "GET /?o=47887783091620 HTTP/1.1" 200 203390 "https://impuguke.com/sitemap_index.xml" "Mozilla/5.0 (Linux; Android 7.0;) AppleWebKit/537.36 (KHTML, like Gecko) Mobile Safari/537.36 (compatible; PetalBot;+https://webmaster.petalsearch.com/site/petalbot)"
207.180.227.180 - - [04/Nov/2025:23:42:54 +0100] "POST /wp-cron.php?doing_wp_cron=1762296174.1220068931579589843750 HTTP/1.1" 404 15727 "-" "WordPress/6.8.3; https://impuguke.com"
51.195.215.78 - - [04/Nov/2025:23:43:09 +0100] "GET / HTTP/1.1" 200 203339 "-" "Mozilla/5.0 (compatible; AhrefsBot/7.0; +http://ahrefs.com/robot/)"
54.36.100.158 - - [04/Nov/2025:23:43:52 +0100] "POST /wp-login.php HTTP/1.1" 200 7373 "-" "Mozilla/5.0 (Windows NT 10.0; Win64; x64; rv:96.0) Gecko/20100101 Firefox/96.0"
207.180.227.180 - - [04/Nov/2025:23:44:00 +0100] "POST /wp-cron.php?doing_wp_cron=1762296240.1133549213409423828125 HTTP/1.1" 404 16000 "-" "WordPress/6.8.3; https://impuguke.com"
114.119.140.221 - - [04/Nov/2025:23:44:19 +0100] "GET /?o=47851375031620 HTTP/1.1" 200 203390 "https://impuguke.com/sitemap_index.xml" "Mozilla/5.0 (Linux; Android 7.0;) AppleWebKit/537.36 (KHTML, like Gecko) Mobile Safari/537.36 (compatible; PetalBot;+https://webmaster.petalsearch.com/site/petalbot)"
114.119.140.221 - - [04/Nov/2025:23:45:40 +0100] "GET /?o=47832177031620 HTTP/1.1" 200 203390 "https://impuguke.com/sitemap_index.xml" "Mozilla/5.0 (Linux; Android 7.0;) AppleWebKit/537.36 (KHTML, like Gecko) Mobile Safari/537.36 (compatible; PetalBot;+https://webmaster.petalsearch.com/site/petalbot)"
207.180.227.180 - - [04/Nov/2025:23:45:48 +0100] "POST /wp-cron.php?doing_wp_cron=1762296348.1239349842071533203125 HTTP/1.1" 404 15727 "-" "WordPress/6.8.3; https://impuguke.com"
114.119.129.233 - - [04/Nov/2025:23:47:08 +0100] "GET /?o=47810287041620 HTTP/1.1" 200 203390 "https://impuguke.com/sitemap_index.xml" "Mozilla/5.0 (Linux; Android 7.0;) AppleWebKit/537.36 (KHTML, like Gecko) Mobile Safari/537.36 (compatible; PetalBot;+https://webmaster.petalsearch.com/site/petalbot)"
207.180.227.180 - - [04/Nov/2025:23:47:17 +0100] "POST /wp-cron.php?doing_wp_cron=1762296437.3171908855438232421875 HTTP/1.1" 404 15727 "-" "WordPress/6.8.3; https://impuguke.com"
114.119.154.87 - - [04/Nov/2025:23:48:26 +0100] "GET /?o=47801439051620 HTTP/1.1" 200 203390 "https://impuguke.com/sitemap_index.xml" "Mozilla/5.0 (Linux; Android 7.0;) AppleWebKit/537.36 (KHTML, like Gecko) Mobile Safari/537.36 (compatible; PetalBot;+https://webmaster.petalsearch.com/site/petalbot)"
207.180.227.180 - - [04/Nov/2025:23:48:34 +0100] "POST /wp-cron.php?doing_wp_cron=1762296513.8255510330200195312500 HTTP/1.1" 404 16000 "-" "WordPress/6.8.3; https://impuguke.com"
114.119.139.148 - - [04/Nov/2025:23:49:50 +0100] "GET /?o=47788605091620 HTTP/1.1" 200 203390 "https://impuguke.com/sitemap_index.xml" "Mozilla/5.0 (Linux; Android 7.0;) AppleWebKit/537.36 (KHTML, like Gecko) Mobile Safari/537.36 (compatible; PetalBot;+https://webmaster.petalsearch.com/site/petalbot)"
207.180.227.180 - - [04/Nov/2025:23:49:54 +0100] "POST /wp-cron.php?doing_wp_cron=1762296594.3370480537414550781250 HTTP/1.1" 404 15727 "-" "WordPress/6.8.3; https://impuguke.com"
114.119.146.107 - - [04/Nov/2025:23:51:15 +0100] "GET /?o=47643746041620 HTTP/1.1" 200 203390 "https://impuguke.com/sitemap_index.xml" "Mozilla/5.0 (Linux; Android 7.0;) AppleWebKit/537.36 (KHTML, like Gecko) Mobile Safari/537.36 (compatible; PetalBot;+https://webmaster.petalsearch.com/site/petalbot)"
207.180.227.180 - - [04/Nov/2025:23:51:22 +0100] "POST /wp-cron.php?doing_wp_cron=1762296681.9194169044494628906250 HTTP/1.1" 404 15727 "-" "WordPress/6.8.3; https://impuguke.com"
23.88.62.120 - - [04/Nov/2025:23:52:38 +0100] "GET /wp-login.php HTTP/1.1" 200 7136 "-" "Mozilla/5.0 (Windows NT 6.3; Trident/7.0; Touch; rv:11.0) like Gecko"
114.119.154.87 - - [04/Nov/2025:23:52:38 +0100] "GET /?o=47480914021620 HTTP/1.1" 200 203390 "https://impuguke.com/sitemap_index.xml" "Mozilla/5.0 (Linux; Android 7.0;) AppleWebKit/537.36 (KHTML, like Gecko) Mobile Safari/537.36 (compatible; PetalBot;+https://webmaster.petalsearch.com/site/petalbot)"
23.88.62.120 - - [04/Nov/2025:23:52:53 +0100] "POST /wp-login.php HTTP/1.1" 508 288 "https://impuguke.com/wp-login.php" "Mozilla/5.0 (Windows NT 6.3; Trident/7.0; Touch; rv:11.0) like Gecko"
207.180.227.180 - - [04/Nov/2025:23:52:47 +0100] "POST /wp-cron.php?doing_wp_cron=1762296766.8083419799804687500000 HTTP/1.1" 404 15727 "-" "WordPress/6.8.3; https://impuguke.com"
207.180.227.180 - - [04/Nov/2025:23:52:48 +0100] "POST /wp-cron.php?doing_wp_cron=1762296768.7111909389495849609375 HTTP/1.1" 404 15727 "-" "WordPress/6.8.3; https://impuguke.com"
114.119.151.208 - - [04/Nov/2025:23:54:03 +0100] "GET /?o=47431066061620 HTTP/1.1" 200 203390 "https://impuguke.com/sitemap_index.xml" "Mozilla/5.0 (Linux; Android 7.0;) AppleWebKit/537.36 (KHTML, like Gecko) Mobile Safari/537.36 (compatible; PetalBot;+https://webmaster.petalsearch.com/site/petalbot)"
207.180.227.180 - - [04/Nov/2025:23:54:06 +0100] "POST /wp-cron.php?doing_wp_cron=1762296846.3272910118103027343750 HTTP/1.1" 404 15727 "-" "WordPress/6.8.3; https://impuguke.com"
114.119.132.12 - - [04/Nov/2025:23:55:25 +0100] "GET /?o=47392848011620 HTTP/1.1" 200 203390 "https://impuguke.com/sitemap_index.xml" "Mozilla/5.0 (Linux; Android 7.0;) AppleWebKit/537.36 (KHTML, like Gecko) Mobile Safari/537.36 (compatible; PetalBot;+https://webmaster.petalsearch.com/site/petalbot)"
207.180.227.180 - - [04/Nov/2025:23:55:28 +0100] "POST /wp-cron.php?doing_wp_cron=1762296928.4176719188690185546875 HTTP/1.1" 404 16000 "-" "WordPress/6.8.3; https://impuguke.com"
114.119.154.87 - - [04/Nov/2025:23:56:49 +0100] "GET /?o=47357356011620 HTTP/1.1" 200 203390 "https://impuguke.com/sitemap_index.xml" "Mozilla/5.0 (Linux; Android 7.0;) AppleWebKit/537.36 (KHTML, like Gecko) Mobile Safari/537.36 (compatible; PetalBot;+https://webmaster.petalsearch.com/site/petalbot)"
207.180.227.180 - - [04/Nov/2025:23:56:57 +0100] "POST /wp-cron.php?doing_wp_cron=1762297017.3074131011962890625000 HTTP/1.1" 404 16000 "-" "WordPress/6.8.3; https://impuguke.com"
114.119.151.208 - - [04/Nov/2025:23:58:12 +0100] "GET /?o=47307995061620 HTTP/1.1" 200 203390 "https://impuguke.com/sitemap_index.xml" "Mozilla/5.0 (Linux; Android 7.0;) AppleWebKit/537.36 (KHTML, like Gecko) Mobile Safari/537.36 (compatible; PetalBot;+https://webmaster.petalsearch.com/site/petalbot)"
207.180.227.180 - - [04/Nov/2025:23:58:16 +0100] "POST /wp-cron.php?doing_wp_cron=1762297096.3084950447082519531250 HTTP/1.1" 404 15727 "-" "WordPress/6.8.3; https://impuguke.com"
