114.119.140.221 - - [05/Nov/2025:05:25:58 +0100] "GET /?o=34886830001620 HTTP/1.1" 200 203389 "https://impuguke.com/sitemap_index.xml" "Mozilla/5.0 (Linux; Android 7.0;) AppleWebKit/537.36 (KHTML, like Gecko) Mobile Safari/537.36 (compatible; PetalBot;+https://webmaster.petalsearch.com/site/petalbot)"
207.180.227.180 - - [05/Nov/2025:05:26:07 +0100] "POST /wp-cron.php?doing_wp_cron=1762316767.4630720615386962890625 HTTP/1.1" 404 15727 "-" "WordPress/6.8.3; https://impuguke.com"
66.249.64.96 - - [05/Nov/2025:05:26:24 +0100] "GET /?o=44376535091620 HTTP/1.1" 200 169015 "-" "Mozilla/5.0 (Linux; Android 6.0.1; Nexus 5X Build/MMB29P) AppleWebKit/537.36 (KHTML, like Gecko) Chrome/141.0.7390.122 Mobile Safari/537.36 (compatible; Googlebot/2.1; +http://www.google.com/bot.html)"
66.249.64.97 - - [05/Nov/2025:05:27:33 +0100] "GET /?o=13558034041620 HTTP/1.1" 200 173216 "-" "Mozilla/5.0 (Linux; Android 6.0.1; Nexus 5X Build/MMB29P) AppleWebKit/537.36 (KHTML, like Gecko) Chrome/141.0.7390.122 Mobile Safari/537.36 (compatible; Googlebot/2.1; +http://www.google.com/bot.html)"
114.119.139.148 - - [05/Nov/2025:05:27:30 +0100] "GET /?o=34878544031620 HTTP/1.1" 200 203389 "https://impuguke.com/sitemap_index.xml" "Mozilla/5.0 (Linux; Android 7.0;) AppleWebKit/537.36 (KHTML, like Gecko) Mobile Safari/537.36 (compatible; PetalBot;+https://webmaster.petalsearch.com/site/petalbot)"
207.180.227.180 - - [05/Nov/2025:05:27:38 +0100] "POST /wp-cron.php?doing_wp_cron=1762316858.4598729610443115234375 HTTP/1.1" 404 16000 "-" "WordPress/6.8.3; https://impuguke.com"
114.119.151.208 - - [05/Nov/2025:05:28:45 +0100] "GET /?o=34865479081620 HTTP/1.1" 200 203389 "https://impuguke.com/sitemap_index.xml" "Mozilla/5.0 (Linux; Android 7.0;) AppleWebKit/537.36 (KHTML, like Gecko) Mobile Safari/537.36 (compatible; PetalBot;+https://webmaster.petalsearch.com/site/petalbot)"
207.180.227.180 - - [05/Nov/2025:05:28:53 +0100] "POST /wp-cron.php?doing_wp_cron=1762316932.8664069175720214843750 HTTP/1.1" 404 16000 "-" "WordPress/6.8.3; https://impuguke.com"
66.249.64.110 - - [05/Nov/2025:05:29:16 +0100] "GET /?o=11635954011620 HTTP/1.1" 200 174155 "-" "Mozilla/5.0 (Linux; Android 6.0.1; Nexus 5X Build/MMB29P) AppleWebKit/537.36 (KHTML, like Gecko) Chrome/141.0.7390.122 Mobile Safari/537.36 (compatible; Googlebot/2.1; +http://www.google.com/bot.html)"
43.130.31.17 - - [05/Nov/2025:05:30:01 +0100] "GET /author/nkurunziza/ HTTP/1.1" 200 161038 "-" "Mozilla/5.0 (iPhone; CPU iPhone OS 13_2_3 like Mac OS X) AppleWebKit/605.1.15 (KHTML, like Gecko) Version/13.0.3 Mobile/15E148 Safari/604.1"
207.180.227.180 - - [05/Nov/2025:05:30:10 +0100] "POST /wp-cron.php?doing_wp_cron=1762317010.6726949214935302734375 HTTP/1.1" 404 16000 "-" "WordPress/6.8.3; https://impuguke.com"
114.119.156.99 - - [05/Nov/2025:05:30:09 +0100] "GET /?o=347575061620 HTTP/1.1" 200 203383 "https://impuguke.com/sitemap_index.xml" "Mozilla/5.0 (Linux; Android 7.0;) AppleWebKit/537.36 (KHTML, like Gecko) Mobile Safari/537.36 (compatible; PetalBot;+https://webmaster.petalsearch.com/site/petalbot)"
114.119.146.107 - - [05/Nov/2025:05:31:33 +0100] "GET /?o=34756599031620 HTTP/1.1" 200 203389 "https://impuguke.com/sitemap_index.xml" "Mozilla/5.0 (Linux; Android 7.0;) AppleWebKit/537.36 (KHTML, like Gecko) Mobile Safari/537.36 (compatible; PetalBot;+https://webmaster.petalsearch.com/site/petalbot)"
207.180.227.180 - - [05/Nov/2025:05:31:39 +0100] "POST /wp-cron.php?doing_wp_cron=1762317099.1666469573974609375000 HTTP/1.1" 404 16000 "-" "WordPress/6.8.3; https://impuguke.com"
198.244.226.73 - - [05/Nov/2025:05:32:21 +0100] "GET /?p=1462 HTTP/1.1" 301 - "-" "Mozilla/5.0 (compatible; AhrefsBot/7.0; +http://ahrefs.com/robot/)"
114.119.154.87 - - [05/Nov/2025:05:33:06 +0100] "GET /?o=34648305041620 HTTP/1.1" 200 203389 "https://impuguke.com/sitemap_index.xml" "Mozilla/5.0 (Linux; Android 7.0;) AppleWebKit/537.36 (KHTML, like Gecko) Mobile Safari/537.36 (compatible; PetalBot;+https://webmaster.petalsearch.com/site/petalbot)"
207.180.227.180 - - [05/Nov/2025:05:33:13 +0100] "POST /wp-cron.php?doing_wp_cron=1762317192.9596340656280517578125 HTTP/1.1" 404 16000 "-" "WordPress/6.8.3; https://impuguke.com"
107.189.5.134 - - [05/Nov/2025:05:33:28 +0100] "GET /wp-login.php HTTP/1.1" 200 7136 "https://www.yahoo.com/" "Mozilla/5.0 (Windows NT 10.0; Win64; x64) AppleWebKit/537.36 (KHTML, like Gecko) Chrome/118.0.5993.117 Safari/537.36"
205.185.127.199 - - [05/Nov/2025:05:34:22 +0100] "GET /wp-login.php HTTP/1.1" 200 7136 "https://www.google.com/" "Mozilla/5.0 (Macintosh; Intel Mac OS X 10_15_7) AppleWebKit/605.1.15 (KHTML, like Gecko) Version/16.6 Safari/605.1.15"
114.119.139.148 - - [05/Nov/2025:05:34:19 +0100] "GET /?o=34640565021620 HTTP/1.1" 200 203389 "https://impuguke.com/sitemap_index.xml" "Mozilla/5.0 (Linux; Android 7.0;) AppleWebKit/537.36 (KHTML, like Gecko) Mobile Safari/537.36 (compatible; PetalBot;+https://webmaster.petalsearch.com/site/petalbot)"
207.180.227.180 - - [05/Nov/2025:05:34:27 +0100] "POST /wp-cron.php?doing_wp_cron=1762317267.0684969425201416015625 HTTP/1.1" 404 16000 "-" "WordPress/6.8.3; https://impuguke.com"
207.180.227.180 - - [05/Nov/2025:05:34:31 +0100] "POST /wp-cron.php?doing_wp_cron=1762317271.4669809341430664062500 HTTP/1.1" 404 16000 "-" "WordPress/6.8.3; https://impuguke.com"
94.249.171.127 - - [05/Nov/2025:05:34:54 +0100] "GET /2022/11/24/all-the-lifestyle-wellbeing-products-we-tried-loved-in-november/ HTTP/1.1" 404 131072 "https://impuguke.com" "Mozilla/5.0 (Windows NT 10.0; Win64; x64) AppleWebKit/537.36 (KHTML, like Gecko) Chrome/62.0.3202.94 Safari/537.36"
107.189.5.134 - - [05/Nov/2025:05:35:08 +0100] "POST /wp-login.php HTTP/1.1" 200 7392 "https://www.yahoo.com/" "Mozilla/5.0 (Windows NT 10.0; Win64; x64) AppleWebKit/537.36 (KHTML, like Gecko) Chrome/118.0.5993.117 Safari/537.36"
114.119.156.99 - - [05/Nov/2025:05:35:43 +0100] "GET /?o=34610591051620 HTTP/1.1" 200 203389 "https://impuguke.com/sitemap_index.xml" "Mozilla/5.0 (Linux; Android 7.0;) AppleWebKit/537.36 (KHTML, like Gecko) Mobile Safari/537.36 (compatible; PetalBot;+https://webmaster.petalsearch.com/site/petalbot)"
207.180.227.180 - - [05/Nov/2025:05:35:51 +0100] "POST /wp-cron.php?doing_wp_cron=1762317351.1617190837860107421875 HTTP/1.1" 404 16000 "-" "WordPress/6.8.3; https://impuguke.com"
114.119.156.99 - - [05/Nov/2025:05:37:08 +0100] "GET /?o=34598474001620 HTTP/1.1" 200 203389 "https://impuguke.com/sitemap_index.xml" "Mozilla/5.0 (Linux; Android 7.0;) AppleWebKit/537.36 (KHTML, like Gecko) Mobile Safari/537.36 (compatible; PetalBot;+https://webmaster.petalsearch.com/site/petalbot)"
207.180.227.180 - - [05/Nov/2025:05:37:15 +0100] "POST /wp-cron.php?doing_wp_cron=1762317435.7722558975219726562500 HTTP/1.1" 404 15727 "-" "WordPress/6.8.3; https://impuguke.com"
103.109.180.104 - - [05/Nov/2025:05:37:27 +0100] "GET /wp-login.php HTTP/1.1" 200 7136 "-" "Mozilla/5.0 (Windows NT 10.0; WOW64; Trident/7.0; Touch; MDDCJS; rv:11.0) like Gecko"
103.109.180.104 - - [05/Nov/2025:05:37:37 +0100] "POST /wp-login.php HTTP/1.1" 200 7392 "https://impuguke.com/wp-login.php" "Mozilla/5.0 (Windows NT 10.0; WOW64; Trident/7.0; Touch; MDDCJS; rv:11.0) like Gecko"
114.119.132.12 - - [05/Nov/2025:05:38:31 +0100] "GET /?o=34478659081620 HTTP/1.1" 200 129661 "https://impuguke.com/sitemap_index.xml" "Mozilla/5.0 (Linux; Android 7.0;) AppleWebKit/537.36 (KHTML, like Gecko) Mobile Safari/537.36 (compatible; PetalBot;+https://webmaster.petalsearch.com/site/petalbot)"
170.106.165.186 - - [05/Nov/2025:05:38:55 +0100] "GET /?s= HTTP/1.1" 500 - "-" "Mozilla/5.0 (iPhone; CPU iPhone OS 13_2_3 like Mac OS X) AppleWebKit/605.1.15 (KHTML, like Gecko) Version/13.0.3 Mobile/15E148 Safari/604.1"
207.180.227.180 - - [05/Nov/2025:05:39:00 +0100] "POST /wp-cron.php?doing_wp_cron=1762317539.8600130081176757812500 HTTP/1.1" 404 15727 "-" "WordPress/6.8.3; https://impuguke.com"
207.180.227.180 - - [05/Nov/2025:05:39:00 +0100] "POST /wp-cron.php?doing_wp_cron=1762317539.8599190711975097656250 HTTP/1.1" 404 15727 "-" "WordPress/6.8.3; https://impuguke.com"
205.185.127.199 - - [05/Nov/2025:05:38:29 +0100] "POST /wp-login.php HTTP/1.1" 302 - "https://www.google.com/" "Mozilla/5.0 (Macintosh; Intel Mac OS X 10_15_7) AppleWebKit/605.1.15 (KHTML, like Gecko) Version/16.6 Safari/605.1.15"
207.180.227.180 - - [05/Nov/2025:05:39:04 +0100] "POST /wp-cron.php?doing_wp_cron=1762317544.2665460109710693359375 HTTP/1.1" 404 16000 "-" "WordPress/6.8.3; https://impuguke.com"
114.119.129.233 - - [05/Nov/2025:05:39:54 +0100] "GET /?o=34466864061620 HTTP/1.1" 200 203389 "https://impuguke.com/sitemap_index.xml" "Mozilla/5.0 (Linux; Android 7.0;) AppleWebKit/537.36 (KHTML, like Gecko) Mobile Safari/537.36 (compatible; PetalBot;+https://webmaster.petalsearch.com/site/petalbot)"
205.185.127.199 - - [05/Nov/2025:05:40:28 +0100] "GET /wp-login.php HTTP/1.1" 200 7336 "https://www.google.com/" "Mozilla/5.0 (Macintosh; Intel Mac OS X 10_15_7) AppleWebKit/605.1.15 (KHTML, like Gecko) Version/16.6 Safari/605.1.15"
207.180.227.180 - - [05/Nov/2025:05:40:30 +0100] "POST /wp-cron.php?doing_wp_cron=1762317630.3836550712585449218750 HTTP/1.1" 404 16000 "-" "WordPress/6.8.3; https://impuguke.com"
114.119.139.148 - - [05/Nov/2025:05:41:27 +0100] "GET /?o=3445241061620 HTTP/1.1" 200 203386 "https://impuguke.com/sitemap_index.xml" "Mozilla/5.0 (Linux; Android 7.0;) AppleWebKit/537.36 (KHTML, like Gecko) Mobile Safari/537.36 (compatible; PetalBot;+https://webmaster.petalsearch.com/site/petalbot)"
207.180.227.180 - - [05/Nov/2025:05:42:44 +0100] "POST /wp-cron.php?doing_wp_cron=1762317764.7743830680847167968750 HTTP/1.1" 404 15727 "-" "WordPress/6.8.3; https://impuguke.com"
114.119.154.87 - - [05/Nov/2025:05:42:43 +0100] "GET /?o=34399019031620 HTTP/1.1" 200 203389 "https://impuguke.com/sitemap_index.xml" "Mozilla/5.0 (Linux; Android 7.0;) AppleWebKit/537.36 (KHTML, like Gecko) Mobile Safari/537.36 (compatible; PetalBot;+https://webmaster.petalsearch.com/site/petalbot)"
107.189.14.25 - - [05/Nov/2025:05:43:58 +0100] "GET /wp-login.php HTTP/1.1" 200 7136 "-" "Mozilla/5.0 (Windows NT 10.0; Win64; x64) AppleWebKit/537.36 (KHTML, like Gecko) Chrome/118.0.5993.90 Safari/537.36 Edg/118.0.2088.76"
207.180.227.180 - - [05/Nov/2025:05:44:01 +0100] "POST /wp-cron.php?doing_wp_cron=1762317841.4833669662475585937500 HTTP/1.1" 404 15727 "-" "WordPress/6.8.3; https://impuguke.com"
107.189.14.25 - - [05/Nov/2025:05:44:04 +0100] "POST /wp-login.php HTTP/1.1" 200 7392 "-" "Mozilla/5.0 (Windows NT 10.0; Win64; x64) AppleWebKit/537.36 (KHTML, like Gecko) Chrome/118.0.5993.90 Safari/537.36 Edg/118.0.2088.76"
114.119.139.148 - - [05/Nov/2025:05:44:20 +0100] "GET /?o=34363686051620 HTTP/1.1" 200 203389 "https://impuguke.com/sitemap_index.xml" "Mozilla/5.0 (Linux; Android 7.0;) AppleWebKit/537.36 (KHTML, like Gecko) Mobile Safari/537.36 (compatible; PetalBot;+https://webmaster.petalsearch.com/site/petalbot)"
139.59.33.85 - - [05/Nov/2025:05:44:30 +0100] "GET /wp-login.php HTTP/1.1" 200 7136 "-" "Mozilla/5.0 (Macintosh; Intel Mac OS X 10_13_2) AppleWebKit/537.36 (KHTML, like Gecko) Chrome/65.0.3325.181 Safari/537.36"
139.59.33.85 - - [05/Nov/2025:05:44:32 +0100] "POST /wp-login.php HTTP/1.1" 200 7392 "https://impuguke.com/wp-login.php" "Mozilla/5.0 (Macintosh; Intel Mac OS X 10_13_2) AppleWebKit/537.36 (KHTML, like Gecko) Chrome/65.0.3325.181 Safari/537.36"
207.180.227.180 - - [05/Nov/2025:05:45:31 +0100] "POST /wp-cron.php?doing_wp_cron=1762317931.7754600048065185546875 HTTP/1.1" 404 15727 "-" "WordPress/6.8.3; https://impuguke.com"
114.119.129.233 - - [05/Nov/2025:05:45:29 +0100] "GET /?o=34359186001620 HTTP/1.1" 200 203389 "https://impuguke.com/sitemap_index.xml" "Mozilla/5.0 (Linux; Android 7.0;) AppleWebKit/537.36 (KHTML, like Gecko) Mobile Safari/537.36 (compatible; PetalBot;+https://webmaster.petalsearch.com/site/petalbot)"
205.185.127.199 - - [05/Nov/2025:05:46:06 +0100] "GET /wp-login.php HTTP/1.1" 200 7335 "-" "Mozilla/5.0 (Windows NT 10.0; Win64; x64) AppleWebKit/537.36 (KHTML, like Gecko) Chrome/118.0.5993.90 Safari/537.36 Edg/118.0.2088.76"
205.185.127.199 - - [05/Nov/2025:05:46:12 +0100] "POST /wp-login.php HTTP/1.1" 200 7353 "-" "Mozilla/5.0 (Windows NT 10.0; Win64; x64) AppleWebKit/537.36 (KHTML, like Gecko) Chrome/118.0.5993.90 Safari/537.36 Edg/118.0.2088.76"
207.180.227.180 - - [05/Nov/2025:05:47:01 +0100] "POST /wp-cron.php?doing_wp_cron=1762318021.5980920791625976562500 HTTP/1.1" 404 16000 "-" "WordPress/6.8.3; https://impuguke.com"
114.119.146.107 - - [05/Nov/2025:05:46:58 +0100] "GET /?o=34217126041620 HTTP/1.1" 200 203389 "https://impuguke.com/sitemap_index.xml" "Mozilla/5.0 (Linux; Android 7.0;) AppleWebKit/537.36 (KHTML, like Gecko) Mobile Safari/537.36 (compatible; PetalBot;+https://webmaster.petalsearch.com/site/petalbot)"
43.155.129.131 - - [05/Nov/2025:05:47:17 +0100] "GET /category/ubuzima/ HTTP/1.1" 200 149984 "-" "Mozilla/5.0 (iPhone; CPU iPhone OS 13_2_3 like Mac OS X) AppleWebKit/605.1.15 (KHTML, like Gecko) Version/13.0.3 Mobile/15E148 Safari/604.1"
207.180.227.180 - - [05/Nov/2025:05:48:18 +0100] "POST /wp-cron.php?doing_wp_cron=1762318098.1803109645843505859375 HTTP/1.1" 404 15727 "-" "WordPress/6.8.3; https://impuguke.com"
114.119.139.148 - - [05/Nov/2025:05:48:16 +0100] "GET /?o=34175671031620 HTTP/1.1" 200 203389 "https://impuguke.com/sitemap_index.xml" "Mozilla/5.0 (Linux; Android 7.0;) AppleWebKit/537.36 (KHTML, like Gecko) Mobile Safari/537.36 (compatible; PetalBot;+https://webmaster.petalsearch.com/site/petalbot)"
114.119.151.208 - - [05/Nov/2025:05:49:41 +0100] "GET /?o=34093239051620 HTTP/1.1" 200 203389 "https://impuguke.com/sitemap_index.xml" "Mozilla/5.0 (Linux; Android 7.0;) AppleWebKit/537.36 (KHTML, like Gecko) Mobile Safari/537.36 (compatible; PetalBot;+https://webmaster.petalsearch.com/site/petalbot)"
207.180.227.180 - - [05/Nov/2025:05:49:43 +0100] "POST /wp-cron.php?doing_wp_cron=1762318183.1081500053405761718750 HTTP/1.1" 404 15727 "-" "WordPress/6.8.3; https://impuguke.com"
114.119.156.99 - - [05/Nov/2025:05:51:04 +0100] "GET /?o=34072475001620 HTTP/1.1" 200 203389 "https://impuguke.com/sitemap_index.xml" "Mozilla/5.0 (Linux; Android 7.0;) AppleWebKit/537.36 (KHTML, like Gecko) Mobile Safari/537.36 (compatible; PetalBot;+https://webmaster.petalsearch.com/site/petalbot)"
207.180.227.180 - - [05/Nov/2025:05:51:08 +0100] "POST /wp-cron.php?doing_wp_cron=1762318268.6665959358215332031250 HTTP/1.1" 404 15727 "-" "WordPress/6.8.3; https://impuguke.com"
114.119.151.208 - - [05/Nov/2025:05:52:31 +0100] "GET /?o=34071425021620 HTTP/1.1" 200 203389 "https://impuguke.com/sitemap_index.xml" "Mozilla/5.0 (Linux; Android 7.0;) AppleWebKit/537.36 (KHTML, like Gecko) Mobile Safari/537.36 (compatible; PetalBot;+https://webmaster.petalsearch.com/site/petalbot)"
207.180.227.180 - - [05/Nov/2025:05:52:36 +0100] "POST /wp-cron.php?doing_wp_cron=1762318356.4631071090698242187500 HTTP/1.1" 404 15727 "-" "WordPress/6.8.3; https://impuguke.com"
114.119.154.87 - - [05/Nov/2025:05:53:50 +0100] "GET /?o=34039236011620 HTTP/1.1" 200 203389 "https://impuguke.com/sitemap_index.xml" "Mozilla/5.0 (Linux; Android 7.0;) AppleWebKit/537.36 (KHTML, like Gecko) Mobile Safari/537.36 (compatible; PetalBot;+https://webmaster.petalsearch.com/site/petalbot)"
207.180.227.180 - - [05/Nov/2025:05:53:53 +0100] "POST /wp-cron.php?doing_wp_cron=1762318433.1599829196929931640625 HTTP/1.1" 404 15727 "-" "WordPress/6.8.3; https://impuguke.com"
114.119.154.87 - - [05/Nov/2025:05:55:21 +0100] "GET /?o=340165011620 HTTP/1.1" 200 203383 "https://impuguke.com/sitemap_index.xml" "Mozilla/5.0 (Linux; Android 7.0;) AppleWebKit/537.36 (KHTML, like Gecko) Mobile Safari/537.36 (compatible; PetalBot;+https://webmaster.petalsearch.com/site/petalbot)"
207.180.227.180 - - [05/Nov/2025:05:55:28 +0100] "POST /wp-cron.php?doing_wp_cron=1762318528.3591780662536621093750 HTTP/1.1" 404 16000 "-" "WordPress/6.8.3; https://impuguke.com"
194.76.27.29 - - [05/Nov/2025:05:56:34 +0100] "GET /wp-login.php HTTP/1.1" 200 7136 "-" "Mozilla/5.0 (Windows NT 6.3; WOW64; rv:60.0) Gecko/20100101 Firefox/60.0"
194.76.27.29 - - [05/Nov/2025:05:56:44 +0100] "POST /wp-login.php HTTP/1.1" 508 288 "https://impuguke.com/wp-login.php" "Mozilla/5.0 (Windows NT 6.3; WOW64; rv:60.0) Gecko/20100101 Firefox/60.0"
207.180.227.180 - - [05/Nov/2025:05:56:42 +0100] "POST /wp-cron.php?doing_wp_cron=1762318602.5720679759979248046875 HTTP/1.1" 404 15727 "-" "WordPress/6.8.3; https://impuguke.com"
114.119.151.208 - - [05/Nov/2025:05:56:39 +0100] "GET /?o=33980844031620 HTTP/1.1" 200 203389 "https://impuguke.com/sitemap_index.xml" "Mozilla/5.0 (Linux; Android 7.0;) AppleWebKit/537.36 (KHTML, like Gecko) Mobile Safari/537.36 (compatible; PetalBot;+https://webmaster.petalsearch.com/site/petalbot)"
207.180.227.180 - - [05/Nov/2025:05:56:50 +0100] "POST /wp-cron.php?doing_wp_cron=1762318610.1678590774536132812500 HTTP/1.1" 404 15891 "-" "WordPress/6.8.3; https://impuguke.com"
114.119.129.233 - - [05/Nov/2025:05:58:03 +0100] "GET /?o=33953452071620 HTTP/1.1" 200 203389 "https://impuguke.com/sitemap_index.xml" "Mozilla/5.0 (Linux; Android 7.0;) AppleWebKit/537.36 (KHTML, like Gecko) Mobile Safari/537.36 (compatible; PetalBot;+https://webmaster.petalsearch.com/site/petalbot)"
207.180.227.180 - - [05/Nov/2025:05:58:04 +0100] "POST /wp-cron.php?doing_wp_cron=1762318684.7892200946807861328125 HTTP/1.1" 404 15727 "-" "WordPress/6.8.3; https://impuguke.com"
207.180.227.180 - - [05/Nov/2025:05:59:31 +0100] "POST /wp-cron.php?doing_wp_cron=1762318771.2713720798492431640625 HTTP/1.1" 404 15727 "-" "WordPress/6.8.3; https://impuguke.com"
114.119.156.99 - - [05/Nov/2025:05:59:27 +0100] "GET /?o=34478659081620 HTTP/1.1" 200 203389 "https://impuguke.com/sitemap_index.xml" "Mozilla/5.0 (Linux; Android 7.0;) AppleWebKit/537.36 (KHTML, like Gecko) Mobile Safari/537.36 (compatible; PetalBot;+https://webmaster.petalsearch.com/site/petalbot)"
198.244.226.127 - - [05/Nov/2025:05:59:42 +0100] "GET / HTTP/1.1" 200 203338 "-" "Mozilla/5.0 (compatible; AhrefsBot/7.0; +http://ahrefs.com/robot/)"
114.119.140.221 - - [05/Nov/2025:06:00:58 +0100] "GET /?o=33944069021620 HTTP/1.1" 200 203389 "https://impuguke.com/sitemap_index.xml" "Mozilla/5.0 (Linux; Android 7.0;) AppleWebKit/537.36 (KHTML, like Gecko) Mobile Safari/537.36 (compatible; PetalBot;+https://webmaster.petalsearch.com/site/petalbot)"
207.180.227.180 - - [05/Nov/2025:06:01:00 +0100] "POST /wp-cron.php?doing_wp_cron=1762318860.2650499343872070312500 HTTP/1.1" 404 15727 "-" "WordPress/6.8.3; https://impuguke.com"
43.135.133.194 - - [05/Nov/2025:06:01:15 +0100] "GET /wp-json/wp/v2/users/3 HTTP/1.1" 200 6380 "-" "Mozilla/5.0 (iPhone; CPU iPhone OS 13_2_3 like Mac OS X) AppleWebKit/605.1.15 (KHTML, like Gecko) Version/13.0.3 Mobile/15E148 Safari/604.1"
209.141.54.165 - - [05/Nov/2025:06:01:28 +0100] "GET /wp-login.php HTTP/1.1" 200 7136 "https://duckduckgo.com/" "Mozilla/5.0 (Windows NT 10.0; Win64; x64; rv:120.0) Gecko/20100101 Firefox/120.0"
207.180.227.180 - - [05/Nov/2025:06:02:16 +0100] "POST /wp-cron.php?doing_wp_cron=1762318936.0846569538116455078125 HTTP/1.1" 404 15727 "-" "WordPress/6.8.3; https://impuguke.com"
114.119.132.12 - - [05/Nov/2025:06:02:14 +0100] "GET /?o=33917180001620 HTTP/1.1" 200 203389 "https://impuguke.com/sitemap_index.xml" "Mozilla/5.0 (Linux; Android 7.0;) AppleWebKit/537.36 (KHTML, like Gecko) Mobile Safari/537.36 (compatible; PetalBot;+https://webmaster.petalsearch.com/site/petalbot)"
20.253.155.235 - - [05/Nov/2025:06:02:31 +0100] "GET /wp-login.php HTTP/1.1" 200 7136 "-" "Mozilla/5.0 (Windows NT 6.1; WOW64) AppleWebKit/537.36 (KHTML, like Gecko) Chrome/65.0.3325.146 Safari/537.36"
20.253.155.235 - - [05/Nov/2025:06:02:33 +0100] "POST /wp-login.php HTTP/1.1" 200 7392 "https://impuguke.com/wp-login.php" "Mozilla/5.0 (Windows NT 6.1; WOW64) AppleWebKit/537.36 (KHTML, like Gecko) Chrome/65.0.3325.146 Safari/537.36"
207.180.227.180 - - [05/Nov/2025:06:03:39 +0100] "POST /wp-cron.php?doing_wp_cron=1762319018.9834349155426025390625 HTTP/1.1" 404 15998 "-" "WordPress/6.8.3; https://impuguke.com"
114.119.132.12 - - [05/Nov/2025:06:03:36 +0100] "GET /?o=33876329021620 HTTP/1.1" 200 203389 "https://impuguke.com/sitemap_index.xml" "Mozilla/5.0 (Linux; Android 7.0;) AppleWebKit/537.36 (KHTML, like Gecko) Mobile Safari/537.36 (compatible; PetalBot;+https://webmaster.petalsearch.com/site/petalbot)"
209.141.54.165 - - [05/Nov/2025:06:04:01 +0100] "POST /wp-login.php HTTP/1.1" 200 7392 "https://duckduckgo.com/" "Mozilla/5.0 (Windows NT 10.0; Win64; x64; rv:120.0) Gecko/20100101 Firefox/120.0"
114.119.129.233 - - [05/Nov/2025:06:05:00 +0100] "GET /?o=338305101620 HTTP/1.1" 200 203383 "https://impuguke.com/sitemap_index.xml" "Mozilla/5.0 (Linux; Android 7.0;) AppleWebKit/537.36 (KHTML, like Gecko) Mobile Safari/537.36 (compatible; PetalBot;+https://webmaster.petalsearch.com/site/petalbot)"
207.180.227.180 - - [05/Nov/2025:06:05:04 +0100] "POST /wp-cron.php?doing_wp_cron=1762319104.3704171180725097656250 HTTP/1.1" 404 16000 "-" "WordPress/6.8.3; https://impuguke.com"
18.102.155.42 - - [05/Nov/2025:06:05:22 +0100] "POST /wp-login.php HTTP/1.1" 200 7373 "-" "Mozilla/5.0 (Windows NT 10.0; Win64; x64; rv:65.0) Gecko/20100101 Firefox/65.0"
114.119.129.233 - - [05/Nov/2025:06:06:26 +0100] "GET /?o=33810850011620 HTTP/1.1" 200 203389 "https://impuguke.com/sitemap_index.xml" "Mozilla/5.0 (Linux; Android 7.0;) AppleWebKit/537.36 (KHTML, like Gecko) Mobile Safari/537.36 (compatible; PetalBot;+https://webmaster.petalsearch.com/site/petalbot)"
207.180.227.180 - - [05/Nov/2025:06:06:33 +0100] "POST /wp-cron.php?doing_wp_cron=1762319193.2689781188964843750000 HTTP/1.1" 404 15727 "-" "WordPress/6.8.3; https://impuguke.com"
43.130.40.120 - - [05/Nov/2025:06:07:40 +0100] "GET / HTTP/1.1" 200 203338 "-" "Mozilla/5.0 (iPhone; CPU iPhone OS 13_2_3 like Mac OS X) AppleWebKit/605.1.15 (KHTML, like Gecko) Version/13.0.3 Mobile/15E148 Safari/604.1"
207.180.227.180 - - [05/Nov/2025:06:07:48 +0100] "POST /wp-cron.php?doing_wp_cron=1762319268.6601059436798095703125 HTTP/1.1" 404 15727 "-" "WordPress/6.8.3; https://impuguke.com"
114.119.140.221 - - [05/Nov/2025:06:07:46 +0100] "GET /?o=33804684031620 HTTP/1.1" 200 203389 "https://impuguke.com/sitemap_index.xml" "Mozilla/5.0 (Linux; Android 7.0;) AppleWebKit/537.36 (KHTML, like Gecko) Mobile Safari/537.36 (compatible; PetalBot;+https://webmaster.petalsearch.com/site/petalbot)"
114.119.156.99 - - [05/Nov/2025:06:09:17 +0100] "GET /?o=33788231001620 HTTP/1.1" 200 203389 "https://impuguke.com/sitemap_index.xml" "Mozilla/5.0 (Linux; Android 7.0;) AppleWebKit/537.36 (KHTML, like Gecko) Mobile Safari/537.36 (compatible; PetalBot;+https://webmaster.petalsearch.com/site/petalbot)"
207.180.227.180 - - [05/Nov/2025:06:09:25 +0100] "POST /wp-cron.php?doing_wp_cron=1762319365.2645859718322753906250 HTTP/1.1" 404 16000 "-" "WordPress/6.8.3; https://impuguke.com"
103.90.235.93 - - [05/Nov/2025:06:09:45 +0100] "GET /wp-login.php HTTP/1.1" 200 7136 "-" "Mozilla/5.0 (Windows NT 6.2; ARM; Trident/7.0; Touch; rv:11.0; WPDesktop; NOKIA; Lumia 1320) like Gecko"
103.90.235.93 - - [05/Nov/2025:06:09:53 +0100] "POST /wp-login.php HTTP/1.1" 200 7392 "https://impuguke.com/wp-login.php" "Mozilla/5.0 (Windows NT 6.2; ARM; Trident/7.0; Touch; rv:11.0; WPDesktop; NOKIA; Lumia 1320) like Gecko"
114.119.146.107 - - [05/Nov/2025:06:10:36 +0100] "GET /?o=33759276041620 HTTP/1.1" 200 203389 "https://impuguke.com/sitemap_index.xml" "Mozilla/5.0 (Linux; Android 7.0;) AppleWebKit/537.36 (KHTML, like Gecko) Mobile Safari/537.36 (compatible; PetalBot;+https://webmaster.petalsearch.com/site/petalbot)"
207.180.227.180 - - [05/Nov/2025:06:10:38 +0100] "POST /wp-cron.php?doing_wp_cron=1762319438.0091850757598876953125 HTTP/1.1" 404 15727 "-" "WordPress/6.8.3; https://impuguke.com"
207.180.227.180 - - [05/Nov/2025:06:12:04 +0100] "POST /wp-cron.php?doing_wp_cron=1762319524.7853751182556152343750 HTTP/1.1" 404 15727 "-" "WordPress/6.8.3; https://impuguke.com"
114.119.154.87 - - [05/Nov/2025:06:12:02 +0100] "GET /?o=33728171001620 HTTP/1.1" 200 203389 "https://impuguke.com/sitemap_index.xml" "Mozilla/5.0 (Linux; Android 7.0;) AppleWebKit/537.36 (KHTML, like Gecko) Mobile Safari/537.36 (compatible; PetalBot;+https://webmaster.petalsearch.com/site/petalbot)"
114.119.139.148 - - [05/Nov/2025:06:13:26 +0100] "GET /?o=33660498021620 HTTP/1.1" 200 203389 "https://impuguke.com/sitemap_index.xml" "Mozilla/5.0 (Linux; Android 7.0;) AppleWebKit/537.36 (KHTML, like Gecko) Mobile Safari/537.36 (compatible; PetalBot;+https://webmaster.petalsearch.com/site/petalbot)"
207.180.227.180 - - [05/Nov/2025:06:13:28 +0100] "POST /wp-cron.php?doing_wp_cron=1762319608.2933309078216552734375 HTTP/1.1" 404 15727 "-" "WordPress/6.8.3; https://impuguke.com"
207.180.227.180 - - [05/Nov/2025:06:14:48 +0100] "POST /wp-cron.php?doing_wp_cron=1762319688.3728580474853515625000 HTTP/1.1" 404 15727 "-" "WordPress/6.8.3; https://impuguke.com"
114.119.129.233 - - [05/Nov/2025:06:14:45 +0100] "GET /?o=33526785041620 HTTP/1.1" 200 203389 "https://impuguke.com/sitemap_index.xml" "Mozilla/5.0 (Linux; Android 7.0;) AppleWebKit/537.36 (KHTML, like Gecko) Mobile Safari/537.36 (compatible; PetalBot;+https://webmaster.petalsearch.com/site/petalbot)"
114.119.154.87 - - [05/Nov/2025:06:16:08 +0100] "GET /?o=33521589051620 HTTP/1.1" 200 203389 "https://impuguke.com/sitemap_index.xml" "Mozilla/5.0 (Linux; Android 7.0;) AppleWebKit/537.36 (KHTML, like Gecko) Mobile Safari/537.36 (compatible; PetalBot;+https://webmaster.petalsearch.com/site/petalbot)"
207.180.227.180 - - [05/Nov/2025:06:16:15 +0100] "POST /wp-cron.php?doing_wp_cron=1762319775.0599739551544189453125 HTTP/1.1" 404 15727 "-" "WordPress/6.8.3; https://impuguke.com"
209.38.73.139 - - [05/Nov/2025:06:16:52 +0100] "GET /wp-login.php HTTP/1.1" 200 7136 "-" "Mozilla/5.0 (Windows NT 10.0) AppleWebKit/537.36 (KHTML, like Gecko) Chrome/66.0.3359.139 Safari/537.36"
209.38.73.139 - - [05/Nov/2025:06:16:56 +0100] "POST /wp-login.php HTTP/1.1" 200 7392 "https://impuguke.com/wp-login.php" "Mozilla/5.0 (Windows NT 10.0) AppleWebKit/537.36 (KHTML, like Gecko) Chrome/66.0.3359.139 Safari/537.36"
114.119.139.148 - - [05/Nov/2025:06:17:33 +0100] "GET /?o=33479082021620 HTTP/1.1" 200 203389 "https://impuguke.com/sitemap_index.xml" "Mozilla/5.0 (Linux; Android 7.0;) AppleWebKit/537.36 (KHTML, like Gecko) Mobile Safari/537.36 (compatible; PetalBot;+https://webmaster.petalsearch.com/site/petalbot)"
207.180.227.180 - - [05/Nov/2025:06:17:37 +0100] "POST /wp-cron.php?doing_wp_cron=1762319856.9597220420837402343750 HTTP/1.1" 404 15727 "-" "WordPress/6.8.3; https://impuguke.com"
114.119.154.87 - - [05/Nov/2025:06:18:56 +0100] "GET /?o=33464384041620 HTTP/1.1" 200 203389 "https://impuguke.com/sitemap_index.xml" "Mozilla/5.0 (Linux; Android 7.0;) AppleWebKit/537.36 (KHTML, like Gecko) Mobile Safari/537.36 (compatible; PetalBot;+https://webmaster.petalsearch.com/site/petalbot)"
207.180.227.180 - - [05/Nov/2025:06:18:59 +0100] "POST /wp-cron.php?doing_wp_cron=1762319939.6705679893493652343750 HTTP/1.1" 404 15727 "-" "WordPress/6.8.3; https://impuguke.com"
43.130.141.193 - - [05/Nov/2025:06:20:01 +0100] "GET /wp-json/oembed/1.0/embed?url=https%3A%2F%2Fimpuguke.com%2F2025%2F10%2F21%2Fibinyobwa-byari-bikunzwe-byahagaritswe-kubera-bitujuje-ubuziranenge%2F&format=xml HTTP/1.1" 200 3379 "-" "Mozilla/5.0 (iPhone; CPU iPhone OS 13_2_3 like Mac OS X) AppleWebKit/605.1.15 (KHTML, like Gecko) Version/13.0.3 Mobile/15E148 Safari/604.1"
207.180.227.180 - - [05/Nov/2025:06:20:07 +0100] "POST /wp-cron.php?doing_wp_cron=1762320007.5797579288482666015625 HTTP/1.1" 404 16000 "-" "WordPress/6.8.3; https://impuguke.com"
114.119.154.87 - - [05/Nov/2025:06:20:20 +0100] "GET /?o=33246240051620 HTTP/1.1" 200 203389 "https://impuguke.com/sitemap_index.xml" "Mozilla/5.0 (Linux; Android 7.0;) AppleWebKit/537.36 (KHTML, like Gecko) Mobile Safari/537.36 (compatible; PetalBot;+https://webmaster.petalsearch.com/site/petalbot)"
104.244.74.116 - - [05/Nov/2025:06:21:38 +0100] "GET /wp-login.php HTTP/1.1" 200 7136 "https://www.yahoo.com/" "Mozilla/5.0 (iPhone; CPU iPhone OS 17_0 like Mac OS X) AppleWebKit/605.1.15 (KHTML, like Gecko) Version/17.0 Mobile/15E148 Safari/604.1"
207.180.227.180 - - [05/Nov/2025:06:21:45 +0100] "POST /wp-cron.php?doing_wp_cron=1762320105.3624229431152343750000 HTTP/1.1" 404 15727 "-" "WordPress/6.8.3; https://impuguke.com"
114.119.151.208 - - [05/Nov/2025:06:21:50 +0100] "GET /?o=33184970011620 HTTP/1.1" 200 203389 "https://impuguke.com/sitemap_index.xml" "Mozilla/5.0 (Linux; Android 7.0;) AppleWebKit/537.36 (KHTML, like Gecko) Mobile Safari/537.36 (compatible; PetalBot;+https://webmaster.petalsearch.com/site/petalbot)"
104.244.74.116 - - [05/Nov/2025:06:22:22 +0100] "POST /wp-login.php HTTP/1.1" 200 7392 "https://www.yahoo.com/" "Mozilla/5.0 (iPhone; CPU iPhone OS 17_0 like Mac OS X) AppleWebKit/605.1.15 (KHTML, like Gecko) Version/17.0 Mobile/15E148 Safari/604.1"
114.119.156.99 - - [05/Nov/2025:06:23:07 +0100] "GET /?o=33148446031620 HTTP/1.1" 200 203389 "https://impuguke.com/sitemap_index.xml" "Mozilla/5.0 (Linux; Android 7.0;) AppleWebKit/537.36 (KHTML, like Gecko) Mobile Safari/537.36 (compatible; PetalBot;+https://webmaster.petalsearch.com/site/petalbot)"
164.90.154.67 - - [05/Nov/2025:06:23:16 +0100] "GET /wp-login.php HTTP/1.1" 200 7136 "-" "Mozilla/5.0 (Windows NT 10.0; WOW64) AppleWebKit/537.36 (KHTML, like Gecko) Chrome/66.0.3359.170 Safari/537.36 OPR/53.0.2907.99"
207.180.227.180 - - [05/Nov/2025:06:23:15 +0100] "POST /wp-cron.php?doing_wp_cron=1762320195.7652978897094726562500 HTTP/1.1" 404 15727 "-" "WordPress/6.8.3; https://impuguke.com"
164.90.154.67 - - [05/Nov/2025:06:23:26 +0100] "POST /wp-login.php HTTP/1.1" 200 7392 "https://impuguke.com/wp-login.php" "Mozilla/5.0 (Windows NT 10.0; WOW64) AppleWebKit/537.36 (KHTML, like Gecko) Chrome/66.0.3359.170 Safari/537.36 OPR/53.0.2907.99"
114.119.132.12 - - [05/Nov/2025:06:24:29 +0100] "GET /?o=32963003001620 HTTP/1.1" 508 288 "https://impuguke.com/sitemap_index.xml" "Mozilla/5.0 (Linux; Android 7.0;) AppleWebKit/537.36 (KHTML, like Gecko) Mobile Safari/537.36 (compatible; PetalBot;+https://webmaster.petalsearch.com/site/petalbot)"
51.89.129.130 - - [05/Nov/2025:06:24:20 +0100] "GET /category/home/ahabanza/amakuru/inkuru-ndende/ HTTP/1.1" 200 145277 "-" "Mozilla/5.0 (compatible; AhrefsBot/7.0; +http://ahrefs.com/robot/)"
207.180.227.180 - - [05/Nov/2025:06:24:29 +0100] "POST /wp-cron.php?doing_wp_cron=1762320269.0610530376434326171875 HTTP/1.1" 404 15727 "-" "WordPress/6.8.3; https://impuguke.com"
114.119.146.107 - - [05/Nov/2025:06:25:53 +0100] "GET /?o=32891943111620 HTTP/1.1" 200 203389 "https://impuguke.com/sitemap_index.xml" "Mozilla/5.0 (Linux; Android 7.0;) AppleWebKit/537.36 (KHTML, like Gecko) Mobile Safari/537.36 (compatible; PetalBot;+https://webmaster.petalsearch.com/site/petalbot)"
207.180.227.180 - - [05/Nov/2025:06:26:02 +0100] "POST /wp-cron.php?doing_wp_cron=1762320361.8718550205230712890625 HTTP/1.1" 404 15727 "-" "WordPress/6.8.3; https://impuguke.com"
114.119.129.233 - - [05/Nov/2025:06:27:17 +0100] "GET /?o=32868533081620 HTTP/1.1" 200 203389 "https://impuguke.com/sitemap_index.xml" "Mozilla/5.0 (Linux; Android 7.0;) AppleWebKit/537.36 (KHTML, like Gecko) Mobile Safari/537.36 (compatible; PetalBot;+https://webmaster.petalsearch.com/site/petalbot)"
207.180.227.180 - - [05/Nov/2025:06:27:26 +0100] "POST /wp-cron.php?doing_wp_cron=1762320445.9778280258178710937500 HTTP/1.1" 404 15727 "-" "WordPress/6.8.3; https://impuguke.com"
132.145.204.71 - - [05/Nov/2025:06:28:20 +0100] "GET /wp-login.php HTTP/1.1" 200 7136 "-" "Mozilla/5.0 (X11; CrOS x86_64 10575.55.0) AppleWebKit/537.36 (KHTML, like Gecko) Chrome/67.0.3396.87 Safari/537.36"
207.180.227.180 - - [05/Nov/2025:06:28:28 +0100] "POST /wp-cron.php?doing_wp_cron=1762320508.4620211124420166015625 HTTP/1.1" 404 16000 "-" "WordPress/6.8.3; https://impuguke.com"
132.145.204.71 - - [05/Nov/2025:06:28:30 +0100] "POST /wp-login.php HTTP/1.1" 200 7392 "https://impuguke.com/wp-login.php" "Mozilla/5.0 (X11; CrOS x86_64 10575.55.0) AppleWebKit/537.36 (KHTML, like Gecko) Chrome/67.0.3396.87 Safari/537.36"
114.119.140.221 - - [05/Nov/2025:06:28:40 +0100] "GET /?o=32851080011620 HTTP/1.1" 200 203389 "https://impuguke.com/sitemap_index.xml" "Mozilla/5.0 (Linux; Android 7.0;) AppleWebKit/537.36 (KHTML, like Gecko) Mobile Safari/537.36 (compatible; PetalBot;+https://webmaster.petalsearch.com/site/petalbot)"
43.153.62.161 - - [05/Nov/2025:06:29:41 +0100] "GET /author/nkurunziza/ HTTP/1.1" 200 161038 "-" "Mozilla/5.0 (iPhone; CPU iPhone OS 13_2_3 like Mac OS X) AppleWebKit/605.1.15 (KHTML, like Gecko) Version/13.0.3 Mobile/15E148 Safari/604.1"
207.180.227.180 - - [05/Nov/2025:06:29:47 +0100] "POST /wp-cron.php?doing_wp_cron=1762320587.5606060028076171875000 HTTP/1.1" 404 15727 "-" "WordPress/6.8.3; https://impuguke.com"
114.119.139.148 - - [05/Nov/2025:06:30:05 +0100] "GET /?o=32797506041620 HTTP/1.1" 200 203389 "https://impuguke.com/sitemap_index.xml" "Mozilla/5.0 (Linux; Android 7.0;) AppleWebKit/537.36 (KHTML, like Gecko) Mobile Safari/537.36 (compatible; PetalBot;+https://webmaster.petalsearch.com/site/petalbot)"
205.185.120.218 - - [05/Nov/2025:06:31:18 +0100] "GET /wp-login.php HTTP/1.1" 200 7136 "-" "Mozilla/5.0 (Windows NT 6.3; WOW64) AppleWebKit/537.36 (KHTML, like Gecko) Chrome/35.0.1916.153 Safari/537.36"
207.180.227.180 - - [05/Nov/2025:06:31:23 +0100] "POST /wp-cron.php?doing_wp_cron=1762320683.7586700916290283203125 HTTP/1.1" 404 15727 "-" "WordPress/6.8.3; https://impuguke.com"
114.119.129.233 - - [05/Nov/2025:06:31:31 +0100] "GET /?o=3271363121620 HTTP/1.1" 200 203386 "https://impuguke.com/sitemap_index.xml" "Mozilla/5.0 (Linux; Android 7.0;) AppleWebKit/537.36 (KHTML, like Gecko) Mobile Safari/537.36 (compatible; PetalBot;+https://webmaster.petalsearch.com/site/petalbot)"
205.185.120.218 - - [05/Nov/2025:06:31:36 +0100] "POST /wp-login.php HTTP/1.1" 200 7392 "-" "Mozilla/5.0 (Windows NT 6.3; WOW64) AppleWebKit/537.36 (KHTML, like Gecko) Chrome/35.0.1916.153 Safari/537.36"
114.119.140.221 - - [05/Nov/2025:06:32:54 +0100] "GET /?o=32458323041620 HTTP/1.1" 200 203389 "https://impuguke.com/sitemap_index.xml" "Mozilla/5.0 (Linux; Android 7.0;) AppleWebKit/537.36 (KHTML, like Gecko) Mobile Safari/537.36 (compatible; PetalBot;+https://webmaster.petalsearch.com/site/petalbot)"
207.180.227.180 - - [05/Nov/2025:06:33:02 +0100] "POST /wp-cron.php?doing_wp_cron=1762320782.4610469341278076171875 HTTP/1.1" 404 16000 "-" "WordPress/6.8.3; https://impuguke.com"
114.119.132.12 - - [05/Nov/2025:06:34:15 +0100] "GET /?o=32411185051620 HTTP/1.1" 200 203389 "https://impuguke.com/sitemap_index.xml" "Mozilla/5.0 (Linux; Android 7.0;) AppleWebKit/537.36 (KHTML, like Gecko) Mobile Safari/537.36 (compatible; PetalBot;+https://webmaster.petalsearch.com/site/petalbot)"
207.180.227.180 - - [05/Nov/2025:06:34:17 +0100] "POST /wp-cron.php?doing_wp_cron=1762320857.3291280269622802734375 HTTP/1.1" 404 15727 "-" "WordPress/6.8.3; https://impuguke.com"
103.185.74.129 - - [05/Nov/2025:06:34:56 +0100] "GET /wp-login.php HTTP/1.1" 200 7136 "-" "Mozilla/5.0 (compatible; MSIE 10.0; Windows NT 6.1; WOW64; Trident/7.0)"
103.185.74.129 - - [05/Nov/2025:06:34:59 +0100] "POST /wp-login.php HTTP/1.1" 200 7392 "https://impuguke.com/wp-login.php" "Mozilla/5.0 (compatible; MSIE 10.0; Windows NT 6.1; WOW64; Trident/7.0)"
114.119.156.99 - - [05/Nov/2025:06:35:38 +0100] "GET /?o=32267016011620 HTTP/1.1" 200 203389 "https://impuguke.com/sitemap_index.xml" "Mozilla/5.0 (Linux; Android 7.0;) AppleWebKit/537.36 (KHTML, like Gecko) Mobile Safari/537.36 (compatible; PetalBot;+https://webmaster.petalsearch.com/site/petalbot)"
207.180.227.180 - - [05/Nov/2025:06:35:41 +0100] "POST /wp-cron.php?doing_wp_cron=1762320941.2726149559020996093750 HTTP/1.1" 404 15727 "-" "WordPress/6.8.3; https://impuguke.com"
114.119.129.233 - - [05/Nov/2025:06:37:02 +0100] "GET /?o=32256269081620 HTTP/1.1" 200 203389 "https://impuguke.com/sitemap_index.xml" "Mozilla/5.0 (Linux; Android 7.0;) AppleWebKit/537.36 (KHTML, like Gecko) Mobile Safari/537.36 (compatible; PetalBot;+https://webmaster.petalsearch.com/site/petalbot)"
207.180.227.180 - - [05/Nov/2025:06:37:05 +0100] "POST /wp-cron.php?doing_wp_cron=1762321025.2896149158477783203125 HTTP/1.1" 404 15727 "-" "WordPress/6.8.3; https://impuguke.com"
45.61.188.132 - - [05/Nov/2025:06:37:30 +0100] "GET /wp-login.php HTTP/1.1" 200 7136 "-" "Mozilla/5.0 (compatible; MSIE 10.0; Windows NT 6.1; WOW64; Trident/6.0)"
45.61.188.132 - - [05/Nov/2025:06:37:32 +0100] "POST /wp-login.php HTTP/1.1" 200 7392 "-" "Mozilla/5.0 (compatible; MSIE 10.0; Windows NT 6.1; WOW64; Trident/6.0)"
114.119.139.148 - - [05/Nov/2025:06:38:30 +0100] "GET /?o=32174862011620 HTTP/1.1" 200 195197 "https://impuguke.com/sitemap_index.xml" "Mozilla/5.0 (Linux; Android 7.0;) AppleWebKit/537.36 (KHTML, like Gecko) Mobile Safari/537.36 (compatible; PetalBot;+https://webmaster.petalsearch.com/site/petalbot)"
43.154.140.188 - - [05/Nov/2025:06:38:37 +0100] "GET /2025/10/09/ingabire-marie-immaculee-yitabye-imana/ HTTP/1.1" 200 161810 "-" "Mozilla/5.0 (iPhone; CPU iPhone OS 13_2_3 like Mac OS X) AppleWebKit/605.1.15 (KHTML, like Gecko) Version/13.0.3 Mobile/15E148 Safari/604.1"
207.180.227.180 - - [05/Nov/2025:06:39:00 +0100] "POST /wp-cron.php?doing_wp_cron=1762321140.0698549747467041015625 HTTP/1.1" 404 16000 "-" "WordPress/6.8.3; https://impuguke.com"
207.180.227.180 - - [05/Nov/2025:06:39:00 +0100] "POST /wp-cron.php?doing_wp_cron=1762321140.0707249641418457031250 HTTP/1.1" 404 16000 "-" "WordPress/6.8.3; https://impuguke.com"
114.119.139.148 - - [05/Nov/2025:06:39:49 +0100] "GET /?o=32120580041620 HTTP/1.1" 200 203389 "https://impuguke.com/sitemap_index.xml" "Mozilla/5.0 (Linux; Android 7.0;) AppleWebKit/537.36 (KHTML, like Gecko) Mobile Safari/537.36 (compatible; PetalBot;+https://webmaster.petalsearch.com/site/petalbot)"
114.119.132.12 - - [05/Nov/2025:06:41:13 +0100] "GET /?o=32120520031620 HTTP/1.1" 200 203389 "https://impuguke.com/sitemap_index.xml" "Mozilla/5.0 (Linux; Android 7.0;) AppleWebKit/537.36 (KHTML, like Gecko) Mobile Safari/537.36 (compatible; PetalBot;+https://webmaster.petalsearch.com/site/petalbot)"
207.180.227.180 - - [05/Nov/2025:06:41:17 +0100] "POST /wp-cron.php?doing_wp_cron=1762321277.4605669975280761718750 HTTP/1.1" 404 16000 "-" "WordPress/6.8.3; https://impuguke.com"
45.61.184.55 - - [05/Nov/2025:06:41:39 +0100] "GET /wp-login.php HTTP/1.1" 200 7136 "-" "Mozilla/5.0 (Windows NT 6.1) AppleWebKit/537.36 (KHTML, like Gecko) Chrome/35.0.1916.153 Safari/537.36"
45.61.184.55 - - [05/Nov/2025:06:41:42 +0100] "POST /wp-login.php HTTP/1.1" 200 7392 "-" "Mozilla/5.0 (Windows NT 6.1) AppleWebKit/537.36 (KHTML, like Gecko) Chrome/35.0.1916.153 Safari/537.36"
113.20.31.55 - - [05/Nov/2025:06:41:55 +0100] "GET /wp-login.php HTTP/1.1" 200 7136 "-" "Mozilla/4.0 (compatible; MSIE 7.0; Windows NT 6.1; Win64; x64; Trident/7.0; .NET CLR 2.0.50727; SLCC2; .NET CLR 3.5.30729; .NET CLR 3.0.30729; Media Center PC 6.0; .NET4.0C)"
113.20.31.55 - - [05/Nov/2025:06:41:58 +0100] "POST /wp-login.php HTTP/1.1" 200 7392 "https://impuguke.com/wp-login.php" "Mozilla/4.0 (compatible; MSIE 7.0; Windows NT 6.1; Win64; x64; Trident/7.0; .NET CLR 2.0.50727; SLCC2; .NET CLR 3.5.30729; .NET CLR 3.0.30729; Media Center PC 6.0; .NET4.0C)"
114.119.132.12 - - [05/Nov/2025:06:42:37 +0100] "GET /?o=32082262071620 HTTP/1.1" 200 203389 "https://impuguke.com/sitemap_index.xml" "Mozilla/5.0 (Linux; Android 7.0;) AppleWebKit/537.36 (KHTML, like Gecko) Mobile Safari/537.36 (compatible; PetalBot;+https://webmaster.petalsearch.com/site/petalbot)"
207.180.227.180 - - [05/Nov/2025:06:42:41 +0100] "POST /wp-cron.php?doing_wp_cron=1762321361.2777040004730224609375 HTTP/1.1" 404 16000 "-" "WordPress/6.8.3; https://impuguke.com"
213.165.69.184 - - [05/Nov/2025:06:43:46 +0100] "POST /wp-login.php HTTP/1.1" 200 7373 "-" "Mozilla/5.0 (Windows NT 10.0; Win64; x64; rv:57.0) Gecko/20100101 Firefox/57.0"
207.180.227.180 - - [05/Nov/2025:06:43:50 +0100] "POST /wp-cron.php?doing_wp_cron=1762321430.7717208862304687500000 HTTP/1.1" 404 15727 "-" "WordPress/6.8.3; https://impuguke.com"
114.119.151.208 - - [05/Nov/2025:06:44:01 +0100] "GET /?o=32963003001620 HTTP/1.1" 200 203389 "https://impuguke.com/sitemap_index.xml" "Mozilla/5.0 (Linux; Android 7.0;) AppleWebKit/537.36 (KHTML, like Gecko) Mobile Safari/537.36 (compatible; PetalBot;+https://webmaster.petalsearch.com/site/petalbot)"
114.119.132.12 - - [05/Nov/2025:06:45:25 +0100] "GET /?o=32174862011620 HTTP/1.1" 200 203389 "https://impuguke.com/sitemap_index.xml" "Mozilla/5.0 (Linux; Android 7.0;) AppleWebKit/537.36 (KHTML, like Gecko) Mobile Safari/537.36 (compatible; PetalBot;+https://webmaster.petalsearch.com/site/petalbot)"
207.180.227.180 - - [05/Nov/2025:06:45:28 +0100] "POST /wp-cron.php?doing_wp_cron=1762321528.3752980232238769531250 HTTP/1.1" 404 16000 "-" "WordPress/6.8.3; https://impuguke.com"
40.77.167.55 - - [05/Nov/2025:06:46:24 +0100] "GET /2025/06/03/the-green-gicumbi-project-places-a-high-priority-on-infrastructure-and-education-to-combat-climate-change/feed/ HTTP/1.1" 200 171975 "-" "Mozilla/5.0 AppleWebKit/537.36 (KHTML, like Gecko; compatible; bingbot/2.0; +http://www.bing.com/bingbot.htm) Chrome/116.0.1938.76 Safari/537.36"
23.21.250.48 - - [05/Nov/2025:06:46:26 +0100] "GET /2023/08/28/kenya-is-working-to-allow-rwandan-attorneys-to-practice-law-there/ HTTP/1.1" 200 131072 "-" "Mozilla/5.0 AppleWebKit/537.36 (KHTML, like Gecko; compatible; Amazonbot/0.1; +https://developer.amazon.com/support/amazonbot) Chrome/119.0.6045.214 Safari/537.36"
207.180.227.180 - - [05/Nov/2025:06:46:33 +0100] "POST /wp-cron.php?doing_wp_cron=1762321593.3592920303344726562500 HTTP/1.1" 404 16000 "-" "WordPress/6.8.3; https://impuguke.com"
114.119.151.208 - - [05/Nov/2025:06:46:48 +0100] "GET /?o=32072688071620 HTTP/1.1" 200 203389 "https://impuguke.com/sitemap_index.xml" "Mozilla/5.0 (Linux; Android 7.0;) AppleWebKit/537.36 (KHTML, like Gecko) Mobile Safari/537.36 (compatible; PetalBot;+https://webmaster.petalsearch.com/site/petalbot)"
3.235.208.228 - - [05/Nov/2025:06:47:43 +0100] "HEAD /2023/08/28/kenya-is-working-to-allow-rwandan-attorneys-to-practice-law-there/ HTTP/1.1" 200 - "-" "Mozilla/5.0 AppleWebKit/605.1.15 (KHTML, like Gecko) Chrome/139.0.0.0 Safari/605.1.15"
198.244.183.43 - - [05/Nov/2025:06:47:50 +0100] "GET /2024/04/02/what-are-health-benefits-of-tomatoes/ HTTP/1.1" 200 185269 "-" "Mozilla/5.0 (compatible; AhrefsBot/7.0; +http://ahrefs.com/robot/)"
207.180.227.180 - - [05/Nov/2025:06:47:51 +0100] "POST /wp-cron.php?doing_wp_cron=1762321670.9574499130249023437500 HTTP/1.1" 404 16000 "-" "WordPress/6.8.3; https://impuguke.com"
114.119.154.87 - - [05/Nov/2025:06:48:12 +0100] "GET /?o=32035064141620 HTTP/1.1" 200 203389 "https://impuguke.com/sitemap_index.xml" "Mozilla/5.0 (Linux; Android 7.0;) AppleWebKit/537.36 (KHTML, like Gecko) Mobile Safari/537.36 (compatible; PetalBot;+https://webmaster.petalsearch.com/site/petalbot)"
43.153.36.110 - - [05/Nov/2025:06:48:57 +0100] "GET /2025/06/ HTTP/1.1" 200 164057 "-" "Mozilla/5.0 (iPhone; CPU iPhone OS 13_2_3 like Mac OS X) AppleWebKit/605.1.15 (KHTML, like Gecko) Version/13.0.3 Mobile/15E148 Safari/604.1"
128.199.157.207 - - [05/Nov/2025:06:49:02 +0100] "GET /wp-login.php HTTP/1.1" 200 7136 "-" "Mozilla/5.0 (Macintosh; Intel Mac OS X 10_12_4) AppleWebKit/603.1.20 (KHTML, like Gecko) Version/10.1 Safari/603.1.20"
207.180.227.180 - - [05/Nov/2025:06:49:05 +0100] "POST /wp-cron.php?doing_wp_cron=1762321745.1614708900451660156250 HTTP/1.1" 404 15727 "-" "WordPress/6.8.3; https://impuguke.com"
207.180.227.180 - - [05/Nov/2025:06:49:12 +0100] "POST /wp-cron.php?doing_wp_cron=1762321751.8606550693511962890625 HTTP/1.1" 404 15727 "-" "WordPress/6.8.3; https://impuguke.com"
128.199.157.207 - - [05/Nov/2025:06:49:14 +0100] "POST /wp-login.php HTTP/1.1" 200 7392 "https://impuguke.com/wp-login.php" "Mozilla/5.0 (Macintosh; Intel Mac OS X 10_12_4) AppleWebKit/603.1.20 (KHTML, like Gecko) Version/10.1 Safari/603.1.20"
114.119.146.107 - - [05/Nov/2025:06:49:36 +0100] "GET /?o=31953926041620 HTTP/1.1" 200 203389 "https://impuguke.com/sitemap_index.xml" "Mozilla/5.0 (Linux; Android 7.0;) AppleWebKit/537.36 (KHTML, like Gecko) Mobile Safari/537.36 (compatible; PetalBot;+https://webmaster.petalsearch.com/site/petalbot)"
94.249.160.211 - - [05/Nov/2025:06:50:35 +0100] "GET /2022/11/24/all-the-lifestyle-wellbeing-products-we-tried-loved-in-november/ HTTP/1.1" 404 138451 "https://impuguke.com" "Mozilla/5.0 (Windows NT 10.0; Win64; x64) AppleWebKit/537.36 (KHTML, like Gecko) Chrome/62.0.3202.94 Safari/537.36"
207.180.227.180 - - [05/Nov/2025:06:50:38 +0100] "POST /wp-cron.php?doing_wp_cron=1762321838.6627669334411621093750 HTTP/1.1" 404 15727 "-" "WordPress/6.8.3; https://impuguke.com"
94.249.160.211 - - [05/Nov/2025:06:50:47 +0100] "GET /2022/11/24/all-the-lifestyle-wellbeing-products-we-tried-loved-in-november/ HTTP/1.1" 404 138451 "https://impuguke.com" "Mozilla/5.0 (Windows NT 10.0; Win64; x64) AppleWebKit/537.36 (KHTML, like Gecko) Chrome/62.0.3202.94 Safari/537.36"
114.119.154.87 - - [05/Nov/2025:06:51:02 +0100] "GET /?o=31930262031620 HTTP/1.1" 200 203389 "https://impuguke.com/sitemap_index.xml" "Mozilla/5.0 (Linux; Android 7.0;) AppleWebKit/537.36 (KHTML, like Gecko) Mobile Safari/537.36 (compatible; PetalBot;+https://webmaster.petalsearch.com/site/petalbot)"
94.249.160.211 - - [05/Nov/2025:06:51:02 +0100] "GET /2022/11/24/all-the-lifestyle-wellbeing-products-we-tried-loved-in-november/ HTTP/1.1" 404 138451 "https://impuguke.com" "Mozilla/5.0 (Windows NT 10.0; Win64; x64) AppleWebKit/537.36 (KHTML, like Gecko) Chrome/62.0.3202.94 Safari/537.36"
94.249.160.211 - - [05/Nov/2025:06:51:20 +0100] "GET /2022/11/24/all-the-lifestyle-wellbeing-products-we-tried-loved-in-november/ HTTP/1.1" 404 131072 "https://impuguke.com" "Mozilla/5.0 (Windows NT 10.0; Win64; x64) AppleWebKit/537.36 (KHTML, like Gecko) Chrome/62.0.3202.94 Safari/537.36"
114.119.151.208 - - [05/Nov/2025:06:52:23 +0100] "GET /?o=3152706031620 HTTP/1.1" 200 203386 "https://impuguke.com/sitemap_index.xml" "Mozilla/5.0 (Linux; Android 7.0;) AppleWebKit/537.36 (KHTML, like Gecko) Mobile Safari/537.36 (compatible; PetalBot;+https://webmaster.petalsearch.com/site/petalbot)"
207.180.227.180 - - [05/Nov/2025:06:52:31 +0100] "POST /wp-cron.php?doing_wp_cron=1762321951.6748359203338623046875 HTTP/1.1" 404 15727 "-" "WordPress/6.8.3; https://impuguke.com"
114.119.154.87 - - [05/Nov/2025:06:53:48 +0100] "GET /?o=31464797021620 HTTP/1.1" 200 203389 "https://impuguke.com/sitemap_index.xml" "Mozilla/5.0 (Linux; Android 7.0;) AppleWebKit/537.36 (KHTML, like Gecko) Mobile Safari/537.36 (compatible; PetalBot;+https://webmaster.petalsearch.com/site/petalbot)"
207.180.227.180 - - [05/Nov/2025:06:53:57 +0100] "POST /wp-cron.php?doing_wp_cron=1762322037.0665819644927978515625 HTTP/1.1" 404 16000 "-" "WordPress/6.8.3; https://impuguke.com"
114.119.140.221 - - [05/Nov/2025:06:55:12 +0100] "GET /?o=31438232041620 HTTP/1.1" 200 203389 "https://impuguke.com/sitemap_index.xml" "Mozilla/5.0 (Linux; Android 7.0;) AppleWebKit/537.36 (KHTML, like Gecko) Mobile Safari/537.36 (compatible; PetalBot;+https://webmaster.petalsearch.com/site/petalbot)"
207.180.227.180 - - [05/Nov/2025:06:55:19 +0100] "POST /wp-cron.php?doing_wp_cron=1762322118.8676319122314453125000 HTTP/1.1" 404 15727 "-" "WordPress/6.8.3; https://impuguke.com"
114.119.140.221 - - [05/Nov/2025:06:56:37 +0100] "GET /?o=31395967071620 HTTP/1.1" 200 203389 "https://impuguke.com/sitemap_index.xml" "Mozilla/5.0 (Linux; Android 7.0;) AppleWebKit/537.36 (KHTML, like Gecko) Mobile Safari/537.36 (compatible; PetalBot;+https://webmaster.petalsearch.com/site/petalbot)"
207.180.227.180 - - [05/Nov/2025:06:56:41 +0100] "POST /wp-cron.php?doing_wp_cron=1762322201.3660020828247070312500 HTTP/1.1" 404 16000 "-" "WordPress/6.8.3; https://impuguke.com"
114.119.146.107 - - [05/Nov/2025:06:58:02 +0100] "GET /?o=31305045001620 HTTP/1.1" 200 203389 "https://impuguke.com/sitemap_index.xml" "Mozilla/5.0 (Linux; Android 7.0;) AppleWebKit/537.36 (KHTML, like Gecko) Mobile Safari/537.36 (compatible; PetalBot;+https://webmaster.petalsearch.com/site/petalbot)"
207.180.227.180 - - [05/Nov/2025:06:58:07 +0100] "POST /wp-cron.php?doing_wp_cron=1762322287.1616420745849609375000 HTTP/1.1" 404 16000 "-" "WordPress/6.8.3; https://impuguke.com"
43.133.69.37 - - [05/Nov/2025:06:59:08 +0100] "GET /wp-json/ HTTP/1.1" 200 224302 "-" "Mozilla/5.0 (iPhone; CPU iPhone OS 13_2_3 like Mac OS X) AppleWebKit/605.1.15 (KHTML, like Gecko) Version/13.0.3 Mobile/15E148 Safari/604.1"
66.249.64.107 - - [05/Nov/2025:06:59:22 +0100] "GET /wp-content/uploads/2025/10/cropped-GridArt_20251017_011119953-32x32.jpg HTTP/1.1" 200 1071 "-" "Googlebot-Image/1.0"
207.180.227.180 - - [05/Nov/2025:06:59:16 +0100] "POST /wp-cron.php?doing_wp_cron=1762322356.3570499420166015625000 HTTP/1.1" 404 15727 "-" "WordPress/6.8.3; https://impuguke.com"
114.119.156.99 - - [05/Nov/2025:06:59:25 +0100] "GET /?o=31275752001620 HTTP/1.1" 200 203389 "https://impuguke.com/sitemap_index.xml" "Mozilla/5.0 (Linux; Android 7.0;) AppleWebKit/537.36 (KHTML, like Gecko) Mobile Safari/537.36 (compatible; PetalBot;+https://webmaster.petalsearch.com/site/petalbot)"
203.161.54.74 - - [05/Nov/2025:07:00:23 +0100] "GET /wp-login.php HTTP/1.1" 200 7136 "-" "Mozilla/5.0 (Windows NT 6.3; Win64; x64; Trident/7.0; MATBJS; rv:11.0) like Gecko"
207.180.227.180 - - [05/Nov/2025:07:00:29 +0100] "POST /wp-cron.php?doing_wp_cron=1762322428.7698569297790527343750 HTTP/1.1" 404 15727 "-" "WordPress/6.8.3; https://impuguke.com"
203.161.54.74 - - [05/Nov/2025:07:00:32 +0100] "POST /wp-login.php HTTP/1.1" 200 7392 "https://impuguke.com/wp-login.php" "Mozilla/5.0 (Windows NT 6.3; Win64; x64; Trident/7.0; MATBJS; rv:11.0) like Gecko"
