Yanz Mini Shell
[_]
[-]
[X]
[
HomeShell 1
] [
HomeShell 2
] [
Upload
] [
Command Shell
] [
Scripting
] [
About
]
[ Directory ] =>
/
home
umurungacom126
public_html
umurunganews.info
Action
[*]
New File
[*]
New Folder
Sensitive File
[*]
/etc/passwd
[*]
/etc/shadow
[*]
/etc/resolv.conf
[
Delete
] [
Edit
] [
Rename
] [
Back
]
103.109.180.104 - - [04/Nov/2025:13:09:40 +0100] "GET /wp-login.php HTTP/1.1" 200 7136 "-" "Mozilla/5.0 (Windows NT 10.0; WOW64; Trident/7.0; NMTE; rv:11.0) like Gecko"
207.180.227.180 - - [04/Nov/2025:13:09:48 +0100] "POST /wp-cron.php?doing_wp_cron=1762258188.2076709270477294921875 HTTP/1.1" 404 15727 "-" "WordPress/6.8.3; https://impuguke.com"
45.61.188.233 - - [04/Nov/2025:13:10:06 +0100] "POST /wp-login.php HTTP/1.1" 200 7392 "https://duckduckgo.com/" "Mozilla/5.0 (Windows NT 10.0; Win64; x64; rv:120.0) Gecko/20100101 Firefox/120.0"
114.119.151.208 - - [04/Nov/2025:13:14:32 +0100] "GET /?o=66332099041620 HTTP/1.1" 200 203390 "https://impuguke.com/sitemap_index.xml" "Mozilla/5.0 (Linux; Android 7.0;) AppleWebKit/537.36 (KHTML, like Gecko) Mobile Safari/537.36 (compatible; PetalBot;+https://webmaster.petalsearch.com/site/petalbot)"
207.180.227.180 - - [04/Nov/2025:13:14:40 +0100] "POST /wp-cron.php?doing_wp_cron=1762258479.6214590072631835937500 HTTP/1.1" 404 15727 "-" "WordPress/6.8.3; https://impuguke.com"
114.119.146.107 - - [04/Nov/2025:13:15:38 +0100] "GET /?o=66116295071620 HTTP/1.1" 200 203390 "https://impuguke.com/sitemap_index.xml" "Mozilla/5.0 (Linux; Android 7.0;) AppleWebKit/537.36 (KHTML, like Gecko) Mobile Safari/537.36 (compatible; PetalBot;+https://webmaster.petalsearch.com/site/petalbot)"
207.180.227.180 - - [04/Nov/2025:13:15:45 +0100] "POST /wp-cron.php?doing_wp_cron=1762258545.1158220767974853515625 HTTP/1.1" 404 15727 "-" "WordPress/6.8.3; https://impuguke.com"
114.119.140.221 - - [04/Nov/2025:13:16:46 +0100] "GET /?o=66056846051620 HTTP/1.1" 200 203390 "https://impuguke.com/sitemap_index.xml" "Mozilla/5.0 (Linux; Android 7.0;) AppleWebKit/537.36 (KHTML, like Gecko) Mobile Safari/537.36 (compatible; PetalBot;+https://webmaster.petalsearch.com/site/petalbot)"
207.180.227.180 - - [04/Nov/2025:13:16:54 +0100] "POST /wp-cron.php?doing_wp_cron=1762258614.6211938858032226562500 HTTP/1.1" 404 16000 "-" "WordPress/6.8.3; https://impuguke.com"
114.119.129.233 - - [04/Nov/2025:13:18:11 +0100] "GET /?o=66053135001620 HTTP/1.1" 200 203390 "https://impuguke.com/sitemap_index.xml" "Mozilla/5.0 (Linux; Android 7.0;) AppleWebKit/537.36 (KHTML, like Gecko) Mobile Safari/537.36 (compatible; PetalBot;+https://webmaster.petalsearch.com/site/petalbot)"
207.180.227.180 - - [04/Nov/2025:13:18:14 +0100] "POST /wp-cron.php?doing_wp_cron=1762258694.0176980495452880859375 HTTP/1.1" 404 15727 "-" "WordPress/6.8.3; https://impuguke.com"
114.119.156.99 - - [04/Nov/2025:13:19:32 +0100] "GET /?o=65912292011620 HTTP/1.1" 200 203390 "https://impuguke.com/sitemap_index.xml" "Mozilla/5.0 (Linux; Android 7.0;) AppleWebKit/537.36 (KHTML, like Gecko) Mobile Safari/537.36 (compatible; PetalBot;+https://webmaster.petalsearch.com/site/petalbot)"
207.180.227.180 - - [04/Nov/2025:13:19:35 +0100] "POST /wp-cron.php?doing_wp_cron=1762258775.8142859935760498046875 HTTP/1.1" 404 15727 "-" "WordPress/6.8.3; https://impuguke.com"
170.249.163.210 - - [04/Nov/2025:13:20:16 +0100] "POST /wp-login.php HTTP/1.1" 200 7373 "-" "Mozilla/5.0 (Windows NT 10.0; Win64; x64; rv:91.0) Gecko/20100101 Firefox/91.0"
114.119.139.148 - - [04/Nov/2025:13:21:06 +0100] "GET /?o=65839084051620 HTTP/1.1" 200 203390 "https://impuguke.com/sitemap_index.xml" "Mozilla/5.0 (Linux; Android 7.0;) AppleWebKit/537.36 (KHTML, like Gecko) Mobile Safari/537.36 (compatible; PetalBot;+https://webmaster.petalsearch.com/site/petalbot)"
207.180.227.180 - - [04/Nov/2025:13:21:08 +0100] "POST /wp-cron.php?doing_wp_cron=1762258868.0360190868377685546875 HTTP/1.1" 404 15727 "-" "WordPress/6.8.3; https://impuguke.com"
114.119.154.87 - - [04/Nov/2025:13:22:21 +0100] "GET /?o=65780445081620 HTTP/1.1" 200 203390 "https://impuguke.com/sitemap_index.xml" "Mozilla/5.0 (Linux; Android 7.0;) AppleWebKit/537.36 (KHTML, like Gecko) Mobile Safari/537.36 (compatible; PetalBot;+https://webmaster.petalsearch.com/site/petalbot)"
207.180.227.180 - - [04/Nov/2025:13:22:23 +0100] "POST /wp-cron.php?doing_wp_cron=1762258943.9087839126586914062500 HTTP/1.1" 404 15727 "-" "WordPress/6.8.3; https://impuguke.com"
114.119.146.107 - - [04/Nov/2025:13:23:45 +0100] "GET /?o=65756375001620 HTTP/1.1" 200 203390 "https://impuguke.com/sitemap_index.xml" "Mozilla/5.0 (Linux; Android 7.0;) AppleWebKit/537.36 (KHTML, like Gecko) Mobile Safari/537.36 (compatible; PetalBot;+https://webmaster.petalsearch.com/site/petalbot)"
207.180.227.180 - - [04/Nov/2025:13:23:54 +0100] "POST /wp-cron.php?doing_wp_cron=1762259034.3124949932098388671875 HTTP/1.1" 404 16000 "-" "WordPress/6.8.3; https://impuguke.com"
51.195.215.165 - - [04/Nov/2025:13:24:01 +0100] "GET /2025/10/27/ubuyobozi-bwa-apr-fc-bwatangaje-ko-budateganya-kwirukana-umutoza-wayo/ HTTP/1.1" 200 162607 "-" "Mozilla/5.0 (compatible; AhrefsBot/7.0; +http://ahrefs.com/robot/)"
114.119.154.87 - - [04/Nov/2025:13:25:11 +0100] "GET /?o=65688969041620 HTTP/1.1" 200 203390 "https://impuguke.com/sitemap_index.xml" "Mozilla/5.0 (Linux; Android 7.0;) AppleWebKit/537.36 (KHTML, like Gecko) Mobile Safari/537.36 (compatible; PetalBot;+https://webmaster.petalsearch.com/site/petalbot)"
207.180.227.180 - - [04/Nov/2025:13:25:20 +0100] "POST /wp-cron.php?doing_wp_cron=1762259119.9078071117401123046875 HTTP/1.1" 404 16000 "-" "WordPress/6.8.3; https://impuguke.com"
114.119.151.208 - - [04/Nov/2025:13:26:31 +0100] "GET /?o=65675796001620 HTTP/1.1" 200 203390 "https://impuguke.com/sitemap_index.xml" "Mozilla/5.0 (Linux; Android 7.0;) AppleWebKit/537.36 (KHTML, like Gecko) Mobile Safari/537.36 (compatible; PetalBot;+https://webmaster.petalsearch.com/site/petalbot)"
207.180.227.180 - - [04/Nov/2025:13:26:32 +0100] "POST /wp-cron.php?doing_wp_cron=1762259192.7145199775695800781250 HTTP/1.1" 404 16000 "-" "WordPress/6.8.3; https://impuguke.com"
114.119.129.233 - - [04/Nov/2025:13:27:56 +0100] "GET /?o=65647263041620 HTTP/1.1" 200 203390 "https://impuguke.com/sitemap_index.xml" "Mozilla/5.0 (Linux; Android 7.0;) AppleWebKit/537.36 (KHTML, like Gecko) Mobile Safari/537.36 (compatible; PetalBot;+https://webmaster.petalsearch.com/site/petalbot)"
207.180.227.180 - - [04/Nov/2025:13:28:02 +0100] "POST /wp-cron.php?doing_wp_cron=1762259281.9085469245910644531250 HTTP/1.1" 404 16000 "-" "WordPress/6.8.3; https://impuguke.com"
114.119.156.99 - - [04/Nov/2025:13:29:14 +0100] "GET /?o=65641841101620 HTTP/1.1" 200 203390 "https://impuguke.com/sitemap_index.xml" "Mozilla/5.0 (Linux; Android 7.0;) AppleWebKit/537.36 (KHTML, like Gecko) Mobile Safari/537.36 (compatible; PetalBot;+https://webmaster.petalsearch.com/site/petalbot)"
207.180.227.180 - - [04/Nov/2025:13:29:20 +0100] "POST /wp-cron.php?doing_wp_cron=1762259360.6372339725494384765625 HTTP/1.1" 404 16000 "-" "WordPress/6.8.3; https://impuguke.com"
114.119.140.221 - - [04/Nov/2025:13:30:39 +0100] "GET /?o=65639861031620 HTTP/1.1" 200 203390 "https://impuguke.com/sitemap_index.xml" "Mozilla/5.0 (Linux; Android 7.0;) AppleWebKit/537.36 (KHTML, like Gecko) Mobile Safari/537.36 (compatible; PetalBot;+https://webmaster.petalsearch.com/site/petalbot)"
207.180.227.180 - - [04/Nov/2025:13:30:47 +0100] "POST /wp-cron.php?doing_wp_cron=1762259447.4154689311981201171875 HTTP/1.1" 404 15727 "-" "WordPress/6.8.3; https://impuguke.com"
207.180.227.180 - - [04/Nov/2025:13:32:12 +0100] "POST /wp-cron.php?doing_wp_cron=1762259531.8151199817657470703125 HTTP/1.1" 508 288 "-" "WordPress/6.8.3; https://impuguke.com"
114.119.140.221 - - [04/Nov/2025:13:32:03 +0100] "GET /?o=65635382061620 HTTP/1.1" 200 203390 "https://impuguke.com/sitemap_index.xml" "Mozilla/5.0 (Linux; Android 7.0;) AppleWebKit/537.36 (KHTML, like Gecko) Mobile Safari/537.36 (compatible; PetalBot;+https://webmaster.petalsearch.com/site/petalbot)"
209.141.54.165 - - [04/Nov/2025:13:33:30 +0100] "GET /wp-login.php HTTP/1.1" 200 7136 "https://www.google.com/" "Mozilla/5.0 (Windows NT 10.0; Win64; x64; rv:120.0) Gecko/20100101 Firefox/120.0"
207.180.227.180 - - [04/Nov/2025:13:33:34 +0100] "POST /wp-cron.php?doing_wp_cron=1762259614.0199229717254638671875 HTTP/1.1" 404 15727 "-" "WordPress/6.8.3; https://impuguke.com"
209.141.54.165 - - [04/Nov/2025:13:33:36 +0100] "POST /wp-login.php HTTP/1.1" 200 7392 "https://www.google.com/" "Mozilla/5.0 (Windows NT 10.0; Win64; x64; rv:120.0) Gecko/20100101 Firefox/120.0"
114.119.132.12 - - [04/Nov/2025:13:34:25 +0100] "GET /?o=65491120061620 HTTP/1.1" 200 203390 "https://impuguke.com/sitemap_index.xml" "Mozilla/5.0 (Linux; Android 7.0;) AppleWebKit/537.36 (KHTML, like Gecko) Mobile Safari/537.36 (compatible; PetalBot;+https://webmaster.petalsearch.com/site/petalbot)"
207.180.227.180 - - [04/Nov/2025:13:34:51 +0100] "POST /wp-cron.php?doing_wp_cron=1762259691.4156360626220703125000 HTTP/1.1" 508 288 "-" "WordPress/6.8.3; https://impuguke.com"
143.198.232.185 - - [04/Nov/2025:13:34:39 +0100] "POST /wp-login.php HTTP/1.1" 200 7334 "-" "Mozilla/5.0"
143.198.232.185 - - [04/Nov/2025:13:34:40 +0100] "POST /wp-login.php HTTP/1.1" 500 - "-" "Mozilla/5.0"
207.180.227.180 - - [04/Nov/2025:13:34:49 +0100] "POST /wp-cron.php?doing_wp_cron=1762259688.9350190162658691406250 HTTP/1.1" 500 - "-" "WordPress/6.8.3; https://impuguke.com"
143.198.232.185 - - [04/Nov/2025:13:34:40 +0100] "POST /wp-login.php HTTP/1.1" 302 - "-" "Mozilla/5.0"
143.198.232.185 - - [04/Nov/2025:13:34:40 +0100] "POST /wp-login.php HTTP/1.1" 302 - "-" "Mozilla/5.0"
207.180.227.180 - - [04/Nov/2025:13:34:51 +0100] "POST /wp-cron.php?doing_wp_cron=1762259690.5221009254455566406250 HTTP/1.1" 404 16000 "-" "WordPress/6.8.3; https://impuguke.com"
114.119.154.87 - - [04/Nov/2025:13:36:19 +0100] "GET /?o=65304748061620 HTTP/1.1" 200 203390 "https://impuguke.com/sitemap_index.xml" "Mozilla/5.0 (Linux; Android 7.0;) AppleWebKit/537.36 (KHTML, like Gecko) Mobile Safari/537.36 (compatible; PetalBot;+https://webmaster.petalsearch.com/site/petalbot)"
207.180.227.180 - - [04/Nov/2025:13:36:22 +0100] "POST /wp-cron.php?doing_wp_cron=1762259782.9094140529632568359375 HTTP/1.1" 404 15727 "-" "WordPress/6.8.3; https://impuguke.com"
103.109.180.104 - - [04/Nov/2025:13:40:39 +0100] "GET /wp-login.php HTTP/1.1" 200 7136 "-" "Mozilla/5.0 (Windows NT 10.0; WOW64) AppleWebKit/537.36 (KHTML, like Gecko) Chrome/66.0.3359.170 Safari/537.36"
207.180.227.180 - - [04/Nov/2025:13:40:42 +0100] "POST /wp-cron.php?doing_wp_cron=1762260041.9329729080200195312500 HTTP/1.1" 404 15727 "-" "WordPress/6.8.3; https://impuguke.com"
114.119.146.107 - - [04/Nov/2025:13:40:41 +0100] "GET /?o=6490710001620 HTTP/1.1" 200 203387 "https://impuguke.com/sitemap_index.xml" "Mozilla/5.0 (Linux; Android 7.0;) AppleWebKit/537.36 (KHTML, like Gecko) Mobile Safari/537.36 (compatible; PetalBot;+https://webmaster.petalsearch.com/site/petalbot)"
114.119.146.107 - - [04/Nov/2025:13:41:51 +0100] "GET /?o=64871414131620 HTTP/1.1" 200 203390 "https://impuguke.com/sitemap_index.xml" "Mozilla/5.0 (Linux; Android 7.0;) AppleWebKit/537.36 (KHTML, like Gecko) Mobile Safari/537.36 (compatible; PetalBot;+https://webmaster.petalsearch.com/site/petalbot)"
207.180.227.180 - - [04/Nov/2025:13:41:53 +0100] "POST /wp-cron.php?doing_wp_cron=1762260113.5408580303192138671875 HTTP/1.1" 404 16000 "-" "WordPress/6.8.3; https://impuguke.com"
114.119.151.208 - - [04/Nov/2025:13:46:06 +0100] "GET /?o=6450288011620 HTTP/1.1" 200 203387 "https://impuguke.com/sitemap_index.xml" "Mozilla/5.0 (Linux; Android 7.0;) AppleWebKit/537.36 (KHTML, like Gecko) Mobile Safari/537.36 (compatible; PetalBot;+https://webmaster.petalsearch.com/site/petalbot)"
207.180.227.180 - - [04/Nov/2025:13:46:13 +0100] "POST /wp-cron.php?doing_wp_cron=1762260373.3159549236297607421875 HTTP/1.1" 404 15727 "-" "WordPress/6.8.3; https://impuguke.com"
114.119.154.87 - - [04/Nov/2025:13:47:23 +0100] "GET /?o=64482546071620 HTTP/1.1" 200 203390 "https://impuguke.com/sitemap_index.xml" "Mozilla/5.0 (Linux; Android 7.0;) AppleWebKit/537.36 (KHTML, like Gecko) Mobile Safari/537.36 (compatible; PetalBot;+https://webmaster.petalsearch.com/site/petalbot)"
207.180.227.180 - - [04/Nov/2025:13:47:25 +0100] "POST /wp-cron.php?doing_wp_cron=1762260445.3323719501495361328125 HTTP/1.1" 404 15727 "-" "WordPress/6.8.3; https://impuguke.com"
114.119.146.107 - - [04/Nov/2025:13:48:45 +0100] "GET /?o=64256997001620 HTTP/1.1" 200 203390 "https://impuguke.com/sitemap_index.xml" "Mozilla/5.0 (Linux; Android 7.0;) AppleWebKit/537.36 (KHTML, like Gecko) Mobile Safari/537.36 (compatible; PetalBot;+https://webmaster.petalsearch.com/site/petalbot)"
207.180.227.180 - - [04/Nov/2025:13:48:51 +0100] "POST /wp-cron.php?doing_wp_cron=1762260531.3139920234680175781250 HTTP/1.1" 404 16000 "-" "WordPress/6.8.3; https://impuguke.com"
57.130.20.252 - - [04/Nov/2025:13:49:42 +0100] "GET /wp-login.php HTTP/1.1" 200 7136 "-" "Mozilla/5.0 (Windows NT 6.2; ARM; Trident/7.0; Touch; rv:11.0; WPDesktop; NOKIA; Lumia 530) like Gecko"
57.130.20.252 - - [04/Nov/2025:13:49:54 +0100] "POST /wp-login.php HTTP/1.1" 200 7392 "https://impuguke.com/wp-login.php" "Mozilla/5.0 (Windows NT 6.2; ARM; Trident/7.0; Touch; rv:11.0; WPDesktop; NOKIA; Lumia 530) like Gecko"
207.180.227.180 - - [04/Nov/2025:13:50:01 +0100] "POST /wp-cron.php?doing_wp_cron=1762260600.8118178844451904296875 HTTP/1.1" 404 15727 "-" "WordPress/6.8.3; https://impuguke.com"
66.249.93.162 - - [04/Nov/2025:13:50:12 +0100] "GET /.well-known/traffic-advice HTTP/1.1" 508 288 "-" "Chrome Privacy Preserving Prefetch Proxy"
66.249.93.161 - - [04/Nov/2025:13:50:05 +0100] "GET /.well-known/traffic-advice HTTP/1.1" 404 138452 "-" "Chrome Privacy Preserving Prefetch Proxy"
114.119.156.99 - - [04/Nov/2025:13:50:12 +0100] "GET /?o=64209111031620 HTTP/1.1" 200 203390 "https://impuguke.com/sitemap_index.xml" "Mozilla/5.0 (Linux; Android 7.0;) AppleWebKit/537.36 (KHTML, like Gecko) Mobile Safari/537.36 (compatible; PetalBot;+https://webmaster.petalsearch.com/site/petalbot)"
209.141.60.77 - - [04/Nov/2025:13:50:28 +0100] "GET /wp-login.php HTTP/1.1" 200 7136 "https://www.yahoo.com/" "Mozilla/5.0 (Macintosh; Intel Mac OS X 10_15_7) AppleWebKit/605.1.15 (KHTML, like Gecko) Version/16.6 Safari/605.1.15"
209.141.60.77 - - [04/Nov/2025:13:50:39 +0100] "POST /wp-login.php HTTP/1.1" 200 7392 "https://www.yahoo.com/" "Mozilla/5.0 (Macintosh; Intel Mac OS X 10_15_7) AppleWebKit/605.1.15 (KHTML, like Gecko) Version/16.6 Safari/605.1.15"
114.119.139.148 - - [04/Nov/2025:13:51:34 +0100] "GET /?o=64091607101620 HTTP/1.1" 200 203390 "https://impuguke.com/sitemap_index.xml" "Mozilla/5.0 (Linux; Android 7.0;) AppleWebKit/537.36 (KHTML, like Gecko) Mobile Safari/537.36 (compatible; PetalBot;+https://webmaster.petalsearch.com/site/petalbot)"
207.180.227.180 - - [04/Nov/2025:13:51:36 +0100] "POST /wp-cron.php?doing_wp_cron=1762260696.6321840286254882812500 HTTP/1.1" 404 15727 "-" "WordPress/6.8.3; https://impuguke.com"
114.119.140.221 - - [04/Nov/2025:13:53:26 +0100] "GET /?o=63845221021620 HTTP/1.1" 200 203390 "https://impuguke.com/sitemap_index.xml" "Mozilla/5.0 (Linux; Android 7.0;) AppleWebKit/537.36 (KHTML, like Gecko) Mobile Safari/537.36 (compatible; PetalBot;+https://webmaster.petalsearch.com/site/petalbot)"
207.180.227.180 - - [04/Nov/2025:13:53:29 +0100] "POST /wp-cron.php?doing_wp_cron=1762260809.8140120506286621093750 HTTP/1.1" 404 15727 "-" "WordPress/6.8.3; https://impuguke.com"
197.157.186.82 - - [04/Nov/2025:13:54:53 +0100] "GET /2025/10/22/rurageretse-hagati-ya-knc-numusifuzikazi-umutoni-aline/?fbclid=IwZXh0bgNhZW0CMTEAAR6jwStPkyiNyq9hZl8vTj91kv3AMc3Jf_MyHT6k9QFwC1L2HEEaWWzmLm075A_aem_nB_JyifeOdhn4WyoiILqZw HTTP/1.1" 508 288 "http://m.facebook.com/" "Mozilla/5.0 (Linux; Android 12; itel A507LMO Build/SP1A.210812.016; wv) AppleWebKit/537.36 (KHTML, like Gecko) Version/4.0 Chrome/141.0.7390.122 Mobile Safari/537.36[FBAN/EMA;FBLC/en_US;FBAV/482.0.0.12.107;FBCX/modulariab;]"
207.180.227.180 - - [04/Nov/2025:13:54:57 +0100] "POST /wp-cron.php?doing_wp_cron=1762260896.8070011138916015625000 HTTP/1.1" 508 288 "-" "WordPress/6.8.3; https://impuguke.com"
51.195.215.237 - - [04/Nov/2025:13:54:48 +0100] "GET / HTTP/1.1" 200 203339 "-" "Mozilla/5.0 (compatible; AhrefsBot/7.0; +http://ahrefs.com/robot/)"
31.13.127.51 - - [04/Nov/2025:13:55:02 +0100] "GET /wp-content/uploads/2025/10/InShot_20251022_085145336-scaled.jpg HTTP/1.1" 200 272073 "-" "facebookexternalhit/1.1 (+http://www.facebook.com/externalhit_uatext.php)"
31.13.127.83 - - [04/Nov/2025:13:54:52 +0100] "GET /2025/10/22/rurageretse-hagati-ya-knc-numusifuzikazi-umutoni-aline/ HTTP/1.1" 200 - "-" "facebookexternalhit/1.1 (+http://www.facebook.com/externalhit_uatext.php)"
207.180.227.180 - - [04/Nov/2025:13:55:06 +0100] "POST /wp-cron.php?doing_wp_cron=1762260906.2187259197235107421875 HTTP/1.1" 508 288 "-" "WordPress/6.8.3; https://impuguke.com"
198.98.55.213 - - [04/Nov/2025:13:54:55 +0100] "GET /wp-login.php HTTP/1.1" 200 7136 "https://www.yahoo.com/" "Mozilla/5.0 (Macintosh; Intel Mac OS X 10_15_7) AppleWebKit/605.1.15 (KHTML, like Gecko) Version/16.6 Safari/605.1.15"
69.63.184.46 - - [04/Nov/2025:13:55:00 +0100] "GET /2025/10/22/rurageretse-hagati-ya-knc-numusifuzikazi-umutoni-aline/ HTTP/1.1" 200 - "-" "facebookexternalhit/1.1 (+http://www.facebook.com/externalhit_uatext.php)"
207.180.227.180 - - [04/Nov/2025:13:55:00 +0100] "POST /wp-cron.php?doing_wp_cron=1762260900.5172739028930664062500 HTTP/1.1" 404 16000 "-" "WordPress/6.8.3; https://impuguke.com"
31.13.115.8 - - [04/Nov/2025:13:55:31 +0100] "GET /wp-includes/css/dashicons.min.css?ver=6.8.3 HTTP/1.1" 200 59016 "https://impuguke.com/2025/10/22/rurageretse-hagati-ya-knc-numusifuzikazi-umutoni-aline/?fbclid=IwZXh0bgNhZW0CMTEAAR6_rUjyY9POKWXPzY39eUkR5OEjk427n64g_zH5hJt42cRfezYbEf7viiV_WA_aem_-NADMO7vFOF1PW1lZKvZsw" "Mozilla/5.0 (iPhone; CPU iPhone OS 18_6_2 like Mac OS X) AppleWebKit/605.1.15 (KHTML, like Gecko) Version/18.6 Mobile/15E148 Safari/604.1"
31.13.115.115 - - [04/Nov/2025:13:55:31 +0100] "GET /wp-content/plugins/post-views-counter/css/frontend.min.css?ver=1.5.5 HTTP/1.1" 200 1058 "https://impuguke.com/2025/10/22/rurageretse-hagati-ya-knc-numusifuzikazi-umutoni-aline/?fbclid=IwZXh0bgNhZW0CMTEAAR6_rUjyY9POKWXPzY39eUkR5OEjk427n64g_zH5hJt42cRfezYbEf7viiV_WA_aem_-NADMO7vFOF1PW1lZKvZsw" "Mozilla/5.0 (iPhone; CPU iPhone OS 18_6_2 like Mac OS X) AppleWebKit/605.1.15 (KHTML, like Gecko) Version/18.6 Mobile/15E148 Safari/604.1"
31.13.115.114 - - [04/Nov/2025:13:55:31 +0100] "GET /wp-includes/css/dist/block-library/style.min.css?ver=6.8.3 HTTP/1.1" 200 116345 "https://impuguke.com/2025/10/22/rurageretse-hagati-ya-knc-numusifuzikazi-umutoni-aline/?fbclid=IwZXh0bgNhZW0CMTEAAR6_rUjyY9POKWXPzY39eUkR5OEjk427n64g_zH5hJt42cRfezYbEf7viiV_WA_aem_-NADMO7vFOF1PW1lZKvZsw" "Mozilla/5.0 (iPhone; CPU iPhone OS 18_6_2 like Mac OS X) AppleWebKit/605.1.15 (KHTML, like Gecko) Version/18.6 Mobile/15E148 Safari/604.1"
31.13.115.115 - - [04/Nov/2025:13:55:31 +0100] "GET /wp-content/plugins/ultimate-social-media-icons/css/sfsi-style.css?ver=2.9.5 HTTP/1.1" 200 78420 "https://impuguke.com/2025/10/22/rurageretse-hagati-ya-knc-numusifuzikazi-umutoni-aline/?fbclid=IwZXh0bgNhZW0CMTEAAR6_rUjyY9POKWXPzY39eUkR5OEjk427n64g_zH5hJt42cRfezYbEf7viiV_WA_aem_-NADMO7vFOF1PW1lZKvZsw" "Mozilla/5.0 (iPhone; CPU iPhone OS 18_6_2 like Mac OS X) AppleWebKit/605.1.15 (KHTML, like Gecko) Version/18.6 Mobile/15E148 Safari/604.1"
31.13.115.114 - - [04/Nov/2025:13:55:31 +0100] "GET /wp-content/themes/newses/css/bootstrap.css?ver=6.8.3 HTTP/1.1" 200 207350 "https://impuguke.com/2025/10/22/rurageretse-hagati-ya-knc-numusifuzikazi-umutoni-aline/?fbclid=IwZXh0bgNhZW0CMTEAAR6_rUjyY9POKWXPzY39eUkR5OEjk427n64g_zH5hJt42cRfezYbEf7viiV_WA_aem_-NADMO7vFOF1PW1lZKvZsw" "Mozilla/5.0 (iPhone; CPU iPhone OS 18_6_2 like Mac OS X) AppleWebKit/605.1.15 (KHTML, like Gecko) Version/18.6 Mobile/15E148 Safari/604.1"
31.13.115.115 - - [04/Nov/2025:13:55:31 +0100] "GET /wp-content/themes/newses/style.css?ver=6.8.3 HTTP/1.1" 200 75429 "https://impuguke.com/2025/10/22/rurageretse-hagati-ya-knc-numusifuzikazi-umutoni-aline/?fbclid=IwZXh0bgNhZW0CMTEAAR6_rUjyY9POKWXPzY39eUkR5OEjk427n64g_zH5hJt42cRfezYbEf7viiV_WA_aem_-NADMO7vFOF1PW1lZKvZsw" "Mozilla/5.0 (iPhone; CPU iPhone OS 18_6_2 like Mac OS X) AppleWebKit/605.1.15 (KHTML, like Gecko) Version/18.6 Mobile/15E148 Safari/604.1"
31.13.115.8 - - [04/Nov/2025:13:55:31 +0100] "GET /wp-content/themes/newses/css/colors/default.css?ver=6.8.3 HTTP/1.1" 200 29129 "https://impuguke.com/2025/10/22/rurageretse-hagati-ya-knc-numusifuzikazi-umutoni-aline/?fbclid=IwZXh0bgNhZW0CMTEAAR6_rUjyY9POKWXPzY39eUkR5OEjk427n64g_zH5hJt42cRfezYbEf7viiV_WA_aem_-NADMO7vFOF1PW1lZKvZsw" "Mozilla/5.0 (iPhone; CPU iPhone OS 18_6_2 like Mac OS X) AppleWebKit/605.1.15 (KHTML, like Gecko) Version/18.6 Mobile/15E148 Safari/604.1"
31.13.115.42 - - [04/Nov/2025:13:55:21 +0100] "GET /2025/10/22/rurageretse-hagati-ya-knc-numusifuzikazi-umutoni-aline/?fbclid=IwZXh0bgNhZW0CMTEAAR6_rUjyY9POKWXPzY39eUkR5OEjk427n64g_zH5hJt42cRfezYbEf7viiV_WA_aem_-NADMO7vFOF1PW1lZKvZsw HTTP/1.1" 200 162933 "http://m.facebook.com" "Mozilla/5.0 (iPhone; CPU iPhone OS 18_6_2 like Mac OS X) AppleWebKit/605.1.15 (KHTML, like Gecko) Version/18.6 Mobile/15E148 Safari/604.1"
31.13.115.114 - - [04/Nov/2025:13:55:31 +0100] "GET /wp-content/themes/newses/css/font-awesome.css?ver=6.8.3 HTTP/1.1" 200 148802 "https://impuguke.com/2025/10/22/rurageretse-hagati-ya-knc-numusifuzikazi-umutoni-aline/?fbclid=IwZXh0bgNhZW0CMTEAAR6_rUjyY9POKWXPzY39eUkR5OEjk427n64g_zH5hJt42cRfezYbEf7viiV_WA_aem_-NADMO7vFOF1PW1lZKvZsw" "Mozilla/5.0 (iPhone; CPU iPhone OS 18_6_2 like Mac OS X) AppleWebKit/605.1.15 (KHTML, like Gecko) Version/18.6 Mobile/15E148 Safari/604.1"
31.13.115.42 - - [04/Nov/2025:13:55:31 +0100] "GET /wp-content/themes/newses/css/jquery.smartmenus.bootstrap.css?ver=6.8.3 HTTP/1.1" 200 4216 "https://impuguke.com/2025/10/22/rurageretse-hagati-ya-knc-numusifuzikazi-umutoni-aline/?fbclid=IwZXh0bgNhZW0CMTEAAR6_rUjyY9POKWXPzY39eUkR5OEjk427n64g_zH5hJt42cRfezYbEf7viiV_WA_aem_-NADMO7vFOF1PW1lZKvZsw" "Mozilla/5.0 (iPhone; CPU iPhone OS 18_6_2 like Mac OS X) AppleWebKit/605.1.15 (KHTML, like Gecko) Version/18.6 Mobile/15E148 Safari/604.1"
31.13.115.8 - - [04/Nov/2025:13:55:31 +0100] "GET /wp-content/themes/newses/css/swiper.min.css?ver=6.8.3 HTTP/1.1" 200 13690 "https://impuguke.com/2025/10/22/rurageretse-hagati-ya-knc-numusifuzikazi-umutoni-aline/?fbclid=IwZXh0bgNhZW0CMTEAAR6_rUjyY9POKWXPzY39eUkR5OEjk427n64g_zH5hJt42cRfezYbEf7viiV_WA_aem_-NADMO7vFOF1PW1lZKvZsw" "Mozilla/5.0 (iPhone; CPU iPhone OS 18_6_2 like Mac OS X) AppleWebKit/605.1.15 (KHTML, like Gecko) Version/18.6 Mobile/15E148 Safari/604.1"
31.13.115.8 - - [04/Nov/2025:13:55:31 +0100] "GET /wp-includes/js/jquery/jquery.min.js?ver=3.7.1 HTTP/1.1" 200 87553 "https://impuguke.com/2025/10/22/rurageretse-hagati-ya-knc-numusifuzikazi-umutoni-aline/?fbclid=IwZXh0bgNhZW0CMTEAAR6_rUjyY9POKWXPzY39eUkR5OEjk427n64g_zH5hJt42cRfezYbEf7viiV_WA_aem_-NADMO7vFOF1PW1lZKvZsw" "Mozilla/5.0 (iPhone; CPU iPhone OS 18_6_2 like Mac OS X) AppleWebKit/605.1.15 (KHTML, like Gecko) Version/18.6 Mobile/15E148 Safari/604.1"
31.13.115.114 - - [04/Nov/2025:13:55:31 +0100] "GET /wp-includes/js/jquery/jquery-migrate.min.js?ver=3.4.1 HTTP/1.1" 200 13577 "https://impuguke.com/2025/10/22/rurageretse-hagati-ya-knc-numusifuzikazi-umutoni-aline/?fbclid=IwZXh0bgNhZW0CMTEAAR6_rUjyY9POKWXPzY39eUkR5OEjk427n64g_zH5hJt42cRfezYbEf7viiV_WA_aem_-NADMO7vFOF1PW1lZKvZsw" "Mozilla/5.0 (iPhone; CPU iPhone OS 18_6_2 like Mac OS X) AppleWebKit/605.1.15 (KHTML, like Gecko) Version/18.6 Mobile/15E148 Safari/604.1"
31.13.115.42 - - [04/Nov/2025:13:55:31 +0100] "GET /wp-content/themes/newses/js/navigation.js?ver=6.8.3 HTTP/1.1" 200 3075 "https://impuguke.com/2025/10/22/rurageretse-hagati-ya-knc-numusifuzikazi-umutoni-aline/?fbclid=IwZXh0bgNhZW0CMTEAAR6_rUjyY9POKWXPzY39eUkR5OEjk427n64g_zH5hJt42cRfezYbEf7viiV_WA_aem_-NADMO7vFOF1PW1lZKvZsw" "Mozilla/5.0 (iPhone; CPU iPhone OS 18_6_2 like Mac OS X) AppleWebKit/605.1.15 (KHTML, like Gecko) Version/18.6 Mobile/15E148 Safari/604.1"
31.13.115.114 - - [04/Nov/2025:13:55:31 +0100] "GET /wp-content/themes/newses/js/bootstrap.js?ver=6.8.3 HTTP/1.1" 200 139561 "https://impuguke.com/2025/10/22/rurageretse-hagati-ya-knc-numusifuzikazi-umutoni-aline/?fbclid=IwZXh0bgNhZW0CMTEAAR6_rUjyY9POKWXPzY39eUkR5OEjk427n64g_zH5hJt42cRfezYbEf7viiV_WA_aem_-NADMO7vFOF1PW1lZKvZsw" "Mozilla/5.0 (iPhone; CPU iPhone OS 18_6_2 like Mac OS X) AppleWebKit/605.1.15 (KHTML, like Gecko) Version/18.6 Mobile/15E148 Safari/604.1"
31.13.115.42 - - [04/Nov/2025:13:55:31 +0100] "GET /wp-content/themes/newses/js/jquery.marquee.js?ver=6.8.3 HTTP/1.1" 200 23985 "https://impuguke.com/2025/10/22/rurageretse-hagati-ya-knc-numusifuzikazi-umutoni-aline/?fbclid=IwZXh0bgNhZW0CMTEAAR6_rUjyY9POKWXPzY39eUkR5OEjk427n64g_zH5hJt42cRfezYbEf7viiV_WA_aem_-NADMO7vFOF1PW1lZKvZsw" "Mozilla/5.0 (iPhone; CPU iPhone OS 18_6_2 like Mac OS X) AppleWebKit/605.1.15 (KHTML, like Gecko) Version/18.6 Mobile/15E148 Safari/604.1"
31.13.115.8 - - [04/Nov/2025:13:55:31 +0100] "GET /wp-content/themes/newses/js/swiper.min.js?ver=6.8.3 HTTP/1.1" 200 139797 "https://impuguke.com/2025/10/22/rurageretse-hagati-ya-knc-numusifuzikazi-umutoni-aline/?fbclid=IwZXh0bgNhZW0CMTEAAR6_rUjyY9POKWXPzY39eUkR5OEjk427n64g_zH5hJt42cRfezYbEf7viiV_WA_aem_-NADMO7vFOF1PW1lZKvZsw" "Mozilla/5.0 (iPhone; CPU iPhone OS 18_6_2 like Mac OS X) AppleWebKit/605.1.15 (KHTML, like Gecko) Version/18.6 Mobile/15E148 Safari/604.1"
31.13.115.42 - - [04/Nov/2025:13:55:31 +0100] "GET /wp-content/themes/newses/js/jquery.smartmenus.js?ver=6.8.3 HTTP/1.1" 200 46638 "https://impuguke.com/2025/10/22/rurageretse-hagati-ya-knc-numusifuzikazi-umutoni-aline/?fbclid=IwZXh0bgNhZW0CMTEAAR6_rUjyY9POKWXPzY39eUkR5OEjk427n64g_zH5hJt42cRfezYbEf7viiV_WA_aem_-NADMO7vFOF1PW1lZKvZsw" "Mozilla/5.0 (iPhone; CPU iPhone OS 18_6_2 like Mac OS X) AppleWebKit/605.1.15 (KHTML, like Gecko) Version/18.6 Mobile/15E148 Safari/604.1"
31.13.115.114 - - [04/Nov/2025:13:55:31 +0100] "GET /wp-content/themes/newses/js/bootstrap-smartmenus.js?ver=6.8.3 HTTP/1.1" 200 6010 "https://impuguke.com/2025/10/22/rurageretse-hagati-ya-knc-numusifuzikazi-umutoni-aline/?fbclid=IwZXh0bgNhZW0CMTEAAR6_rUjyY9POKWXPzY39eUkR5OEjk427n64g_zH5hJt42cRfezYbEf7viiV_WA_aem_-NADMO7vFOF1PW1lZKvZsw" "Mozilla/5.0 (iPhone; CPU iPhone OS 18_6_2 like Mac OS X) AppleWebKit/605.1.15 (KHTML, like Gecko) Version/18.6 Mobile/15E148 Safari/604.1"
31.13.115.8 - - [04/Nov/2025:13:55:32 +0100] "GET /wp-includes/js/jquery/ui/core.min.js?ver=1.13.3 HTTP/1.1" 200 21464 "https://impuguke.com/2025/10/22/rurageretse-hagati-ya-knc-numusifuzikazi-umutoni-aline/?fbclid=IwZXh0bgNhZW0CMTEAAR6_rUjyY9POKWXPzY39eUkR5OEjk427n64g_zH5hJt42cRfezYbEf7viiV_WA_aem_-NADMO7vFOF1PW1lZKvZsw" "Mozilla/5.0 (iPhone; CPU iPhone OS 18_6_2 like Mac OS X) AppleWebKit/605.1.15 (KHTML, like Gecko) Version/18.6 Mobile/15E148 Safari/604.1"
31.13.115.42 - - [04/Nov/2025:13:55:32 +0100] "GET /wp-content/uploads/2025/10/InShot_20251022_085145336-768x432.jpg HTTP/1.1" 200 49335 "https://impuguke.com/2025/10/22/rurageretse-hagati-ya-knc-numusifuzikazi-umutoni-aline/?fbclid=IwZXh0bgNhZW0CMTEAAR6_rUjyY9POKWXPzY39eUkR5OEjk427n64g_zH5hJt42cRfezYbEf7viiV_WA_aem_-NADMO7vFOF1PW1lZKvZsw" "Mozilla/5.0 (iPhone; CPU iPhone OS 18_6_2 like Mac OS X) AppleWebKit/605.1.15 (KHTML, like Gecko) Version/18.6 Mobile/15E148 Safari/604.1"
31.13.115.8 - - [04/Nov/2025:13:55:32 +0100] "GET /wp-content/plugins/ultimate-social-media-icons/js/shuffle/modernizr.custom.min.js?ver=6.8.3 HTTP/1.1" 200 3089 "https://impuguke.com/2025/10/22/rurageretse-hagati-ya-knc-numusifuzikazi-umutoni-aline/?fbclid=IwZXh0bgNhZW0CMTEAAR6_rUjyY9POKWXPzY39eUkR5OEjk427n64g_zH5hJt42cRfezYbEf7viiV_WA_aem_-NADMO7vFOF1PW1lZKvZsw" "Mozilla/5.0 (iPhone; CPU iPhone OS 18_6_2 like Mac OS X) AppleWebKit/605.1.15 (KHTML, like Gecko) Version/18.6 Mobile/15E148 Safari/604.1"
31.13.115.42 - - [04/Nov/2025:13:55:32 +0100] "GET /wp-content/plugins/ultimate-social-media-icons/js/shuffle/jquery.shuffle.min.js?ver=6.8.3 HTTP/1.1" 200 11484 "https://impuguke.com/2025/10/22/rurageretse-hagati-ya-knc-numusifuzikazi-umutoni-aline/?fbclid=IwZXh0bgNhZW0CMTEAAR6_rUjyY9POKWXPzY39eUkR5OEjk427n64g_zH5hJt42cRfezYbEf7viiV_WA_aem_-NADMO7vFOF1PW1lZKvZsw" "Mozilla/5.0 (iPhone; CPU iPhone OS 18_6_2 like Mac OS X) AppleWebKit/605.1.15 (KHTML, like Gecko) Version/18.6 Mobile/15E148 Safari/604.1"
31.13.115.8 - - [04/Nov/2025:13:55:32 +0100] "GET /wp-content/plugins/ultimate-social-media-icons/js/shuffle/random-shuffle-min.js?ver=6.8.3 HTTP/1.1" 200 1472 "https://impuguke.com/2025/10/22/rurageretse-hagati-ya-knc-numusifuzikazi-umutoni-aline/?fbclid=IwZXh0bgNhZW0CMTEAAR6_rUjyY9POKWXPzY39eUkR5OEjk427n64g_zH5hJt42cRfezYbEf7viiV_WA_aem_-NADMO7vFOF1PW1lZKvZsw" "Mozilla/5.0 (iPhone; CPU iPhone OS 18_6_2 like Mac OS X) AppleWebKit/605.1.15 (KHTML, like Gecko) Version/18.6 Mobile/15E148 Safari/604.1"
31.13.115.42 - - [04/Nov/2025:13:55:32 +0100] "GET /wp-content/plugins/ultimate-social-media-icons/js/custom.js?ver=2.9.5 HTTP/1.1" 200 33932 "https://impuguke.com/2025/10/22/rurageretse-hagati-ya-knc-numusifuzikazi-umutoni-aline/?fbclid=IwZXh0bgNhZW0CMTEAAR6_rUjyY9POKWXPzY39eUkR5OEjk427n64g_zH5hJt42cRfezYbEf7viiV_WA_aem_-NADMO7vFOF1PW1lZKvZsw" "Mozilla/5.0 (iPhone; CPU iPhone OS 18_6_2 like Mac OS X) AppleWebKit/605.1.15 (KHTML, like Gecko) Version/18.6 Mobile/15E148 Safari/604.1"
31.13.115.8 - - [04/Nov/2025:13:55:32 +0100] "GET /wp-content/themes/newses/js/custom.js?ver=6.8.3 HTTP/1.1" 200 3481 "https://impuguke.com/2025/10/22/rurageretse-hagati-ya-knc-numusifuzikazi-umutoni-aline/?fbclid=IwZXh0bgNhZW0CMTEAAR6_rUjyY9POKWXPzY39eUkR5OEjk427n64g_zH5hJt42cRfezYbEf7viiV_WA_aem_-NADMO7vFOF1PW1lZKvZsw" "Mozilla/5.0 (iPhone; CPU iPhone OS 18_6_2 like Mac OS X) AppleWebKit/605.1.15 (KHTML, like Gecko) Version/18.6 Mobile/15E148 Safari/604.1"
31.13.115.8 - - [04/Nov/2025:13:55:32 +0100] "GET /wp-includes/js/comment-reply.min.js?ver=6.8.3 HTTP/1.1" 200 3026 "https://impuguke.com/2025/10/22/rurageretse-hagati-ya-knc-numusifuzikazi-umutoni-aline/?fbclid=IwZXh0bgNhZW0CMTEAAR6_rUjyY9POKWXPzY39eUkR5OEjk427n64g_zH5hJt42cRfezYbEf7viiV_WA_aem_-NADMO7vFOF1PW1lZKvZsw" "Mozilla/5.0 (iPhone; CPU iPhone OS 18_6_2 like Mac OS X) AppleWebKit/605.1.15 (KHTML, like Gecko) Version/18.6 Mobile/15E148 Safari/604.1"
31.13.115.8 - - [04/Nov/2025:13:55:33 +0100] "GET /wp-content/uploads/2023/09/cropped-dark-green-color-solid-background-1920x1080-1.png HTTP/1.1" 200 212 "https://impuguke.com/2025/10/22/rurageretse-hagati-ya-knc-numusifuzikazi-umutoni-aline/?fbclid=IwZXh0bgNhZW0CMTEAAR6_rUjyY9POKWXPzY39eUkR5OEjk427n64g_zH5hJt42cRfezYbEf7viiV_WA_aem_-NADMO7vFOF1PW1lZKvZsw" "Mozilla/5.0 (iPhone; CPU iPhone OS 18_6_2 like Mac OS X) AppleWebKit/605.1.15 (KHTML, like Gecko) Version/18.6 Mobile/15E148 Safari/604.1"
31.13.115.42 - - [04/Nov/2025:13:55:33 +0100] "GET /wp-content/uploads/2025/11/gyudostxkaaados-4d97a.jpg HTTP/1.1" 200 84504 "https://impuguke.com/2025/10/22/rurageretse-hagati-ya-knc-numusifuzikazi-umutoni-aline/?fbclid=IwZXh0bgNhZW0CMTEAAR6_rUjyY9POKWXPzY39eUkR5OEjk427n64g_zH5hJt42cRfezYbEf7viiV_WA_aem_-NADMO7vFOF1PW1lZKvZsw" "Mozilla/5.0 (iPhone; CPU iPhone OS 18_6_2 like Mac OS X) AppleWebKit/605.1.15 (KHTML, like Gecko) Version/18.6 Mobile/15E148 Safari/604.1"
31.13.115.8 - - [04/Nov/2025:13:55:33 +0100] "GET /wp-content/themes/newses/webfonts/fa-solid-900.woff2 HTTP/1.1" 200 156496 "https://impuguke.com/wp-content/themes/newses/css/font-awesome.css?ver=6.8.3" "Mozilla/5.0 (iPhone; CPU iPhone OS 18_6_2 like Mac OS X) AppleWebKit/605.1.15 (KHTML, like Gecko) Version/18.6 Mobile/15E148 Safari/604.1"
31.13.115.42 - - [04/Nov/2025:13:55:33 +0100] "GET /wp-content/themes/newses/webfonts/fa-regular-400.woff2 HTTP/1.1" 200 25452 "https://impuguke.com/wp-content/themes/newses/css/font-awesome.css?ver=6.8.3" "Mozilla/5.0 (iPhone; CPU iPhone OS 18_6_2 like Mac OS X) AppleWebKit/605.1.15 (KHTML, like Gecko) Version/18.6 Mobile/15E148 Safari/604.1"
31.13.115.114 - - [04/Nov/2025:13:55:33 +0100] "GET /wp-content/themes/newses/webfonts/fa-brands-400.woff2 HTTP/1.1" 200 117372 "https://impuguke.com/wp-content/themes/newses/css/font-awesome.css?ver=6.8.3" "Mozilla/5.0 (iPhone; CPU iPhone OS 18_6_2 like Mac OS X) AppleWebKit/605.1.15 (KHTML, like Gecko) Version/18.6 Mobile/15E148 Safari/604.1"
31.13.115.8 - - [04/Nov/2025:13:55:33 +0100] "GET /wp-content/uploads/2025/10/image_870x580_6902fc725d3ab.jpg HTTP/1.1" 200 124737 "https://impuguke.com/2025/10/22/rurageretse-hagati-ya-knc-numusifuzikazi-umutoni-aline/?fbclid=IwZXh0bgNhZW0CMTEAAR6_rUjyY9POKWXPzY39eUkR5OEjk427n64g_zH5hJt42cRfezYbEf7viiV_WA_aem_-NADMO7vFOF1PW1lZKvZsw" "Mozilla/5.0 (iPhone; CPU iPhone OS 18_6_2 like Mac OS X) AppleWebKit/605.1.15 (KHTML, like Gecko) Version/18.6 Mobile/15E148 Safari/604.1"
31.13.115.42 - - [04/Nov/2025:13:55:33 +0100] "GET /wp-content/uploads/2025/10/20250617_185045-2.jpg HTTP/1.1" 200 436091 "https://impuguke.com/2025/10/22/rurageretse-hagati-ya-knc-numusifuzikazi-umutoni-aline/?fbclid=IwZXh0bgNhZW0CMTEAAR6_rUjyY9POKWXPzY39eUkR5OEjk427n64g_zH5hJt42cRfezYbEf7viiV_WA_aem_-NADMO7vFOF1PW1lZKvZsw" "Mozilla/5.0 (iPhone; CPU iPhone OS 18_6_2 like Mac OS X) AppleWebKit/605.1.15 (KHTML, like Gecko) Version/18.6 Mobile/15E148 Safari/604.1"
31.13.115.114 - - [04/Nov/2025:13:55:33 +0100] "GET /wp-content/uploads/2025/10/field_19803_25102516470029831.jpg HTTP/1.1" 200 236484 "https://impuguke.com/2025/10/22/rurageretse-hagati-ya-knc-numusifuzikazi-umutoni-aline/?fbclid=IwZXh0bgNhZW0CMTEAAR6_rUjyY9POKWXPzY39eUkR5OEjk427n64g_zH5hJt42cRfezYbEf7viiV_WA_aem_-NADMO7vFOF1PW1lZKvZsw" "Mozilla/5.0 (iPhone; CPU iPhone OS 18_6_2 like Mac OS X) AppleWebKit/605.1.15 (KHTML, like Gecko) Version/18.6 Mobile/15E148 Safari/604.1"
31.13.115.114 - - [04/Nov/2025:13:55:34 +0100] "GET /wp-content/uploads/2025/10/cropped-GridArt_20251017_011119953-32x32.jpg HTTP/1.1" 200 1071 "https://impuguke.com/2025/10/22/rurageretse-hagati-ya-knc-numusifuzikazi-umutoni-aline/?fbclid=IwZXh0bgNhZW0CMTEAAR6_rUjyY9POKWXPzY39eUkR5OEjk427n64g_zH5hJt42cRfezYbEf7viiV_WA_aem_-NADMO7vFOF1PW1lZKvZsw" "Mozilla/5.0 (iPhone; CPU iPhone OS 18_6_2 like Mac OS X) AppleWebKit/605.1.15 (KHTML, like Gecko) Version/18.6 Mobile/15E148 Safari/604.1"
114.119.129.233 - - [04/Nov/2025:13:55:22 +0100] "GET /?o=63786687051620 HTTP/1.1" 200 203390 "https://impuguke.com/sitemap_index.xml" "Mozilla/5.0 (Linux; Android 7.0;) AppleWebKit/537.36 (KHTML, like Gecko) Mobile Safari/537.36 (compatible; PetalBot;+https://webmaster.petalsearch.com/site/petalbot)"
114.119.151.208 - - [04/Nov/2025:13:55:56 +0100] "GET /?o=63576563111620 HTTP/1.1" 200 203390 "https://impuguke.com/sitemap_index.xml" "Mozilla/5.0 (Linux; Android 7.0;) AppleWebKit/537.36 (KHTML, like Gecko) Mobile Safari/537.36 (compatible; PetalBot;+https://webmaster.petalsearch.com/site/petalbot)"
198.98.55.213 - - [04/Nov/2025:13:55:58 +0100] "POST /wp-login.php HTTP/1.1" 200 7392 "https://www.yahoo.com/" "Mozilla/5.0 (Macintosh; Intel Mac OS X 10_15_7) AppleWebKit/605.1.15 (KHTML, like Gecko) Version/16.6 Safari/605.1.15"
31.13.115.8 - - [04/Nov/2025:13:56:15 +0100] "GET /2025/10/22/rurageretse-hagati-ya-knc-numusifuzikazi-umutoni-aline/ HTTP/1.1" 200 162818 "-" "facebookexternalhit/1.1 (+http://www.facebook.com/externalhit_uatext.php)"
207.180.227.180 - - [04/Nov/2025:13:56:20 +0100] "POST /wp-cron.php?doing_wp_cron=1762260980.2103250026702880859375 HTTP/1.1" 404 15727 "-" "WordPress/6.8.3; https://impuguke.com"
114.119.156.99 - - [04/Nov/2025:13:57:19 +0100] "GET /?o=69450964031620 HTTP/1.1" 200 203390 "https://impuguke.com/sitemap_index.xml" "Mozilla/5.0 (Linux; Android 7.0;) AppleWebKit/537.36 (KHTML, like Gecko) Mobile Safari/537.36 (compatible; PetalBot;+https://webmaster.petalsearch.com/site/petalbot)"
207.180.227.180 - - [04/Nov/2025:13:57:22 +0100] "POST /wp-cron.php?doing_wp_cron=1762261042.0114469528198242187500 HTTP/1.1" 404 15727 "-" "WordPress/6.8.3; https://impuguke.com"
114.119.151.208 - - [04/Nov/2025:13:58:54 +0100] "GET /?o=69347938041620 HTTP/1.1" 200 203390 "https://impuguke.com/sitemap_index.xml" "Mozilla/5.0 (Linux; Android 7.0;) AppleWebKit/537.36 (KHTML, like Gecko) Mobile Safari/537.36 (compatible; PetalBot;+https://webmaster.petalsearch.com/site/petalbot)"
207.180.227.180 - - [04/Nov/2025:13:59:00 +0100] "POST /wp-cron.php?doing_wp_cron=1762261140.5140719413757324218750 HTTP/1.1" 404 16000 "-" "WordPress/6.8.3; https://impuguke.com"
114.119.129.233 - - [04/Nov/2025:14:00:44 +0100] "GET /?o=69254072051620 HTTP/1.1" 200 203389 "https://impuguke.com/sitemap_index.xml" "Mozilla/5.0 (Linux; Android 7.0;) AppleWebKit/537.36 (KHTML, like Gecko) Mobile Safari/537.36 (compatible; PetalBot;+https://webmaster.petalsearch.com/site/petalbot)"
207.180.227.180 - - [04/Nov/2025:14:00:46 +0100] "POST /wp-cron.php?doing_wp_cron=1762261246.5208160877227783203125 HTTP/1.1" 404 15727 "-" "WordPress/6.8.3; https://impuguke.com"
114.119.156.99 - - [04/Nov/2025:14:05:47 +0100] "GET /?o=68912043001620 HTTP/1.1" 200 203389 "https://impuguke.com/sitemap_index.xml" "Mozilla/5.0 (Linux; Android 7.0;) AppleWebKit/537.36 (KHTML, like Gecko) Mobile Safari/537.36 (compatible; PetalBot;+https://webmaster.petalsearch.com/site/petalbot)"
207.180.227.180 - - [04/Nov/2025:14:05:54 +0100] "POST /wp-cron.php?doing_wp_cron=1762261553.9113969802856445312500 HTTP/1.1" 404 16000 "-" "WordPress/6.8.3; https://impuguke.com"
198.244.183.235 - - [04/Nov/2025:14:07:25 +0100] "GET /wp-content/uploads/2025/10/HH-300x300.jpg HTTP/1.1" 200 12364 "-" "Mozilla/5.0 (compatible; AhrefsBot/7.0; +http://ahrefs.com/robot/)"
51.195.244.64 - - [04/Nov/2025:14:07:26 +0100] "GET /wp-content/uploads/2025/10/3bfe0380-94f7-4c84-a5a8-4b4f4ab96026.jpeg HTTP/1.1" 200 50714 "-" "Mozilla/5.0 (compatible; AhrefsBot/7.0; +http://ahrefs.com/robot/)"
114.119.129.233 - - [04/Nov/2025:14:07:24 +0100] "GET /?o=68857029011620 HTTP/1.1" 200 203389 "https://impuguke.com/sitemap_index.xml" "Mozilla/5.0 (Linux; Android 7.0;) AppleWebKit/537.36 (KHTML, like Gecko) Mobile Safari/537.36 (compatible; PetalBot;+https://webmaster.petalsearch.com/site/petalbot)"
207.180.227.180 - - [04/Nov/2025:14:07:34 +0100] "POST /wp-cron.php?doing_wp_cron=1762261654.0207359790802001953125 HTTP/1.1" 404 16000 "-" "WordPress/6.8.3; https://impuguke.com"
103.2.226.134 - - [04/Nov/2025:14:07:44 +0100] "POST /wp-login.php HTTP/1.1" 200 7373 "-" "Mozilla/5.0 (Windows NT 10.0; Win64; x64; rv:41.0) Gecko/20100101 Firefox/41.0"
114.119.151.208 - - [04/Nov/2025:14:09:49 +0100] "GET /?o=68769218011620 HTTP/1.1" 200 203389 "https://impuguke.com/sitemap_index.xml" "Mozilla/5.0 (Linux; Android 7.0;) AppleWebKit/537.36 (KHTML, like Gecko) Mobile Safari/537.36 (compatible; PetalBot;+https://webmaster.petalsearch.com/site/petalbot)"
207.180.227.180 - - [04/Nov/2025:14:09:52 +0100] "POST /wp-cron.php?doing_wp_cron=1762261792.2218620777130126953125 HTTP/1.1" 404 16000 "-" "WordPress/6.8.3; https://impuguke.com"
114.119.129.233 - - [04/Nov/2025:14:11:04 +0100] "GET /?o=68762499081620 HTTP/1.1" 200 203389 "https://impuguke.com/sitemap_index.xml" "Mozilla/5.0 (Linux; Android 7.0;) AppleWebKit/537.36 (KHTML, like Gecko) Mobile Safari/537.36 (compatible; PetalBot;+https://webmaster.petalsearch.com/site/petalbot)"
207.180.227.180 - - [04/Nov/2025:14:11:10 +0100] "POST /wp-cron.php?doing_wp_cron=1762261869.9192171096801757812500 HTTP/1.1" 404 16000 "-" "WordPress/6.8.3; https://impuguke.com"
143.198.232.185 - - [04/Nov/2025:14:11:51 +0100] "POST /wp-login.php HTTP/1.1" 200 7334 "-" "Mozilla/5.0"
143.198.232.185 - - [04/Nov/2025:14:11:51 +0100] "POST /wp-login.php HTTP/1.1" 200 7334 "-" "Mozilla/5.0"
143.198.232.185 - - [04/Nov/2025:14:11:51 +0100] "POST /wp-login.php HTTP/1.1" 302 - "-" "Mozilla/5.0"
143.198.232.185 - - [04/Nov/2025:14:11:51 +0100] "POST /wp-login.php HTTP/1.1" 302 - "-" "Mozilla/5.0"
207.180.227.180 - - [04/Nov/2025:14:12:10 +0100] "POST /wp-cron.php?doing_wp_cron=1762261930.3166429996490478515625 HTTP/1.1" 404 15727 "-" "WordPress/6.8.3; https://impuguke.com"
114.119.146.107 - - [04/Nov/2025:14:12:29 +0100] "GET /?o=68580632041620 HTTP/1.1" 200 203389 "https://impuguke.com/sitemap_index.xml" "Mozilla/5.0 (Linux; Android 7.0;) AppleWebKit/537.36 (KHTML, like Gecko) Mobile Safari/537.36 (compatible; PetalBot;+https://webmaster.petalsearch.com/site/petalbot)"
114.119.132.12 - - [04/Nov/2025:14:13:51 +0100] "GET /?o=68207921061620 HTTP/1.1" 200 203389 "https://impuguke.com/sitemap_index.xml" "Mozilla/5.0 (Linux; Android 7.0;) AppleWebKit/537.36 (KHTML, like Gecko) Mobile Safari/537.36 (compatible; PetalBot;+https://webmaster.petalsearch.com/site/petalbot)"
207.180.227.180 - - [04/Nov/2025:14:13:54 +0100] "POST /wp-cron.php?doing_wp_cron=1762262034.4297299385070800781250 HTTP/1.1" 404 15727 "-" "WordPress/6.8.3; https://impuguke.com"
114.119.154.87 - - [04/Nov/2025:14:15:23 +0100] "GET /?o=68206751071620 HTTP/1.1" 200 203389 "https://impuguke.com/sitemap_index.xml" "Mozilla/5.0 (Linux; Android 7.0;) AppleWebKit/537.36 (KHTML, like Gecko) Mobile Safari/537.36 (compatible; PetalBot;+https://webmaster.petalsearch.com/site/petalbot)"
207.180.227.180 - - [04/Nov/2025:14:15:31 +0100] "POST /wp-cron.php?doing_wp_cron=1762262131.3164680004119873046875 HTTP/1.1" 404 16000 "-" "WordPress/6.8.3; https://impuguke.com"
197.157.165.26 - - [04/Nov/2025:14:16:24 +0100] "GET /wp-content/uploads/2025/11/gyudostxkaaados-4d97a.jpg HTTP/1.1" 304 - "https://impuguke.com/" "Mozilla/5.0 (Windows NT 10.0; Win64; x64) AppleWebKit/537.36 (KHTML, like Gecko) Chrome/141.0.0.0 Safari/537.36"
197.157.165.26 - - [04/Nov/2025:14:16:24 +0100] "GET /wp-content/uploads/2025/10/image_870x580_6902fc725d3ab.jpg HTTP/1.1" 304 - "https://impuguke.com/" "Mozilla/5.0 (Windows NT 10.0; Win64; x64) AppleWebKit/537.36 (KHTML, like Gecko) Chrome/141.0.0.0 Safari/537.36"
197.157.165.26 - - [04/Nov/2025:14:16:25 +0100] "GET /wp-content/uploads/2025/10/field_19803_25102516470029831.jpg HTTP/1.1" 304 - "https://impuguke.com/" "Mozilla/5.0 (Windows NT 10.0; Win64; x64) AppleWebKit/537.36 (KHTML, like Gecko) Chrome/141.0.0.0 Safari/537.36"
197.157.165.26 - - [04/Nov/2025:14:16:26 +0100] "GET /wp-content/uploads/2025/11/gyudostxkaaados-4d97a-150x150.jpg HTTP/1.1" 304 - "https://impuguke.com/" "Mozilla/5.0 (Windows NT 10.0; Win64; x64) AppleWebKit/537.36 (KHTML, like Gecko) Chrome/141.0.0.0 Safari/537.36"
197.157.165.26 - - [04/Nov/2025:14:16:00 +0100] "GET / HTTP/1.1" 500 - "-" "Mozilla/5.0 (Windows NT 10.0; Win64; x64) AppleWebKit/537.36 (KHTML, like Gecko) Chrome/141.0.0.0 Safari/537.36"
197.157.165.26 - - [04/Nov/2025:14:16:28 +0100] "GET /wp-content/uploads/2025/10/InShot_20251023_122415645-2048x1151.jpg HTTP/1.1" 304 - "https://impuguke.com/" "Mozilla/5.0 (Windows NT 10.0; Win64; x64) AppleWebKit/537.36 (KHTML, like Gecko) Chrome/141.0.0.0 Safari/537.36"
197.157.165.26 - - [04/Nov/2025:14:16:28 +0100] "GET /wp-content/uploads/2025/10/image_870x580_6902fc725d3ab-150x150.jpg HTTP/1.1" 304 - "https://impuguke.com/" "Mozilla/5.0 (Windows NT 10.0; Win64; x64) AppleWebKit/537.36 (KHTML, like Gecko) Chrome/141.0.0.0 Safari/537.36"
197.157.165.26 - - [04/Nov/2025:14:16:28 +0100] "GET /wp-content/uploads/2025/10/20250617_185045-2.jpg HTTP/1.1" 304 - "https://impuguke.com/" "Mozilla/5.0 (Windows NT 10.0; Win64; x64) AppleWebKit/537.36 (KHTML, like Gecko) Chrome/141.0.0.0 Safari/537.36"
197.157.165.26 - - [04/Nov/2025:14:16:30 +0100] "GET /wp-content/uploads/2025/10/field_19803_25102516470029831-150x150.jpg HTTP/1.1" 304 - "https://impuguke.com/" "Mozilla/5.0 (Windows NT 10.0; Win64; x64) AppleWebKit/537.36 (KHTML, like Gecko) Chrome/141.0.0.0 Safari/537.36"
197.157.165.26 - - [04/Nov/2025:14:16:30 +0100] "GET /wp-content/uploads/2025/10/img-20251022-wa0081-6b279-150x150.jpg HTTP/1.1" 304 - "https://impuguke.com/" "Mozilla/5.0 (Windows NT 10.0; Win64; x64) AppleWebKit/537.36 (KHTML, like Gecko) Chrome/141.0.0.0 Safari/537.36"
197.157.165.26 - - [04/Nov/2025:14:16:30 +0100] "GET /wp-content/uploads/2025/10/InShot_20251023_122415645-150x150.jpg HTTP/1.1" 304 - "https://impuguke.com/" "Mozilla/5.0 (Windows NT 10.0; Win64; x64) AppleWebKit/537.36 (KHTML, like Gecko) Chrome/141.0.0.0 Safari/537.36"
197.157.165.26 - - [04/Nov/2025:14:16:30 +0100] "GET /wp-content/uploads/2025/10/InShot_20251023_122415645-scaled.jpg HTTP/1.1" 304 - "https://impuguke.com/" "Mozilla/5.0 (Windows NT 10.0; Win64; x64) AppleWebKit/537.36 (KHTML, like Gecko) Chrome/141.0.0.0 Safari/537.36"
197.157.165.26 - - [04/Nov/2025:14:16:31 +0100] "GET /wp-content/uploads/2025/10/img-20251022-wa0081-6b279.jpg HTTP/1.1" 304 - "https://impuguke.com/" "Mozilla/5.0 (Windows NT 10.0; Win64; x64) AppleWebKit/537.36 (KHTML, like Gecko) Chrome/141.0.0.0 Safari/537.36"
197.157.165.26 - - [04/Nov/2025:14:16:04 +0100] "GET / HTTP/1.1" 200 203338 "-" "Mozilla/5.0 (Windows NT 10.0; Win64; x64) AppleWebKit/537.36 (KHTML, like Gecko) Chrome/141.0.0.0 Safari/537.36"
197.157.165.26 - - [04/Nov/2025:14:16:41 +0100] "GET /wp-login.php?redirect_to=https%3A%2F%2Fimpuguke.com%2Fwp-admin%2Fedit.php&reauth=1 HTTP/1.1" 200 7144 "-" "Mozilla/5.0 (Windows NT 10.0; Win64; x64) AppleWebKit/537.36 (KHTML, like Gecko) Chrome/141.0.0.0 Safari/537.36"
197.157.165.26 - - [04/Nov/2025:14:16:33 +0100] "GET / HTTP/1.1" 200 131072 "-" "Mozilla/5.0 (Windows NT 10.0; Win64; x64) AppleWebKit/537.36 (KHTML, like Gecko) Chrome/141.0.0.0 Safari/537.36"
207.180.227.180 - - [04/Nov/2025:14:16:42 +0100] "POST /wp-cron.php?doing_wp_cron=1762262202.0160770416259765625000 HTTP/1.1" 404 15727 "-" "WordPress/6.8.3; https://impuguke.com"
114.119.146.107 - - [04/Nov/2025:14:16:42 +0100] "GET /?o=67688799021620 HTTP/1.1" 200 203389 "https://impuguke.com/sitemap_index.xml" "Mozilla/5.0 (Linux; Android 7.0;) AppleWebKit/537.36 (KHTML, like Gecko) Mobile Safari/537.36 (compatible; PetalBot;+https://webmaster.petalsearch.com/site/petalbot)"
107.189.14.208 - - [04/Nov/2025:14:17:04 +0100] "GET /wp-login.php HTTP/1.1" 200 7136 "-" "Mozilla/5.0 (Windows NT 6.2; WOW64) AppleWebKit/537.36 (KHTML, like Gecko) Chrome/36.0.1985.125 Safari/537.36"
197.157.165.26 - - [04/Nov/2025:14:17:04 +0100] "POST /wp-login.php HTTP/1.1" 302 - "https://impuguke.com/wp-login.php?redirect_to=https%3A%2F%2Fimpuguke.com%2Fwp-admin%2Fedit.php&reauth=1" "Mozilla/5.0 (Windows NT 10.0; Win64; x64) AppleWebKit/537.36 (KHTML, like Gecko) Chrome/141.0.0.0 Safari/537.36"
107.189.14.208 - - [04/Nov/2025:14:17:19 +0100] "POST /wp-login.php HTTP/1.1" 200 7392 "-" "Mozilla/5.0 (Windows NT 6.2; WOW64) AppleWebKit/537.36 (KHTML, like Gecko) Chrome/36.0.1985.125 Safari/537.36"
197.157.165.26 - - [04/Nov/2025:14:17:26 +0100] "GET /wp-login.php HTTP/1.1" 200 7136 "https://impuguke.com/wp-login.php?redirect_to=https%3A%2F%2Fimpuguke.com%2Fwp-admin%2Fedit.php&reauth=1" "Mozilla/5.0 (Windows NT 10.0; Win64; x64) AppleWebKit/537.36 (KHTML, like Gecko) Chrome/141.0.0.0 Safari/537.36"
114.119.139.148 - - [04/Nov/2025:14:18:04 +0100] "GET /?o=67675979021620 HTTP/1.1" 200 203389 "https://impuguke.com/sitemap_index.xml" "Mozilla/5.0 (Linux; Android 7.0;) AppleWebKit/537.36 (KHTML, like Gecko) Mobile Safari/537.36 (compatible; PetalBot;+https://webmaster.petalsearch.com/site/petalbot)"
207.180.227.180 - - [04/Nov/2025:14:18:07 +0100] "POST /wp-cron.php?doing_wp_cron=1762262287.4153950214385986328125 HTTP/1.1" 404 15727 "-" "WordPress/6.8.3; https://impuguke.com"
197.157.165.26 - - [04/Nov/2025:14:18:18 +0100] "POST /wp-login.php HTTP/1.1" 302 - "https://impuguke.com/wp-login.php" "Mozilla/5.0 (Windows NT 10.0; Win64; x64) AppleWebKit/537.36 (KHTML, like Gecko) Chrome/141.0.0.0 Safari/537.36"
197.157.165.26 - - [04/Nov/2025:14:19:16 +0100] "POST /wp-login.php HTTP/1.1" 200 7374 "https://impuguke.com/wp-login.php" "Mozilla/5.0 (Windows NT 10.0; Win64; x64) AppleWebKit/537.36 (KHTML, like Gecko) Chrome/141.0.0.0 Safari/537.36"
207.180.227.180 - - [04/Nov/2025:14:19:18 +0100] "POST /wp-cron.php?doing_wp_cron=1762262358.8461790084838867187500 HTTP/1.1" 404 15727 "-" "WordPress/6.8.3; https://impuguke.com"
207.180.227.180 - - [04/Nov/2025:14:19:22 +0100] "POST /wp-cron.php?doing_wp_cron=1762262361.9160330295562744140625 HTTP/1.1" 404 15727 "-" "WordPress/6.8.3; https://impuguke.com"
114.119.146.107 - - [04/Nov/2025:14:19:26 +0100] "GET /?o=67520128011620 HTTP/1.1" 200 203389 "https://impuguke.com/sitemap_index.xml" "Mozilla/5.0 (Linux; Android 7.0;) AppleWebKit/537.36 (KHTML, like Gecko) Mobile Safari/537.36 (compatible; PetalBot;+https://webmaster.petalsearch.com/site/petalbot)"
197.157.165.26 - - [04/Nov/2025:14:18:22 +0100] "GET /wp-admin/ HTTP/1.1" 200 103276 "https://impuguke.com/wp-login.php" "Mozilla/5.0 (Windows NT 10.0; Win64; x64) AppleWebKit/537.36 (KHTML, like Gecko) Chrome/141.0.0.0 Safari/537.36"
197.157.165.26 - - [04/Nov/2025:14:20:27 +0100] "POST /wp-login.php HTTP/1.1" 200 7374 "https://impuguke.com/wp-login.php" "Mozilla/5.0 (Windows NT 10.0; Win64; x64) AppleWebKit/537.36 (KHTML, like Gecko) Chrome/141.0.0.0 Safari/537.36"
207.180.227.180 - - [04/Nov/2025:14:20:29 +0100] "POST /wp-cron.php?doing_wp_cron=1762262429.4233601093292236328125 HTTP/1.1" 404 15727 "-" "WordPress/6.8.3; https://impuguke.com"
197.157.165.26 - - [04/Nov/2025:14:20:40 +0100] "POST /wp-login.php HTTP/1.1" 200 7392 "https://impuguke.com/wp-login.php" "Mozilla/5.0 (Windows NT 10.0; Win64; x64) AppleWebKit/537.36 (KHTML, like Gecko) Chrome/141.0.0.0 Safari/537.36"
114.119.132.12 - - [04/Nov/2025:14:20:50 +0100] "GET /?o=67476204021620 HTTP/1.1" 200 203389 "https://impuguke.com/sitemap_index.xml" "Mozilla/5.0 (Linux; Android 7.0;) AppleWebKit/537.36 (KHTML, like Gecko) Mobile Safari/537.36 (compatible; PetalBot;+https://webmaster.petalsearch.com/site/petalbot)"
